66.249.65.195 - - [25/Jun/2026:08:33:09 -0400] "GET /goods/1119009836 HTTP/1.1" 200 73710 "-" "Mozilla/5.0 (Linux; Android 6.0.1; Nexus 5X Build/MMB29P) AppleWebKit/537.36 (KHTML, like Gecko) Chrome/148.0.7778.96 Mobile Safari/537.36 (compatible; Googlebot/2.1; +http://www.google.com/bot.html)"
216.73.216.176 - - [25/Jun/2026:08:33:11 -0400] "GET /report-dist/index.php?file_location=%2Flib64%2F%2Flibxcb-xtest.so&location=%2Flib64%2F HTTP/1.1" 200 75453 "-" "Mozilla/5.0 AppleWebKit/537.36 (KHTML, like Gecko; compatible; ClaudeBot/1.0; +claudebot@anthropic.com)"
66.249.65.196 - - [25/Jun/2026:08:33:16 -0400] "GET /goods/1253307418 HTTP/1.1" 200 74931 "-" "Mozilla/5.0 (Linux; Android 6.0.1; Nexus 5X Build/MMB29P) AppleWebKit/537.36 (KHTML, like Gecko) Chrome/148.0.7778.96 Mobile Safari/537.36 (compatible; Googlebot/2.1; +http://www.google.com/bot.html)"
66.249.65.201 - - [25/Jun/2026:08:33:16 -0400] "GET /goods/1108430149 HTTP/1.1" 200 73641 "-" "Mozilla/5.0 (Linux; Android 6.0.1; Nexus 5X Build/MMB29P) AppleWebKit/537.36 (KHTML, like Gecko) Chrome/148.0.7778.96 Mobile Safari/537.36 (compatible; Googlebot/2.1; +http://www.google.com/bot.html)"
114.119.152.119 - - [25/Jun/2026:08:33:13 -0400] "GET /goods/3584952101 HTTP/1.1" 302 20 "https://tdhomesandproperties.com/sitemap.xml" "Mozilla/5.0 (Linux; Android 7.0;) AppleWebKit/537.36 (HTML, like Gecko) Mobile Safari/537.36 (compatible; PetalBot;+https://webmaster.petalsearch.com/site/petalbot)"
66.249.65.199 - - [25/Jun/2026:08:33:17 -0400] "GET /goods/3413734821 HTTP/1.1" 200 73948 "-" "Mozilla/5.0 (Linux; Android 6.0.1; Nexus 5X Build/MMB29P) AppleWebKit/537.36 (KHTML, like Gecko) Chrome/148.0.7778.96 Mobile Safari/537.36 (compatible; Googlebot/2.1; +http://www.google.com/bot.html)"
66.249.65.193 - - [25/Jun/2026:08:33:17 -0400] "GET /review/goods/T2323649020/ HTTP/1.1" 200 75696 "-" "Mozilla/5.0 (Linux; Android 6.0.1; Nexus 5X Build/MMB29P) AppleWebKit/537.36 (KHTML, like Gecko) Chrome/148.0.7778.96 Mobile Safari/537.36 (compatible; GoogleOther)"
216.73.216.176 - - [25/Jun/2026:08:33:18 -0400] "GET /report-dist/?file_location=%2Flib%2Ffirmware%2F%2FTAS2XXX13841.bin&location=%2Flib%2Ffirmware%2F HTTP/1.1" 200 31406 "-" "Mozilla/5.0 AppleWebKit/537.36 (KHTML, like Gecko; compatible; ClaudeBot/1.0; +claudebot@anthropic.com)"
66.249.65.195 - - [25/Jun/2026:08:33:18 -0400] "GET /goods/3730365219 HTTP/1.1" 200 73515 "-" "Mozilla/5.0 (Linux; Android 6.0.1; Nexus 5X Build/MMB29P) AppleWebKit/537.36 (KHTML, like Gecko) Chrome/148.0.7778.96 Mobile Safari/537.36 (compatible; Googlebot/2.1; +http://www.google.com/bot.html)"
66.249.65.199 - - [25/Jun/2026:08:33:18 -0400] "GET /goods/1656558570 HTTP/1.1" 200 74066 "-" "Mozilla/5.0 (Linux; Android 6.0.1; Nexus 5X Build/MMB29P) AppleWebKit/537.36 (KHTML, like Gecko) Chrome/148.0.7778.96 Mobile Safari/537.36 (compatible; Googlebot/2.1; +http://www.google.com/bot.html)"
66.249.65.199 - - [25/Jun/2026:08:33:19 -0400] "GET /goods/942183927 HTTP/1.1" 200 76087 "-" "Mozilla/5.0 (Linux; Android 6.0.1; Nexus 5X Build/MMB29P) AppleWebKit/537.36 (KHTML, like Gecko) Chrome/148.0.7778.96 Mobile Safari/537.36 (compatible; Googlebot/2.1; +http://www.google.com/bot.html)"
66.249.65.203 - - [25/Jun/2026:08:33:19 -0400] "GET /review/goods/T2603710737/ HTTP/1.1" 200 75847 "-" "Mozilla/5.0 (Linux; Android 6.0.1; Nexus 5X Build/MMB29P) AppleWebKit/537.36 (KHTML, like Gecko) Chrome/148.0.7778.96 Mobile Safari/537.36 (compatible; Googlebot/2.1; +http://www.google.com/bot.html)"
66.249.65.199 - - [25/Jun/2026:08:33:20 -0400] "GET /goods/2681153128 HTTP/1.1" 200 74348 "-" "Mozilla/5.0 (Linux; Android 6.0.1; Nexus 5X Build/MMB29P) AppleWebKit/537.36 (KHTML, like Gecko) Chrome/148.0.7778.96 Mobile Safari/537.36 (compatible; Googlebot/2.1; +http://www.google.com/bot.html)"
66.249.65.198 - - [25/Jun/2026:08:33:21 -0400] "GET /goods/3228380965 HTTP/1.1" 200 74611 "-" "Mozilla/5.0 (Linux; Android 6.0.1; Nexus 5X Build/MMB29P) AppleWebKit/537.36 (KHTML, like Gecko) Chrome/148.0.7778.96 Mobile Safari/537.36 (compatible; Googlebot/2.1; +http://www.google.com/bot.html)"
66.249.65.202 - - [25/Jun/2026:08:33:21 -0400] "GET /goods/2175447949 HTTP/1.1" 200 76573 "-" "Mozilla/5.0 (Linux; Android 6.0.1; Nexus 5X Build/MMB29P) AppleWebKit/537.36 (KHTML, like Gecko) Chrome/148.0.7778.96 Mobile Safari/537.36 (compatible; GoogleOther)"
66.249.65.196 - - [25/Jun/2026:08:33:21 -0400] "GET /goods/3572518342 HTTP/1.1" 200 74352 "-" "Mozilla/5.0 (Linux; Android 6.0.1; Nexus 5X Build/MMB29P) AppleWebKit/537.36 (KHTML, like Gecko) Chrome/148.0.7778.96 Mobile Safari/537.36 (compatible; Googlebot/2.1; +http://www.google.com/bot.html)"
66.249.65.195 - - [25/Jun/2026:08:33:22 -0400] "GET /goods/2183618134 HTTP/1.1" 200 74467 "-" "Mozilla/5.0 (Linux; Android 6.0.1; Nexus 5X Build/MMB29P) AppleWebKit/537.36 (KHTML, like Gecko) Chrome/148.0.7778.96 Mobile Safari/537.36 (compatible; GoogleOther)"
66.249.65.192 - - [25/Jun/2026:08:33:23 -0400] "GET /goods/3660650354 HTTP/1.1" 200 72458 "-" "Mozilla/5.0 (Linux; Android 6.0.1; Nexus 5X Build/MMB29P) AppleWebKit/537.36 (KHTML, like Gecko) Chrome/148.0.7778.96 Mobile Safari/537.36 (compatible; Googlebot/2.1; +http://www.google.com/bot.html)"
66.249.65.198 - - [25/Jun/2026:08:33:24 -0400] "GET /goods/1452567526 HTTP/1.1" 200 74737 "-" "Mozilla/5.0 (Linux; Android 6.0.1; Nexus 5X Build/MMB29P) AppleWebKit/537.36 (KHTML, like Gecko) Chrome/148.0.7778.96 Mobile Safari/537.36 (compatible; Googlebot/2.1; +http://www.google.com/bot.html)"
66.249.65.201 - - [25/Jun/2026:08:33:24 -0400] "GET /goods/2010146053 HTTP/1.1" 200 74005 "-" "Mozilla/5.0 (Linux; Android 6.0.1; Nexus 5X Build/MMB29P) AppleWebKit/537.36 (KHTML, like Gecko) Chrome/148.0.7778.96 Mobile Safari/537.36 (compatible; Googlebot/2.1; +http://www.google.com/bot.html)"
66.249.65.195 - - [25/Jun/2026:08:33:25 -0400] "GET /goods/686574322 HTTP/1.1" 200 74017 "-" "Mozilla/5.0 (Linux; Android 6.0.1; Nexus 5X Build/MMB29P) AppleWebKit/537.36 (KHTML, like Gecko) Chrome/148.0.7778.96 Mobile Safari/537.36 (compatible; Googlebot/2.1; +http://www.google.com/bot.html)"
216.73.216.176 - - [25/Jun/2026:08:33:26 -0400] "GET /report-dist/index.php?file_location=%2Flib64%2F%2FlibICE.so.6&location=%2Flib64%2F HTTP/1.1" 200 112550 "-" "Mozilla/5.0 AppleWebKit/537.36 (KHTML, like Gecko; compatible; ClaudeBot/1.0; +claudebot@anthropic.com)"
66.249.65.199 - - [25/Jun/2026:08:33:26 -0400] "GET /goods/1931182796 HTTP/1.1" 200 77218 "-" "Mozilla/5.0 (Linux; Android 6.0.1; Nexus 5X Build/MMB29P) AppleWebKit/537.36 (KHTML, like Gecko) Chrome/148.0.7778.96 Mobile Safari/537.36 (compatible; Googlebot/2.1; +http://www.google.com/bot.html)"
66.249.65.193 - - [25/Jun/2026:08:33:27 -0400] "GET /goods/2989307191 HTTP/1.1" 200 75829 "-" "Mozilla/5.0 (Linux; Android 6.0.1; Nexus 5X Build/MMB29P) AppleWebKit/537.36 (KHTML, like Gecko) Chrome/148.0.7778.96 Mobile Safari/537.36 (compatible; Googlebot/2.1; +http://www.google.com/bot.html)"
66.249.65.194 - - [25/Jun/2026:08:33:28 -0400] "GET /review/goods/T2675541010/ HTTP/1.1" 200 75243 "-" "Mozilla/5.0 (Linux; Android 6.0.1; Nexus 5X Build/MMB29P) AppleWebKit/537.36 (KHTML, like Gecko) Chrome/148.0.7778.96 Mobile Safari/537.36 (compatible; GoogleOther)"
66.249.65.199 - - [25/Jun/2026:08:33:28 -0400] "GET /goods/3625858589 HTTP/1.1" 200 74588 "-" "Mozilla/5.0 (Linux; Android 6.0.1; Nexus 5X Build/MMB29P) AppleWebKit/537.36 (KHTML, like Gecko) Chrome/148.0.7778.96 Mobile Safari/537.36 (compatible; Googlebot/2.1; +http://www.google.com/bot.html)"
66.249.65.199 - - [25/Jun/2026:08:33:29 -0400] "GET /goods/3773095585 HTTP/1.1" 200 75154 "-" "Mozilla/5.0 (Linux; Android 6.0.1; Nexus 5X Build/MMB29P) AppleWebKit/537.36 (KHTML, like Gecko) Chrome/148.0.7778.96 Mobile Safari/537.36 (compatible; GoogleOther)"
66.249.65.202 - - [25/Jun/2026:08:33:29 -0400] "GET /goods/3770458658 HTTP/1.1" 200 73098 "-" "Mozilla/5.0 (Linux; Android 6.0.1; Nexus 5X Build/MMB29P) AppleWebKit/537.36 (KHTML, like Gecko) Chrome/148.0.7778.96 Mobile Safari/537.36 (compatible; Googlebot/2.1; +http://www.google.com/bot.html)"
66.249.65.199 - - [25/Jun/2026:08:33:31 -0400] "GET /goods/560275875 HTTP/1.1" 200 73969 "-" "Mozilla/5.0 (Linux; Android 6.0.1; Nexus 5X Build/MMB29P) AppleWebKit/537.36 (KHTML, like Gecko) Chrome/148.0.7778.96 Mobile Safari/537.36 (compatible; Googlebot/2.1; +http://www.google.com/bot.html)"
216.73.216.176 - - [25/Jun/2026:08:33:34 -0400] "GET /report-dist/?file_location=%2Flib64%2F%2Flibsgutils2.so.2.0.0&location=%2Flib64%2F HTTP/1.1" 200 156395 "-" "Mozilla/5.0 AppleWebKit/537.36 (KHTML, like Gecko; compatible; ClaudeBot/1.0; +claudebot@anthropic.com)"
66.249.65.203 - - [25/Jun/2026:08:33:33 -0400] "GET /goods/3408562653 HTTP/1.1" 200 74954 "-" "Mozilla/5.0 (Linux; Android 6.0.1; Nexus 5X Build/MMB29P) AppleWebKit/537.36 (KHTML, like Gecko) Chrome/148.0.7778.96 Mobile Safari/537.36 (compatible; Googlebot/2.1; +http://www.google.com/bot.html)"
66.249.65.198 - - [25/Jun/2026:08:33:34 -0400] "GET /goods/3422157675 HTTP/1.1" 200 73422 "-" "Mozilla/5.0 (Linux; Android 6.0.1; Nexus 5X Build/MMB29P) AppleWebKit/537.36 (KHTML, like Gecko) Chrome/148.0.7778.96 Mobile Safari/537.36 (compatible; Googlebot/2.1; +http://www.google.com/bot.html)"
66.249.65.194 - - [25/Jun/2026:08:33:35 -0400] "GET /review/goods/T1336117615/ HTTP/1.1" 200 73830 "-" "Mozilla/5.0 (Linux; Android 6.0.1; Nexus 5X Build/MMB29P) AppleWebKit/537.36 (KHTML, like Gecko) Chrome/148.0.7778.96 Mobile Safari/537.36 (compatible; GoogleOther)"
66.249.65.198 - - [25/Jun/2026:08:33:36 -0400] "GET /goods/3485821796 HTTP/1.1" 200 73582 "-" "Mozilla/5.0 (Linux; Android 6.0.1; Nexus 5X Build/MMB29P) AppleWebKit/537.36 (KHTML, like Gecko) Chrome/148.0.7778.96 Mobile Safari/537.36 (compatible; Googlebot/2.1; +http://www.google.com/bot.html)"
66.249.65.193 - - [25/Jun/2026:08:33:37 -0400] "GET /goods/2745716639 HTTP/1.1" 200 75427 "-" "Mozilla/5.0 (Linux; Android 6.0.1; Nexus 5X Build/MMB29P) AppleWebKit/537.36 (KHTML, like Gecko) Chrome/148.0.7778.96 Mobile Safari/537.36 (compatible; Googlebot/2.1; +http://www.google.com/bot.html)"
66.249.65.203 - - [25/Jun/2026:08:33:38 -0400] "GET /goods/3417155491 HTTP/1.1" 200 73415 "-" "Mozilla/5.0 (Linux; Android 6.0.1; Nexus 5X Build/MMB29P) AppleWebKit/537.36 (KHTML, like Gecko) Chrome/148.0.7778.96 Mobile Safari/537.36 (compatible; Googlebot/2.1; +http://www.google.com/bot.html)"
66.249.65.202 - - [25/Jun/2026:08:33:39 -0400] "GET /goods/1093335770 HTTP/1.1" 200 75062 "-" "Mozilla/5.0 (Linux; Android 6.0.1; Nexus 5X Build/MMB29P) AppleWebKit/537.36 (KHTML, like Gecko) Chrome/148.0.7778.96 Mobile Safari/537.36 (compatible; Googlebot/2.1; +http://www.google.com/bot.html)"
66.249.65.195 - - [25/Jun/2026:08:33:40 -0400] "GET /goods/98673781 HTTP/1.1" 200 73471 "-" "Mozilla/5.0 (Linux; Android 6.0.1; Nexus 5X Build/MMB29P) AppleWebKit/537.36 (KHTML, like Gecko) Chrome/148.0.7778.96 Mobile Safari/537.36 (compatible; Googlebot/2.1; +http://www.google.com/bot.html)"
66.249.65.199 - - [25/Jun/2026:08:33:41 -0400] "GET /goods/952608210 HTTP/1.1" 200 74458 "-" "Mozilla/5.0 (Linux; Android 6.0.1; Nexus 5X Build/MMB29P) AppleWebKit/537.36 (KHTML, like Gecko) Chrome/148.0.7778.96 Mobile Safari/537.36 (compatible; Googlebot/2.1; +http://www.google.com/bot.html)"
66.249.65.196 - - [25/Jun/2026:08:33:42 -0400] "GET /goods/2851498590 HTTP/1.1" 200 74349 "-" "Mozilla/5.0 (Linux; Android 6.0.1; Nexus 5X Build/MMB29P) AppleWebKit/537.36 (KHTML, like Gecko) Chrome/148.0.7778.96 Mobile Safari/537.36 (compatible; Googlebot/2.1; +http://www.google.com/bot.html)"
66.249.65.202 - - [25/Jun/2026:08:33:42 -0400] "GET /review/goods/T362774916/ HTTP/1.1" 200 75596 "-" "Mozilla/5.0 (Linux; Android 6.0.1; Nexus 5X Build/MMB29P) AppleWebKit/537.36 (KHTML, like Gecko) Chrome/148.0.7778.96 Mobile Safari/537.36 (compatible; GoogleOther)"
66.249.65.196 - - [25/Jun/2026:08:33:43 -0400] "GET /goods/2698741756 HTTP/1.1" 200 73760 "-" "Mozilla/5.0 (Linux; Android 6.0.1; Nexus 5X Build/MMB29P) AppleWebKit/537.36 (KHTML, like Gecko) Chrome/148.0.7778.96 Mobile Safari/537.36 (compatible; Googlebot/2.1; +http://www.google.com/bot.html)"
66.249.65.198 - - [25/Jun/2026:08:33:43 -0400] "GET /goods/1289718497 HTTP/1.1" 200 75737 "-" "Mozilla/5.0 (Linux; Android 6.0.1; Nexus 5X Build/MMB29P) AppleWebKit/537.36 (KHTML, like Gecko) Chrome/148.0.7778.96 Mobile Safari/537.36 (compatible; Googlebot/2.1; +http://www.google.com/bot.html)"
66.249.65.202 - - [25/Jun/2026:08:33:44 -0400] "GET /goods/1772142956 HTTP/1.1" 200 74866 "-" "Mozilla/5.0 (Linux; Android 6.0.1; Nexus 5X Build/MMB29P) AppleWebKit/537.36 (KHTML, like Gecko) Chrome/148.0.7778.96 Mobile Safari/537.36 (compatible; GoogleOther)"
66.249.65.193 - - [25/Jun/2026:08:33:44 -0400] "GET /goods/2719886879 HTTP/1.1" 200 75062 "-" "Mozilla/5.0 (Linux; Android 6.0.1; Nexus 5X Build/MMB29P) AppleWebKit/537.36 (KHTML, like Gecko) Chrome/148.0.7778.96 Mobile Safari/537.36 (compatible; Googlebot/2.1; +http://www.google.com/bot.html)"
66.249.65.203 - - [25/Jun/2026:08:33:45 -0400] "GET /goods/3274403009 HTTP/1.1" 200 74409 "-" "Mozilla/5.0 (Linux; Android 6.0.1; Nexus 5X Build/MMB29P) AppleWebKit/537.36 (KHTML, like Gecko) Chrome/148.0.7778.96 Mobile Safari/537.36 (compatible; Googlebot/2.1; +http://www.google.com/bot.html)"
216.73.216.176 - - [25/Jun/2026:08:33:46 -0400] "GET /report-dist/?location=%2Fhome%2Ftdhomesa%2Fmail%2Ftdtravelandlogistics.com%2Flogisticsrequest%2F.Trash%2F HTTP/1.1" 200 4840 "-" "Mozilla/5.0 AppleWebKit/537.36 (KHTML, like Gecko; compatible; ClaudeBot/1.0; +claudebot@anthropic.com)"
66.249.65.202 - - [25/Jun/2026:08:33:47 -0400] "GET /goods/528605290 HTTP/1.1" 200 73643 "-" "Mozilla/5.0 (Linux; Android 6.0.1; Nexus 5X Build/MMB29P) AppleWebKit/537.36 (KHTML, like Gecko) Chrome/148.0.7778.96 Mobile Safari/537.36 (compatible; Googlebot/2.1; +http://www.google.com/bot.html)"
66.249.65.202 - - [25/Jun/2026:08:33:47 -0400] "GET /goods/890655913 HTTP/1.1" 200 75082 "-" "Mozilla/5.0 (Linux; Android 6.0.1; Nexus 5X Build/MMB29P) AppleWebKit/537.36 (KHTML, like Gecko) Chrome/148.0.7778.96 Mobile Safari/537.36 (compatible; Googlebot/2.1; +http://www.google.com/bot.html)"
66.249.65.194 - - [25/Jun/2026:08:33:49 -0400] "GET /goods/266197964 HTTP/1.1" 200 74374 "-" "Mozilla/5.0 (Linux; Android 6.0.1; Nexus 5X Build/MMB29P) AppleWebKit/537.36 (KHTML, like Gecko) Chrome/148.0.7778.96 Mobile Safari/537.36 (compatible; Googlebot/2.1; +http://www.google.com/bot.html)"
66.249.65.192 - - [25/Jun/2026:08:33:49 -0400] "GET /goods/962901742 HTTP/1.1" 200 73759 "-" "Mozilla/5.0 (Linux; Android 6.0.1; Nexus 5X Build/MMB29P) AppleWebKit/537.36 (KHTML, like Gecko) Chrome/148.0.7778.96 Mobile Safari/537.36 (compatible; GoogleOther)"
66.249.65.198 - - [25/Jun/2026:08:33:50 -0400] "GET /goods/2161666231 HTTP/1.1" 200 75873 "-" "Mozilla/5.0 (Linux; Android 6.0.1; Nexus 5X Build/MMB29P) AppleWebKit/537.36 (KHTML, like Gecko) Chrome/148.0.7778.96 Mobile Safari/537.36 (compatible; Googlebot/2.1; +http://www.google.com/bot.html)"
66.249.65.192 - - [25/Jun/2026:08:33:50 -0400] "GET /goods/1988055046 HTTP/1.1" 200 74135 "-" "Mozilla/5.0 (Linux; Android 6.0.1; Nexus 5X Build/MMB29P) AppleWebKit/537.36 (KHTML, like Gecko) Chrome/148.0.7778.96 Mobile Safari/537.36 (compatible; GoogleOther)"
66.249.65.200 - - [25/Jun/2026:08:33:51 -0400] "GET /goods/3955846728 HTTP/1.1" 200 73785 "-" "Mozilla/5.0 (Linux; Android 6.0.1; Nexus 5X Build/MMB29P) AppleWebKit/537.36 (KHTML, like Gecko) Chrome/148.0.7778.96 Mobile Safari/537.36 (compatible; Googlebot/2.1; +http://www.google.com/bot.html)"
66.249.65.198 - - [25/Jun/2026:08:33:52 -0400] "GET /goods/830942532 HTTP/1.1" 200 75710 "-" "Mozilla/5.0 (Linux; Android 6.0.1; Nexus 5X Build/MMB29P) AppleWebKit/537.36 (KHTML, like Gecko) Chrome/148.0.7778.96 Mobile Safari/537.36 (compatible; Googlebot/2.1; +http://www.google.com/bot.html)"
66.249.65.196 - - [25/Jun/2026:08:33:52 -0400] "GET /goods/139863860 HTTP/1.1" 200 74539 "-" "Mozilla/5.0 (Linux; Android 6.0.1; Nexus 5X Build/MMB29P) AppleWebKit/537.36 (KHTML, like Gecko) Chrome/148.0.7778.96 Mobile Safari/537.36 (compatible; Googlebot/2.1; +http://www.google.com/bot.html)"
216.73.216.176 - - [25/Jun/2026:08:33:54 -0400] "GET /wp-content/uploads/2025/04/1-270x150.jpg HTTP/1.1" 200 5257 "-" "Mozilla/5.0 AppleWebKit/537.36 (KHTML, like Gecko; compatible; ClaudeBot/1.0; +claudebot@anthropic.com)"
66.249.65.195 - - [25/Jun/2026:08:33:54 -0400] "GET /goods/3811478502 HTTP/1.1" 200 72942 "-" "Mozilla/5.0 (Linux; Android 6.0.1; Nexus 5X Build/MMB29P) AppleWebKit/537.36 (KHTML, like Gecko) Chrome/148.0.7778.96 Mobile Safari/537.36 (compatible; Googlebot/2.1; +http://www.google.com/bot.html)"
66.249.65.195 - - [25/Jun/2026:08:33:56 -0400] "GET /goods/2142399885 HTTP/1.1" 200 74112 "-" "Mozilla/5.0 (Linux; Android 6.0.1; Nexus 5X Build/MMB29P) AppleWebKit/537.36 (KHTML, like Gecko) Chrome/148.0.7778.96 Mobile Safari/537.36 (compatible; Googlebot/2.1; +http://www.google.com/bot.html)"
66.249.65.194 - - [25/Jun/2026:08:33:56 -0400] "GET /goods/29808935 HTTP/1.1" 200 73981 "-" "Mozilla/5.0 (Linux; Android 6.0.1; Nexus 5X Build/MMB29P) AppleWebKit/537.36 (KHTML, like Gecko) Chrome/148.0.7778.96 Mobile Safari/537.36 (compatible; GoogleOther)"
66.249.65.193 - - [25/Jun/2026:08:33:57 -0400] "GET /goods/2663650485 HTTP/1.1" 200 75392 "-" "Mozilla/5.0 (Linux; Android 6.0.1; Nexus 5X Build/MMB29P) AppleWebKit/537.36 (KHTML, like Gecko) Chrome/148.0.7778.96 Mobile Safari/537.36 (compatible; Googlebot/2.1; +http://www.google.com/bot.html)"
66.249.65.196 - - [25/Jun/2026:08:33:57 -0400] "GET /goods/3501057114 HTTP/1.1" 200 75008 "-" "Mozilla/5.0 (Linux; Android 6.0.1; Nexus 5X Build/MMB29P) AppleWebKit/537.36 (KHTML, like Gecko) Chrome/148.0.7778.96 Mobile Safari/537.36 (compatible; GoogleOther)"
66.249.65.203 - - [25/Jun/2026:08:33:58 -0400] "GET /goods/568698713 HTTP/1.1" 200 74870 "-" "Mozilla/5.0 (Linux; Android 6.0.1; Nexus 5X Build/MMB29P) AppleWebKit/537.36 (KHTML, like Gecko) Chrome/148.0.7778.96 Mobile Safari/537.36 (compatible; Googlebot/2.1; +http://www.google.com/bot.html)"
66.249.65.199 - - [25/Jun/2026:08:33:59 -0400] "GET /goods/4278749522 HTTP/1.1" 200 73342 "-" "Mozilla/5.0 (Linux; Android 6.0.1; Nexus 5X Build/MMB29P) AppleWebKit/537.36 (KHTML, like Gecko) Chrome/148.0.7778.96 Mobile Safari/537.36 (compatible; GoogleOther)"
66.249.65.193 - - [25/Jun/2026:08:33:59 -0400] "GET /goods/3087653405 HTTP/1.1" 200 74489 "-" "Mozilla/5.0 (Linux; Android 6.0.1; Nexus 5X Build/MMB29P) AppleWebKit/537.36 (KHTML, like Gecko) Chrome/148.0.7778.96 Mobile Safari/537.36 (compatible; Googlebot/2.1; +http://www.google.com/bot.html)"
216.73.216.176 - - [25/Jun/2026:08:34:02 -0400] "GET /report-dist/?full_path=%2Flib%2Ftuned%2Fepyc-eda&location=%2Flib%2Ftuned%2F HTTP/1.1" 200 5725 "-" "Mozilla/5.0 AppleWebKit/537.36 (KHTML, like Gecko; compatible; ClaudeBot/1.0; +claudebot@anthropic.com)"
66.249.65.203 - - [25/Jun/2026:08:34:01 -0400] "GET /goods/813242136 HTTP/1.1" 200 75789 "-" "Mozilla/5.0 (Linux; Android 6.0.1; Nexus 5X Build/MMB29P) AppleWebKit/537.36 (KHTML, like Gecko) Chrome/148.0.7778.96 Mobile Safari/537.36 (compatible; Googlebot/2.1; +http://www.google.com/bot.html)"
66.249.65.198 - - [25/Jun/2026:08:34:01 -0400] "GET /goods/2470995586 HTTP/1.1" 200 72873 "-" "Mozilla/5.0 (Linux; Android 6.0.1; Nexus 5X Build/MMB29P) AppleWebKit/537.36 (KHTML, like Gecko) Chrome/148.0.7778.96 Mobile Safari/537.36 (compatible; Googlebot/2.1; +http://www.google.com/bot.html)"
66.249.65.193 - - [25/Jun/2026:08:34:02 -0400] "GET /goods/559107773 HTTP/1.1" 200 72919 "-" "Mozilla/5.0 (Linux; Android 6.0.1; Nexus 5X Build/MMB29P) AppleWebKit/537.36 (KHTML, like Gecko) Chrome/148.0.7778.96 Mobile Safari/537.36 (compatible; Googlebot/2.1; +http://www.google.com/bot.html)"
66.249.65.194 - - [25/Jun/2026:08:34:03 -0400] "GET /goods/1498701502 HTTP/1.1" 200 74588 "-" "Mozilla/5.0 (Linux; Android 6.0.1; Nexus 5X Build/MMB29P) AppleWebKit/537.36 (KHTML, like Gecko) Chrome/148.0.7778.96 Mobile Safari/537.36 (compatible; Googlebot/2.1; +http://www.google.com/bot.html)"
66.249.65.203 - - [25/Jun/2026:08:34:04 -0400] "GET /goods/720839944 HTTP/1.1" 200 74610 "-" "Mozilla/5.0 (Linux; Android 6.0.1; Nexus 5X Build/MMB29P) AppleWebKit/537.36 (KHTML, like Gecko) Chrome/148.0.7778.96 Mobile Safari/537.36 (compatible; GoogleOther)"
66.249.65.201 - - [25/Jun/2026:08:34:04 -0400] "GET /goods/2503139304 HTTP/1.1" 200 73654 "-" "Mozilla/5.0 (Linux; Android 6.0.1; Nexus 5X Build/MMB29P) AppleWebKit/537.36 (KHTML, like Gecko) Chrome/148.0.7778.96 Mobile Safari/537.36 (compatible; Googlebot/2.1; +http://www.google.com/bot.html)"
66.249.65.199 - - [25/Jun/2026:08:34:06 -0400] "GET /goods/3497801309 HTTP/1.1" 200 74917 "-" "Mozilla/5.0 (Linux; Android 6.0.1; Nexus 5X Build/MMB29P) AppleWebKit/537.36 (KHTML, like Gecko) Chrome/148.0.7778.96 Mobile Safari/537.36 (compatible; Googlebot/2.1; +http://www.google.com/bot.html)"
216.73.216.176 - - [25/Jun/2026:08:34:07 -0400] "GET /robots.txt HTTP/1.1" 200 89 "-" "Mozilla/5.0 AppleWebKit/537.36 (KHTML, like Gecko; compatible; ClaudeBot/1.0; +claudebot@anthropic.com)"
66.249.65.201 - - [25/Jun/2026:08:34:06 -0400] "GET /goods/1948623175 HTTP/1.1" 200 74220 "-" "Mozilla/5.0 (Linux; Android 6.0.1; Nexus 5X Build/MMB29P) AppleWebKit/537.36 (KHTML, like Gecko) Chrome/148.0.7778.96 Mobile Safari/537.36 (compatible; Googlebot/2.1; +http://www.google.com/bot.html)"
66.249.65.194 - - [25/Jun/2026:08:34:07 -0400] "GET /goods/655682314 HTTP/1.1" 200 74582 "-" "Mozilla/5.0 (Linux; Android 6.0.1; Nexus 5X Build/MMB29P) AppleWebKit/537.36 (KHTML, like Gecko) Chrome/148.0.7778.96 Mobile Safari/537.36 (compatible; Googlebot/2.1; +http://www.google.com/bot.html)"
66.249.65.197 - - [25/Jun/2026:08:34:08 -0400] "GET /goods/2641199730 HTTP/1.1" 200 75260 "-" "Mozilla/5.0 (Linux; Android 6.0.1; Nexus 5X Build/MMB29P) AppleWebKit/537.36 (KHTML, like Gecko) Chrome/148.0.7778.96 Mobile Safari/537.36 (compatible; Googlebot/2.1; +http://www.google.com/bot.html)"
216.73.216.176 - - [25/Jun/2026:08:34:10 -0400] "GET /wp-content/uploads/sw_win/files/lekki-phase-1-luxury-4-bed-terrace-duplexbq-6.jpeg HTTP/1.1" 200 285891 "-" "Mozilla/5.0 AppleWebKit/537.36 (KHTML, like Gecko; compatible; ClaudeBot/1.0; +claudebot@anthropic.com)"
66.249.65.197 - - [25/Jun/2026:08:34:10 -0400] "GET /goods/2723676526 HTTP/1.1" 200 73947 "-" "Mozilla/5.0 (Linux; Android 6.0.1; Nexus 5X Build/MMB29P) AppleWebKit/537.36 (KHTML, like Gecko) Chrome/148.0.7778.96 Mobile Safari/537.36 (compatible; GoogleOther)"
66.249.65.196 - - [25/Jun/2026:08:34:10 -0400] "GET /goods/1600322208 HTTP/1.1" 200 75119 "-" "Mozilla/5.0 (Linux; Android 6.0.1; Nexus 5X Build/MMB29P) AppleWebKit/537.36 (KHTML, like Gecko) Chrome/148.0.7778.96 Mobile Safari/537.36 (compatible; Googlebot/2.1; +http://www.google.com/bot.html)"
66.249.65.201 - - [25/Jun/2026:08:34:12 -0400] "GET /goods/2862639377 HTTP/1.1" 200 75283 "-" "Mozilla/5.0 (Linux; Android 6.0.1; Nexus 5X Build/MMB29P) AppleWebKit/537.36 (KHTML, like Gecko) Chrome/148.0.7778.96 Mobile Safari/537.36 (compatible; Googlebot/2.1; +http://www.google.com/bot.html)"
66.249.65.196 - - [25/Jun/2026:08:34:15 -0400] "GET /goods/3511076484 HTTP/1.1" 200 74809 "-" "Mozilla/5.0 (Linux; Android 6.0.1; Nexus 5X Build/MMB29P) AppleWebKit/537.36 (KHTML, like Gecko) Chrome/148.0.7778.96 Mobile Safari/537.36 (compatible; Googlebot/2.1; +http://www.google.com/bot.html)"
66.249.65.194 - - [25/Jun/2026:08:34:15 -0400] "GET /goods/3009181928 HTTP/1.1" 200 73731 "-" "Mozilla/5.0 (Linux; Android 6.0.1; Nexus 5X Build/MMB29P) AppleWebKit/537.36 (KHTML, like Gecko) Chrome/148.0.7778.96 Mobile Safari/537.36 (compatible; Googlebot/2.1; +http://www.google.com/bot.html)"
216.73.216.176 - - [25/Jun/2026:08:34:18 -0400] "GET /report-dist/index.php?file_location=%2Fhome%2Ftdhomesa%2Fpublic_html%2Fwp-includes%2Fblocks%2Fquote%2F%2Fstyle.min.css&location=%2Fhome%2Ftdhomesa%2Fpublic_html%2Fwp-includes%2Fblocks%2Fquote%2F HTTP/1.1" 200 5306 "-" "Mozilla/5.0 AppleWebKit/537.36 (KHTML, like Gecko; compatible; ClaudeBot/1.0; +claudebot@anthropic.com)"
66.249.65.203 - - [25/Jun/2026:08:34:17 -0400] "GET /goods/3042879133 HTTP/1.1" 200 75002 "-" "Mozilla/5.0 (Linux; Android 6.0.1; Nexus 5X Build/MMB29P) AppleWebKit/537.36 (KHTML, like Gecko) Chrome/148.0.7778.96 Mobile Safari/537.36 (compatible; Googlebot/2.1; +http://www.google.com/bot.html)"
66.249.65.199 - - [25/Jun/2026:08:34:18 -0400] "GET /review/goods/T3551935667/ HTTP/1.1" 200 73881 "-" "Mozilla/5.0 (Linux; Android 6.0.1; Nexus 5X Build/MMB29P) AppleWebKit/537.36 (KHTML, like Gecko) Chrome/148.0.7778.96 Mobile Safari/537.36 (compatible; GoogleOther)"
66.249.65.198 - - [25/Jun/2026:08:34:18 -0400] "GET /goods/1144301695 HTTP/1.1" 200 73837 "-" "Mozilla/5.0 (Linux; Android 6.0.1; Nexus 5X Build/MMB29P) AppleWebKit/537.36 (KHTML, like Gecko) Chrome/148.0.7778.96 Mobile Safari/537.36 (compatible; Googlebot/2.1; +http://www.google.com/bot.html)"
66.249.65.200 - - [25/Jun/2026:08:34:20 -0400] "GET /goods/2797894283 HTTP/1.1" 200 74239 "-" "Mozilla/5.0 (Linux; Android 6.0.1; Nexus 5X Build/MMB29P) AppleWebKit/537.36 (KHTML, like Gecko) Chrome/148.0.7778.96 Mobile Safari/537.36 (compatible; Googlebot/2.1; +http://www.google.com/bot.html)"
66.249.65.194 - - [25/Jun/2026:08:34:21 -0400] "GET /goods/2360386806 HTTP/1.1" 200 73770 "-" "Mozilla/5.0 (Linux; Android 6.0.1; Nexus 5X Build/MMB29P) AppleWebKit/537.36 (KHTML, like Gecko) Chrome/148.0.7778.96 Mobile Safari/537.36 (compatible; Googlebot/2.1; +http://www.google.com/bot.html)"
66.249.65.199 - - [25/Jun/2026:08:34:22 -0400] "GET /goods/1280453365 HTTP/1.1" 200 74243 "-" "Mozilla/5.0 (Linux; Android 6.0.1; Nexus 5X Build/MMB29P) AppleWebKit/537.36 (KHTML, like Gecko) Chrome/148.0.7778.96 Mobile Safari/537.36 (compatible; Googlebot/2.1; +http://www.google.com/bot.html)"
66.249.65.199 - - [25/Jun/2026:08:34:23 -0400] "GET /goods/1140915239 HTTP/1.1" 200 74341 "-" "Mozilla/5.0 (Linux; Android 6.0.1; Nexus 5X Build/MMB29P) AppleWebKit/537.36 (KHTML, like Gecko) Chrome/148.0.7778.96 Mobile Safari/537.36 (compatible; Googlebot/2.1; +http://www.google.com/bot.html)"
216.73.216.176 - - [25/Jun/2026:08:34:26 -0400] "GET /report-dist/index.php?file_location=%2Flib64%2F%2Flibogg.so.0&location=%2Flib64%2F HTTP/1.1" 200 83638 "-" "Mozilla/5.0 AppleWebKit/537.36 (KHTML, like Gecko; compatible; ClaudeBot/1.0; +claudebot@anthropic.com)"
66.249.65.199 - - [25/Jun/2026:08:34:24 -0400] "GET /review/goods/T3507973526/ HTTP/1.1" 200 78795 "-" "Mozilla/5.0 (Linux; Android 6.0.1; Nexus 5X Build/MMB29P) AppleWebKit/537.36 (KHTML, like Gecko) Chrome/148.0.7778.96 Mobile Safari/537.36 (compatible; GoogleOther)"
66.249.65.195 - - [25/Jun/2026:08:34:25 -0400] "GET /goods/157627797 HTTP/1.1" 200 73738 "-" "Mozilla/5.0 (Linux; Android 6.0.1; Nexus 5X Build/MMB29P) AppleWebKit/537.36 (KHTML, like Gecko) Chrome/148.0.7778.96 Mobile Safari/537.36 (compatible; Googlebot/2.1; +http://www.google.com/bot.html)"
51.161.65.184 - - [25/Jun/2026:08:34:30 -0400] "GET /goods/210414542 HTTP/1.1" 302 20 "-" "Mozilla/5.0 (compatible; AhrefsBot/7.0; +http://ahrefs.com/robot/)"
66.249.65.194 - - [25/Jun/2026:08:34:33 -0400] "GET /goods/3376135647 HTTP/1.1" 200 73546 "-" "Mozilla/5.0 (Linux; Android 6.0.1; Nexus 5X Build/MMB29P) AppleWebKit/537.36 (KHTML, like Gecko) Chrome/148.0.7778.96 Mobile Safari/537.36 (compatible; Googlebot/2.1; +http://www.google.com/bot.html)"
66.249.65.202 - - [25/Jun/2026:08:34:34 -0400] "GET /review/goods/T1789994246/ HTTP/1.1" 200 77550 "-" "Mozilla/5.0 (Linux; Android 6.0.1; Nexus 5X Build/MMB29P) AppleWebKit/537.36 (KHTML, like Gecko) Chrome/148.0.7778.96 Mobile Safari/537.36 (compatible; GoogleOther)"
216.73.216.176 - - [25/Jun/2026:08:34:35 -0400] "GET /report-dist/?file_location=%2Flib64%2F%2Fp11-kit-proxy.so&location=%2Flib64%2F HTTP/1.1" 200 338635 "-" "Mozilla/5.0 AppleWebKit/537.36 (KHTML, like Gecko; compatible; ClaudeBot/1.0; +claudebot@anthropic.com)"
66.249.65.203 - - [25/Jun/2026:08:34:34 -0400] "GET /goods/3708557703 HTTP/1.1" 200 74963 "-" "Mozilla/5.0 (Linux; Android 6.0.1; Nexus 5X Build/MMB29P) AppleWebKit/537.36 (KHTML, like Gecko) Chrome/148.0.7778.96 Mobile Safari/537.36 (compatible; Googlebot/2.1; +http://www.google.com/bot.html)"
66.249.65.202 - - [25/Jun/2026:08:34:35 -0400] "GET /goods/4073722337 HTTP/1.1" 200 73008 "-" "Mozilla/5.0 (Linux; Android 6.0.1; Nexus 5X Build/MMB29P) AppleWebKit/537.36 (KHTML, like Gecko) Chrome/148.0.7778.96 Mobile Safari/537.36 (compatible; Googlebot/2.1; +http://www.google.com/bot.html)"
66.249.65.195 - - [25/Jun/2026:08:34:36 -0400] "GET /goods/101961416 HTTP/1.1" 200 75275 "-" "Mozilla/5.0 (Linux; Android 6.0.1; Nexus 5X Build/MMB29P) AppleWebKit/537.36 (KHTML, like Gecko) Chrome/148.0.7778.96 Mobile Safari/537.36 (compatible; Googlebot/2.1; +http://www.google.com/bot.html)"
66.249.65.203 - - [25/Jun/2026:08:34:37 -0400] "GET /goods/777769131 HTTP/1.1" 200 73808 "-" "Mozilla/5.0 (Linux; Android 6.0.1; Nexus 5X Build/MMB29P) AppleWebKit/537.36 (KHTML, like Gecko) Chrome/148.0.7778.96 Mobile Safari/537.36 (compatible; Googlebot/2.1; +http://www.google.com/bot.html)"
66.249.65.197 - - [25/Jun/2026:08:34:38 -0400] "GET /goods/379982735 HTTP/1.1" 200 74074 "-" "Mozilla/5.0 (Linux; Android 6.0.1; Nexus 5X Build/MMB29P) AppleWebKit/537.36 (KHTML, like Gecko) Chrome/148.0.7778.96 Mobile Safari/537.36 (compatible; Googlebot/2.1; +http://www.google.com/bot.html)"
66.249.65.201 - - [25/Jun/2026:08:34:38 -0400] "GET /goods/4076747845 HTTP/1.1" 200 74467 "-" "Mozilla/5.0 (Linux; Android 6.0.1; Nexus 5X Build/MMB29P) AppleWebKit/537.36 (KHTML, like Gecko) Chrome/148.0.7778.96 Mobile Safari/537.36 (compatible; Googlebot/2.1; +http://www.google.com/bot.html)"
66.249.65.199 - - [25/Jun/2026:08:34:40 -0400] "GET /goods/3153894364 HTTP/1.1" 200 74930 "-" "Mozilla/5.0 (Linux; Android 6.0.1; Nexus 5X Build/MMB29P) AppleWebKit/537.36 (KHTML, like Gecko) Chrome/148.0.7778.96 Mobile Safari/537.36 (compatible; Googlebot/2.1; +http://www.google.com/bot.html)"
66.249.65.200 - - [25/Jun/2026:08:34:40 -0400] "GET /goods/1252068018 HTTP/1.1" 200 75094 "-" "Mozilla/5.0 (Linux; Android 6.0.1; Nexus 5X Build/MMB29P) AppleWebKit/537.36 (KHTML, like Gecko) Chrome/148.0.7778.96 Mobile Safari/537.36 (compatible; Googlebot/2.1; +http://www.google.com/bot.html)"
66.249.65.198 - - [25/Jun/2026:08:34:40 -0400] "GET /goods/4083054049 HTTP/1.1" 200 73307 "-" "Mozilla/5.0 (Linux; Android 6.0.1; Nexus 5X Build/MMB29P) AppleWebKit/537.36 (KHTML, like Gecko) Chrome/148.0.7778.96 Mobile Safari/537.36 (compatible; Googlebot/2.1; +http://www.google.com/bot.html)"
66.249.65.194 - - [25/Jun/2026:08:34:41 -0400] "GET /review/goods/T494933566/ HTTP/1.1" 200 73814 "-" "Mozilla/5.0 (Linux; Android 6.0.1; Nexus 5X Build/MMB29P) AppleWebKit/537.36 (KHTML, like Gecko) Chrome/148.0.7778.96 Mobile Safari/537.36 (compatible; GoogleOther)"
216.73.216.176 - - [25/Jun/2026:08:34:43 -0400] "GET /report-dist/?file_location=%2Flib64%2F%2Flibwiretap.so.8.0.2&location=%2Flib64%2F HTTP/1.1" 200 252470 "-" "Mozilla/5.0 AppleWebKit/537.36 (KHTML, like Gecko; compatible; ClaudeBot/1.0; +claudebot@anthropic.com)"
66.249.65.192 - - [25/Jun/2026:08:34:42 -0400] "GET /goods/153828341 HTTP/1.1" 200 74667 "-" "Mozilla/5.0 (Linux; Android 6.0.1; Nexus 5X Build/MMB29P) AppleWebKit/537.36 (KHTML, like Gecko) Chrome/148.0.7778.96 Mobile Safari/537.36 (compatible; Googlebot/2.1; +http://www.google.com/bot.html)"
66.249.65.193 - - [25/Jun/2026:08:34:43 -0400] "GET /goods/2970129747 HTTP/1.1" 200 75004 "-" "Mozilla/5.0 (Linux; Android 6.0.1; Nexus 5X Build/MMB29P) AppleWebKit/537.36 (KHTML, like Gecko) Chrome/148.0.7778.96 Mobile Safari/537.36 (compatible; Googlebot/2.1; +http://www.google.com/bot.html)"
66.249.65.192 - - [25/Jun/2026:08:34:44 -0400] "GET /goods/3763564836 HTTP/1.1" 200 72995 "-" "Mozilla/5.0 (Linux; Android 6.0.1; Nexus 5X Build/MMB29P) AppleWebKit/537.36 (KHTML, like Gecko) Chrome/148.0.7778.96 Mobile Safari/537.36 (compatible; Googlebot/2.1; +http://www.google.com/bot.html)"
66.249.65.200 - - [25/Jun/2026:08:34:45 -0400] "GET /goods/475314848 HTTP/1.1" 200 73629 "-" "Mozilla/5.0 (Linux; Android 6.0.1; Nexus 5X Build/MMB29P) AppleWebKit/537.36 (KHTML, like Gecko) Chrome/148.0.7778.96 Mobile Safari/537.36 (compatible; Googlebot/2.1; +http://www.google.com/bot.html)"
66.249.65.203 - - [25/Jun/2026:08:34:44 -0400] "GET /goods/3108472876 HTTP/1.1" 200 74440 "-" "Mozilla/5.0 (Linux; Android 6.0.1; Nexus 5X Build/MMB29P) AppleWebKit/537.36 (KHTML, like Gecko) Chrome/148.0.7778.96 Mobile Safari/537.36 (compatible; Googlebot/2.1; +http://www.google.com/bot.html)"
66.249.65.200 - - [25/Jun/2026:08:34:45 -0400] "GET /goods/3243117690 HTTP/1.1" 200 74132 "-" "Mozilla/5.0 (Linux; Android 6.0.1; Nexus 5X Build/MMB29P) AppleWebKit/537.36 (KHTML, like Gecko) Chrome/148.0.7778.96 Mobile Safari/537.36 (compatible; Googlebot/2.1; +http://www.google.com/bot.html)"
66.249.65.198 - - [25/Jun/2026:08:34:46 -0400] "GET /goods/1304609358 HTTP/1.1" 200 75539 "-" "Mozilla/5.0 (Linux; Android 6.0.1; Nexus 5X Build/MMB29P) AppleWebKit/537.36 (KHTML, like Gecko) Chrome/148.0.7778.96 Mobile Safari/537.36 (compatible; GoogleOther)"
66.249.65.199 - - [25/Jun/2026:08:34:46 -0400] "GET /goods/2169767914 HTTP/1.1" 200 77118 "-" "Mozilla/5.0 (Linux; Android 6.0.1; Nexus 5X Build/MMB29P) AppleWebKit/537.36 (KHTML, like Gecko) Chrome/148.0.7778.96 Mobile Safari/537.36 (compatible; Googlebot/2.1; +http://www.google.com/bot.html)"
66.249.65.200 - - [25/Jun/2026:08:34:48 -0400] "GET /goods/2017673042 HTTP/1.1" 200 74790 "-" "Mozilla/5.0 (Linux; Android 6.0.1; Nexus 5X Build/MMB29P) AppleWebKit/537.36 (KHTML, like Gecko) Chrome/148.0.7778.96 Mobile Safari/537.36 (compatible; Googlebot/2.1; +http://www.google.com/bot.html)"
216.73.216.176 - - [25/Jun/2026:08:34:51 -0400] "GET /report-dist/index.php?file_location=%2Flib%2Ffirmware%2F%2Fiwlwifi-cc-a0-59.ucode&location=%2Flib%2Ffirmware%2F HTTP/1.1" 200 486945 "-" "Mozilla/5.0 AppleWebKit/537.36 (KHTML, like Gecko; compatible; ClaudeBot/1.0; +claudebot@anthropic.com)"
66.249.65.201 - - [25/Jun/2026:08:34:50 -0400] "GET /goods/3340223979 HTTP/1.1" 200 73876 "-" "Mozilla/5.0 (Linux; Android 6.0.1; Nexus 5X Build/MMB29P) AppleWebKit/537.36 (KHTML, like Gecko) Chrome/148.0.7778.96 Mobile Safari/537.36 (compatible; Googlebot/2.1; +http://www.google.com/bot.html)"
66.249.74.74 - - [25/Jun/2026:08:34:52 -0400] "GET /robots.txt HTTP/1.1" 200 89 "-" "Mozilla/5.0 (compatible; Googlebot/2.1; +http://www.google.com/bot.html)"
66.249.65.198 - - [25/Jun/2026:08:34:51 -0400] "GET /goods/1136436842 HTTP/1.1" 200 74937 "-" "Mozilla/5.0 (Linux; Android 6.0.1; Nexus 5X Build/MMB29P) AppleWebKit/537.36 (KHTML, like Gecko) Chrome/148.0.7778.96 Mobile Safari/537.36 (compatible; Googlebot/2.1; +http://www.google.com/bot.html)"
66.249.65.199 - - [25/Jun/2026:08:34:52 -0400] "GET /goods/443163763 HTTP/1.1" 200 75236 "-" "Mozilla/5.0 (Linux; Android 6.0.1; Nexus 5X Build/MMB29P) AppleWebKit/537.36 (KHTML, like Gecko) Chrome/148.0.7778.96 Mobile Safari/537.36 (compatible; Googlebot/2.1; +http://www.google.com/bot.html)"
66.249.74.75 - - [25/Jun/2026:08:34:53 -0400] "GET /index.php?goods/492817069 HTTP/1.1" 200 76211 "-" "Mozilla/5.0 (Linux; Android 6.0.1; Nexus 5X Build/MMB29P) AppleWebKit/537.36 (KHTML, like Gecko) Chrome/148.0.7778.96 Mobile Safari/537.36 (compatible; GoogleOther)"
66.249.65.200 - - [25/Jun/2026:08:34:53 -0400] "GET /goods/3702285687 HTTP/1.1" 200 75849 "-" "Mozilla/5.0 (Linux; Android 6.0.1; Nexus 5X Build/MMB29P) AppleWebKit/537.36 (KHTML, like Gecko) Chrome/148.0.7778.96 Mobile Safari/537.36 (compatible; Googlebot/2.1; +http://www.google.com/bot.html)"
66.249.65.202 - - [25/Jun/2026:08:34:53 -0400] "GET /goods/4169766819 HTTP/1.1" 200 73095 "-" "Mozilla/5.0 (Linux; Android 6.0.1; Nexus 5X Build/MMB29P) AppleWebKit/537.36 (KHTML, like Gecko) Chrome/148.0.7778.96 Mobile Safari/537.36 (compatible; Googlebot/2.1; +http://www.google.com/bot.html)"
66.249.65.202 - - [25/Jun/2026:08:34:54 -0400] "GET /goods/722799518 HTTP/1.1" 200 75101 "-" "Mozilla/5.0 (Linux; Android 6.0.1; Nexus 5X Build/MMB29P) AppleWebKit/537.36 (KHTML, like Gecko) Chrome/148.0.7778.96 Mobile Safari/537.36 (compatible; Googlebot/2.1; +http://www.google.com/bot.html)"
66.249.65.193 - - [25/Jun/2026:08:34:55 -0400] "GET /review/goods/T1326788652/ HTTP/1.1" 200 73995 "-" "Mozilla/5.0 (Linux; Android 6.0.1; Nexus 5X Build/MMB29P) AppleWebKit/537.36 (KHTML, like Gecko) Chrome/148.0.7778.96 Mobile Safari/537.36 (compatible; GoogleOther)"
66.249.65.199 - - [25/Jun/2026:08:34:55 -0400] "GET /goods/1640128706 HTTP/1.1" 200 74691 "-" "Mozilla/5.0 (Linux; Android 6.0.1; Nexus 5X Build/MMB29P) AppleWebKit/537.36 (KHTML, like Gecko) Chrome/148.0.7778.96 Mobile Safari/537.36 (compatible; Googlebot/2.1; +http://www.google.com/bot.html)"
66.249.65.192 - - [25/Jun/2026:08:34:57 -0400] "GET /goods/3501057114 HTTP/1.1" 200 75008 "-" "Mozilla/5.0 (Linux; Android 6.0.1; Nexus 5X Build/MMB29P) AppleWebKit/537.36 (KHTML, like Gecko) Chrome/148.0.7778.96 Mobile Safari/537.36 (compatible; Googlebot/2.1; +http://www.google.com/bot.html)"
216.73.216.176 - - [25/Jun/2026:08:34:59 -0400] "GET /report-dist/index.php?file_location=%2Flib%2Ffirmware%2Fairoha%2F%2FEthMD32.dm.bin&location=%2Flib%2Ffirmware%2Fairoha%2F HTTP/1.1" 200 6229 "-" "Mozilla/5.0 AppleWebKit/537.36 (KHTML, like Gecko; compatible; ClaudeBot/1.0; +claudebot@anthropic.com)"
66.249.65.203 - - [25/Jun/2026:08:35:00 -0400] "GET /review/goods/T2725622070/ HTTP/1.1" 200 73652 "-" "Mozilla/5.0 (Linux; Android 6.0.1; Nexus 5X Build/MMB29P) AppleWebKit/537.36 (KHTML, like Gecko) Chrome/148.0.7778.96 Mobile Safari/537.36 (compatible; GoogleOther)"
66.249.65.201 - - [25/Jun/2026:08:35:04 -0400] "GET /goods/123374590 HTTP/1.1" 200 73639 "-" "Mozilla/5.0 (Linux; Android 6.0.1; Nexus 5X Build/MMB29P) AppleWebKit/537.36 (KHTML, like Gecko) Chrome/148.0.7778.96 Mobile Safari/537.36 (compatible; Googlebot/2.1; +http://www.google.com/bot.html)"
216.73.216.176 - - [25/Jun/2026:08:35:07 -0400] "GET /report-dist/index.php?file_location=%2Flib%2Ffirmware%2F%2Fmyri10ge_rss_ethp_big_z8e.dat&location=%2Flib%2Ffirmware%2F HTTP/1.1" 200 158200 "-" "Mozilla/5.0 AppleWebKit/537.36 (KHTML, like Gecko; compatible; ClaudeBot/1.0; +claudebot@anthropic.com)"
66.249.65.200 - - [25/Jun/2026:08:35:07 -0400] "GET /goods/1773440907 HTTP/1.1" 200 73507 "-" "Mozilla/5.0 (Linux; Android 6.0.1; Nexus 5X Build/MMB29P) AppleWebKit/537.36 (KHTML, like Gecko) Chrome/148.0.7778.96 Mobile Safari/537.36 (compatible; GoogleOther)"
66.249.65.199 - - [25/Jun/2026:08:35:11 -0400] "GET /goods/1315226838 HTTP/1.1" 200 74816 "-" "Mozilla/5.0 (Linux; Android 6.0.1; Nexus 5X Build/MMB29P) AppleWebKit/537.36 (KHTML, like Gecko) Chrome/148.0.7778.96 Mobile Safari/537.36 (compatible; Googlebot/2.1; +http://www.google.com/bot.html)"
66.249.65.200 - - [25/Jun/2026:08:35:14 -0400] "GET /review/goods/T1284965080/ HTTP/1.1" 200 74267 "-" "Mozilla/5.0 (Linux; Android 6.0.1; Nexus 5X Build/MMB29P) AppleWebKit/537.36 (KHTML, like Gecko) Chrome/148.0.7778.96 Mobile Safari/537.36 (compatible; GoogleOther)"
216.73.216.176 - - [25/Jun/2026:08:35:15 -0400] "GET /report-dist/?location=%2Fhome%2Ftdhomesa%2Ftdtravelandlogistics.com%2Fwp-content HTTP/1.1" 200 5301 "-" "Mozilla/5.0 AppleWebKit/537.36 (KHTML, like Gecko; compatible; ClaudeBot/1.0; +claudebot@anthropic.com)"
66.249.65.199 - - [25/Jun/2026:08:35:18 -0400] "GET /review/goods/T2374058087/ HTTP/1.1" 200 74490 "-" "Mozilla/5.0 (Linux; Android 6.0.1; Nexus 5X Build/MMB29P) AppleWebKit/537.36 (KHTML, like Gecko) Chrome/148.0.7778.96 Mobile Safari/537.36 (compatible; Googlebot/2.1; +http://www.google.com/bot.html)"
66.249.65.198 - - [25/Jun/2026:08:35:21 -0400] "GET /goods/1158357237 HTTP/1.1" 200 79698 "-" "Mozilla/5.0 (Linux; Android 6.0.1; Nexus 5X Build/MMB29P) AppleWebKit/537.36 (KHTML, like Gecko) Chrome/148.0.7778.96 Mobile Safari/537.36 (compatible; GoogleOther)"
216.73.216.176 - - [25/Jun/2026:08:35:23 -0400] "GET /report-dist/?file_location=%2Flib64%2F%2Flibfa.so.1&location=%2Flib64%2F HTTP/1.1" 200 143321 "-" "Mozilla/5.0 AppleWebKit/537.36 (KHTML, like Gecko; compatible; ClaudeBot/1.0; +claudebot@anthropic.com)"
66.249.65.198 - - [25/Jun/2026:08:35:25 -0400] "GET /goods/4006450109 HTTP/1.1" 200 74159 "-" "Mozilla/5.0 (Linux; Android 6.0.1; Nexus 5X Build/MMB29P) AppleWebKit/537.36 (KHTML, like Gecko) Chrome/148.0.7778.96 Mobile Safari/537.36 (compatible; Googlebot/2.1; +http://www.google.com/bot.html)"
66.249.65.200 - - [25/Jun/2026:08:35:28 -0400] "GET /review/goods/T2340645204/ HTTP/1.1" 200 73493 "-" "Mozilla/5.0 (Linux; Android 6.0.1; Nexus 5X Build/MMB29P) AppleWebKit/537.36 (KHTML, like Gecko) Chrome/148.0.7778.96 Mobile Safari/537.36 (compatible; GoogleOther)"
47.128.119.110 - - [25/Jun/2026:08:35:27 -0400] "GET /with HTTP/1.1" 302 20 "-" "Mozilla/5.0 (Linux; Android 5.0) AppleWebKit/537.36 (KHTML, like Gecko) Mobile Safari/537.36 (compatible; Bytespider; spider-feedback@bytedance.com)"
216.73.216.176 - - [25/Jun/2026:08:35:31 -0400] "GET /report-dist/index.php?file_location=%2Flib64%2F%2FlibSM.so.6.0.1&location=%2Flib64%2F HTTP/1.1" 200 85988 "-" "Mozilla/5.0 AppleWebKit/537.36 (KHTML, like Gecko; compatible; ClaudeBot/1.0; +claudebot@anthropic.com)"
47.128.119.110 - - [25/Jun/2026:08:35:32 -0400] "GET /wp-admin/install.php HTTP/1.1" 403 1242 "https://tdhomesandproperties.com/wp-admin/install.php" "Mozilla/5.0 (Linux; Android 5.0) AppleWebKit/537.36 (KHTML, like Gecko) Mobile Safari/537.36 (compatible; Bytespider; spider-feedback@bytedance.com)"
66.249.65.201 - - [25/Jun/2026:08:35:33 -0400] "GET /goods/1214030241 HTTP/1.1" 200 73449 "-" "Mozilla/5.0 (Linux; Android 6.0.1; Nexus 5X Build/MMB29P) AppleWebKit/537.36 (KHTML, like Gecko) Chrome/148.0.7778.96 Mobile Safari/537.36 (compatible; Googlebot/2.1; +http://www.google.com/bot.html)"
66.249.65.200 - - [25/Jun/2026:08:35:35 -0400] "GET /review/goods/T2367591085/ HTTP/1.1" 200 78785 "-" "Mozilla/5.0 (Linux; Android 6.0.1; Nexus 5X Build/MMB29P) AppleWebKit/537.36 (KHTML, like Gecko) Chrome/148.0.7778.96 Mobile Safari/537.36 (compatible; GoogleOther)"
216.73.216.176 - - [25/Jun/2026:08:35:39 -0400] "GET /wp-content/uploads/sw_win/files/orange-islnd-picture-4-phase-1.jpg HTTP/1.1" 200 246560 "-" "Mozilla/5.0 AppleWebKit/537.36 (KHTML, like Gecko; compatible; ClaudeBot/1.0; +claudebot@anthropic.com)"
66.249.65.198 - - [25/Jun/2026:08:35:40 -0400] "GET /goods/3865545192 HTTP/1.1" 200 75186 "-" "Mozilla/5.0 (Linux; Android 6.0.1; Nexus 5X Build/MMB29P) AppleWebKit/537.36 (KHTML, like Gecko) Chrome/148.0.7778.96 Mobile Safari/537.36 (compatible; Googlebot/2.1; +http://www.google.com/bot.html)"
66.249.65.200 - - [25/Jun/2026:08:35:42 -0400] "GET /review/goods/T2933668729/ HTTP/1.1" 200 73775 "-" "Mozilla/5.0 (Linux; Android 6.0.1; Nexus 5X Build/MMB29P) AppleWebKit/537.36 (KHTML, like Gecko) Chrome/148.0.7778.96 Mobile Safari/537.36 (compatible; GoogleOther)"
216.73.216.176 - - [25/Jun/2026:08:35:47 -0400] "GET /report-dist/?file_location=%2Flib%2Ffirmware%2F%2Fa300_pm4.fw&location=%2Flib%2Ffirmware%2F HTTP/1.1" 200 25342 "-" "Mozilla/5.0 AppleWebKit/537.36 (KHTML, like Gecko; compatible; ClaudeBot/1.0; +claudebot@anthropic.com)"
66.249.65.198 - - [25/Jun/2026:08:35:47 -0400] "GET /goods/164157369 HTTP/1.1" 200 75692 "-" "Mozilla/5.0 (Linux; Android 6.0.1; Nexus 5X Build/MMB29P) AppleWebKit/537.36 (KHTML, like Gecko) Chrome/148.0.7778.96 Mobile Safari/537.36 (compatible; Googlebot/2.1; +http://www.google.com/bot.html)"
66.249.65.200 - - [25/Jun/2026:08:35:56 -0400] "GET /goods/3673617999 HTTP/1.1" 200 73909 "-" "Mozilla/5.0 (Linux; Android 6.0.1; Nexus 5X Build/MMB29P) AppleWebKit/537.36 (KHTML, like Gecko) Chrome/148.0.7778.96 Mobile Safari/537.36 (compatible; Googlebot/2.1; +http://www.google.com/bot.html)"
216.73.216.176 - - [25/Jun/2026:08:35:57 -0400] "GET /report-dist/index.php?full_path=%2Fhome%2Ftdhomesa%2Ftmp%2Fpma_template_compiles_tdhomesa%2Ftwig%2F55&location=%2Fhome%2Ftdhomesa%2F HTTP/1.1" 200 6629 "-" "Mozilla/5.0 AppleWebKit/537.36 (KHTML, like Gecko; compatible; ClaudeBot/1.0; +claudebot@anthropic.com)"
66.249.65.202 - - [25/Jun/2026:08:36:01 -0400] "GET /review/goods/T1580424359/ HTTP/1.1" 200 74610 "-" "Mozilla/5.0 (Linux; Android 6.0.1; Nexus 5X Build/MMB29P) AppleWebKit/537.36 (KHTML, like Gecko) Chrome/148.0.7778.96 Mobile Safari/537.36 (compatible; Googlebot/2.1; +http://www.google.com/bot.html)"
114.119.133.251 - - [25/Jun/2026:08:36:00 -0400] "GET /goods/3582527919 HTTP/1.1" 302 20 "https://tdhomesandproperties.com/sitemap.xml" "Mozilla/5.0 (Linux; Android 7.0;) AppleWebKit/537.36 (HTML, like Gecko) Mobile Safari/537.36 (compatible; PetalBot;+https://webmaster.petalsearch.com/site/petalbot)"
66.249.65.203 - - [25/Jun/2026:08:36:04 -0400] "GET /review/goods/T4115365372/ HTTP/1.1" 200 73817 "-" "Mozilla/5.0 (Linux; Android 6.0.1; Nexus 5X Build/MMB29P) AppleWebKit/537.36 (KHTML, like Gecko) Chrome/148.0.7778.96 Mobile Safari/537.36 (compatible; GoogleOther)"
216.73.216.176 - - [25/Jun/2026:08:36:04 -0400] "GET /report-dist/index.php?full_path=%2Fhome%2Ftdhomesa%2Ftmp%2Fpma_template_compiles_tdhomesa%2Ftwig%2F36&location=%2Fhome%2Ftdhomesa%2F HTTP/1.1" 200 6627 "-" "Mozilla/5.0 AppleWebKit/537.36 (KHTML, like Gecko; compatible; ClaudeBot/1.0; +claudebot@anthropic.com)"
66.249.65.202 - - [25/Jun/2026:08:36:08 -0400] "GET /goods/3771650759 HTTP/1.1" 200 74365 "-" "Mozilla/5.0 (Linux; Android 6.0.1; Nexus 5X Build/MMB29P) AppleWebKit/537.36 (KHTML, like Gecko) Chrome/148.0.7778.96 Mobile Safari/537.36 (compatible; Googlebot/2.1; +http://www.google.com/bot.html)"
66.249.65.202 - - [25/Jun/2026:08:36:11 -0400] "GET /review/goods/T1094942957/ HTTP/1.1" 200 76314 "-" "Mozilla/5.0 (Linux; Android 6.0.1; Nexus 5X Build/MMB29P) AppleWebKit/537.36 (KHTML, like Gecko) Chrome/148.0.7778.96 Mobile Safari/537.36 (compatible; GoogleOther)"
216.73.216.176 - - [25/Jun/2026:08:36:12 -0400] "GET /report-dist/index.php?full_path=%2Fhome%2Ftdhomesa%2Ftmp%2Fpma_template_compiles_tdhomesa%2Ftwig%2F44&location=%2Fhome%2Ftdhomesa%2F HTTP/1.1" 200 6628 "-" "Mozilla/5.0 AppleWebKit/537.36 (KHTML, like Gecko; compatible; ClaudeBot/1.0; +claudebot@anthropic.com)"
66.249.65.198 - - [25/Jun/2026:08:36:15 -0400] "GET /goods/2912318236 HTTP/1.1" 200 75342 "-" "Mozilla/5.0 (Linux; Android 6.0.1; Nexus 5X Build/MMB29P) AppleWebKit/537.36 (KHTML, like Gecko) Chrome/148.0.7778.96 Mobile Safari/537.36 (compatible; Googlebot/2.1; +http://www.google.com/bot.html)"
66.249.65.201 - - [25/Jun/2026:08:36:18 -0400] "GET /goods/3992473374 HTTP/1.1" 200 73978 "-" "Mozilla/5.0 (Linux; Android 6.0.1; Nexus 5X Build/MMB29P) AppleWebKit/537.36 (KHTML, like Gecko) Chrome/148.0.7778.96 Mobile Safari/537.36 (compatible; GoogleOther)"
216.73.216.176 - - [25/Jun/2026:08:36:20 -0400] "GET /report-dist/?file_location=%2Fhome%2Ftdhomesa%2Ftdtravelandlogistics.com%2Fsocket-base%2F%2Fprofile.php&location=%2Fhome%2Ftdhomesa%2Ftdtravelandlogistics.com%2Fsocket-base%2F HTTP/1.1" 200 13333 "-" "Mozilla/5.0 AppleWebKit/537.36 (KHTML, like Gecko; compatible; ClaudeBot/1.0; +claudebot@anthropic.com)"
142.44.220.45 - - [25/Jun/2026:08:36:18 -0400] "GET /goods/4069925337 HTTP/1.1" 302 20 "-" "Mozilla/5.0 (compatible; AhrefsBot/7.0; +http://ahrefs.com/robot/)"
66.249.65.199 - - [25/Jun/2026:08:36:22 -0400] "GET /goods/235803357 HTTP/1.1" 200 74672 "-" "Mozilla/5.0 (Linux; Android 6.0.1; Nexus 5X Build/MMB29P) AppleWebKit/537.36 (KHTML, like Gecko) Chrome/148.0.7778.96 Mobile Safari/537.36 (compatible; Googlebot/2.1; +http://www.google.com/bot.html)"
66.249.65.199 - - [25/Jun/2026:08:36:25 -0400] "GET /goods/823722844 HTTP/1.1" 200 79831 "-" "Mozilla/5.0 (Linux; Android 6.0.1; Nexus 5X Build/MMB29P) AppleWebKit/537.36 (KHTML, like Gecko) Chrome/148.0.7778.96 Mobile Safari/537.36 (compatible; GoogleOther)"
216.73.216.176 - - [25/Jun/2026:08:36:28 -0400] "GET /report-dist/index.php?full_path=%2Fhome%2Ftdhomesa%2Fmail%2Ftdhomesandproperties.com%2Fnwali.t%2F.Sent&location=%2Fhome%2F HTTP/1.1" 200 4589 "-" "Mozilla/5.0 AppleWebKit/537.36 (KHTML, like Gecko; compatible; ClaudeBot/1.0; +claudebot@anthropic.com)"
66.249.65.200 - - [25/Jun/2026:08:36:29 -0400] "GET /goods/2043288443 HTTP/1.1" 200 73465 "-" "Mozilla/5.0 (Linux; Android 6.0.1; Nexus 5X Build/MMB29P) AppleWebKit/537.36 (KHTML, like Gecko) Chrome/148.0.7778.96 Mobile Safari/537.36 (compatible; Googlebot/2.1; +http://www.google.com/bot.html)"
66.249.65.198 - - [25/Jun/2026:08:36:32 -0400] "GET /review/goods/T2874649862/ HTTP/1.1" 200 73606 "-" "Mozilla/5.0 (Linux; Android 6.0.1; Nexus 5X Build/MMB29P) AppleWebKit/537.36 (KHTML, like Gecko) Chrome/148.0.7778.96 Mobile Safari/537.36 (compatible; GoogleOther)"
216.73.216.176 - - [25/Jun/2026:08:36:36 -0400] "GET /report-dist/?full_path=%2Fhome%2Ftdhomesa%2Fmail%2Ftdhomesandproperties.com%2Fgeorge.l%2Ftmp&location=%2Fhome%2F HTTP/1.1" 200 4619 "-" "Mozilla/5.0 AppleWebKit/537.36 (KHTML, like Gecko; compatible; ClaudeBot/1.0; +claudebot@anthropic.com)"
66.249.65.201 - - [25/Jun/2026:08:36:36 -0400] "GET /goods/567261618 HTTP/1.1" 200 75061 "-" "Mozilla/5.0 (Linux; Android 6.0.1; Nexus 5X Build/MMB29P) AppleWebKit/537.36 (KHTML, like Gecko) Chrome/148.0.7778.96 Mobile Safari/537.36 (compatible; Googlebot/2.1; +http://www.google.com/bot.html)"
66.249.65.199 - - [25/Jun/2026:08:36:39 -0400] "GET /review/goods/T2802131687/ HTTP/1.1" 200 74039 "-" "Mozilla/5.0 (Linux; Android 6.0.1; Nexus 5X Build/MMB29P) AppleWebKit/537.36 (KHTML, like Gecko) Chrome/148.0.7778.96 Mobile Safari/537.36 (compatible; GoogleOther)"
216.73.216.176 - - [25/Jun/2026:08:36:46 -0400] "GET /report-dist/index.php?file_location=%2Flib64%2Fpython3.8%2F%2F_bootlocale.py&location=%2Flib64%2Fpython3.8%2F HTTP/1.1" 200 13205 "-" "Mozilla/5.0 AppleWebKit/537.36 (KHTML, like Gecko; compatible; ClaudeBot/1.0; +claudebot@anthropic.com)"
