66.249.73.226 - - [24/Jun/2026:12:24:25 -0400] "GET /shopping/2805466887 HTTP/1.1" 200 73957 "-" "Mozilla/5.0 (Linux; Android 6.0.1; Nexus 5X Build/MMB29P) AppleWebKit/537.36 (KHTML, like Gecko) Chrome/148.0.7778.96 Mobile Safari/537.36 (compatible; Googlebot/2.1; +http://www.google.com/bot.html)"
66.249.73.224 - - [24/Jun/2026:12:24:29 -0400] "GET /shopping/2292586913 HTTP/1.1" 200 77461 "-" "Mozilla/5.0 (Linux; Android 6.0.1; Nexus 5X Build/MMB29P) AppleWebKit/537.36 (KHTML, like Gecko) Chrome/148.0.7778.96 Mobile Safari/537.36 (compatible; Googlebot/2.1; +http://www.google.com/bot.html)"
66.249.73.228 - - [24/Jun/2026:12:24:30 -0400] "GET /shopping/3546213162 HTTP/1.1" 200 75048 "-" "Mozilla/5.0 (Linux; Android 6.0.1; Nexus 5X Build/MMB29P) AppleWebKit/537.36 (KHTML, like Gecko) Chrome/148.0.7778.96 Mobile Safari/537.36 (compatible; Googlebot/2.1; +http://www.google.com/bot.html)"
66.249.73.228 - - [24/Jun/2026:12:24:31 -0400] "GET /shopping/2301137052 HTTP/1.1" 200 78088 "-" "Mozilla/5.0 (Linux; Android 6.0.1; Nexus 5X Build/MMB29P) AppleWebKit/537.36 (KHTML, like Gecko) Chrome/148.0.7778.96 Mobile Safari/537.36 (compatible; Googlebot/2.1; +http://www.google.com/bot.html)"
66.249.73.229 - - [24/Jun/2026:12:24:33 -0400] "GET /shopping/1693176066 HTTP/1.1" 200 77713 "-" "Mozilla/5.0 (Linux; Android 6.0.1; Nexus 5X Build/MMB29P) AppleWebKit/537.36 (KHTML, like Gecko) Chrome/148.0.7778.96 Mobile Safari/537.36 (compatible; Googlebot/2.1; +http://www.google.com/bot.html)"
66.249.73.224 - - [24/Jun/2026:12:24:36 -0400] "GET /shopping/945923777 HTTP/1.1" 200 74053 "-" "Mozilla/5.0 (Linux; Android 6.0.1; Nexus 5X Build/MMB29P) AppleWebKit/537.36 (KHTML, like Gecko) Chrome/148.0.7778.96 Mobile Safari/537.36 (compatible; Googlebot/2.1; +http://www.google.com/bot.html)"
66.249.73.226 - - [24/Jun/2026:12:24:41 -0400] "GET /shopping/3156571782 HTTP/1.1" 200 72856 "-" "Mozilla/5.0 (Linux; Android 6.0.1; Nexus 5X Build/MMB29P) AppleWebKit/537.36 (KHTML, like Gecko) Chrome/148.0.7778.96 Mobile Safari/537.36 (compatible; Googlebot/2.1; +http://www.google.com/bot.html)"
66.249.73.227 - - [24/Jun/2026:12:24:45 -0400] "GET /shopping/1185865413 HTTP/1.1" 200 73666 "-" "Mozilla/5.0 (Linux; Android 6.0.1; Nexus 5X Build/MMB29P) AppleWebKit/537.36 (KHTML, like Gecko) Chrome/148.0.7778.96 Mobile Safari/537.36 (compatible; Googlebot/2.1; +http://www.google.com/bot.html)"
66.249.73.231 - - [24/Jun/2026:12:24:55 -0400] "GET /shopping/2762795497 HTTP/1.1" 200 78419 "-" "Mozilla/5.0 (Linux; Android 6.0.1; Nexus 5X Build/MMB29P) AppleWebKit/537.36 (KHTML, like Gecko) Chrome/148.0.7778.96 Mobile Safari/537.36 (compatible; Googlebot/2.1; +http://www.google.com/bot.html)"
66.249.73.229 - - [24/Jun/2026:12:24:58 -0400] "GET /shopping/1464641468 HTTP/1.1" 200 74964 "-" "Mozilla/5.0 (Linux; Android 6.0.1; Nexus 5X Build/MMB29P) AppleWebKit/537.36 (KHTML, like Gecko) Chrome/148.0.7778.96 Mobile Safari/537.36 (compatible; Googlebot/2.1; +http://www.google.com/bot.html)"
66.249.73.228 - - [24/Jun/2026:12:25:03 -0400] "GET /shopping/194592528 HTTP/1.1" 200 72974 "-" "Mozilla/5.0 (Linux; Android 6.0.1; Nexus 5X Build/MMB29P) AppleWebKit/537.36 (KHTML, like Gecko) Chrome/148.0.7778.96 Mobile Safari/537.36 (compatible; Googlebot/2.1; +http://www.google.com/bot.html)"
66.249.73.229 - - [24/Jun/2026:12:25:10 -0400] "GET /shopping/2923041365 HTTP/1.1" 200 77005 "-" "Mozilla/5.0 (Linux; Android 6.0.1; Nexus 5X Build/MMB29P) AppleWebKit/537.36 (KHTML, like Gecko) Chrome/148.0.7778.96 Mobile Safari/537.36 (compatible; Googlebot/2.1; +http://www.google.com/bot.html)"
129.146.59.143 - - [24/Jun/2026:12:25:13 -0400] "GET /category/travel HTTP/1.1" 200 214 "-" "Scrapy/2.16.0 (+https://scrapy.org)"
66.249.73.225 - - [24/Jun/2026:12:25:19 -0400] "GET /shopping/60716491 HTTP/1.1" 200 73870 "-" "Mozilla/5.0 (Linux; Android 6.0.1; Nexus 5X Build/MMB29P) AppleWebKit/537.36 (KHTML, like Gecko) Chrome/148.0.7778.96 Mobile Safari/537.36 (compatible; Googlebot/2.1; +http://www.google.com/bot.html)"
66.249.73.225 - - [24/Jun/2026:12:25:33 -0400] "GET /shopping/2959053497 HTTP/1.1" 200 78190 "-" "Mozilla/5.0 (Linux; Android 6.0.1; Nexus 5X Build/MMB29P) AppleWebKit/537.36 (KHTML, like Gecko) Chrome/148.0.7778.96 Mobile Safari/537.36 (compatible; Googlebot/2.1; +http://www.google.com/bot.html)"
66.249.73.224 - - [24/Jun/2026:12:25:35 -0400] "GET /shopping/4242500142 HTTP/1.1" 200 74715 "-" "Mozilla/5.0 (Linux; Android 6.0.1; Nexus 5X Build/MMB29P) AppleWebKit/537.36 (KHTML, like Gecko) Chrome/148.0.7778.96 Mobile Safari/537.36 (compatible; Googlebot/2.1; +http://www.google.com/bot.html)"
66.249.73.224 - - [24/Jun/2026:12:25:37 -0400] "GET /shopping/2567369945 HTTP/1.1" 200 73650 "-" "Mozilla/5.0 (Linux; Android 6.0.1; Nexus 5X Build/MMB29P) AppleWebKit/537.36 (KHTML, like Gecko) Chrome/148.0.7778.96 Mobile Safari/537.36 (compatible; Googlebot/2.1; +http://www.google.com/bot.html)"
66.249.73.225 - - [24/Jun/2026:12:25:37 -0400] "GET /shopping/2974030632 HTTP/1.1" 200 78429 "-" "Mozilla/5.0 (Linux; Android 6.0.1; Nexus 5X Build/MMB29P) AppleWebKit/537.36 (KHTML, like Gecko) Chrome/148.0.7778.96 Mobile Safari/537.36 (compatible; Googlebot/2.1; +http://www.google.com/bot.html)"
66.249.73.226 - - [24/Jun/2026:12:25:40 -0400] "GET /shopping/1721108663 HTTP/1.1" 200 79740 "-" "Mozilla/5.0 (Linux; Android 6.0.1; Nexus 5X Build/MMB29P) AppleWebKit/537.36 (KHTML, like Gecko) Chrome/148.0.7778.96 Mobile Safari/537.36 (compatible; Googlebot/2.1; +http://www.google.com/bot.html)"
66.249.73.226 - - [24/Jun/2026:12:25:42 -0400] "GET /shopping/1960361408 HTTP/1.1" 200 76126 "-" "Mozilla/5.0 (Linux; Android 6.0.1; Nexus 5X Build/MMB29P) AppleWebKit/537.36 (KHTML, like Gecko) Chrome/148.0.7778.96 Mobile Safari/537.36 (compatible; Googlebot/2.1; +http://www.google.com/bot.html)"
66.249.73.227 - - [24/Jun/2026:12:25:44 -0400] "GET /shopping/2792111913 HTTP/1.1" 200 77365 "-" "Mozilla/5.0 (Linux; Android 6.0.1; Nexus 5X Build/MMB29P) AppleWebKit/537.36 (KHTML, like Gecko) Chrome/148.0.7778.96 Mobile Safari/537.36 (compatible; Googlebot/2.1; +http://www.google.com/bot.html)"
66.249.73.224 - - [24/Jun/2026:12:25:46 -0400] "GET /shopping/1152362152 HTTP/1.1" 200 77928 "-" "Mozilla/5.0 (Linux; Android 6.0.1; Nexus 5X Build/MMB29P) AppleWebKit/537.36 (KHTML, like Gecko) Chrome/148.0.7778.96 Mobile Safari/537.36 (compatible; Googlebot/2.1; +http://www.google.com/bot.html)"
66.249.73.225 - - [24/Jun/2026:12:25:49 -0400] "GET /shopping/3046952988 HTTP/1.1" 200 74973 "-" "Mozilla/5.0 (Linux; Android 6.0.1; Nexus 5X Build/MMB29P) AppleWebKit/537.36 (KHTML, like Gecko) Chrome/148.0.7778.96 Mobile Safari/537.36 (compatible; Googlebot/2.1; +http://www.google.com/bot.html)"
66.249.73.225 - - [24/Jun/2026:12:25:52 -0400] "GET /shopping/4169174171 HTTP/1.1" 200 74071 "-" "Mozilla/5.0 (Linux; Android 6.0.1; Nexus 5X Build/MMB29P) AppleWebKit/537.36 (KHTML, like Gecko) Chrome/148.0.7778.96 Mobile Safari/537.36 (compatible; Googlebot/2.1; +http://www.google.com/bot.html)"
66.249.73.226 - - [24/Jun/2026:12:25:55 -0400] "GET /shopping/326260416 HTTP/1.1" 200 76610 "-" "Mozilla/5.0 (Linux; Android 6.0.1; Nexus 5X Build/MMB29P) AppleWebKit/537.36 (KHTML, like Gecko) Chrome/148.0.7778.96 Mobile Safari/537.36 (compatible; Googlebot/2.1; +http://www.google.com/bot.html)"
66.249.73.225 - - [24/Jun/2026:12:25:56 -0400] "GET /shopping/1717088355 HTTP/1.1" 200 74160 "-" "Mozilla/5.0 (Linux; Android 6.0.1; Nexus 5X Build/MMB29P) AppleWebKit/537.36 (KHTML, like Gecko) Chrome/148.0.7778.96 Mobile Safari/537.36 (compatible; Googlebot/2.1; +http://www.google.com/bot.html)"
66.249.73.227 - - [24/Jun/2026:12:25:58 -0400] "GET /shopping/2063455609 HTTP/1.1" 200 74489 "-" "Mozilla/5.0 (Linux; Android 6.0.1; Nexus 5X Build/MMB29P) AppleWebKit/537.36 (KHTML, like Gecko) Chrome/148.0.7778.96 Mobile Safari/537.36 (compatible; Googlebot/2.1; +http://www.google.com/bot.html)"
66.249.73.226 - - [24/Jun/2026:12:26:00 -0400] "GET /shopping/1251037611 HTTP/1.1" 200 76227 "-" "Mozilla/5.0 (Linux; Android 6.0.1; Nexus 5X Build/MMB29P) AppleWebKit/537.36 (KHTML, like Gecko) Chrome/148.0.7778.96 Mobile Safari/537.36 (compatible; Googlebot/2.1; +http://www.google.com/bot.html)"
66.249.73.224 - - [24/Jun/2026:12:26:06 -0400] "GET /shopping/3054237396 HTTP/1.1" 200 75865 "-" "Mozilla/5.0 (Linux; Android 6.0.1; Nexus 5X Build/MMB29P) AppleWebKit/537.36 (KHTML, like Gecko) Chrome/148.0.7778.96 Mobile Safari/537.36 (compatible; Googlebot/2.1; +http://www.google.com/bot.html)"
216.73.217.104 - - [24/Jun/2026:12:26:08 -0400] "GET /shopping/2159579129 HTTP/1.1" 200 214 "-" "Mozilla/5.0 AppleWebKit/537.36 (KHTML, like Gecko; compatible; ClaudeBot/1.0; +claudebot@anthropic.com)"
66.249.73.225 - - [24/Jun/2026:12:26:08 -0400] "GET /shopping/3127488604 HTTP/1.1" 200 76676 "-" "Mozilla/5.0 (Linux; Android 6.0.1; Nexus 5X Build/MMB29P) AppleWebKit/537.36 (KHTML, like Gecko) Chrome/148.0.7778.96 Mobile Safari/537.36 (compatible; Googlebot/2.1; +http://www.google.com/bot.html)"
66.249.73.225 - - [24/Jun/2026:12:26:11 -0400] "GET /shopping/4117716597 HTTP/1.1" 200 75367 "-" "Mozilla/5.0 (Linux; Android 6.0.1; Nexus 5X Build/MMB29P) AppleWebKit/537.36 (KHTML, like Gecko) Chrome/148.0.7778.96 Mobile Safari/537.36 (compatible; Googlebot/2.1; +http://www.google.com/bot.html)"
66.249.73.224 - - [24/Jun/2026:12:26:14 -0400] "GET /shopping/4289354563 HTTP/1.1" 200 77567 "-" "Mozilla/5.0 (Linux; Android 6.0.1; Nexus 5X Build/MMB29P) AppleWebKit/537.36 (KHTML, like Gecko) Chrome/148.0.7778.96 Mobile Safari/537.36 (compatible; Googlebot/2.1; +http://www.google.com/bot.html)"
66.249.73.226 - - [24/Jun/2026:12:26:15 -0400] "GET /shopping/345606639 HTTP/1.1" 200 74282 "-" "Mozilla/5.0 (Linux; Android 6.0.1; Nexus 5X Build/MMB29P) AppleWebKit/537.36 (KHTML, like Gecko) Chrome/148.0.7778.96 Mobile Safari/537.36 (compatible; Googlebot/2.1; +http://www.google.com/bot.html)"
66.249.73.225 - - [24/Jun/2026:12:26:20 -0400] "GET /shopping/3880317112 HTTP/1.1" 200 78913 "-" "Mozilla/5.0 (Linux; Android 6.0.1; Nexus 5X Build/MMB29P) AppleWebKit/537.36 (KHTML, like Gecko) Chrome/148.0.7778.96 Mobile Safari/537.36 (compatible; Googlebot/2.1; +http://www.google.com/bot.html)"
66.249.73.226 - - [24/Jun/2026:12:26:21 -0400] "GET /shopping/4170128758 HTTP/1.1" 200 74879 "-" "Mozilla/5.0 (Linux; Android 6.0.1; Nexus 5X Build/MMB29P) AppleWebKit/537.36 (KHTML, like Gecko) Chrome/148.0.7778.96 Mobile Safari/537.36 (compatible; Googlebot/2.1; +http://www.google.com/bot.html)"
184.154.139.58 - - [24/Jun/2026:12:26:22 -0400] "GET / HTTP/1.1" 200 333 "http://www.google.com/url?url=tdtravelandlogistics.com&yahoo.com" "Mozilla/5.0 (compatible; MSIE 9.0; Windows NT 6.1; WOW64; Trident/6.0)"
66.249.73.225 - - [24/Jun/2026:12:26:22 -0400] "GET /shopping/3672388571 HTTP/1.1" 200 78632 "-" "Mozilla/5.0 (Linux; Android 6.0.1; Nexus 5X Build/MMB29P) AppleWebKit/537.36 (KHTML, like Gecko) Chrome/148.0.7778.96 Mobile Safari/537.36 (compatible; Googlebot/2.1; +http://www.google.com/bot.html)"
66.249.73.225 - - [24/Jun/2026:12:26:23 -0400] "GET /shopping/2852568488 HTTP/1.1" 200 73539 "-" "Mozilla/5.0 (Linux; Android 6.0.1; Nexus 5X Build/MMB29P) AppleWebKit/537.36 (KHTML, like Gecko) Chrome/148.0.7778.96 Mobile Safari/537.36 (compatible; Googlebot/2.1; +http://www.google.com/bot.html)"
184.154.139.58 - - [24/Jun/2026:12:26:24 -0400] "GET /th1s_1s_a_4o4.html HTTP/1.1" 200 333 "-" "SiteLockSpider [en] (WinNT; I ;Nav)"
66.249.73.225 - - [24/Jun/2026:12:26:24 -0400] "GET /shopping/899860941 HTTP/1.1" 200 73578 "-" "Mozilla/5.0 (Linux; Android 6.0.1; Nexus 5X Build/MMB29P) AppleWebKit/537.36 (KHTML, like Gecko) Chrome/148.0.7778.96 Mobile Safari/537.36 (compatible; Googlebot/2.1; +http://www.google.com/bot.html)"
184.154.139.58 - - [24/Jun/2026:12:26:24 -0400] "GET /about/ HTTP/1.1" 200 333 "http://www.google.com/url?url=tdtravelandlogistics.com&yahoo.com" "Mozilla/5.0 (compatible; MSIE 9.0; Windows NT 6.1; WOW64; Trident/6.0)"
184.154.139.58 - - [24/Jun/2026:12:26:25 -0400] "GET /wp-content/uploads/elementor/css/post-2537.css?ver= HTTP/1.1" 200 28683 "http://www.google.com/url?url=tdtravelandlogistics.com&yahoo.com" "Mozilla/5.0 (compatible; MSIE 9.0; Windows NT 6.1; WOW64; Trident/6.0)"
184.154.139.58 - - [24/Jun/2026:12:26:26 -0400] "GET /wp-content/themes/transland/assets/js/%url% HTTP/1.1" 403 1242 "http://www.google.com/url?url=tdtravelandlogistics.com&yahoo.com" "Mozilla/5.0 (compatible; MSIE 9.0; Windows NT 6.1; WOW64; Trident/6.0)"
66.249.73.224 - - [24/Jun/2026:12:26:26 -0400] "GET /shopping/748377695 HTTP/1.1" 200 75180 "-" "Mozilla/5.0 (Linux; Android 6.0.1; Nexus 5X Build/MMB29P) AppleWebKit/537.36 (KHTML, like Gecko) Chrome/148.0.7778.96 Mobile Safari/537.36 (compatible; Googlebot/2.1; +http://www.google.com/bot.html)"
184.154.139.58 - - [24/Jun/2026:12:26:27 -0400] "GET /wp-content/plugins/elementor/assets/lib/eicons/css/elementor-icons.min.css?ver=5.34.0 HTTP/1.1" 200 21927 "http://www.google.com/url?url=tdtravelandlogistics.com&yahoo.com" "Mozilla/5.0 (compatible; MSIE 9.0; Windows NT 6.1; WOW64; Trident/6.0)"
184.154.139.58 - - [24/Jun/2026:12:26:27 -0400] "GET /wp-content/themes/transland/assets/js/magnific-popup.min.js?ver=2.0 HTTP/1.1" 200 20219 "-" "SiteLockSpider [en] (WinNT; I ;Nav)"
184.154.139.58 - - [24/Jun/2026:12:26:27 -0400] "GET /wp-content/themes/transland/assets/css/icons.css?ver=7.0 HTTP/1.1" 200 178817 "http://www.google.com/url?url=tdtravelandlogistics.com&yahoo.com" "Mozilla/5.0 (compatible; MSIE 9.0; Windows NT 6.1; WOW64; Trident/6.0)"
103.75.222.231 - - [24/Jun/2026:12:26:29 -0400] "GET /list-of-import-items-in-high-demand-in-nigeria/ HTTP/1.1" 200 214 "-" "Mozilla/5.0 (Macintosh; Intel Mac OS X 10_15_7) AppleWebKit/537.36 (KHTML, like Gecko) Chrome/142.0.0.0 Safari/537.36"
184.154.139.58 - - [24/Jun/2026:12:26:30 -0400] "GET /wp-content/plugins/elementor/assets/css/widget-social-icons.min.css?ver=4.1.3 HTTP/1.1" 200 5110 "http://www.google.com/url?url=tdtravelandlogistics.com&yahoo.com" "Mozilla/5.0 (compatible; MSIE 9.0; Windows NT 6.1; WOW64; Trident/6.0)"
184.154.139.58 - - [24/Jun/2026:12:26:30 -0400] "GET /category/logistics/ HTTP/1.1" 200 333 "http://www.google.com/url?url=tdtravelandlogistics.com&yahoo.com" "Mozilla/5.0 (compatible; MSIE 9.0; Windows NT 6.1; WOW64; Trident/6.0)"
184.154.139.58 - - [24/Jun/2026:12:26:30 -0400] "GET /wp-content/themes/transland/assets/js/%url% HTTP/1.1" 403 1242 "-" "SiteLockSpider [en] (WinNT; I ;Nav)"
184.154.139.58 - - [24/Jun/2026:12:26:31 -0400] "GET /category/export-requirements-nigeria/ HTTP/1.1" 200 333 "http://www.google.com/url?url=tdtravelandlogistics.com&yahoo.com" "Mozilla/5.0 (compatible; MSIE 9.0; Windows NT 6.1; WOW64; Trident/6.0)"
38.154.14.119 - - [24/Jun/2026:12:26:31 -0400] "GET /list-of-import-items-in-high-demand-in-nigeria/ HTTP/1.1" 200 214 "-" "Mozilla/5.0 (Macintosh; Intel Mac OS X 10_15_7) AppleWebKit/537.36 (KHTML, like Gecko) Chrome/142.0.0.0 Safari/537.36"
184.154.139.58 - - [24/Jun/2026:12:26:31 -0400] "GET /import-into-nigeria/ HTTP/1.1" 200 333 "http://www.google.com/url?url=tdtravelandlogistics.com&yahoo.com" "Mozilla/5.0 (compatible; MSIE 9.0; Windows NT 6.1; WOW64; Trident/6.0)"
184.154.139.58 - - [24/Jun/2026:12:26:31 -0400] "GET /wp-content/plugins/header-footer-elementor/inc/widgets-css/frontend.css?ver=2.8.8 HTTP/1.1" 200 83015 "http://www.google.com/url?url=tdtravelandlogistics.com&yahoo.com" "Mozilla/5.0 (compatible; MSIE 9.0; Windows NT 6.1; WOW64; Trident/6.0)"
184.154.139.58 - - [24/Jun/2026:12:26:32 -0400] "GET /qatar-airways-suspension-of-flight-operations/ HTTP/1.1" 200 333 "http://www.google.com/url?url=tdtravelandlogistics.com&yahoo.com" "Mozilla/5.0 (compatible; MSIE 9.0; Windows NT 6.1; WOW64; Trident/6.0)"
184.154.139.58 - - [24/Jun/2026:12:26:32 -0400] "GET /contact-us/ HTTP/1.1" 200 333 "http://www.google.com/url?url=tdtravelandlogistics.com&yahoo.com" "Mozilla/5.0 (compatible; MSIE 9.0; Windows NT 6.1; WOW64; Trident/6.0)"
184.154.139.58 - - [24/Jun/2026:12:26:32 -0400] "GET /wp-content/uploads/elementor/css/post-6.css?ver= HTTP/1.1" 200 1164 "-" "SiteLockSpider [en] (WinNT; I ;Nav)"
66.249.73.229 - - [24/Jun/2026:12:26:32 -0400] "GET /shopping/3971603246 HTTP/1.1" 200 75096 "-" "Mozilla/5.0 (Linux; Android 6.0.1; Nexus 5X Build/MMB29P) AppleWebKit/537.36 (KHTML, like Gecko) Chrome/148.0.7778.96 Mobile Safari/537.36 (compatible; Googlebot/2.1; +http://www.google.com/bot.html)"
66.249.73.229 - - [24/Jun/2026:12:26:33 -0400] "GET /shopping/3287817963 HTTP/1.1" 200 74612 "-" "Mozilla/5.0 (Linux; Android 6.0.1; Nexus 5X Build/MMB29P) AppleWebKit/537.36 (KHTML, like Gecko) Chrome/148.0.7778.96 Mobile Safari/537.36 (compatible; Googlebot/2.1; +http://www.google.com/bot.html)"
66.249.73.225 - - [24/Jun/2026:12:26:34 -0400] "GET /shopping/2381276142 HTTP/1.1" 200 75751 "-" "Mozilla/5.0 (Linux; Android 6.0.1; Nexus 5X Build/MMB29P) AppleWebKit/537.36 (KHTML, like Gecko) Chrome/148.0.7778.96 Mobile Safari/537.36 (compatible; Googlebot/2.1; +http://www.google.com/bot.html)"
66.249.73.226 - - [24/Jun/2026:12:26:37 -0400] "GET /shopping/949153969 HTTP/1.1" 200 75028 "-" "Mozilla/5.0 (Linux; Android 6.0.1; Nexus 5X Build/MMB29P) AppleWebKit/537.36 (KHTML, like Gecko) Chrome/148.0.7778.96 Mobile Safari/537.36 (compatible; Googlebot/2.1; +http://www.google.com/bot.html)"
66.249.73.227 - - [24/Jun/2026:12:26:39 -0400] "GET /shopping/2720522978 HTTP/1.1" 200 76366 "-" "Mozilla/5.0 (Linux; Android 6.0.1; Nexus 5X Build/MMB29P) AppleWebKit/537.36 (KHTML, like Gecko) Chrome/148.0.7778.96 Mobile Safari/537.36 (compatible; Googlebot/2.1; +http://www.google.com/bot.html)"
66.249.73.230 - - [24/Jun/2026:12:26:41 -0400] "GET /shopping/2836116795 HTTP/1.1" 200 74616 "-" "Mozilla/5.0 (Linux; Android 6.0.1; Nexus 5X Build/MMB29P) AppleWebKit/537.36 (KHTML, like Gecko) Chrome/148.0.7778.96 Mobile Safari/537.36 (compatible; Googlebot/2.1; +http://www.google.com/bot.html)"
66.249.73.231 - - [24/Jun/2026:12:26:42 -0400] "GET /shopping/3013919458 HTTP/1.1" 200 74465 "-" "Mozilla/5.0 (Linux; Android 6.0.1; Nexus 5X Build/MMB29P) AppleWebKit/537.36 (KHTML, like Gecko) Chrome/148.0.7778.96 Mobile Safari/537.36 (compatible; Googlebot/2.1; +http://www.google.com/bot.html)"
66.249.73.224 - - [24/Jun/2026:12:26:43 -0400] "GET /shopping/2906633637 HTTP/1.1" 200 75047 "-" "Mozilla/5.0 (Linux; Android 6.0.1; Nexus 5X Build/MMB29P) AppleWebKit/537.36 (KHTML, like Gecko) Chrome/148.0.7778.96 Mobile Safari/537.36 (compatible; Googlebot/2.1; +http://www.google.com/bot.html)"
66.249.73.227 - - [24/Jun/2026:12:26:45 -0400] "GET /shopping/4258689376 HTTP/1.1" 200 74491 "-" "Mozilla/5.0 (Linux; Android 6.0.1; Nexus 5X Build/MMB29P) AppleWebKit/537.36 (KHTML, like Gecko) Chrome/148.0.7778.96 Mobile Safari/537.36 (compatible; Googlebot/2.1; +http://www.google.com/bot.html)"
66.249.73.225 - - [24/Jun/2026:12:26:48 -0400] "GET /shopping/2467990223 HTTP/1.1" 200 74515 "-" "Mozilla/5.0 (Linux; Android 6.0.1; Nexus 5X Build/MMB29P) AppleWebKit/537.36 (KHTML, like Gecko) Chrome/148.0.7778.96 Mobile Safari/537.36 (compatible; Googlebot/2.1; +http://www.google.com/bot.html)"
66.249.73.231 - - [24/Jun/2026:12:26:52 -0400] "GET /shopping/554587974 HTTP/1.1" 200 75209 "-" "Mozilla/5.0 (Linux; Android 6.0.1; Nexus 5X Build/MMB29P) AppleWebKit/537.36 (KHTML, like Gecko) Chrome/148.0.7778.96 Mobile Safari/537.36 (compatible; Googlebot/2.1; +http://www.google.com/bot.html)"
172.84.176.84 - - [24/Jun/2026:12:26:54 -0400] "GET /list-of-import-items-in-high-demand-in-nigeria/ HTTP/1.1" 200 214 "-" "Mozilla/5.0 (Macintosh; Intel Mac OS X 10_15_7) AppleWebKit/537.36 (KHTML, like Gecko) Chrome/142.0.0.0 Safari/537.36"
66.249.73.225 - - [24/Jun/2026:12:26:54 -0400] "GET /shopping/588915523 HTTP/1.1" 200 75317 "-" "Mozilla/5.0 (Linux; Android 6.0.1; Nexus 5X Build/MMB29P) AppleWebKit/537.36 (KHTML, like Gecko) Chrome/148.0.7778.96 Mobile Safari/537.36 (compatible; Googlebot/2.1; +http://www.google.com/bot.html)"
66.249.73.228 - - [24/Jun/2026:12:26:57 -0400] "GET /shopping/735716928 HTTP/1.1" 200 74845 "-" "Mozilla/5.0 (Linux; Android 6.0.1; Nexus 5X Build/MMB29P) AppleWebKit/537.36 (KHTML, like Gecko) Chrome/148.0.7778.96 Mobile Safari/537.36 (compatible; Googlebot/2.1; +http://www.google.com/bot.html)"
66.249.73.229 - - [24/Jun/2026:12:26:58 -0400] "GET /shopping/733232449 HTTP/1.1" 200 74883 "-" "Mozilla/5.0 (Linux; Android 6.0.1; Nexus 5X Build/MMB29P) AppleWebKit/537.36 (KHTML, like Gecko) Chrome/148.0.7778.96 Mobile Safari/537.36 (compatible; Googlebot/2.1; +http://www.google.com/bot.html)"
66.249.73.231 - - [24/Jun/2026:12:27:01 -0400] "GET /shopping/887650144 HTTP/1.1" 200 75141 "-" "Mozilla/5.0 (Linux; Android 6.0.1; Nexus 5X Build/MMB29P) AppleWebKit/537.36 (KHTML, like Gecko) Chrome/148.0.7778.96 Mobile Safari/537.36 (compatible; Googlebot/2.1; +http://www.google.com/bot.html)"
66.249.73.225 - - [24/Jun/2026:12:27:03 -0400] "GET /shopping/3678275716 HTTP/1.1" 200 74852 "-" "Mozilla/5.0 (Linux; Android 6.0.1; Nexus 5X Build/MMB29P) AppleWebKit/537.36 (KHTML, like Gecko) Chrome/148.0.7778.96 Mobile Safari/537.36 (compatible; Googlebot/2.1; +http://www.google.com/bot.html)"
66.249.73.230 - - [24/Jun/2026:12:27:05 -0400] "GET /shopping/3482299271 HTTP/1.1" 200 76679 "-" "Mozilla/5.0 (Linux; Android 6.0.1; Nexus 5X Build/MMB29P) AppleWebKit/537.36 (KHTML, like Gecko) Chrome/148.0.7778.96 Mobile Safari/537.36 (compatible; Googlebot/2.1; +http://www.google.com/bot.html)"
66.249.73.230 - - [24/Jun/2026:12:27:07 -0400] "GET /shopping/2163335886 HTTP/1.1" 200 75248 "-" "Mozilla/5.0 (Linux; Android 6.0.1; Nexus 5X Build/MMB29P) AppleWebKit/537.36 (KHTML, like Gecko) Chrome/148.0.7778.96 Mobile Safari/537.36 (compatible; Googlebot/2.1; +http://www.google.com/bot.html)"
66.249.73.226 - - [24/Jun/2026:12:27:14 -0400] "GET /shopping/683439970 HTTP/1.1" 200 76189 "-" "Mozilla/5.0 (Linux; Android 6.0.1; Nexus 5X Build/MMB29P) AppleWebKit/537.36 (KHTML, like Gecko) Chrome/148.0.7778.96 Mobile Safari/537.36 (compatible; Googlebot/2.1; +http://www.google.com/bot.html)"
68.167.77.148 - - [24/Jun/2026:12:27:15 -0400] "GET /list-of-import-items-in-high-demand-in-nigeria/ HTTP/1.1" 200 214 "-" "Mozilla/5.0 (Macintosh; Intel Mac OS X 10_15_7) AppleWebKit/537.36 (KHTML, like Gecko) Chrome/142.0.0.0 Safari/537.36"
66.249.73.227 - - [24/Jun/2026:12:27:18 -0400] "GET /shopping/2009106199 HTTP/1.1" 200 77938 "-" "Mozilla/5.0 (Linux; Android 6.0.1; Nexus 5X Build/MMB29P) AppleWebKit/537.36 (KHTML, like Gecko) Chrome/148.0.7778.96 Mobile Safari/537.36 (compatible; Googlebot/2.1; +http://www.google.com/bot.html)"
66.249.73.228 - - [24/Jun/2026:12:27:20 -0400] "GET /shopping/1455688104 HTTP/1.1" 200 73434 "-" "Mozilla/5.0 (Linux; Android 6.0.1; Nexus 5X Build/MMB29P) AppleWebKit/537.36 (KHTML, like Gecko) Chrome/148.0.7778.96 Mobile Safari/537.36 (compatible; Googlebot/2.1; +http://www.google.com/bot.html)"
138.226.18.153 - - [24/Jun/2026:12:27:21 -0400] "GET /list-of-import-items-in-high-demand-in-nigeria/ HTTP/1.1" 200 214 "-" "Mozilla/5.0 (Macintosh; Intel Mac OS X 10_15_7) AppleWebKit/537.36 (KHTML, like Gecko) Chrome/142.0.0.0 Safari/537.36"
66.249.73.227 - - [24/Jun/2026:12:27:23 -0400] "GET /shopping/3835990595 HTTP/1.1" 200 76331 "-" "Mozilla/5.0 (Linux; Android 6.0.1; Nexus 5X Build/MMB29P) AppleWebKit/537.36 (KHTML, like Gecko) Chrome/148.0.7778.96 Mobile Safari/537.36 (compatible; Googlebot/2.1; +http://www.google.com/bot.html)"
216.73.217.104 - - [24/Jun/2026:12:27:27 -0400] "GET /shopping/2811179448 HTTP/1.1" 200 214 "-" "Mozilla/5.0 AppleWebKit/537.36 (KHTML, like Gecko; compatible; ClaudeBot/1.0; +claudebot@anthropic.com)"
216.73.217.104 - - [24/Jun/2026:12:27:29 -0400] "GET /shopping/1109969593 HTTP/1.1" 200 214 "-" "Mozilla/5.0 AppleWebKit/537.36 (KHTML, like Gecko; compatible; ClaudeBot/1.0; +claudebot@anthropic.com)"
92.71.43.132 - - [24/Jun/2026:12:27:31 -0400] "GET /list-of-import-items-in-high-demand-in-nigeria/ HTTP/1.1" 200 214 "-" "Mozilla/5.0 (Macintosh; Intel Mac OS X 10_15_7) AppleWebKit/537.36 (KHTML, like Gecko) Chrome/142.0.0.0 Safari/537.36"
66.249.73.224 - - [24/Jun/2026:12:27:31 -0400] "GET /shopping/2703881619 HTTP/1.1" 200 73943 "-" "Mozilla/5.0 (Linux; Android 6.0.1; Nexus 5X Build/MMB29P) AppleWebKit/537.36 (KHTML, like Gecko) Chrome/148.0.7778.96 Mobile Safari/537.36 (compatible; Googlebot/2.1; +http://www.google.com/bot.html)"
66.249.73.224 - - [24/Jun/2026:12:27:34 -0400] "GET /shopping/2639818638 HTTP/1.1" 200 73578 "-" "Mozilla/5.0 (Linux; Android 6.0.1; Nexus 5X Build/MMB29P) AppleWebKit/537.36 (KHTML, like Gecko) Chrome/148.0.7778.96 Mobile Safari/537.36 (compatible; Googlebot/2.1; +http://www.google.com/bot.html)"
85.254.124.90 - - [24/Jun/2026:12:27:39 -0400] "GET /list-of-import-items-in-high-demand-in-nigeria/ HTTP/1.1" 200 214 "-" "Mozilla/5.0 (Macintosh; Intel Mac OS X 10_15_7) AppleWebKit/537.36 (KHTML, like Gecko) Chrome/142.0.0.0 Safari/537.36"
66.249.73.226 - - [24/Jun/2026:12:27:40 -0400] "GET /shopping/1886702684 HTTP/1.1" 200 74658 "-" "Mozilla/5.0 (Linux; Android 6.0.1; Nexus 5X Build/MMB29P) AppleWebKit/537.36 (KHTML, like Gecko) Chrome/148.0.7778.96 Mobile Safari/537.36 (compatible; Googlebot/2.1; +http://www.google.com/bot.html)"
66.249.73.226 - - [24/Jun/2026:12:27:42 -0400] "GET /shopping/1351592788 HTTP/1.1" 200 76820 "-" "Mozilla/5.0 (Linux; Android 6.0.1; Nexus 5X Build/MMB29P) AppleWebKit/537.36 (KHTML, like Gecko) Chrome/148.0.7778.96 Mobile Safari/537.36 (compatible; Googlebot/2.1; +http://www.google.com/bot.html)"
66.249.73.229 - - [24/Jun/2026:12:27:46 -0400] "GET /shopping/2905980587 HTTP/1.1" 200 75899 "-" "Mozilla/5.0 (Linux; Android 6.0.1; Nexus 5X Build/MMB29P) AppleWebKit/537.36 (KHTML, like Gecko) Chrome/148.0.7778.96 Mobile Safari/537.36 (compatible; Googlebot/2.1; +http://www.google.com/bot.html)"
66.249.73.228 - - [24/Jun/2026:12:27:48 -0400] "GET /shopping/1829322147 HTTP/1.1" 200 74516 "-" "Mozilla/5.0 (Linux; Android 6.0.1; Nexus 5X Build/MMB29P) AppleWebKit/537.36 (KHTML, like Gecko) Chrome/148.0.7778.96 Mobile Safari/537.36 (compatible; Googlebot/2.1; +http://www.google.com/bot.html)"
66.249.73.224 - - [24/Jun/2026:12:27:51 -0400] "GET /shopping/3505924039 HTTP/1.1" 200 74060 "-" "Mozilla/5.0 (Linux; Android 6.0.1; Nexus 5X Build/MMB29P) AppleWebKit/537.36 (KHTML, like Gecko) Chrome/148.0.7778.96 Mobile Safari/537.36 (compatible; Googlebot/2.1; +http://www.google.com/bot.html)"
45.153.157.144 - - [24/Jun/2026:12:27:54 -0400] "GET /list-of-import-items-in-high-demand-in-nigeria/ HTTP/1.1" 200 214 "-" "Mozilla/5.0 (Macintosh; Intel Mac OS X 10_15_7) AppleWebKit/537.36 (KHTML, like Gecko) Chrome/142.0.0.0 Safari/537.36"
66.249.73.229 - - [24/Jun/2026:12:27:56 -0400] "GET /shopping/4098551787 HTTP/1.1" 200 75937 "-" "Mozilla/5.0 (Linux; Android 6.0.1; Nexus 5X Build/MMB29P) AppleWebKit/537.36 (KHTML, like Gecko) Chrome/148.0.7778.96 Mobile Safari/537.36 (compatible; Googlebot/2.1; +http://www.google.com/bot.html)"
66.249.73.226 - - [24/Jun/2026:12:27:59 -0400] "GET /shopping/354457817 HTTP/1.1" 200 74580 "-" "Mozilla/5.0 (Linux; Android 6.0.1; Nexus 5X Build/MMB29P) AppleWebKit/537.36 (KHTML, like Gecko) Chrome/148.0.7778.96 Mobile Safari/537.36 (compatible; Googlebot/2.1; +http://www.google.com/bot.html)"
66.249.73.227 - - [24/Jun/2026:12:28:03 -0400] "GET /shopping/4043943090 HTTP/1.1" 200 74523 "-" "Mozilla/5.0 (Linux; Android 6.0.1; Nexus 5X Build/MMB29P) AppleWebKit/537.36 (KHTML, like Gecko) Chrome/148.0.7778.96 Mobile Safari/537.36 (compatible; Googlebot/2.1; +http://www.google.com/bot.html)"
66.249.73.225 - - [24/Jun/2026:12:28:04 -0400] "GET /shopping/1339530351 HTTP/1.1" 200 74596 "-" "Mozilla/5.0 (Linux; Android 6.0.1; Nexus 5X Build/MMB29P) AppleWebKit/537.36 (KHTML, like Gecko) Chrome/148.0.7778.96 Mobile Safari/537.36 (compatible; Googlebot/2.1; +http://www.google.com/bot.html)"
66.249.73.228 - - [24/Jun/2026:12:28:06 -0400] "GET /shopping/2378328289 HTTP/1.1" 200 72982 "-" "Mozilla/5.0 (Linux; Android 6.0.1; Nexus 5X Build/MMB29P) AppleWebKit/537.36 (KHTML, like Gecko) Chrome/148.0.7778.96 Mobile Safari/537.36 (compatible; Googlebot/2.1; +http://www.google.com/bot.html)"
66.249.73.225 - - [24/Jun/2026:12:28:10 -0400] "GET /shopping/1486321274 HTTP/1.1" 200 74175 "-" "Mozilla/5.0 (Linux; Android 6.0.1; Nexus 5X Build/MMB29P) AppleWebKit/537.36 (KHTML, like Gecko) Chrome/148.0.7778.96 Mobile Safari/537.36 (compatible; Googlebot/2.1; +http://www.google.com/bot.html)"
66.249.73.226 - - [24/Jun/2026:12:28:13 -0400] "GET /shopping/612608332 HTTP/1.1" 200 79399 "-" "Mozilla/5.0 (Linux; Android 6.0.1; Nexus 5X Build/MMB29P) AppleWebKit/537.36 (KHTML, like Gecko) Chrome/148.0.7778.96 Mobile Safari/537.36 (compatible; Googlebot/2.1; +http://www.google.com/bot.html)"
66.249.73.225 - - [24/Jun/2026:12:28:15 -0400] "GET /shopping/1932631145 HTTP/1.1" 200 73173 "-" "Mozilla/5.0 (Linux; Android 6.0.1; Nexus 5X Build/MMB29P) AppleWebKit/537.36 (KHTML, like Gecko) Chrome/148.0.7778.96 Mobile Safari/537.36 (compatible; Googlebot/2.1; +http://www.google.com/bot.html)"
66.249.73.225 - - [24/Jun/2026:12:28:17 -0400] "GET /shopping/1809099956 HTTP/1.1" 200 74466 "-" "Mozilla/5.0 (Linux; Android 6.0.1; Nexus 5X Build/MMB29P) AppleWebKit/537.36 (KHTML, like Gecko) Chrome/148.0.7778.96 Mobile Safari/537.36 (compatible; Googlebot/2.1; +http://www.google.com/bot.html)"
66.249.73.227 - - [24/Jun/2026:12:28:19 -0400] "GET /review/goods/T2879455979/ HTTP/1.1" 200 74853 "-" "Mozilla/5.0 (Linux; Android 6.0.1; Nexus 5X Build/MMB29P) AppleWebKit/537.36 (KHTML, like Gecko) Chrome/148.0.7778.96 Mobile Safari/537.36 (compatible; Googlebot/2.1; +http://www.google.com/bot.html)"
66.249.73.226 - - [24/Jun/2026:12:28:21 -0400] "GET /shopping/1743177375 HTTP/1.1" 200 74855 "-" "Mozilla/5.0 (Linux; Android 6.0.1; Nexus 5X Build/MMB29P) AppleWebKit/537.36 (KHTML, like Gecko) Chrome/148.0.7778.96 Mobile Safari/537.36 (compatible; Googlebot/2.1; +http://www.google.com/bot.html)"
66.249.73.228 - - [24/Jun/2026:12:28:27 -0400] "GET /shopping/3196154909 HTTP/1.1" 200 78215 "-" "Mozilla/5.0 (Linux; Android 6.0.1; Nexus 5X Build/MMB29P) AppleWebKit/537.36 (KHTML, like Gecko) Chrome/148.0.7778.96 Mobile Safari/537.36 (compatible; Googlebot/2.1; +http://www.google.com/bot.html)"
66.249.73.225 - - [24/Jun/2026:12:28:29 -0400] "GET /shopping/1660632425 HTTP/1.1" 200 75538 "-" "Mozilla/5.0 (Linux; Android 6.0.1; Nexus 5X Build/MMB29P) AppleWebKit/537.36 (KHTML, like Gecko) Chrome/148.0.7778.96 Mobile Safari/537.36 (compatible; Googlebot/2.1; +http://www.google.com/bot.html)"
199.120.13.48 - - [24/Jun/2026:12:28:34 -0400] "GET /list-of-import-items-in-high-demand-in-nigeria/ HTTP/1.1" 200 214 "-" "Mozilla/5.0 (Macintosh; Intel Mac OS X 10_15_7) AppleWebKit/537.36 (KHTML, like Gecko) Chrome/142.0.0.0 Safari/537.36"
66.249.66.33 - - [24/Jun/2026:12:28:38 -0400] "GET /shopping/4046460823 HTTP/1.1" 200 77386 "-" "Mozilla/5.0 (Linux; Android 6.0.1; Nexus 5X Build/MMB29P) AppleWebKit/537.36 (KHTML, like Gecko) Chrome/148.0.7778.96 Mobile Safari/537.36 (compatible; Googlebot/2.1; +http://www.google.com/bot.html)"
66.249.73.227 - - [24/Jun/2026:12:28:41 -0400] "GET /shopping/1352445237 HTTP/1.1" 200 73974 "-" "Mozilla/5.0 (Linux; Android 6.0.1; Nexus 5X Build/MMB29P) AppleWebKit/537.36 (KHTML, like Gecko) Chrome/148.0.7778.96 Mobile Safari/537.36 (compatible; Googlebot/2.1; +http://www.google.com/bot.html)"
66.249.73.227 - - [24/Jun/2026:12:28:45 -0400] "GET /shopping/143250537 HTTP/1.1" 200 79479 "-" "Mozilla/5.0 (Linux; Android 6.0.1; Nexus 5X Build/MMB29P) AppleWebKit/537.36 (KHTML, like Gecko) Chrome/148.0.7778.96 Mobile Safari/537.36 (compatible; Googlebot/2.1; +http://www.google.com/bot.html)"
66.249.73.226 - - [24/Jun/2026:12:28:47 -0400] "GET /shopping/1724495161 HTTP/1.1" 200 73700 "-" "Mozilla/5.0 (Linux; Android 6.0.1; Nexus 5X Build/MMB29P) AppleWebKit/537.36 (KHTML, like Gecko) Chrome/148.0.7778.96 Mobile Safari/537.36 (compatible; Googlebot/2.1; +http://www.google.com/bot.html)"
66.249.73.225 - - [24/Jun/2026:12:28:51 -0400] "GET /shopping/3216908992 HTTP/1.1" 200 73517 "-" "Mozilla/5.0 (Linux; Android 6.0.1; Nexus 5X Build/MMB29P) AppleWebKit/537.36 (KHTML, like Gecko) Chrome/148.0.7778.96 Mobile Safari/537.36 (compatible; Googlebot/2.1; +http://www.google.com/bot.html)"
66.249.73.230 - - [24/Jun/2026:12:28:52 -0400] "GET /shopping/289116959 HTTP/1.1" 200 74118 "-" "Mozilla/5.0 (Linux; Android 6.0.1; Nexus 5X Build/MMB29P) AppleWebKit/537.36 (KHTML, like Gecko) Chrome/148.0.7778.96 Mobile Safari/537.36 (compatible; Googlebot/2.1; +http://www.google.com/bot.html)"
66.249.73.226 - - [24/Jun/2026:12:28:54 -0400] "GET /shopping/1129784545 HTTP/1.1" 200 75021 "-" "Mozilla/5.0 (Linux; Android 6.0.1; Nexus 5X Build/MMB29P) AppleWebKit/537.36 (KHTML, like Gecko) Chrome/148.0.7778.96 Mobile Safari/537.36 (compatible; Googlebot/2.1; +http://www.google.com/bot.html)"
45.82.51.238 - - [24/Jun/2026:12:28:54 -0400] "GET /list-of-import-items-in-high-demand-in-nigeria/ HTTP/1.1" 200 214 "-" "Mozilla/5.0 (Macintosh; Intel Mac OS X 10_15_7) AppleWebKit/537.36 (KHTML, like Gecko) Chrome/142.0.0.0 Safari/537.36"
66.249.73.227 - - [24/Jun/2026:12:28:56 -0400] "GET /shopping/4049185290 HTTP/1.1" 200 74728 "-" "Mozilla/5.0 (Linux; Android 6.0.1; Nexus 5X Build/MMB29P) AppleWebKit/537.36 (KHTML, like Gecko) Chrome/148.0.7778.96 Mobile Safari/537.36 (compatible; Googlebot/2.1; +http://www.google.com/bot.html)"
66.249.73.226 - - [24/Jun/2026:12:28:57 -0400] "GET /shopping/141362277 HTTP/1.1" 200 75800 "-" "Mozilla/5.0 (Linux; Android 6.0.1; Nexus 5X Build/MMB29P) AppleWebKit/537.36 (KHTML, like Gecko) Chrome/148.0.7778.96 Mobile Safari/537.36 (compatible; Googlebot/2.1; +http://www.google.com/bot.html)"
66.249.73.229 - - [24/Jun/2026:12:29:03 -0400] "GET /shopping/1456641381 HTTP/1.1" 200 74917 "-" "Mozilla/5.0 (Linux; Android 6.0.1; Nexus 5X Build/MMB29P) AppleWebKit/537.36 (KHTML, like Gecko) Chrome/148.0.7778.96 Mobile Safari/537.36 (compatible; Googlebot/2.1; +http://www.google.com/bot.html)"
66.249.73.230 - - [24/Jun/2026:12:29:05 -0400] "GET /shopping/645690034 HTTP/1.1" 200 79138 "-" "Mozilla/5.0 (Linux; Android 6.0.1; Nexus 5X Build/MMB29P) AppleWebKit/537.36 (KHTML, like Gecko) Chrome/148.0.7778.96 Mobile Safari/537.36 (compatible; Googlebot/2.1; +http://www.google.com/bot.html)"
66.249.73.229 - - [24/Jun/2026:12:29:07 -0400] "GET /shopping/2245209884 HTTP/1.1" 200 73219 "-" "Mozilla/5.0 (Linux; Android 6.0.1; Nexus 5X Build/MMB29P) AppleWebKit/537.36 (KHTML, like Gecko) Chrome/148.0.7778.96 Mobile Safari/537.36 (compatible; Googlebot/2.1; +http://www.google.com/bot.html)"
66.249.73.227 - - [24/Jun/2026:12:29:14 -0400] "GET /shopping/1728336926 HTTP/1.1" 200 74111 "-" "Mozilla/5.0 (Linux; Android 6.0.1; Nexus 5X Build/MMB29P) AppleWebKit/537.36 (KHTML, like Gecko) Chrome/148.0.7778.96 Mobile Safari/537.36 (compatible; Googlebot/2.1; +http://www.google.com/bot.html)"
45.145.105.234 - - [24/Jun/2026:12:29:15 -0400] "GET /list-of-import-items-in-high-demand-in-nigeria/ HTTP/1.1" 200 214 "-" "Mozilla/5.0 (Macintosh; Intel Mac OS X 10_15_7) AppleWebKit/537.36 (KHTML, like Gecko) Chrome/142.0.0.0 Safari/537.36"
66.249.73.227 - - [24/Jun/2026:12:29:15 -0400] "GET /shopping/3108912546 HTTP/1.1" 200 79204 "-" "Mozilla/5.0 (Linux; Android 6.0.1; Nexus 5X Build/MMB29P) AppleWebKit/537.36 (KHTML, like Gecko) Chrome/148.0.7778.96 Mobile Safari/537.36 (compatible; Googlebot/2.1; +http://www.google.com/bot.html)"
66.249.73.226 - - [24/Jun/2026:12:29:16 -0400] "GET /shopping/2194713094 HTTP/1.1" 200 75417 "-" "Mozilla/5.0 (Linux; Android 6.0.1; Nexus 5X Build/MMB29P) AppleWebKit/537.36 (KHTML, like Gecko) Chrome/148.0.7778.96 Mobile Safari/537.36 (compatible; Googlebot/2.1; +http://www.google.com/bot.html)"
66.249.73.226 - - [24/Jun/2026:12:29:22 -0400] "GET /shopping/887030872 HTTP/1.1" 200 74138 "-" "Mozilla/5.0 (Linux; Android 6.0.1; Nexus 5X Build/MMB29P) AppleWebKit/537.36 (KHTML, like Gecko) Chrome/148.0.7778.96 Mobile Safari/537.36 (compatible; Googlebot/2.1; +http://www.google.com/bot.html)"
66.249.73.227 - - [24/Jun/2026:12:29:24 -0400] "GET /shopping/4117063547 HTTP/1.1" 200 73598 "-" "Mozilla/5.0 (Linux; Android 6.0.1; Nexus 5X Build/MMB29P) AppleWebKit/537.36 (KHTML, like Gecko) Chrome/148.0.7778.96 Mobile Safari/537.36 (compatible; Googlebot/2.1; +http://www.google.com/bot.html)"
66.249.73.227 - - [24/Jun/2026:12:29:32 -0400] "GET /shopping/304211322 HTTP/1.1" 200 74564 "-" "Mozilla/5.0 (Linux; Android 6.0.1; Nexus 5X Build/MMB29P) AppleWebKit/537.36 (KHTML, like Gecko) Chrome/148.0.7778.96 Mobile Safari/537.36 (compatible; Googlebot/2.1; +http://www.google.com/bot.html)"
66.249.73.226 - - [24/Jun/2026:12:29:33 -0400] "GET /shopping/902593573 HTTP/1.1" 200 75020 "-" "Mozilla/5.0 (Linux; Android 6.0.1; Nexus 5X Build/MMB29P) AppleWebKit/537.36 (KHTML, like Gecko) Chrome/148.0.7778.96 Mobile Safari/537.36 (compatible; Googlebot/2.1; +http://www.google.com/bot.html)"
195.40.118.14 - - [24/Jun/2026:12:29:34 -0400] "GET /list-of-import-items-in-high-demand-in-nigeria/ HTTP/1.1" 200 214 "-" "Mozilla/5.0 (Macintosh; Intel Mac OS X 10_15_7) AppleWebKit/537.36 (KHTML, like Gecko) Chrome/142.0.0.0 Safari/537.36"
66.249.73.227 - - [24/Jun/2026:12:29:34 -0400] "GET /review/goods/T1400189916/ HTTP/1.1" 200 74251 "-" "Mozilla/5.0 (Linux; Android 6.0.1; Nexus 5X Build/MMB29P) AppleWebKit/537.36 (KHTML, like Gecko) Chrome/148.0.7778.96 Mobile Safari/537.36 (compatible; Googlebot/2.1; +http://www.google.com/bot.html)"
66.249.73.226 - - [24/Jun/2026:12:29:36 -0400] "GET /shopping/2603794104 HTTP/1.1" 200 75216 "-" "Mozilla/5.0 (Linux; Android 6.0.1; Nexus 5X Build/MMB29P) AppleWebKit/537.36 (KHTML, like Gecko) Chrome/148.0.7778.96 Mobile Safari/537.36 (compatible; Googlebot/2.1; +http://www.google.com/bot.html)"
66.249.73.228 - - [24/Jun/2026:12:29:38 -0400] "GET /shopping/616812247 HTTP/1.1" 200 74236 "-" "Mozilla/5.0 (Linux; Android 6.0.1; Nexus 5X Build/MMB29P) AppleWebKit/537.36 (KHTML, like Gecko) Chrome/148.0.7778.96 Mobile Safari/537.36 (compatible; Googlebot/2.1; +http://www.google.com/bot.html)"
66.249.73.225 - - [24/Jun/2026:12:29:39 -0400] "GET /shopping/2466822933 HTTP/1.1" 200 76540 "-" "Mozilla/5.0 (Linux; Android 6.0.1; Nexus 5X Build/MMB29P) AppleWebKit/537.36 (KHTML, like Gecko) Chrome/148.0.7778.96 Mobile Safari/537.36 (compatible; Googlebot/2.1; +http://www.google.com/bot.html)"
66.249.73.225 - - [24/Jun/2026:12:29:40 -0400] "GET /shopping/2369950682 HTTP/1.1" 200 74967 "-" "Mozilla/5.0 (Linux; Android 6.0.1; Nexus 5X Build/MMB29P) AppleWebKit/537.36 (KHTML, like Gecko) Chrome/148.0.7778.96 Mobile Safari/537.36 (compatible; Googlebot/2.1; +http://www.google.com/bot.html)"
66.249.73.228 - - [24/Jun/2026:12:29:40 -0400] "GET /shopping/982827246 HTTP/1.1" 200 77682 "-" "Mozilla/5.0 (Linux; Android 6.0.1; Nexus 5X Build/MMB29P) AppleWebKit/537.36 (KHTML, like Gecko) Chrome/148.0.7778.96 Mobile Safari/537.36 (compatible; Googlebot/2.1; +http://www.google.com/bot.html)"
66.249.73.224 - - [24/Jun/2026:12:29:43 -0400] "GET /shopping/195280534 HTTP/1.1" 200 74730 "-" "Mozilla/5.0 (Linux; Android 6.0.1; Nexus 5X Build/MMB29P) AppleWebKit/537.36 (KHTML, like Gecko) Chrome/148.0.7778.96 Mobile Safari/537.36 (compatible; Googlebot/2.1; +http://www.google.com/bot.html)"
66.249.73.227 - - [24/Jun/2026:12:29:45 -0400] "GET /shopping/2346292077 HTTP/1.1" 200 74773 "-" "Mozilla/5.0 (Linux; Android 6.0.1; Nexus 5X Build/MMB29P) AppleWebKit/537.36 (KHTML, like Gecko) Chrome/148.0.7778.96 Mobile Safari/537.36 (compatible; Googlebot/2.1; +http://www.google.com/bot.html)"
66.249.73.227 - - [24/Jun/2026:12:29:49 -0400] "GET /shopping/567479094 HTTP/1.1" 200 75920 "-" "Mozilla/5.0 (Linux; Android 6.0.1; Nexus 5X Build/MMB29P) AppleWebKit/537.36 (KHTML, like Gecko) Chrome/148.0.7778.96 Mobile Safari/537.36 (compatible; Googlebot/2.1; +http://www.google.com/bot.html)"
66.249.73.231 - - [24/Jun/2026:12:29:56 -0400] "GET /shopping/184710250 HTTP/1.1" 200 73490 "-" "Mozilla/5.0 (Linux; Android 6.0.1; Nexus 5X Build/MMB29P) AppleWebKit/537.36 (KHTML, like Gecko) Chrome/148.0.7778.96 Mobile Safari/537.36 (compatible; Googlebot/2.1; +http://www.google.com/bot.html)"
66.249.73.224 - - [24/Jun/2026:12:30:01 -0400] "GET /shopping/3242947025 HTTP/1.1" 200 74463 "-" "Mozilla/5.0 (Linux; Android 6.0.1; Nexus 5X Build/MMB29P) AppleWebKit/537.36 (KHTML, like Gecko) Chrome/148.0.7778.96 Mobile Safari/537.36 (compatible; Googlebot/2.1; +http://www.google.com/bot.html)"
66.249.73.229 - - [24/Jun/2026:12:30:02 -0400] "GET /shopping/1172126690 HTTP/1.1" 200 73599 "-" "Mozilla/5.0 (Linux; Android 6.0.1; Nexus 5X Build/MMB29P) AppleWebKit/537.36 (KHTML, like Gecko) Chrome/148.0.7778.96 Mobile Safari/537.36 (compatible; Googlebot/2.1; +http://www.google.com/bot.html)"
66.249.73.227 - - [24/Jun/2026:12:30:06 -0400] "GET /shopping/2591529939 HTTP/1.1" 200 76621 "-" "Mozilla/5.0 (Linux; Android 6.0.1; Nexus 5X Build/MMB29P) AppleWebKit/537.36 (KHTML, like Gecko) Chrome/148.0.7778.96 Mobile Safari/537.36 (compatible; Googlebot/2.1; +http://www.google.com/bot.html)"
114.119.132.114 - - [24/Jun/2026:12:30:09 -0400] "GET /category/schengen/ HTTP/1.1" 200 214 "https://tdtravelandlogistics.com/category/schengen/" "Mozilla/5.0 (Linux; Android 7.0;) AppleWebKit/537.36 (HTML, like Gecko) Mobile Safari/537.36 (compatible; PetalBot;+https://webmaster.petalsearch.com/site/petalbot)"
66.249.73.229 - - [24/Jun/2026:12:30:13 -0400] "GET /review/goods/T2255153514 HTTP/1.1" 200 75209 "-" "Mozilla/5.0 (Linux; Android 6.0.1; Nexus 5X Build/MMB29P) AppleWebKit/537.36 (KHTML, like Gecko) Chrome/148.0.7778.96 Mobile Safari/537.36 (compatible; GoogleOther)"
66.249.73.226 - - [24/Jun/2026:12:30:20 -0400] "GET /shopping/1202834954 HTTP/1.1" 200 77118 "-" "Mozilla/5.0 (Linux; Android 6.0.1; Nexus 5X Build/MMB29P) AppleWebKit/537.36 (KHTML, like Gecko) Chrome/148.0.7778.96 Mobile Safari/537.36 (compatible; Googlebot/2.1; +http://www.google.com/bot.html)"
66.249.73.224 - - [24/Jun/2026:12:30:21 -0400] "GET /shopping/3742002186 HTTP/1.1" 200 75456 "-" "Mozilla/5.0 (Linux; Android 6.0.1; Nexus 5X Build/MMB29P) AppleWebKit/537.36 (KHTML, like Gecko) Chrome/148.0.7778.96 Mobile Safari/537.36 (compatible; Googlebot/2.1; +http://www.google.com/bot.html)"
66.249.73.226 - - [24/Jun/2026:12:30:26 -0400] "GET /shopping/1067804483 HTTP/1.1" 200 75652 "-" "Mozilla/5.0 (Linux; Android 6.0.1; Nexus 5X Build/MMB29P) AppleWebKit/537.36 (KHTML, like Gecko) Chrome/148.0.7778.96 Mobile Safari/537.36 (compatible; Googlebot/2.1; +http://www.google.com/bot.html)"
92.71.41.21 - - [24/Jun/2026:12:30:27 -0400] "GET /list-of-import-items-in-high-demand-in-nigeria/ HTTP/1.1" 200 214 "-" "Mozilla/5.0 (Macintosh; Intel Mac OS X 10_15_7) AppleWebKit/537.36 (KHTML, like Gecko) Chrome/142.0.0.0 Safari/537.36"
66.249.73.226 - - [24/Jun/2026:12:30:27 -0400] "GET /shopping/835016387 HTTP/1.1" 200 74107 "-" "Mozilla/5.0 (Linux; Android 6.0.1; Nexus 5X Build/MMB29P) AppleWebKit/537.36 (KHTML, like Gecko) Chrome/148.0.7778.96 Mobile Safari/537.36 (compatible; Googlebot/2.1; +http://www.google.com/bot.html)"
66.249.73.224 - - [24/Jun/2026:12:30:29 -0400] "GET /shopping/817315991 HTTP/1.1" 200 74578 "-" "Mozilla/5.0 (Linux; Android 6.0.1; Nexus 5X Build/MMB29P) AppleWebKit/537.36 (KHTML, like Gecko) Chrome/148.0.7778.96 Mobile Safari/537.36 (compatible; Googlebot/2.1; +http://www.google.com/bot.html)"
170.23.14.250 - - [24/Jun/2026:12:30:31 -0400] "GET /list-of-import-items-in-high-demand-in-nigeria/ HTTP/1.1" 200 214 "-" "Mozilla/5.0 (Macintosh; Intel Mac OS X 10_15_7) AppleWebKit/537.36 (KHTML, like Gecko) Chrome/142.0.0.0 Safari/537.36"
66.249.73.227 - - [24/Jun/2026:12:30:36 -0400] "GET /shopping/822806028 HTTP/1.1" 200 75482 "-" "Mozilla/5.0 (Linux; Android 6.0.1; Nexus 5X Build/MMB29P) AppleWebKit/537.36 (KHTML, like Gecko) Chrome/148.0.7778.96 Mobile Safari/537.36 (compatible; Googlebot/2.1; +http://www.google.com/bot.html)"
91.124.129.226 - - [24/Jun/2026:12:30:38 -0400] "GET /list-of-import-items-in-high-demand-in-nigeria/ HTTP/1.1" 200 214 "-" "Mozilla/5.0 (Macintosh; Intel Mac OS X 10_15_7) AppleWebKit/537.36 (KHTML, like Gecko) Chrome/142.0.0.0 Safari/537.36"
66.249.73.225 - - [24/Jun/2026:12:30:39 -0400] "GET /shopping/1589367654 HTTP/1.1" 200 74997 "-" "Mozilla/5.0 (Linux; Android 6.0.1; Nexus 5X Build/MMB29P) AppleWebKit/537.36 (KHTML, like Gecko) Chrome/148.0.7778.96 Mobile Safari/537.36 (compatible; Googlebot/2.1; +http://www.google.com/bot.html)"
66.249.73.228 - - [24/Jun/2026:12:30:42 -0400] "GET /shopping/701140366 HTTP/1.1" 200 74912 "-" "Mozilla/5.0 (Linux; Android 6.0.1; Nexus 5X Build/MMB29P) AppleWebKit/537.36 (KHTML, like Gecko) Chrome/148.0.7778.96 Mobile Safari/537.36 (compatible; Googlebot/2.1; +http://www.google.com/bot.html)"
66.249.73.225 - - [24/Jun/2026:12:30:43 -0400] "GET /shopping/949224001 HTTP/1.1" 200 74340 "-" "Mozilla/5.0 (Linux; Android 6.0.1; Nexus 5X Build/MMB29P) AppleWebKit/537.36 (KHTML, like Gecko) Chrome/148.0.7778.96 Mobile Safari/537.36 (compatible; Googlebot/2.1; +http://www.google.com/bot.html)"
66.249.73.225 - - [24/Jun/2026:12:30:47 -0400] "GET /shopping/1102411809 HTTP/1.1" 200 74695 "-" "Mozilla/5.0 (Linux; Android 6.0.1; Nexus 5X Build/MMB29P) AppleWebKit/537.36 (KHTML, like Gecko) Chrome/148.0.7778.96 Mobile Safari/537.36 (compatible; Googlebot/2.1; +http://www.google.com/bot.html)"
66.249.73.230 - - [24/Jun/2026:12:30:58 -0400] "GET /shopping/1704802185 HTTP/1.1" 200 76092 "-" "Mozilla/5.0 (Linux; Android 6.0.1; Nexus 5X Build/MMB29P) AppleWebKit/537.36 (KHTML, like Gecko) Chrome/148.0.7778.96 Mobile Safari/537.36 (compatible; Googlebot/2.1; +http://www.google.com/bot.html)"
45.145.136.92 - - [24/Jun/2026:12:30:59 -0400] "GET /list-of-import-items-in-high-demand-in-nigeria/ HTTP/1.1" 200 214 "-" "Mozilla/5.0 (Macintosh; Intel Mac OS X 10_15_7) AppleWebKit/537.36 (KHTML, like Gecko) Chrome/142.0.0.0 Safari/537.36"
66.249.73.224 - - [24/Jun/2026:12:31:01 -0400] "GET /shopping/2394482245 HTTP/1.1" 200 75292 "-" "Mozilla/5.0 (Linux; Android 6.0.1; Nexus 5X Build/MMB29P) AppleWebKit/537.36 (KHTML, like Gecko) Chrome/148.0.7778.96 Mobile Safari/537.36 (compatible; Googlebot/2.1; +http://www.google.com/bot.html)"
66.249.73.225 - - [24/Jun/2026:12:31:04 -0400] "GET /shopping/3772986815 HTTP/1.1" 200 74719 "-" "Mozilla/5.0 (Linux; Android 6.0.1; Nexus 5X Build/MMB29P) AppleWebKit/537.36 (KHTML, like Gecko) Chrome/148.0.7778.96 Mobile Safari/537.36 (compatible; Googlebot/2.1; +http://www.google.com/bot.html)"
66.249.73.226 - - [24/Jun/2026:12:31:05 -0400] "GET /shopping/2987846274 HTTP/1.1" 200 73964 "-" "Mozilla/5.0 (Linux; Android 6.0.1; Nexus 5X Build/MMB29P) AppleWebKit/537.36 (KHTML, like Gecko) Chrome/148.0.7778.96 Mobile Safari/537.36 (compatible; Googlebot/2.1; +http://www.google.com/bot.html)"
66.249.73.226 - - [24/Jun/2026:12:31:07 -0400] "GET /shopping/2863568048 HTTP/1.1" 200 76726 "-" "Mozilla/5.0 (Linux; Android 6.0.1; Nexus 5X Build/MMB29P) AppleWebKit/537.36 (KHTML, like Gecko) Chrome/148.0.7778.96 Mobile Safari/537.36 (compatible; Googlebot/2.1; +http://www.google.com/bot.html)"
88.216.38.192 - - [24/Jun/2026:12:31:09 -0400] "GET /list-of-import-items-in-high-demand-in-nigeria/ HTTP/1.1" 200 214 "-" "Mozilla/5.0 (Macintosh; Intel Mac OS X 10_15_7) AppleWebKit/537.36 (KHTML, like Gecko) Chrome/142.0.0.0 Safari/537.36"
66.249.73.225 - - [24/Jun/2026:12:31:09 -0400] "GET /shopping/3771146057 HTTP/1.1" 200 75931 "-" "Mozilla/5.0 (Linux; Android 6.0.1; Nexus 5X Build/MMB29P) AppleWebKit/537.36 (KHTML, like Gecko) Chrome/148.0.7778.96 Mobile Safari/537.36 (compatible; Googlebot/2.1; +http://www.google.com/bot.html)"
66.249.73.227 - - [24/Jun/2026:12:31:13 -0400] "GET /shopping/785356785 HTTP/1.1" 200 76687 "-" "Mozilla/5.0 (Linux; Android 6.0.1; Nexus 5X Build/MMB29P) AppleWebKit/537.36 (KHTML, like Gecko) Chrome/148.0.7778.96 Mobile Safari/537.36 (compatible; Googlebot/2.1; +http://www.google.com/bot.html)"
66.249.73.226 - - [24/Jun/2026:12:31:18 -0400] "GET /shopping/3182660802 HTTP/1.1" 200 73531 "-" "Mozilla/5.0 (Linux; Android 6.0.1; Nexus 5X Build/MMB29P) AppleWebKit/537.36 (KHTML, like Gecko) Chrome/148.0.7778.96 Mobile Safari/537.36 (compatible; Googlebot/2.1; +http://www.google.com/bot.html)"
66.249.73.227 - - [24/Jun/2026:12:31:22 -0400] "GET /shopping/346793953 HTTP/1.1" 200 73160 "-" "Mozilla/5.0 (Linux; Android 6.0.1; Nexus 5X Build/MMB29P) AppleWebKit/537.36 (KHTML, like Gecko) Chrome/148.0.7778.96 Mobile Safari/537.36 (compatible; Googlebot/2.1; +http://www.google.com/bot.html)"
66.249.73.227 - - [24/Jun/2026:12:31:24 -0400] "GET /shopping/1384803915 HTTP/1.1" 200 75224 "-" "Mozilla/5.0 (Linux; Android 6.0.1; Nexus 5X Build/MMB29P) AppleWebKit/537.36 (KHTML, like Gecko) Chrome/148.0.7778.96 Mobile Safari/537.36 (compatible; Googlebot/2.1; +http://www.google.com/bot.html)"
66.249.73.224 - - [24/Jun/2026:12:31:26 -0400] "GET /shopping/3662386329 HTTP/1.1" 200 74257 "-" "Mozilla/5.0 (Linux; Android 6.0.1; Nexus 5X Build/MMB29P) AppleWebKit/537.36 (KHTML, like Gecko) Chrome/148.0.7778.96 Mobile Safari/537.36 (compatible; Googlebot/2.1; +http://www.google.com/bot.html)"
66.249.73.225 - - [24/Jun/2026:12:31:29 -0400] "GET /shopping/999712683 HTTP/1.1" 200 77185 "-" "Mozilla/5.0 (Linux; Android 6.0.1; Nexus 5X Build/MMB29P) AppleWebKit/537.36 (KHTML, like Gecko) Chrome/148.0.7778.96 Mobile Safari/537.36 (compatible; Googlebot/2.1; +http://www.google.com/bot.html)"
66.249.73.224 - - [24/Jun/2026:12:31:31 -0400] "GET /shopping/1120168382 HTTP/1.1" 200 76066 "-" "Mozilla/5.0 (Linux; Android 6.0.1; Nexus 5X Build/MMB29P) AppleWebKit/537.36 (KHTML, like Gecko) Chrome/148.0.7778.96 Mobile Safari/537.36 (compatible; Googlebot/2.1; +http://www.google.com/bot.html)"
