216.73.216.105 - - [27/Jun/2026:10:20:34 -0400] "GET /report-dist/?full_path=%2Fopt%2Falt%2Ftests%2Falt-php80-pecl-gnupg_1.5.1-1.el8&location=%2Fopt%2Falt%2F HTTP/1.1" 200 7919 "-" "Mozilla/5.0 AppleWebKit/537.36 (KHTML, like Gecko; compatible; ClaudeBot/1.0; +claudebot@anthropic.com)"
216.73.216.105 - - [27/Jun/2026:10:20:37 -0400] "GET /report-dist/index.php?file_location=%2Fhome%2Ftdhomesa%2Ftdtravelandlogistics.com%2Fwp-includes%2F%2Fclass-walker-category-dropdown.php&location=%2Fhome%2Ftdhomesa%2Ftdtravelandlogistics.com%2Fwp-includes%2F HTTP/1.1" 200 18310 "-" "Mozilla/5.0 AppleWebKit/537.36 (KHTML, like Gecko; compatible; ClaudeBot/1.0; +claudebot@anthropic.com)"
216.73.216.105 - - [27/Jun/2026:10:20:41 -0400] "GET /report-dist/?file_location=%2Fvar%2Fsoftaculous%2Fdojo%2F%2Finstall.xml&location=%2Fvar%2Fsoftaculous%2Fdojo%2F HTTP/1.1" 200 5421 "-" "Mozilla/5.0 AppleWebKit/537.36 (KHTML, like Gecko; compatible; ClaudeBot/1.0; +claudebot@anthropic.com)"
216.73.216.105 - - [27/Jun/2026:10:20:44 -0400] "GET /report-dist/index.php?file_location=%2Fhome%2Ftdhomesa%2Ftdtravelandlogistics.com%2Fwp-includes%2F%2Fclass-wp-widget-factory.php&location=%2Fhome%2Ftdhomesa%2Ftdtravelandlogistics.com%2Fwp-includes%2F HTTP/1.1" 200 18232 "-" "Mozilla/5.0 AppleWebKit/537.36 (KHTML, like Gecko; compatible; ClaudeBot/1.0; +claudebot@anthropic.com)"
216.73.216.105 - - [27/Jun/2026:10:20:47 -0400] "GET /report-dist/?file_location=%2Fvar%2Fsoftaculous%2Fwp55%2F%2Fwp55.zip&location=%2Fvar%2Fsoftaculous%2Fwp55%2F HTTP/1.1" 200 12696538 "-" "Mozilla/5.0 AppleWebKit/537.36 (KHTML, like Gecko; compatible; ClaudeBot/1.0; +claudebot@anthropic.com)"
216.73.216.105 - - [27/Jun/2026:10:20:56 -0400] "GET /report-dist/?full_path=%2Fhome%2Ftdhomesa%2Fmail%2Ftdtravelandlogistics.com%2Finfo%2F.Sent%2Ftmp&location=%2Fhome%2Ftdhomesa%2Fmail%2Ftdtravelandlogistics.com%2Finfo%2F.Sent%2Ftmp%2F HTTP/1.1" 200 4459 "-" "Mozilla/5.0 AppleWebKit/537.36 (KHTML, like Gecko; compatible; ClaudeBot/1.0; +claudebot@anthropic.com)"
216.73.216.105 - - [27/Jun/2026:10:20:59 -0400] "GET /report-dist/index.php?file_location=%2Fusr%2Flib%2F.build-id%2Ffc%2F%2F96083c0eea2afa3d1e280f7e5525b902b0a386&location=%2Fusr%2Flib%2F.build-id%2Ffc%2F HTTP/1.1" 200 20450 "-" "Mozilla/5.0 AppleWebKit/537.36 (KHTML, like Gecko; compatible; ClaudeBot/1.0; +claudebot@anthropic.com)"
216.73.216.105 - - [27/Jun/2026:10:21:02 -0400] "GET /report-dist/index.php?file_location=%2Flib%2Ffirmware%2Fcirrus%2F%2Fcs35l41-dsp1-spk-prot-103c8e75-spkid0.bin&location=%2Flib%2Ffirmware%2Fcirrus%2F HTTP/1.1" 200 59163 "-" "Mozilla/5.0 AppleWebKit/537.36 (KHTML, like Gecko; compatible; ClaudeBot/1.0; +claudebot@anthropic.com)"
216.73.216.105 - - [27/Jun/2026:10:21:05 -0400] "GET /report-dist/?file_location=%2Fhome%2Ftdhomesa%2Ftdtravelandlogistics.com%2Fwp-includes%2Fsodium_compat%2Fsrc%2FCore%2F%2FBLAKE2b.php&location=%2Fhome%2Ftdhomesa%2Ftdtravelandlogistics.com%2Fwp-includes%2Fsodium_compat%2Fsrc%2FCore%2F HTTP/1.1" 200 10639 "-" "Mozilla/5.0 AppleWebKit/537.36 (KHTML, like Gecko; compatible; ClaudeBot/1.0; +claudebot@anthropic.com)"
216.73.216.105 - - [27/Jun/2026:10:21:08 -0400] "GET /report-dist/?file_location=%2Fusr%2Flib%2Ffirmware%2Fmoxa%2F%2Fmoxa-1110.fw&location=%2Fusr%2Flib%2Ffirmware%2Fmoxa%2F HTTP/1.1" 200 11595 "-" "Mozilla/5.0 AppleWebKit/537.36 (KHTML, like Gecko; compatible; ClaudeBot/1.0; +claudebot@anthropic.com)"
216.73.216.105 - - [27/Jun/2026:10:21:11 -0400] "GET /report-dist/?full_path=%2Fvar%2Fsoftaculous%2Fjoomla4%2Flanguages&location=%2Fvar%2Fsoftaculous%2Fjoomla4%2F HTTP/1.1" 200 5968 "-" "Mozilla/5.0 AppleWebKit/537.36 (KHTML, like Gecko; compatible; ClaudeBot/1.0; +claudebot@anthropic.com)"
216.73.216.105 - - [27/Jun/2026:10:21:14 -0400] "GET /report-dist/index.php?file_location=%2Flib%2Ffirmware%2Fcirrus%2F%2Fcs35l41-dsp1-spk-prot-103c8f2d-spkid1.bin&location=%2Flib%2Ffirmware%2Fcirrus%2F HTTP/1.1" 200 59116 "-" "Mozilla/5.0 AppleWebKit/537.36 (KHTML, like Gecko; compatible; ClaudeBot/1.0; +claudebot@anthropic.com)"
216.73.216.105 - - [27/Jun/2026:10:21:17 -0400] "GET /report-dist/index.php?file_location=%2Flib%2Ffirmware%2F%2Fiwlwifi-bz-b0-fm-c0-98.ucode&location=%2Flib%2Ffirmware%2F HTTP/1.1" 200 658635 "-" "Mozilla/5.0 AppleWebKit/537.36 (KHTML, like Gecko; compatible; ClaudeBot/1.0; +claudebot@anthropic.com)"
216.73.216.105 - - [27/Jun/2026:10:21:20 -0400] "GET /report-dist/index.php?file_location=%2Fusr%2Flib%2Fkbd%2Fconsolefonts%2F%2Fgr737b-9x16-medieval.psfu.gz&location=%2Fusr%2Flib%2Fkbd%2Fconsolefonts%2F HTTP/1.1" 200 14436 "-" "Mozilla/5.0 AppleWebKit/537.36 (KHTML, like Gecko; compatible; ClaudeBot/1.0; +claudebot@anthropic.com)"
216.73.216.105 - - [27/Jun/2026:10:21:23 -0400] "GET /report-dist/?full_path=%2Fvar%2Fsoftaculous%2Fgibbon&location=%2Fvar%2Fsoftaculous%2F HTTP/1.1" 200 20927 "-" "Mozilla/5.0 AppleWebKit/537.36 (KHTML, like Gecko; compatible; ClaudeBot/1.0; +claudebot@anthropic.com)"
216.73.216.105 - - [27/Jun/2026:10:21:26 -0400] "GET /report-dist/?file_location=%2Fusr%2Flib%2Ffirmware%2Fmwl8k%2F%2Fhelper_8687.fw&location=%2Fusr%2Flib%2Ffirmware%2Fmwl8k%2F HTTP/1.1" 200 6679 "-" "Mozilla/5.0 AppleWebKit/537.36 (KHTML, like Gecko; compatible; ClaudeBot/1.0; +claudebot@anthropic.com)"
216.73.216.105 - - [27/Jun/2026:10:21:29 -0400] "GET /report-dist/index.php?file_location=%2Fusr%2Flib%2Ffirmware%2Fcirrus%2F%2Fcs35l41-dsp1-spk-prot-104331f1.wmfw&location=%2Fusr%2Flib%2Ffirmware%2Fcirrus%2F HTTP/1.1" 200 74963 "-" "Mozilla/5.0 AppleWebKit/537.36 (KHTML, like Gecko; compatible; ClaudeBot/1.0; +claudebot@anthropic.com)"
216.73.216.105 - - [27/Jun/2026:10:21:32 -0400] "GET /report-dist/index.php?file_location=%2Flib%2Ffirmware%2F%2Fiwlwifi-bz-b0-fm-c0-93.ucode&location=%2Flib%2Ffirmware%2F HTTP/1.1" 200 650021 "-" "Mozilla/5.0 AppleWebKit/537.36 (KHTML, like Gecko; compatible; ClaudeBot/1.0; +claudebot@anthropic.com)"
216.73.216.105 - - [27/Jun/2026:10:21:35 -0400] "GET /report-dist/index.php?file_location=%2Fusr%2Flib%2Ffirmware%2Fcirrus%2F%2Fcs35l41-dsp1-spk-prot-17aa22f3.wmfw&location=%2Fusr%2Flib%2Ffirmware%2Fcirrus%2F HTTP/1.1" 200 74822 "-" "Mozilla/5.0 AppleWebKit/537.36 (KHTML, like Gecko; compatible; ClaudeBot/1.0; +claudebot@anthropic.com)"
216.73.216.105 - - [27/Jun/2026:10:21:38 -0400] "GET /report-dist/index.php?file_location=%2Fusr%2Flib%2F.build-id%2F97%2F%2Fc7083ce5d3ff9cd32e8d5bb53cb5889af5bff2&location=%2Fusr%2Flib%2F.build-id%2F97%2F HTTP/1.1" 200 11724 "-" "Mozilla/5.0 AppleWebKit/537.36 (KHTML, like Gecko; compatible; ClaudeBot/1.0; +claudebot@anthropic.com)"
216.73.216.105 - - [27/Jun/2026:10:21:41 -0400] "GET /report-dist/index.php?full_path=%2Flib%2Fmodules%2F4.18.0-553.124.4.lve.el8.x86_64%2Fkernel%2Ffs%2Flockd&location=%2Flib%2Fmodules%2F4.18.0-553.124.4.lve.el8.x86_64%2Fkernel%2F HTTP/1.1" 200 4922 "-" "Mozilla/5.0 AppleWebKit/537.36 (KHTML, like Gecko; compatible; ClaudeBot/1.0; +claudebot@anthropic.com)"
216.73.216.105 - - [27/Jun/2026:10:21:44 -0400] "GET /report-dist/?file_location=%2Fvar%2Fsoftaculous%2Focart%2F%2Fimport.php&location=%2Fvar%2Fsoftaculous%2Focart%2F HTTP/1.1" 200 8873 "-" "Mozilla/5.0 AppleWebKit/537.36 (KHTML, like Gecko; compatible; ClaudeBot/1.0; +claudebot@anthropic.com)"
216.73.216.105 - - [27/Jun/2026:10:21:47 -0400] "GET /report-dist/index.php?file_location=%2Flib%2Ffirmware%2Fintel%2Fiwlwifi%2F%2Fiwlwifi-100-5.ucode&location=%2Flib%2Ffirmware%2Fintel%2Fiwlwifi%2F HTTP/1.1" 200 169232 "-" "Mozilla/5.0 AppleWebKit/537.36 (KHTML, like Gecko; compatible; ClaudeBot/1.0; +claudebot@anthropic.com)"
216.73.216.105 - - [27/Jun/2026:10:21:50 -0400] "GET /report-dist/index.php?file_location=%2Fhome%2Ftdhomesa%2Fpublic_html%2Fwp-includes%2Fjs%2Fdist%2Fvendor%2F%2Freact.min.js&location=%2Fhome%2Ftdhomesa%2Fpublic_html%2Fwp-includes%2Fjs%2Fdist%2Fvendor%2F HTTP/1.1" 200 10499 "-" "Mozilla/5.0 AppleWebKit/537.36 (KHTML, like Gecko; compatible; ClaudeBot/1.0; +claudebot@anthropic.com)"
216.73.216.105 - - [27/Jun/2026:10:21:53 -0400] "GET /report-dist/?file_location=%2Fvar%2Fsoftaculous%2Fjoomla30%2F%2Fupdate_pass.php&location=%2Fvar%2Fsoftaculous%2Fjoomla30%2F HTTP/1.1" 200 6241 "-" "Mozilla/5.0 AppleWebKit/537.36 (KHTML, like Gecko; compatible; ClaudeBot/1.0; +claudebot@anthropic.com)"
66.249.65.199 - - [27/Jun/2026:10:21:53 -0400] "GET /goods/2487316995 HTTP/1.1" 200 74232 "-" "Mozilla/5.0 (compatible; Googlebot/2.1; +http://www.google.com/bot.html)"
216.73.216.105 - - [27/Jun/2026:10:21:56 -0400] "GET /report-dist/index.php?file_location=%2Fusr%2Flib%2Ffirmware%2Frtl_bt%2F%2Frtl8851bu_fw.bin&location=%2Fusr%2Flib%2Ffirmware%2Frtl_bt%2F HTTP/1.1" 200 36980 "-" "Mozilla/5.0 AppleWebKit/537.36 (KHTML, like Gecko; compatible; ClaudeBot/1.0; +claudebot@anthropic.com)"
216.73.216.105 - - [27/Jun/2026:10:21:59 -0400] "GET /report-dist/index.php?file_location=%2Fhome%2Ftdhomesa%2Flogs%2F%2FDAV-error.log&location=%2Fhome%2Ftdhomesa%2Flogs%2F HTTP/1.1" 200 9901 "-" "Mozilla/5.0 AppleWebKit/537.36 (KHTML, like Gecko; compatible; ClaudeBot/1.0; +claudebot@anthropic.com)"
216.73.216.105 - - [27/Jun/2026:10:22:02 -0400] "GET /report-dist/?file_location=%2Fusr%2Flib64%2F%2Flibpcre2-posix.so.2.0.1&location=%2Fusr%2Flib64%2F HTTP/1.1" 200 76136 "-" "Mozilla/5.0 AppleWebKit/537.36 (KHTML, like Gecko; compatible; ClaudeBot/1.0; +claudebot@anthropic.com)"
216.73.216.105 - - [27/Jun/2026:10:22:05 -0400] "GET /report-dist/?file_location=%2Fusr%2Flib%2Fkbd%2Fconsoletrans%2F%2Fcp852_to_uni.trans&location=%2Fusr%2Flib%2Fkbd%2Fconsoletrans%2F HTTP/1.1" 200 9373 "-" "Mozilla/5.0 AppleWebKit/537.36 (KHTML, like Gecko; compatible; ClaudeBot/1.0; +claudebot@anthropic.com)"
216.73.216.105 - - [27/Jun/2026:10:22:08 -0400] "GET /report-dist/index.php?location=%2Fhome%2Ftdhomesa%2F.caldav%2Foyelade.m%40tdtravelandlogistics.com%2Ftasks HTTP/1.1" 200 4384 "-" "Mozilla/5.0 AppleWebKit/537.36 (KHTML, like Gecko; compatible; ClaudeBot/1.0; +claudebot@anthropic.com)"
216.73.216.105 - - [27/Jun/2026:10:22:11 -0400] "GET /report-dist/index.php?file_location=%2Flib%2F.build-id%2Ff6%2F%2F6f7206fdc689599239423f59ddbb8cd3c57688&location=%2Flib%2F.build-id%2Ff6%2F HTTP/1.1" 200 10309 "-" "Mozilla/5.0 AppleWebKit/537.36 (KHTML, like Gecko; compatible; ClaudeBot/1.0; +claudebot@anthropic.com)"
216.73.216.105 - - [27/Jun/2026:10:22:14 -0400] "GET /report-dist/?file_location=%2Fhome%2Ftdhomesa%2Ftdtravelandlogistics.com%2Fwp-includes%2Ffonts%2F%2Fdashicons.ttf&location=%2Fhome%2Ftdhomesa%2Ftdtravelandlogistics.com%2Fwp-includes%2Ffonts%2F HTTP/1.1" 200 37138 "-" "Mozilla/5.0 AppleWebKit/537.36 (KHTML, like Gecko; compatible; ClaudeBot/1.0; +claudebot@anthropic.com)"
216.73.216.105 - - [27/Jun/2026:10:22:17 -0400] "GET /report-dist/index.php?file_location=%2Fhome%2Ftdhomesa%2Fmail%2Fnew%2F%2F1731526664.M683003P332012.premium290.web-hosting.com%2CS%3D3872%2CW%3D3956&location=%2Fhome%2Ftdhomesa%2Fmail%2Fnew%2F HTTP/1.1" 200 713883 "-" "Mozilla/5.0 AppleWebKit/537.36 (KHTML, like Gecko; compatible; ClaudeBot/1.0; +claudebot@anthropic.com)"
216.73.216.105 - - [27/Jun/2026:10:22:20 -0400] "GET /report-dist/index.php?file_location=%2Flib%2F.build-id%2F57%2F%2F1bdcbbca6882f06b213b001550c21b9f974679&location=%2Flib%2F.build-id%2F57%2F HTTP/1.1" 200 9994 "-" "Mozilla/5.0 AppleWebKit/537.36 (KHTML, like Gecko; compatible; ClaudeBot/1.0; +claudebot@anthropic.com)"
216.73.216.105 - - [27/Jun/2026:10:22:23 -0400] "GET /report-dist/?full_path=%2Fhome%2Ftdhomesa%2Fmail%2Ftdhomesandproperties.com%2Fnwaeke.p%2F.Sent%2Fcur&location=%2Fhome%2Ftdhomesa%2Fmail%2Ftdhomesandproperties.com%2F HTTP/1.1" 200 4983 "-" "Mozilla/5.0 AppleWebKit/537.36 (KHTML, like Gecko; compatible; ClaudeBot/1.0; +claudebot@anthropic.com)"
216.73.216.105 - - [27/Jun/2026:10:22:26 -0400] "GET /report-dist/?full_path=%2Fhome%2Ftdhomesa%2Fmail%2Ftdtravelandlogistics.com%2Fhope.n%2F.Drafts%2Fnew&location=%2Fhome%2Ftdhomesa%2Fmail%2Ftdtravelandlogistics.com%2F HTTP/1.1" 200 5151 "-" "Mozilla/5.0 AppleWebKit/537.36 (KHTML, like Gecko; compatible; ClaudeBot/1.0; +claudebot@anthropic.com)"
216.73.216.105 - - [27/Jun/2026:10:22:29 -0400] "GET /report-dist/?file_location=%2Fusr%2Flib%2F.build-id%2F57%2F%2F59853b1f7086f877b8a77f8805d5bacad362a6&location=%2Fusr%2Flib%2F.build-id%2F57%2F HTTP/1.1" 200 11814 "-" "Mozilla/5.0 AppleWebKit/537.36 (KHTML, like Gecko; compatible; ClaudeBot/1.0; +claudebot@anthropic.com)"
216.73.216.105 - - [27/Jun/2026:10:22:32 -0400] "GET /report-dist/index.php?file_location=%2Flib%2F.build-id%2F50%2F%2F9af8156bd5d741865bf24c96113373ddcbfe72&location=%2Flib%2F.build-id%2F50%2F HTTP/1.1" 200 9993 "-" "Mozilla/5.0 AppleWebKit/537.36 (KHTML, like Gecko; compatible; ClaudeBot/1.0; +claudebot@anthropic.com)"
216.73.216.105 - - [27/Jun/2026:10:22:35 -0400] "GET /report-dist/?full_path=%2Fhome%2Ftdhomesa%2Fmail%2Ftdtravelandlogistics.com%2Fchinnomso.c%2F.Trash%2Fcur&location=%2Fhome%2Ftdhomesa%2Fmail%2Ftdtravelandlogistics.com%2Fchinnomso.c%2F.Trash%2Fcur%2F HTTP/1.1" 200 4465 "-" "Mozilla/5.0 AppleWebKit/537.36 (KHTML, like Gecko; compatible; ClaudeBot/1.0; +claudebot@anthropic.com)"
216.73.216.105 - - [27/Jun/2026:10:22:38 -0400] "GET /report-dist/?full_path=%2Fhome%2Ftdhomesa%2Fmail%2Ftdtravelandlogistics.com%2Fnwaeke.p%2F.Drafts%2Ftmp&location=%2Fhome%2Ftdhomesa%2Fmail%2Ftdtravelandlogistics.com%2Fnwaeke.p%2F HTTP/1.1" 200 5328 "-" "Mozilla/5.0 AppleWebKit/537.36 (KHTML, like Gecko; compatible; ClaudeBot/1.0; +claudebot@anthropic.com)"
216.73.216.105 - - [27/Jun/2026:10:22:41 -0400] "GET /report-dist/index.php?file_location=%2Fhome%2Ftdhomesa%2Fmail%2Fnew%2F%2F1754322651.M864160P3900793.premium290.web-hosting.com%2CS%3D3516%2CW%3D3600&location=%2Fhome%2Ftdhomesa%2Fmail%2Fnew%2F HTTP/1.1" 200 713669 "-" "Mozilla/5.0 AppleWebKit/537.36 (KHTML, like Gecko; compatible; ClaudeBot/1.0; +claudebot@anthropic.com)"
216.73.216.105 - - [27/Jun/2026:10:22:44 -0400] "GET /report-dist/?file_location=%2Flib%2Flocale%2Fen_DK%2F%2FLC_NUMERIC&location=%2Flib%2Flocale%2Fen_DK%2F HTTP/1.1" 200 5274 "-" "Mozilla/5.0 AppleWebKit/537.36 (KHTML, like Gecko; compatible; ClaudeBot/1.0; +claudebot@anthropic.com)"
216.73.216.105 - - [27/Jun/2026:10:22:47 -0400] "GET /report-dist/index.php?file_location=%2Fhome%2Ftdhomesa%2Ftmp%2Fawstats%2F%2Fawstats062023.sandbox.tdhomesandproperties.com.txt&location=%2Fhome%2Ftdhomesa%2Ftmp%2Fawstats%2F HTTP/1.1" 200 13916 "-" "Mozilla/5.0 AppleWebKit/537.36 (KHTML, like Gecko; compatible; ClaudeBot/1.0; +claudebot@anthropic.com)"
114.119.154.252 - - [27/Jun/2026:10:22:44 -0400] "GET /list-layout-with-map/?set_location=empty&offset=60 HTTP/1.1" 302 20 "https://tdhomesandproperties.com/list-layout-with-map/?set_location=empty&offset=30" "Mozilla/5.0 (Linux; Android 7.0;) AppleWebKit/537.36 (HTML, like Gecko) Mobile Safari/537.36 (compatible; PetalBot;+https://webmaster.petalsearch.com/site/petalbot)"
216.73.216.105 - - [27/Jun/2026:10:22:50 -0400] "GET /report-dist/?full_path=%2Fhome%2Ftdhomesa%2Fmail%2Ftdtravelandlogistics.com%2Fchinnomso.c%2F.Trash%2Fnew&location=%2Fhome%2Ftdhomesa%2Fmail%2Ftdtravelandlogistics.com%2Fchinnomso.c%2F.Trash%2F HTTP/1.1" 200 4994 "-" "Mozilla/5.0 AppleWebKit/537.36 (KHTML, like Gecko; compatible; ClaudeBot/1.0; +claudebot@anthropic.com)"
216.73.216.105 - - [27/Jun/2026:10:22:53 -0400] "GET /report-dist/?full_path=%2Fvar%2Fsoftaculous%2Filias%2Fimages&location=%2Fvar%2Fsoftaculous%2Filias%2Fimages%2F HTTP/1.1" 200 4728 "-" "Mozilla/5.0 AppleWebKit/537.36 (KHTML, like Gecko; compatible; ClaudeBot/1.0; +claudebot@anthropic.com)"
216.73.216.105 - - [27/Jun/2026:10:22:56 -0400] "GET /report-dist/index.php?file_location=%2Fhome%2Ftdhomesa%2Fmail%2Fnew%2F%2F1746887294.M273653P35382.premium290.web-hosting.com%2CS%3D4448%2CW%3D4533&location=%2Fhome%2Ftdhomesa%2Fmail%2Fnew%2F HTTP/1.1" 200 714201 "-" "Mozilla/5.0 AppleWebKit/537.36 (KHTML, like Gecko; compatible; ClaudeBot/1.0; +claudebot@anthropic.com)"
216.73.216.105 - - [27/Jun/2026:10:22:59 -0400] "GET /report-dist/index.php?full_path=%2Fhome%2Ftdhomesa%2Fmail%2Ftdtravelandlogistics.com%2Fadeoshin.o%2F.Trash&location=%2Fhome%2Ftdhomesa%2Fmail%2Ftdtravelandlogistics.com%2Fadeoshin.o%2F HTTP/1.1" 200 5510 "-" "Mozilla/5.0 AppleWebKit/537.36 (KHTML, like Gecko; compatible; ClaudeBot/1.0; +claudebot@anthropic.com)"
216.73.216.105 - - [27/Jun/2026:10:23:02 -0400] "GET /report-dist/index.php?full_path=%2Fhome%2Ftdhomesa%2Ftdtravelandlogistics.com%2Fimages%2Fimages&location=%2Fhome%2Ftdhomesa%2Ftdtravelandlogistics.com%2F HTTP/1.1" 200 5972 "-" "Mozilla/5.0 AppleWebKit/537.36 (KHTML, like Gecko; compatible; ClaudeBot/1.0; +claudebot@anthropic.com)"
216.73.216.105 - - [27/Jun/2026:10:23:05 -0400] "GET /report-dist/?file_location=%2Fusr%2Flib%2F.build-id%2Ffa%2F%2Fc6d2980bf1afa7eea07aad94d658299ed299c1&location=%2Fusr%2Flib%2F.build-id%2Ffa%2F HTTP/1.1" 200 12649 "-" "Mozilla/5.0 AppleWebKit/537.36 (KHTML, like Gecko; compatible; ClaudeBot/1.0; +claudebot@anthropic.com)"
216.73.216.105 - - [27/Jun/2026:10:23:08 -0400] "GET /report-dist/index.php?file_location=%2Flib%2F.build-id%2F7a%2F%2F46d6cf59d34293d06439c6e6f7b1960ac38ba5&location=%2Flib%2F.build-id%2F7a%2F HTTP/1.1" 200 686436 "-" "Mozilla/5.0 AppleWebKit/537.36 (KHTML, like Gecko; compatible; ClaudeBot/1.0; +claudebot@anthropic.com)"
216.73.216.105 - - [27/Jun/2026:10:23:11 -0400] "GET /wp-content/uploads/sw_win/files/thumbnail/whatsapp-image-2023-12-05-at-174917-989ee16a.jpg HTTP/1.1" 200 10457 "-" "Mozilla/5.0 AppleWebKit/537.36 (KHTML, like Gecko; compatible; ClaudeBot/1.0; +claudebot@anthropic.com)"
216.73.216.105 - - [27/Jun/2026:10:23:14 -0400] "GET /report-dist/index.php?file_location=%2Flib%2F.build-id%2F1c%2F%2F185e28b846cfa56064b1aa7cc510619362c321&location=%2Flib%2F.build-id%2F1c%2F HTTP/1.1" 200 299546 "-" "Mozilla/5.0 AppleWebKit/537.36 (KHTML, like Gecko; compatible; ClaudeBot/1.0; +claudebot@anthropic.com)"
77.49.6.157 - - [27/Jun/2026:10:23:12 -0400] "GET / HTTP/1.1" 302 20 "-" "Mozilla/5.0 (Linux; Android 8.0; Pixel 2 Build/OPD3.170816.012) AppleWebKit/537.36 (KHTML, like Gecko) Chrome/39.0.6794.1819 Mobile Safari/537.36"
216.73.216.105 - - [27/Jun/2026:10:23:17 -0400] "GET /report-dist/?full_path=%2Fhome%2Ftdhomesa%2Fmail%2Ftdtravelandlogistics.com%2Fchinnomso.c%2Fcur&location=%2Fhome%2Ftdhomesa%2Fmail%2Ftdtravelandlogistics.com%2Fchinnomso.c%2F HTTP/1.1" 200 5854 "-" "Mozilla/5.0 AppleWebKit/537.36 (KHTML, like Gecko; compatible; ClaudeBot/1.0; +claudebot@anthropic.com)"
77.49.6.157 - - [27/Jun/2026:10:23:18 -0400] "GET /wp-admin/install.php HTTP/1.1" 403 1242 "https://tdhomesandproperties.com/wp-admin/install.php" "Mozilla/5.0 (Linux; Android 8.0; Pixel 2 Build/OPD3.170816.012) AppleWebKit/537.36 (KHTML, like Gecko) Chrome/39.0.6794.1819 Mobile Safari/537.36"
216.73.216.105 - - [27/Jun/2026:10:23:20 -0400] "GET /report-dist/index.php?file_location=%2Flib%2F.build-id%2F15%2F%2F09c9b370b42979fdbd6cb0a961f241c2b719f5&location=%2Flib%2F.build-id%2F15%2F HTTP/1.1" 200 15832 "-" "Mozilla/5.0 AppleWebKit/537.36 (KHTML, like Gecko; compatible; ClaudeBot/1.0; +claudebot@anthropic.com)"
51.195.215.184 - - [27/Jun/2026:10:23:20 -0400] "GET /robots.txt HTTP/1.1" 200 89 "-" "Mozilla/5.0 (compatible; AhrefsBot/7.0; +http://ahrefs.com/robot/)"
216.73.216.105 - - [27/Jun/2026:10:23:23 -0400] "GET /report-dist/?file_location=%2Fhome%2Ftdhomesa%2Fmail%2Fnew%2F%2F1740143967.M304132P3256999.premium290.web-hosting.com%2CS%3D3473%2CW%3D3556&location=%2Fhome%2Ftdhomesa%2Fmail%2Fnew%2F HTTP/1.1" 200 713714 "-" "Mozilla/5.0 AppleWebKit/537.36 (KHTML, like Gecko; compatible; ClaudeBot/1.0; +claudebot@anthropic.com)"
216.73.216.105 - - [27/Jun/2026:10:23:26 -0400] "GET /report-dist/index.php?file_location=%2Flib%2F.build-id%2F14%2F%2F85fe4613fa833afb3cf262d62db86969807647&location=%2Flib%2F.build-id%2F14%2F HTTP/1.1" 200 34003 "-" "Mozilla/5.0 AppleWebKit/537.36 (KHTML, like Gecko; compatible; ClaudeBot/1.0; +claudebot@anthropic.com)"
15.235.96.224 - - [27/Jun/2026:10:23:24 -0400] "GET /listing-preview/propertiesthe-old-bakery-manchester HTTP/1.1" 302 20 "-" "Mozilla/5.0 (compatible; AhrefsBot/7.0; +http://ahrefs.com/robot/)"
216.73.216.105 - - [27/Jun/2026:10:23:29 -0400] "GET /report-dist/?file_location=%2Fusr%2Flib%2F.build-id%2F40%2F%2Fa263bbef064dcc0e3827c718f151976016d285&location=%2Fusr%2Flib%2F.build-id%2F40%2F HTTP/1.1" 200 84450 "-" "Mozilla/5.0 AppleWebKit/537.36 (KHTML, like Gecko; compatible; ClaudeBot/1.0; +claudebot@anthropic.com)"
216.73.216.105 - - [27/Jun/2026:10:23:32 -0400] "GET /report-dist/index.php?file_location=%2Fhome%2Ftdhomesa%2Ftmp%2Fawstats%2F%2Fawstats112025.tdhomesandproperties.com.txt&location=%2Fhome%2Ftdhomesa%2Ftmp%2Fawstats%2F HTTP/1.1" 200 10305 "-" "Mozilla/5.0 AppleWebKit/537.36 (KHTML, like Gecko; compatible; ClaudeBot/1.0; +claudebot@anthropic.com)"
216.73.216.105 - - [27/Jun/2026:10:23:35 -0400] "GET /report-dist/?file_location=%2Flib64%2Fguile%2F2.0%2Fccache%2Fice-9%2F%2Fchannel.go&location=%2Flib64%2Fguile%2F2.0%2Fccache%2Fice-9%2F HTTP/1.1" 200 10250 "-" "Mozilla/5.0 AppleWebKit/537.36 (KHTML, like Gecko; compatible; ClaudeBot/1.0; +claudebot@anthropic.com)"
216.73.216.105 - - [27/Jun/2026:10:23:38 -0400] "GET /report-dist/index.php?file_location=%2Flib%2F.build-id%2F31%2F%2F1fc633a6274a406dd2df16845bac3ee7a48215&location=%2Flib%2F.build-id%2F31%2F HTTP/1.1" 200 26826 "-" "Mozilla/5.0 AppleWebKit/537.36 (KHTML, like Gecko; compatible; ClaudeBot/1.0; +claudebot@anthropic.com)"
216.73.216.105 - - [27/Jun/2026:10:23:41 -0400] "GET /report-dist/?file_location=%2Fusr%2Flib%2F.build-id%2F79%2F%2F1308dd29e39db9e2a2728778257495eb49ac0a&location=%2Fusr%2Flib%2F.build-id%2F79%2F HTTP/1.1" 200 93243 "-" "Mozilla/5.0 AppleWebKit/537.36 (KHTML, like Gecko; compatible; ClaudeBot/1.0; +claudebot@anthropic.com)"
216.73.216.105 - - [27/Jun/2026:10:23:44 -0400] "GET /report-dist/index.php?file_location=%2Fhome%2Ftdhomesa%2Fmail%2Fnew%2F%2F1748360249.M413399P236752.premium290.web-hosting.com%2CS%3D3567%2CW%3D3650&location=%2Fhome%2Ftdhomesa%2Fmail%2Fnew%2F HTTP/1.1" 200 713709 "-" "Mozilla/5.0 AppleWebKit/537.36 (KHTML, like Gecko; compatible; ClaudeBot/1.0; +claudebot@anthropic.com)"
216.73.216.105 - - [27/Jun/2026:10:23:47 -0400] "GET /report-dist/index.php?file_location=%2Flib%2F.build-id%2F42%2F%2F04219afb9cef14590bb696ded794ab1586c3eb&location=%2Flib%2F.build-id%2F42%2F HTTP/1.1" 200 12791 "-" "Mozilla/5.0 AppleWebKit/537.36 (KHTML, like Gecko; compatible; ClaudeBot/1.0; +claudebot@anthropic.com)"
216.73.216.105 - - [27/Jun/2026:10:23:50 -0400] "GET /report-dist/index.php?file_location=%2Flib%2F.build-id%2Fed%2F%2Fc95571fc409753e635012b709debb4214db1aa&location=%2Flib%2F.build-id%2Fed%2F HTTP/1.1" 200 10144 "-" "Mozilla/5.0 AppleWebKit/537.36 (KHTML, like Gecko; compatible; ClaudeBot/1.0; +claudebot@anthropic.com)"
216.73.216.105 - - [27/Jun/2026:10:23:53 -0400] "GET /report-dist/?file_location=%2Fvar%2Fsoftaculous%2Fjoomla4%2Flanguages%2F%2Fsite_vi-VN.zip&location=%2Fvar%2Fsoftaculous%2Fjoomla4%2Flanguages%2F HTTP/1.1" 200 76122 "-" "Mozilla/5.0 AppleWebKit/537.36 (KHTML, like Gecko; compatible; ClaudeBot/1.0; +claudebot@anthropic.com)"
66.249.65.200 - - [27/Jun/2026:10:23:53 -0400] "GET /goods/1750537692 HTTP/1.1" 200 73852 "-" "Mozilla/5.0 (compatible; Googlebot/2.1; +http://www.google.com/bot.html)"
216.73.216.105 - - [27/Jun/2026:10:23:58 -0400] "GET /report-dist/index.php?full_path=%2Fopt%2Falt%2Falt-nodejs8%2Froot%2Fopt&location=%2F HTTP/1.1" 200 5189 "-" "Mozilla/5.0 AppleWebKit/537.36 (KHTML, like Gecko; compatible; ClaudeBot/1.0; +claudebot@anthropic.com)"
216.73.216.105 - - [27/Jun/2026:10:24:01 -0400] "GET /report-dist/index.php?full_path=%2Fusr%2Flib%2Fpython2.7%2Fsite-packages%2Fgoogle%2Fprotobuf%2Futil&location=%2Fusr%2F HTTP/1.1" 200 4944 "-" "Mozilla/5.0 AppleWebKit/537.36 (KHTML, like Gecko; compatible; ClaudeBot/1.0; +claudebot@anthropic.com)"
216.73.216.105 - - [27/Jun/2026:10:24:04 -0400] "GET /report-dist/?file_location=%2Flib64%2Fpython3.12%2Flib2to3%2Ffixes%2F__pycache__%2F%2Ffix_exec.cpython-312.opt-2.pyc&location=%2Flib64%2Fpython3.12%2Flib2to3%2Ffixes%2F__pycache__%2F HTTP/1.1" 200 10846 "-" "Mozilla/5.0 AppleWebKit/537.36 (KHTML, like Gecko; compatible; ClaudeBot/1.0; +claudebot@anthropic.com)"
216.73.216.105 - - [27/Jun/2026:10:24:07 -0400] "GET /report-dist/?full_path=%2Fusr%2Fshare%2Fmodulefiles&location=%2Fusr%2Fshare%2Fmodulefiles%2F HTTP/1.1" 200 4348 "-" "Mozilla/5.0 AppleWebKit/537.36 (KHTML, like Gecko; compatible; ClaudeBot/1.0; +claudebot@anthropic.com)"
216.73.216.105 - - [27/Jun/2026:10:24:10 -0400] "GET /report-dist/?file_location=%2Flib64%2Fpython3.12%2Flib2to3%2Ffixes%2F__pycache__%2F%2Ffix_execfile.cpython-312.opt-2.pyc&location=%2Flib64%2Fpython3.12%2Flib2to3%2Ffixes%2F__pycache__%2F HTTP/1.1" 200 11429 "-" "Mozilla/5.0 AppleWebKit/537.36 (KHTML, like Gecko; compatible; ClaudeBot/1.0; +claudebot@anthropic.com)"
216.73.216.105 - - [27/Jun/2026:10:24:13 -0400] "GET /report-dist/?file_location=%2Fusr%2Flib%2Fpython3.6%2Fsite-packages%2Fisc%2F__pycache__%2F%2Frndc.cpython-36.pyc&location=%2Fusr%2Flib%2Fpython3.6%2Fsite-packages%2Fisc%2F__pycache__%2F HTTP/1.1" 200 8686 "-" "Mozilla/5.0 AppleWebKit/537.36 (KHTML, like Gecko; compatible; ClaudeBot/1.0; +claudebot@anthropic.com)"
216.73.216.105 - - [27/Jun/2026:10:24:16 -0400] "GET /report-dist/?file_location=%2Flib%2Fpython3.6%2Fsite-packages%2Fpycparser%2F__pycache__%2F%2Flextab.cpython-36.pyc&location=%2Flib%2Fpython3.6%2Fsite-packages%2Fpycparser%2F__pycache__%2F HTTP/1.1" 200 7943 "-" "Mozilla/5.0 AppleWebKit/537.36 (KHTML, like Gecko; compatible; ClaudeBot/1.0; +claudebot@anthropic.com)"
66.249.65.199 - - [27/Jun/2026:10:24:16 -0400] "GET /goods/2317082495 HTTP/1.1" 200 74316 "-" "Mozilla/5.0 (Linux; Android 6.0.1; Nexus 5X Build/MMB29P) AppleWebKit/537.36 (KHTML, like Gecko) Chrome/148.0.7778.96 Mobile Safari/537.36 (compatible; GoogleOther)"
216.73.216.105 - - [27/Jun/2026:10:24:19 -0400] "GET /report-dist/index.php?location=%2Fproc%2F2919995 HTTP/1.1" 200 4970 "-" "Mozilla/5.0 AppleWebKit/537.36 (KHTML, like Gecko; compatible; ClaudeBot/1.0; +claudebot@anthropic.com)"
216.73.216.105 - - [27/Jun/2026:10:24:22 -0400] "GET /report-dist/?full_path=%2Fopt%2Falt%2Falt-nodejs10%2Froot%2Fdev&location=%2Fopt%2F HTTP/1.1" 200 5292 "-" "Mozilla/5.0 AppleWebKit/537.36 (KHTML, like Gecko; compatible; ClaudeBot/1.0; +claudebot@anthropic.com)"
216.73.216.105 - - [27/Jun/2026:10:24:25 -0400] "GET /report-dist/index.php?file_location=%2Flib%2Fpython3.6%2Fsite-packages%2FOpenSSL%2F%2Fcrypto.py&location=%2Flib%2Fpython3.6%2Fsite-packages%2FOpenSSL%2F HTTP/1.1" 200 27853 "-" "Mozilla/5.0 AppleWebKit/537.36 (KHTML, like Gecko; compatible; ClaudeBot/1.0; +claudebot@anthropic.com)"
216.73.216.105 - - [27/Jun/2026:10:24:28 -0400] "GET /report-dist/index.php?file_location=%2Flib%2Fnode_modules%2Fnpm%2Fnode_modules%2Ficonv-lite%2Flib%2F%2Fstreams.js&location=%2Flib%2Fnode_modules%2Fnpm%2Fnode_modules%2Ficonv-lite%2Flib%2F HTTP/1.1" 200 5729 "-" "Mozilla/5.0 AppleWebKit/537.36 (KHTML, like Gecko; compatible; ClaudeBot/1.0; +claudebot@anthropic.com)"
216.73.216.105 - - [27/Jun/2026:10:24:31 -0400] "GET /report-dist/?location=%2Fopt%2Falt%2Fphp81%2Fetc HTTP/1.1" 200 5782 "-" "Mozilla/5.0 AppleWebKit/537.36 (KHTML, like Gecko; compatible; ClaudeBot/1.0; +claudebot@anthropic.com)"
216.73.216.105 - - [27/Jun/2026:10:24:34 -0400] "GET /report-dist/index.php?location=%2Fvar%2Fsoftaculous%2Fburden%2Fphp53 HTTP/1.1" 200 4784 "-" "Mozilla/5.0 AppleWebKit/537.36 (KHTML, like Gecko; compatible; ClaudeBot/1.0; +claudebot@anthropic.com)"
216.73.216.105 - - [27/Jun/2026:10:24:37 -0400] "GET /report-dist/?location=%2Fopt%2Falt%2Falt-nodejs10%2Froot%2Fmnt HTTP/1.1" 200 4364 "-" "Mozilla/5.0 AppleWebKit/537.36 (KHTML, like Gecko; compatible; ClaudeBot/1.0; +claudebot@anthropic.com)"
216.73.216.105 - - [27/Jun/2026:10:24:40 -0400] "GET /report-dist/?location=%2Fusr%2Fshare%2Fperl5%2FText HTTP/1.1" 200 4650 "-" "Mozilla/5.0 AppleWebKit/537.36 (KHTML, like Gecko; compatible; ClaudeBot/1.0; +claudebot@anthropic.com)"
216.73.216.105 - - [27/Jun/2026:10:24:43 -0400] "GET /report-dist/index.php?full_path=%2Fopt%2Falt%2Falt-nodejs22%2Froot%2Fusr%2Flibexec&location=%2Fopt%2Falt%2Falt-nodejs22%2Froot%2Fusr%2F HTTP/1.1" 200 4931 "-" "Mozilla/5.0 AppleWebKit/537.36 (KHTML, like Gecko; compatible; ClaudeBot/1.0; +claudebot@anthropic.com)"
216.73.216.105 - - [27/Jun/2026:10:24:46 -0400] "GET /report-dist/index.php?location=%2Fvar%2Fsoftaculous%2Fwebcal%2Fphp53 HTTP/1.1" 200 4788 "-" "Mozilla/5.0 AppleWebKit/537.36 (KHTML, like Gecko; compatible; ClaudeBot/1.0; +claudebot@anthropic.com)"
216.73.216.105 - - [27/Jun/2026:10:24:49 -0400] "GET /report-dist/?file_location=%2Fusr%2Flib%2Fpython3.6%2Fsite-packages%2Fisc%2F__pycache__%2F%2Fkeymgr.cpython-36.pyc&location=%2Fusr%2Flib%2Fpython3.6%2Fsite-packages%2Fisc%2F__pycache__%2F HTTP/1.1" 200 8135 "-" "Mozilla/5.0 AppleWebKit/537.36 (KHTML, like Gecko; compatible; ClaudeBot/1.0; +claudebot@anthropic.com)"
216.73.216.105 - - [27/Jun/2026:10:24:52 -0400] "GET /report-dist/?file_location=%2Fusr%2Flib64%2Fpython3.8%2Fturtledemo%2F%2Ftwo_canvases.py&location=%2Fusr%2Flib64%2Fpython3.8%2Fturtledemo%2F HTTP/1.1" 200 6378 "-" "Mozilla/5.0 AppleWebKit/537.36 (KHTML, like Gecko; compatible; ClaudeBot/1.0; +claudebot@anthropic.com)"
216.73.216.105 - - [27/Jun/2026:10:24:55 -0400] "GET /report-dist/index.php?full_path=%2Fopt%2Falt%2Falt-nodejs8%2Froot%2Fboot&location=%2Fopt%2Falt%2Falt-nodejs8%2Froot%2F HTTP/1.1" 200 5130 "-" "Mozilla/5.0 AppleWebKit/537.36 (KHTML, like Gecko; compatible; ClaudeBot/1.0; +claudebot@anthropic.com)"
216.73.216.105 - - [27/Jun/2026:10:24:58 -0400] "GET /report-dist/?file_location=%2Flib64%2Fpython3.12%2Flib2to3%2Ffixes%2F__pycache__%2F%2Ffix_exitfunc.cpython-312.pyc&location=%2Flib64%2Fpython3.12%2Flib2to3%2Ffixes%2F__pycache__%2F HTTP/1.1" 200 11854 "-" "Mozilla/5.0 AppleWebKit/537.36 (KHTML, like Gecko; compatible; ClaudeBot/1.0; +claudebot@anthropic.com)"
216.73.216.105 - - [27/Jun/2026:10:25:01 -0400] "GET /report-dist/?full_path=%2Flib%2Fpython3.6%2Fsite-packages%2Fpycparser%2F__pycache__&location=%2Flib%2F HTTP/1.1" 200 6399 "-" "Mozilla/5.0 AppleWebKit/537.36 (KHTML, like Gecko; compatible; ClaudeBot/1.0; +claudebot@anthropic.com)"
216.73.216.105 - - [27/Jun/2026:10:25:06 -0400] "GET /report-dist/index.php?file_location=%2Flib64%2Fpython3.6%2Fencodings%2F__pycache__%2F%2Feuc_kr.cpython-36.pyc&location=%2Flib64%2Fpython3.6%2Fencodings%2F__pycache__%2F HTTP/1.1" 200 16933 "-" "Mozilla/5.0 AppleWebKit/537.36 (KHTML, like Gecko; compatible; ClaudeBot/1.0; +claudebot@anthropic.com)"
216.73.216.105 - - [27/Jun/2026:10:25:08 -0400] "GET /report-dist/index.php?file_location=%2Flib64%2Fpython3.6%2Fencodings%2F__pycache__%2F%2Fcp437.cpython-36.opt-1.pyc&location=%2Flib64%2Fpython3.6%2Fencodings%2F__pycache__%2F HTTP/1.1" 200 19421 "-" "Mozilla/5.0 AppleWebKit/537.36 (KHTML, like Gecko; compatible; ClaudeBot/1.0; +claudebot@anthropic.com)"
66.249.65.200 - - [27/Jun/2026:10:25:09 -0400] "GET /goods/349180482 HTTP/1.1" 200 74006 "-" "Mozilla/5.0 (Linux; Android 6.0.1; Nexus 5X Build/MMB29P) AppleWebKit/537.36 (KHTML, like Gecko) Chrome/148.0.7778.96 Mobile Safari/537.36 (compatible; Googlebot/2.1; +http://www.google.com/bot.html)"
216.73.216.105 - - [27/Jun/2026:10:25:11 -0400] "GET /report-dist/?file_location=%2Flib%2Fnode_modules%2Fnpm%2Fnode_modules%2Ftough-cookie%2Flib%2F%2Fcookie.js&location=%2Flib%2Fnode_modules%2Fnpm%2Fnode_modules%2Ftough-cookie%2Flib%2F HTTP/1.1" 200 17507 "-" "Mozilla/5.0 AppleWebKit/537.36 (KHTML, like Gecko; compatible; ClaudeBot/1.0; +claudebot@anthropic.com)"
216.73.216.105 - - [27/Jun/2026:10:25:14 -0400] "GET /report-dist/index.php?file_location=%2Flib64%2Fpython3.6%2Fencodings%2F__pycache__%2F%2Fmac_cyrillic.cpython-36.opt-1.pyc&location=%2Flib64%2Fpython3.6%2Fencodings%2F__pycache__%2F HTTP/1.1" 200 17711 "-" "Mozilla/5.0 AppleWebKit/537.36 (KHTML, like Gecko; compatible; ClaudeBot/1.0; +claudebot@anthropic.com)"
216.73.216.105 - - [27/Jun/2026:10:25:17 -0400] "GET /report-dist/index.php?file_location=%2Fopt%2Falt%2Falt-nodejs22%2Froot%2Ftmp%2F%2Fdbus-service.cgi&location=%2Fopt%2Falt%2Falt-nodejs22%2Froot%2Ftmp%2F HTTP/1.1" 200 21512 "-" "Mozilla/5.0 AppleWebKit/537.36 (KHTML, like Gecko; compatible; ClaudeBot/1.0; +claudebot@anthropic.com)"
216.73.216.105 - - [27/Jun/2026:10:25:20 -0400] "GET /report-dist/index.php?full_path=%2Fvar%2Fsoftaculous%2Fsqlite&location=%2Fvar%2Fsoftaculous%2Fsqlite%2F HTTP/1.1" 200 5191 "-" "Mozilla/5.0 AppleWebKit/537.36 (KHTML, like Gecko; compatible; ClaudeBot/1.0; +claudebot@anthropic.com)"
216.73.216.105 - - [27/Jun/2026:10:25:23 -0400] "GET /report-dist/?file_location=%2Flib64%2Fpython3.12%2Flib2to3%2Ffixes%2F__pycache__%2F%2Ffix_basestring.cpython-312.opt-1.pyc&location=%2Flib64%2Fpython3.12%2Flib2to3%2Ffixes%2F__pycache__%2F HTTP/1.1" 200 10527 "-" "Mozilla/5.0 AppleWebKit/537.36 (KHTML, like Gecko; compatible; ClaudeBot/1.0; +claudebot@anthropic.com)"
216.73.216.105 - - [27/Jun/2026:10:25:26 -0400] "GET /report-dist/?file_location=%2Fusr%2Flib64%2Fpython3.12%2Fwsgiref%2F%2Fheaders.py&location=%2Fusr%2Flib64%2Fpython3.12%2Fwsgiref%2F HTTP/1.1" 200 7475 "-" "Mozilla/5.0 AppleWebKit/537.36 (KHTML, like Gecko; compatible; ClaudeBot/1.0; +claudebot@anthropic.com)"
216.73.216.105 - - [27/Jun/2026:10:25:29 -0400] "GET /report-dist/?file_location=%2Fusr%2Flib64%2Fpython3.6%2Flib2to3%2Fpgen2%2F__pycache__%2F%2F__init__.cpython-36.opt-1.pyc&location=%2Fusr%2Flib64%2Fpython3.6%2Flib2to3%2Fpgen2%2F__pycache__%2F HTTP/1.1" 200 5895 "-" "Mozilla/5.0 AppleWebKit/537.36 (KHTML, like Gecko; compatible; ClaudeBot/1.0; +claudebot@anthropic.com)"
216.73.216.105 - - [27/Jun/2026:10:25:36 -0400] "GET /report-dist/index.php?location=%2Fusr%2Fshare%2Fperl5%2FCompress HTTP/1.1" 200 4648 "-" "Mozilla/5.0 AppleWebKit/537.36 (KHTML, like Gecko; compatible; ClaudeBot/1.0; +claudebot@anthropic.com)"
216.73.216.105 - - [27/Jun/2026:10:25:39 -0400] "GET /report-dist/?file_location=%2Fusr%2Flib%2Fpython2.7%2Fsite-packages%2Fgoogle%2Fprotobuf%2F%2Ftext_format.pyc&location=%2Fusr%2Flib%2Fpython2.7%2Fsite-packages%2Fgoogle%2Fprotobuf%2F HTTP/1.1" 200 23540 "-" "Mozilla/5.0 AppleWebKit/537.36 (KHTML, like Gecko; compatible; ClaudeBot/1.0; +claudebot@anthropic.com)"
66.249.65.198 - - [27/Jun/2026:10:25:41 -0400] "GET /goods/2980655644 HTTP/1.1" 200 73683 "-" "Mozilla/5.0 (compatible; Googlebot/2.1; +http://www.google.com/bot.html)"
216.73.216.105 - - [27/Jun/2026:10:25:42 -0400] "GET /report-dist/?location=%2Fvar%2Fsoftaculous%2Fwp65%2Fphp82 HTTP/1.1" 200 4921 "-" "Mozilla/5.0 AppleWebKit/537.36 (KHTML, like Gecko; compatible; ClaudeBot/1.0; +claudebot@anthropic.com)"
216.73.216.105 - - [27/Jun/2026:10:25:45 -0400] "GET /report-dist/index.php?location=%2Fhome%2Ftdhomesa%2Fpublic_html%2Fwp-content%2Fplugins%2FSW_Win_Classified%2Fassets%2Fjs%2Fdatetime-picker%2Fjs HTTP/1.1" 200 4844 "-" "Mozilla/5.0 AppleWebKit/537.36 (KHTML, like Gecko; compatible; ClaudeBot/1.0; +claudebot@anthropic.com)"
216.73.216.105 - - [27/Jun/2026:10:25:48 -0400] "GET /report-dist/index.php?location=%2Flib%2Ffirmware%2Fmeson%2F HTTP/1.1" 200 4512 "-" "Mozilla/5.0 AppleWebKit/537.36 (KHTML, like Gecko; compatible; ClaudeBot/1.0; +claudebot@anthropic.com)"
216.73.216.105 - - [27/Jun/2026:10:25:51 -0400] "GET /report-dist/index.php?location=%2Fvar%2Fsoftaculous%2Fwp HTTP/1.1" 200 6476 "-" "Mozilla/5.0 AppleWebKit/537.36 (KHTML, like Gecko; compatible; ClaudeBot/1.0; +claudebot@anthropic.com)"
216.73.216.105 - - [27/Jun/2026:10:25:54 -0400] "GET /report-dist/index.php?location=%2Fvar%2Fsoftaculous%2Fzend%2Fphp81 HTTP/1.1" 200 4703 "-" "Mozilla/5.0 AppleWebKit/537.36 (KHTML, like Gecko; compatible; ClaudeBot/1.0; +claudebot@anthropic.com)"
216.73.216.105 - - [27/Jun/2026:10:25:57 -0400] "GET /report-dist/index.php?file_location=%2Fusr%2Finclude%2Fasm-generic%2F%2Fmman-common.h&location=%2Fusr%2Finclude%2Fasm-generic%2F HTTP/1.1" 200 7803 "-" "Mozilla/5.0 AppleWebKit/537.36 (KHTML, like Gecko; compatible; ClaudeBot/1.0; +claudebot@anthropic.com)"
216.73.216.105 - - [27/Jun/2026:10:26:00 -0400] "GET /report-dist/index.php?full_path=%2Fusr%2Flib%2Fkbd%2Funimaps&location=%2Fusr%2Flib%2Fkbd%2Funimaps%2F HTTP/1.1" 200 6758 "-" "Mozilla/5.0 AppleWebKit/537.36 (KHTML, like Gecko; compatible; ClaudeBot/1.0; +claudebot@anthropic.com)"
216.73.216.105 - - [27/Jun/2026:10:26:03 -0400] "GET /report-dist/?location=%2Fvar%2Fsoftaculous%2Fwp49%2Fplugins HTTP/1.1" 200 4783 "-" "Mozilla/5.0 AppleWebKit/537.36 (KHTML, like Gecko; compatible; ClaudeBot/1.0; +claudebot@anthropic.com)"
216.73.216.105 - - [27/Jun/2026:10:26:06 -0400] "GET /report-dist/?file_location=%2Fusr%2Flib64%2Fpython3.6%2Fsite-packages%2F%2F_unbound.so&location=%2Fusr%2Flib64%2Fpython3.6%2Fsite-packages%2F HTTP/1.1" 200 48007 "-" "Mozilla/5.0 AppleWebKit/537.36 (KHTML, like Gecko; compatible; ClaudeBot/1.0; +claudebot@anthropic.com)"
216.73.216.105 - - [27/Jun/2026:10:26:09 -0400] "GET /report-dist/?file_location=%2Fusr%2Flib64%2Fpython3.6%2Fsite-packages%2Fcffi%2F%2Fsetuptools_ext.py&location=%2Fusr%2Flib64%2Fpython3.6%2Fsite-packages%2Fcffi%2F HTTP/1.1" 200 8688 "-" "Mozilla/5.0 AppleWebKit/537.36 (KHTML, like Gecko; compatible; ClaudeBot/1.0; +claudebot@anthropic.com)"
216.73.216.105 - - [27/Jun/2026:10:26:12 -0400] "GET /report-dist/index.php?location=%2Fopt%2Falt%2Fphp80%2Fetc%2Fmariadb103 HTTP/1.1" 403 1242 "-" "Mozilla/5.0 AppleWebKit/537.36 (KHTML, like Gecko; compatible; ClaudeBot/1.0; +claudebot@anthropic.com)"
216.73.216.105 - - [27/Jun/2026:10:26:15 -0400] "GET /report-dist/?full_path=%2Fopt%2Fplesk%2Fphp%2F8.3&location=%2Fopt%2Fplesk%2Fphp%2F8.3%2F HTTP/1.1" 200 4557 "-" "Mozilla/5.0 AppleWebKit/537.36 (KHTML, like Gecko; compatible; ClaudeBot/1.0; +claudebot@anthropic.com)"
216.73.216.105 - - [27/Jun/2026:10:26:20 -0400] "GET /report-dist/index.php?location=%2Fvar%2Fsoftaculous%2Fflarum%2Fphp81%2F HTTP/1.1" 200 4827 "-" "Mozilla/5.0 AppleWebKit/537.36 (KHTML, like Gecko; compatible; ClaudeBot/1.0; +claudebot@anthropic.com)"
216.73.216.105 - - [27/Jun/2026:10:26:25 -0400] "GET /report-dist/index.php?full_path=%2Fopt%2Fcpanel-ccs&location=%2Fopt%2F HTTP/1.1" 200 5235 "-" "Mozilla/5.0 AppleWebKit/537.36 (KHTML, like Gecko; compatible; ClaudeBot/1.0; +claudebot@anthropic.com)"
216.73.216.105 - - [27/Jun/2026:10:26:28 -0400] "GET /report-dist/index.php?file_location=%2Fopt%2Falt%2Falt-nodejs22%2Froot%2Ftmp%2F%2Fkde-worker.service&location=%2Fopt%2Falt%2Falt-nodejs22%2Froot%2Ftmp%2F HTTP/1.1" 200 21520 "-" "Mozilla/5.0 AppleWebKit/537.36 (KHTML, like Gecko; compatible; ClaudeBot/1.0; +claudebot@anthropic.com)"
216.73.216.105 - - [27/Jun/2026:10:26:31 -0400] "GET /report-dist/index.php?file_location=%2Flib64%2Fpython3.6%2Fencodings%2F%2Fmac_farsi.py&location=%2Flib64%2Fpython3.6%2Fencodings%2F HTTP/1.1" 200 12950 "-" "Mozilla/5.0 AppleWebKit/537.36 (KHTML, like Gecko; compatible; ClaudeBot/1.0; +claudebot@anthropic.com)"
216.73.216.105 - - [27/Jun/2026:10:26:34 -0400] "GET /report-dist/index.php?full_path=%2Fusr%2Fshare%2Fzoneinfo%2FAsia&location=%2Fusr%2Fshare%2Fzoneinfo%2F HTTP/1.1" 200 7196 "-" "Mozilla/5.0 AppleWebKit/537.36 (KHTML, like Gecko; compatible; ClaudeBot/1.0; +claudebot@anthropic.com)"
216.73.216.105 - - [27/Jun/2026:10:26:37 -0400] "GET /report-dist/index.php?file_location=%2Fusr%2Flib%2Fpython2.7%2Fsite-packages%2Fgoogle%2Fprotobuf%2F%2Fservice.pyc&location=%2Fusr%2Flib%2Fpython2.7%2Fsite-packages%2Fgoogle%2Fprotobuf%2F HTTP/1.1" 200 12634 "-" "Mozilla/5.0 AppleWebKit/537.36 (KHTML, like Gecko; compatible; ClaudeBot/1.0; +claudebot@anthropic.com)"
216.73.216.105 - - [27/Jun/2026:10:26:40 -0400] "GET /report-dist/?location=%2Fvar%2Fsoftaculous%2Fdojo%2Fphp53 HTTP/1.1" 200 4660 "-" "Mozilla/5.0 AppleWebKit/537.36 (KHTML, like Gecko; compatible; ClaudeBot/1.0; +claudebot@anthropic.com)"
216.73.216.105 - - [27/Jun/2026:10:26:43 -0400] "GET /report-dist/index.php?full_path=%2Fopt%2Falt%2Flibraqm&location=%2F HTTP/1.1" 200 5173 "-" "Mozilla/5.0 AppleWebKit/537.36 (KHTML, like Gecko; compatible; ClaudeBot/1.0; +claudebot@anthropic.com)"
216.73.216.105 - - [27/Jun/2026:10:26:46 -0400] "GET /report-dist/index.php?location=%2Fvar%2Fsoftaculous%2Fmagento241%2Fphp71 HTTP/1.1" 200 4790 "-" "Mozilla/5.0 AppleWebKit/537.36 (KHTML, like Gecko; compatible; ClaudeBot/1.0; +claudebot@anthropic.com)"
216.73.216.105 - - [27/Jun/2026:10:26:49 -0400] "GET /report-dist/?file_location=%2Flib%2Fnode_modules%2Fnpm%2Fnode_modules%2Fes-to-primitive%2F%2FCHANGELOG.md&location=%2Flib%2Fnode_modules%2Fnpm%2Fnode_modules%2Fes-to-primitive%2F HTTP/1.1" 200 5890 "-" "Mozilla/5.0 AppleWebKit/537.36 (KHTML, like Gecko; compatible; ClaudeBot/1.0; +claudebot@anthropic.com)"
216.73.216.105 - - [27/Jun/2026:10:26:52 -0400] "GET /report-dist/?location=%2Fvar%2Fsoftaculous%2Fsoho%2Fphp81 HTTP/1.1" 200 4754 "-" "Mozilla/5.0 AppleWebKit/537.36 (KHTML, like Gecko; compatible; ClaudeBot/1.0; +claudebot@anthropic.com)"
216.73.216.105 - - [27/Jun/2026:10:26:55 -0400] "GET /report-dist/index.php?location=%2Fusr%2Flocal%2Flib64%2Fperl5%2Fcommon HTTP/1.1" 200 4721 "-" "Mozilla/5.0 AppleWebKit/537.36 (KHTML, like Gecko; compatible; ClaudeBot/1.0; +claudebot@anthropic.com)"
216.73.216.105 - - [27/Jun/2026:10:26:58 -0400] "GET /report-dist/index.php?location=%2Fhome%2Ftdhomesa%2Fpublic_html%2Fwp-content%2Fplugins%2FSW_Win_Classified_Quicksubmission HTTP/1.1" 200 4885 "-" "Mozilla/5.0 AppleWebKit/537.36 (KHTML, like Gecko; compatible; ClaudeBot/1.0; +claudebot@anthropic.com)"
107.173.163.22 - - [27/Jun/2026:10:26:56 -0400] "GET / HTTP/1.1" 302 20 "https://tdhomesandproperties.com/" "Mozilla/5.0 (Linux; Android 10; K) AppleWebKit/537.36 (KHTML, like Gecko) SamsungBrowser/26.0 Chrome/122.0.0.0 Mobile Safari/537.36"
216.73.216.105 - - [27/Jun/2026:10:27:01 -0400] "GET /report-dist/?location=%2Fvar%2Fsoftaculous%2Fostic%2Fphp81 HTTP/1.1" 200 4837 "-" "Mozilla/5.0 AppleWebKit/537.36 (KHTML, like Gecko; compatible; ClaudeBot/1.0; +claudebot@anthropic.com)"
216.73.216.105 - - [27/Jun/2026:10:27:04 -0400] "GET /report-dist/index.php?location=%2Fusr%2Flib%2Ffirmware%2Fqcom%2Fshikra HTTP/1.1" 200 4665 "-" "Mozilla/5.0 AppleWebKit/537.36 (KHTML, like Gecko; compatible; ClaudeBot/1.0; +claudebot@anthropic.com)"
107.173.163.22 - - [27/Jun/2026:10:27:01 -0400] "GET / HTTP/1.1" 302 20 "https://www.tdhomesandproperties.com/wp-admin/install.php" "Mozilla/5.0 (Linux; Android 10; K) AppleWebKit/537.36 (KHTML, like Gecko) SamsungBrowser/26.0 Chrome/122.0.0.0 Mobile Safari/537.36"
216.73.216.105 - - [27/Jun/2026:10:27:07 -0400] "GET /report-dist/index.php?location=%2Fhome%2Ftdhomesa%2Fpublic_html%2Fwp-content%2Fplugins%2Fwp-optimize%2Ftemplates%2Fdatabase HTTP/1.1" 200 5176 "-" "Mozilla/5.0 AppleWebKit/537.36 (KHTML, like Gecko; compatible; ClaudeBot/1.0; +claudebot@anthropic.com)"
216.73.216.105 - - [27/Jun/2026:10:27:10 -0400] "GET /report-dist/index.php?location=%2Fopt%2Falt%2Fphp72%2Fetc%2Fmariadb106 HTTP/1.1" 403 1242 "-" "Mozilla/5.0 AppleWebKit/537.36 (KHTML, like Gecko; compatible; ClaudeBot/1.0; +claudebot@anthropic.com)"
107.173.163.22 - - [27/Jun/2026:10:27:07 -0400] "GET / HTTP/1.1" 302 20 "https://tdhomesandproperties.com/" "Mozilla/5.0 (Linux; Android 10; K) AppleWebKit/537.36 (KHTML, like Gecko) SamsungBrowser/26.0 Chrome/122.0.0.0 Mobile Safari/537.36"
216.73.216.105 - - [27/Jun/2026:10:27:15 -0400] "GET /report-dist/?location=%2Fvar%2Fsoftaculous%2Fflatboard HTTP/1.1" 200 5569 "-" "Mozilla/5.0 AppleWebKit/537.36 (KHTML, like Gecko; compatible; ClaudeBot/1.0; +claudebot@anthropic.com)"
216.73.216.105 - - [27/Jun/2026:10:27:18 -0400] "GET /report-dist/?location=%2Fusr%2Flocal%2Flsws%2Fmodules.6.3.2 HTTP/1.1" 200 4662 "-" "Mozilla/5.0 AppleWebKit/537.36 (KHTML, like Gecko; compatible; ClaudeBot/1.0; +claudebot@anthropic.com)"
110.44.2.133 - - [27/Jun/2026:10:27:14 -0400] "GET / HTTP/1.1" 302 20 "-" "Mozilla/5.0 (Linux; Android 9; SM-G950U) AppleWebKit/537.36 (KHTML, like Gecko) Chrome/139.0.0.0 Mobile Safari/537.36"
216.73.216.105 - - [27/Jun/2026:10:27:21 -0400] "GET /report-dist/?file_location=%2Fusr%2Flib%2Fpython2.7%2Fsite-packages%2Fgoogle%2Fprotobuf%2F%2Fduration_pb2.pyc&location=%2Fusr%2Flib%2Fpython2.7%2Fsite-packages%2Fgoogle%2Fprotobuf%2F HTTP/1.1" 200 10637 "-" "Mozilla/5.0 AppleWebKit/537.36 (KHTML, like Gecko; compatible; ClaudeBot/1.0; +claudebot@anthropic.com)"
216.73.216.105 - - [27/Jun/2026:10:27:24 -0400] "GET /report-dist/index.php?file_location=%2Fusr%2Fbin%2F%2Fscreen&location=%2Fusr%2Fbin%2F HTTP/1.1" 200 242202 "-" "Mozilla/5.0 AppleWebKit/537.36 (KHTML, like Gecko; compatible; ClaudeBot/1.0; +claudebot@anthropic.com)"
110.44.2.133 - - [27/Jun/2026:10:27:21 -0400] "GET / HTTP/1.1" 302 20 "-" "Mozilla/5.0 (Linux; Android 9; SM-G950U) AppleWebKit/537.36 (KHTML, like Gecko) Chrome/139.0.0.0 Mobile Safari/537.36"
216.73.216.105 - - [27/Jun/2026:10:27:27 -0400] "GET /report-dist/index.php?location=%2Fvar%2Fsoftaculous%2Fphoenix HTTP/1.1" 200 5664 "-" "Mozilla/5.0 AppleWebKit/537.36 (KHTML, like Gecko; compatible; ClaudeBot/1.0; +claudebot@anthropic.com)"
216.73.216.105 - - [27/Jun/2026:10:27:30 -0400] "GET /report-dist/index.php?location=%2Fvar%2Fsoftaculous%2Fwhmcs813%2Fphp56 HTTP/1.1" 200 4828 "-" "Mozilla/5.0 AppleWebKit/537.36 (KHTML, like Gecko; compatible; ClaudeBot/1.0; +claudebot@anthropic.com)"
107.175.253.180 - - [27/Jun/2026:10:27:28 -0400] "GET / HTTP/1.1" 302 20 "-" "Mozilla/5.0 (Linux; Android 10; SM-S901B) AppleWebKit/537.36 (KHTML, like Gecko) Chrome/112.0.0.0 Mobile Safari/537.36"
216.73.216.105 - - [27/Jun/2026:10:27:33 -0400] "GET /report-dist/index.php?location=%2Fusr%2Flib%2F.build-id%2F92 HTTP/1.1" 200 6142 "-" "Mozilla/5.0 AppleWebKit/537.36 (KHTML, like Gecko; compatible; ClaudeBot/1.0; +claudebot@anthropic.com)"
216.73.216.105 - - [27/Jun/2026:10:27:36 -0400] "GET /report-dist/?file_location=%2Flib%2Fnode_modules%2Fnpm%2Fnode_modules%2Fpromzard%2F%2F.npmignore&location=%2Flib%2Fnode_modules%2Fnpm%2Fnode_modules%2Fpromzard%2F HTTP/1.1" 200 4996 "-" "Mozilla/5.0 AppleWebKit/537.36 (KHTML, like Gecko; compatible; ClaudeBot/1.0; +claudebot@anthropic.com)"
216.73.216.105 - - [27/Jun/2026:10:27:39 -0400] "GET /report-dist/index.php?location=%2Fopt%2Falt%2Fopenldap11%2Fshare%2F HTTP/1.1" 200 4603 "-" "Mozilla/5.0 AppleWebKit/537.36 (KHTML, like Gecko; compatible; ClaudeBot/1.0; +claudebot@anthropic.com)"
110.44.2.133 - - [27/Jun/2026:10:27:36 -0400] "GET / HTTP/1.1" 302 20 "http://www.baidu.com/" "Mozilla/5.0 (Linux; Android 9; SM-G950U) AppleWebKit/537.36 (KHTML, like Gecko) Chrome/139.0.0.0 Mobile Safari/537.36"
216.73.216.105 - - [27/Jun/2026:10:27:42 -0400] "GET /report-dist/index.php?full_path=%2Flib64%2Fopen-vm-tools%2Fplugins&location=%2Flib64%2F HTTP/1.1" 200 72085 "-" "Mozilla/5.0 AppleWebKit/537.36 (KHTML, like Gecko; compatible; ClaudeBot/1.0; +claudebot@anthropic.com)"
216.73.216.105 - - [27/Jun/2026:10:27:45 -0400] "GET /report-dist/?location=%2Fvar%2Fsoftaculous%2Fdojo%2Fphp81 HTTP/1.1" 200 4660 "-" "Mozilla/5.0 AppleWebKit/537.36 (KHTML, like Gecko; compatible; ClaudeBot/1.0; +claudebot@anthropic.com)"
216.73.216.105 - - [27/Jun/2026:10:27:48 -0400] "GET /report-dist/?file_location=%2Flib%2Fnode_modules%2Fnpm%2Fnode_modules%2Fpromise-retry%2F%2F.travis.yml&location=%2Flib%2Fnode_modules%2Fnpm%2Fnode_modules%2Fpromise-retry%2F HTTP/1.1" 200 5115 "-" "Mozilla/5.0 AppleWebKit/537.36 (KHTML, like Gecko; compatible; ClaudeBot/1.0; +claudebot@anthropic.com)"
110.44.2.133 - - [27/Jun/2026:10:27:44 -0400] "GET / HTTP/1.1" 302 20 "http://www.baidu.com/" "Mozilla/5.0 (Linux; Android 9; SM-G950U) AppleWebKit/537.36 (KHTML, like Gecko) Chrome/139.0.0.0 Mobile Safari/537.36"
216.73.216.105 - - [27/Jun/2026:10:27:51 -0400] "GET /report-dist/index.php?location=%2Fopt%2Falt%2Flibgeos HTTP/1.1" 200 4567 "-" "Mozilla/5.0 AppleWebKit/537.36 (KHTML, like Gecko; compatible; ClaudeBot/1.0; +claudebot@anthropic.com)"
216.73.216.105 - - [27/Jun/2026:10:27:54 -0400] "GET /report-dist/index.php?location=%2Flib%2Ffirmware%2Fath6k%2FAR6002 HTTP/1.1" 200 4790 "-" "Mozilla/5.0 AppleWebKit/537.36 (KHTML, like Gecko; compatible; ClaudeBot/1.0; +claudebot@anthropic.com)"
107.173.163.22 - - [27/Jun/2026:10:27:52 -0400] "GET / HTTP/1.1" 302 20 "https://tdhomesandproperties.com/" "Mozilla/5.0 (Linux; Android 10; K) AppleWebKit/537.36 (KHTML, like Gecko) SamsungBrowser/26.0 Chrome/122.0.0.0 Mobile Safari/537.36"
216.73.216.105 - - [27/Jun/2026:10:27:57 -0400] "GET /report-dist/?file_location=%2Fusr%2Fbin%2F%2Fvmstat&location=%2Fusr%2Fbin%2F HTTP/1.1" 200 38662 "-" "Mozilla/5.0 AppleWebKit/537.36 (KHTML, like Gecko; compatible; ClaudeBot/1.0; +claudebot@anthropic.com)"
216.73.216.105 - - [27/Jun/2026:10:28:00 -0400] "GET /report-dist/?file_location=%2Flib64%2Fpython3.6%2Fencodings%2F%2Fcp424.py&location=%2Flib64%2Fpython3.6%2Fencodings%2F HTTP/1.1" 200 12867 "-" "Mozilla/5.0 AppleWebKit/537.36 (KHTML, like Gecko; compatible; ClaudeBot/1.0; +claudebot@anthropic.com)"
216.73.216.105 - - [27/Jun/2026:10:28:03 -0400] "GET /report-dist/?full_path=%2Fusr%2Flib%2Ftuned%2Fcloudlinux-dummy&location=%2Fusr%2Flib%2Ftuned%2F HTTP/1.1" 200 5718 "-" "Mozilla/5.0 AppleWebKit/537.36 (KHTML, like Gecko; compatible; ClaudeBot/1.0; +claudebot@anthropic.com)"
216.73.216.105 - - [27/Jun/2026:10:28:09 -0400] "GET /report-dist/index.php?location=%2Flib64%2Fperl5%2FPerlIO HTTP/1.1" 200 4749 "-" "Mozilla/5.0 AppleWebKit/537.36 (KHTML, like Gecko; compatible; ClaudeBot/1.0; +claudebot@anthropic.com)"
216.73.216.105 - - [27/Jun/2026:10:28:12 -0400] "GET /report-dist/index.php?full_path=%2Fvar%2Fsoftaculous%2Funmark&location=%2Fvar%2F HTTP/1.1" 200 4980 "-" "Mozilla/5.0 AppleWebKit/537.36 (KHTML, like Gecko; compatible; ClaudeBot/1.0; +claudebot@anthropic.com)"
216.73.216.105 - - [27/Jun/2026:10:28:15 -0400] "GET /report-dist/?file_location=%2Fusr%2Finclude%2F%2Ftiffconf-64.h&location=%2Fusr%2Finclude%2F HTTP/1.1" 200 17763 "-" "Mozilla/5.0 AppleWebKit/537.36 (KHTML, like Gecko; compatible; ClaudeBot/1.0; +claudebot@anthropic.com)"
