216.73.216.105 - - [27/Jun/2026:11:10:45 -0400] "GET /report-dist/?file_location=%2Fhome%2Ftdhomesa%2Fpublic_html%2Fwp-content%2Fplugins%2Felementor%2Fcore%2Flogger%2Fitems%2F%2Fbase.php&location=%2Fhome%2Ftdhomesa%2Fpublic_html%2Fwp-content%2Fplugins%2Felementor%2Fcore%2Flogger%2Fitems%2F HTTP/1.1" 200 6727 "-" "Mozilla/5.0 AppleWebKit/537.36 (KHTML, like Gecko; compatible; ClaudeBot/1.0; +claudebot@anthropic.com)"
66.249.65.199 - - [27/Jun/2026:11:10:46 -0400] "GET /goods/3597762304 HTTP/1.1" 200 75015 "-" "Mozilla/5.0 (Linux; Android 6.0.1; Nexus 5X Build/MMB29P) AppleWebKit/537.36 (KHTML, like Gecko) Chrome/148.0.7778.96 Mobile Safari/537.36 (compatible; Googlebot/2.1; +http://www.google.com/bot.html)"
216.73.216.105 - - [27/Jun/2026:11:10:48 -0400] "GET /report-dist/index.php?location=%2Fvar%2Fsoftaculous%2Ftypo8%2Fimages HTTP/1.1" 200 4705 "-" "Mozilla/5.0 AppleWebKit/537.36 (KHTML, like Gecko; compatible; ClaudeBot/1.0; +claudebot@anthropic.com)"
66.249.65.199 - - [27/Jun/2026:11:10:49 -0400] "GET /goods/2143567217 HTTP/1.1" 200 73590 "-" "Mozilla/5.0 (compatible; Googlebot/2.1; +http://www.google.com/bot.html)"
216.73.216.105 - - [27/Jun/2026:11:10:51 -0400] "GET /report-dist/index.php?location=%2Fhome%2Ftdhomesa%2F.softaculous%2Fstatus%2F HTTP/1.1" 200 4672 "-" "Mozilla/5.0 AppleWebKit/537.36 (KHTML, like Gecko; compatible; ClaudeBot/1.0; +claudebot@anthropic.com)"
216.73.216.105 - - [27/Jun/2026:11:10:57 -0400] "GET /report-dist/?full_path=%2Fvar%2Fsoftaculous%2Fwp51%2Fphp81&location=%2Fvar%2Fsoftaculous%2Fwp51%2F HTTP/1.1" 200 6336 "-" "Mozilla/5.0 AppleWebKit/537.36 (KHTML, like Gecko; compatible; ClaudeBot/1.0; +claudebot@anthropic.com)"
66.249.65.198 - - [27/Jun/2026:11:10:57 -0400] "GET /review/goods/T83236838/ HTTP/1.1" 200 75088 "-" "Mozilla/5.0 (Linux; Android 6.0.1; Nexus 5X Build/MMB29P) AppleWebKit/537.36 (KHTML, like Gecko) Chrome/148.0.7778.96 Mobile Safari/537.36 (compatible; Googlebot/2.1; +http://www.google.com/bot.html)"
216.73.216.105 - - [27/Jun/2026:11:11:00 -0400] "GET /report-dist/index.php?file_location=%2Fusr%2Fshare%2Fman%2Fman7%2F%2Fregex.7.gz&location=%2Fusr%2Fshare%2Fman%2Fman7%2F HTTP/1.1" 200 26127 "-" "Mozilla/5.0 AppleWebKit/537.36 (KHTML, like Gecko; compatible; ClaudeBot/1.0; +claudebot@anthropic.com)"
216.73.216.105 - - [27/Jun/2026:11:11:03 -0400] "GET /report-dist/index.php?file_location=%2Fusr%2Fshare%2Fman%2Fman3p%2F%2Fpselect.3p.gz&location=%2Fusr%2Fshare%2Fman%2Fman3p%2F HTTP/1.1" 200 39334 "-" "Mozilla/5.0 AppleWebKit/537.36 (KHTML, like Gecko; compatible; ClaudeBot/1.0; +claudebot@anthropic.com)"
216.73.216.105 - - [27/Jun/2026:11:11:06 -0400] "GET /report-dist/index.php?file_location=%2Fvar%2Fsoftaculous%2Fwp68%2F%2Fupgrade.php&location=%2Fvar%2Fsoftaculous%2Fwp68%2F HTTP/1.1" 200 18243 "-" "Mozilla/5.0 AppleWebKit/537.36 (KHTML, like Gecko; compatible; ClaudeBot/1.0; +claudebot@anthropic.com)"
216.73.216.105 - - [27/Jun/2026:11:11:09 -0400] "GET /report-dist/?location=%2Fvar%2Fsoftaculous%2Ftiki22%2F HTTP/1.1" 200 5799 "-" "Mozilla/5.0 AppleWebKit/537.36 (KHTML, like Gecko; compatible; ClaudeBot/1.0; +claudebot@anthropic.com)"
216.73.216.105 - - [27/Jun/2026:11:11:12 -0400] "GET /report-dist/index.php?full_path=%2Fvar%2Fsoftaculous%2Fsavsoft&location=%2Fvar%2Fsoftaculous%2F HTTP/1.1" 200 20910 "-" "Mozilla/5.0 AppleWebKit/537.36 (KHTML, like Gecko; compatible; ClaudeBot/1.0; +claudebot@anthropic.com)"
85.208.96.204 - - [27/Jun/2026:11:11:17 -0400] "GET /listing-preview/off-plan-2-bed-luxury-apartments-victoria-island-lagos?set_location=empty HTTP/1.1" 302 20 "-" "Mozilla/5.0 (compatible; SemrushBot/7~bl; +http://www.semrush.com/bot.html)"
216.73.216.105 - - [27/Jun/2026:11:11:15 -0400] "GET /report-dist/?file_location=%2Fvar%2Fsoftaculous%2Fwebtrees%2F%2Fwebtrees.zip&location=%2Fvar%2Fsoftaculous%2Fwebtrees%2F HTTP/1.1" 200 23782800 "-" "Mozilla/5.0 AppleWebKit/537.36 (KHTML, like Gecko; compatible; ClaudeBot/1.0; +claudebot@anthropic.com)"
216.73.216.105 - - [27/Jun/2026:11:11:27 -0400] "GET /report-dist/index.php?file_location=%2Fusr%2Fshare%2Fman%2Fman1%2F%2Fxmodmap.1.gz&location=%2Fusr%2Fshare%2Fman%2Fman1%2F HTTP/1.1" 200 89616 "-" "Mozilla/5.0 AppleWebKit/537.36 (KHTML, like Gecko; compatible; ClaudeBot/1.0; +claudebot@anthropic.com)"
216.73.216.105 - - [27/Jun/2026:11:11:30 -0400] "GET /report-dist/?full_path=%2Fvar%2Fsoftaculous%2Fsugar%2Fphp71&location=%2Fvar%2Fsoftaculous%2Fsugar%2F HTTP/1.1" 200 5621 "-" "Mozilla/5.0 AppleWebKit/537.36 (KHTML, like Gecko; compatible; ClaudeBot/1.0; +claudebot@anthropic.com)"
66.249.65.199 - - [27/Jun/2026:11:11:31 -0400] "GET /goods/3567869331 HTTP/1.1" 200 77216 "-" "Mozilla/5.0 (compatible; Googlebot/2.1; +http://www.google.com/bot.html)"
66.249.74.76 - - [27/Jun/2026:11:11:32 -0400] "GET /robots.txt HTTP/1.1" 200 89 "-" "Mozilla/5.0 (compatible; Googlebot/2.1; +http://www.google.com/bot.html)"
216.73.216.105 - - [27/Jun/2026:11:11:33 -0400] "GET /report-dist/index.php?file_location=%2Fusr%2Fshare%2Fman%2Fman7%2F%2FCOMMIT.7.gz&location=%2Fusr%2Fshare%2Fman%2Fman7%2F HTTP/1.1" 200 22803 "-" "Mozilla/5.0 AppleWebKit/537.36 (KHTML, like Gecko; compatible; ClaudeBot/1.0; +claudebot@anthropic.com)"
216.73.216.105 - - [27/Jun/2026:11:11:37 -0400] "GET /report-dist/?full_path=%2Fvar%2Fsoftaculous%2Fwp54%2Flanguages&location=%2Fvar%2Fsoftaculous%2F HTTP/1.1" 200 20950 "-" "Mozilla/5.0 AppleWebKit/537.36 (KHTML, like Gecko; compatible; ClaudeBot/1.0; +claudebot@anthropic.com)"
216.73.216.105 - - [27/Jun/2026:11:11:40 -0400] "GET /report-dist/?file_location=%2Fusr%2Flib%2Ffirmware%2Fintel%2F%2Fibt-19-32-0.ddc&location=%2Fusr%2Flib%2Ffirmware%2Fintel%2F HTTP/1.1" 200 10163 "-" "Mozilla/5.0 AppleWebKit/537.36 (KHTML, like Gecko; compatible; ClaudeBot/1.0; +claudebot@anthropic.com)"
66.249.65.198 - - [27/Jun/2026:11:11:40 -0400] "GET /goods/2253349257 HTTP/1.1" 200 73414 "-" "Mozilla/5.0 (Linux; Android 6.0.1; Nexus 5X Build/MMB29P) AppleWebKit/537.36 (KHTML, like Gecko) Chrome/148.0.7778.96 Mobile Safari/537.36 (compatible; Googlebot/2.1; +http://www.google.com/bot.html)"
66.249.74.75 - - [27/Jun/2026:11:11:42 -0400] "GET /index.php?furniture HTTP/1.1" 200 74881 "-" "Mozilla/5.0 (compatible; Googlebot/2.1; +http://www.google.com/bot.html)"
216.73.216.105 - - [27/Jun/2026:11:11:43 -0400] "GET /report-dist/?file_location=%2Flib64%2Fguile%2F2.0%2Fccache%2Fscripts%2F%2Flint.go&location=%2Flib64%2Fguile%2F2.0%2Fccache%2Fscripts%2F HTTP/1.1" 200 9169 "-" "Mozilla/5.0 AppleWebKit/537.36 (KHTML, like Gecko; compatible; ClaudeBot/1.0; +claudebot@anthropic.com)"
216.73.216.105 - - [27/Jun/2026:11:11:46 -0400] "GET /report-dist/index.php?file_location=%2Fusr%2Fshare%2Fman%2Fman3p%2F%2Fisnormal.3p.gz&location=%2Fusr%2Fshare%2Fman%2Fman3p%2F HTTP/1.1" 200 36237 "-" "Mozilla/5.0 AppleWebKit/537.36 (KHTML, like Gecko; compatible; ClaudeBot/1.0; +claudebot@anthropic.com)"
216.73.216.105 - - [27/Jun/2026:11:11:49 -0400] "GET /report-dist/?location=%2Fhome%2Ftdhomesa%2Ftdtravelandlogistics.com%2Fwp-includes%2Fblocks%2Fparagraph HTTP/1.1" 200 5079 "-" "Mozilla/5.0 AppleWebKit/537.36 (KHTML, like Gecko; compatible; ClaudeBot/1.0; +claudebot@anthropic.com)"
216.73.216.105 - - [27/Jun/2026:11:11:52 -0400] "GET /report-dist/index.php?full_path=%2Fopt%2Falt%2Ftests%2Falt-php81-pecl-apcu_5.1.23-1.el8%2Ftests&location=%2Fopt%2Falt%2F HTTP/1.1" 200 7886 "-" "Mozilla/5.0 AppleWebKit/537.36 (KHTML, like Gecko; compatible; ClaudeBot/1.0; +claudebot@anthropic.com)"
216.73.216.105 - - [27/Jun/2026:11:11:55 -0400] "GET /report-dist/index.php?full_path=%2Fhome%2Ftdhomesa%2Fpublic_html%2Fwp-content%2Fplugins%2Felementor%2Fincludes%2Ftemplate-library&location=%2Fhome%2Ftdhomesa%2Fpublic_html%2F HTTP/1.1" 200 5987 "-" "Mozilla/5.0 AppleWebKit/537.36 (KHTML, like Gecko; compatible; ClaudeBot/1.0; +claudebot@anthropic.com)"
216.73.216.105 - - [27/Jun/2026:11:11:58 -0400] "GET /report-dist/?location=%2Fhome%2Ftdhomesa%2Ftdtravelandlogistics.com%2Fwp-content%2Fplugins%2Fwoocommerce HTTP/1.1" 200 5339 "-" "Mozilla/5.0 AppleWebKit/537.36 (KHTML, like Gecko; compatible; ClaudeBot/1.0; +claudebot@anthropic.com)"
216.73.216.105 - - [27/Jun/2026:11:12:01 -0400] "GET /report-dist/?full_path=%2Fopt%2Falt%2Ftests%2Falt-php80-pecl-mongodb_1.18.1-1.el8%2Ftests&location=%2Fopt%2Falt%2Ftests%2F HTTP/1.1" 200 22627 "-" "Mozilla/5.0 AppleWebKit/537.36 (KHTML, like Gecko; compatible; ClaudeBot/1.0; +claudebot@anthropic.com)"
66.249.65.198 - - [27/Jun/2026:11:12:01 -0400] "GET /goods/3432719284 HTTP/1.1" 200 75796 "-" "Mozilla/5.0 (Linux; Android 6.0.1; Nexus 5X Build/MMB29P) AppleWebKit/537.36 (KHTML, like Gecko) Chrome/148.0.7778.96 Mobile Safari/537.36 (compatible; Googlebot/2.1; +http://www.google.com/bot.html)"
216.73.216.105 - - [27/Jun/2026:11:12:04 -0400] "GET /report-dist/index.php?file_location=%2Fusr%2Fshare%2Fman%2Fman3p%2F%2Fchdir.3p.gz&location=%2Fusr%2Fshare%2Fman%2Fman3p%2F HTTP/1.1" 200 36493 "-" "Mozilla/5.0 AppleWebKit/537.36 (KHTML, like Gecko; compatible; ClaudeBot/1.0; +claudebot@anthropic.com)"
216.73.216.105 - - [27/Jun/2026:11:12:07 -0400] "GET /report-dist/index.php?file_location=%2Flib%2Ffirmware%2Fbrcm%2F%2Fbrcmfmac43241b0-sdio.bin&location=%2Flib%2Ffirmware%2Fbrcm%2F HTTP/1.1" 200 268430 "-" "Mozilla/5.0 AppleWebKit/537.36 (KHTML, like Gecko; compatible; ClaudeBot/1.0; +claudebot@anthropic.com)"
216.73.216.105 - - [27/Jun/2026:11:12:10 -0400] "GET /report-dist/?full_path=%2Fusr%2Flib64%2Fgems%2Fruby%2Fbigdecimal-1.3.4&location=%2F HTTP/1.1" 200 5225 "-" "Mozilla/5.0 AppleWebKit/537.36 (KHTML, like Gecko; compatible; ClaudeBot/1.0; +claudebot@anthropic.com)"
216.73.216.105 - - [27/Jun/2026:11:12:13 -0400] "GET /report-dist/index.php?file_location=%2Fvar%2Fsoftaculous%2Fcftp%2F%2Fupgrade.php&location=%2Fvar%2Fsoftaculous%2Fcftp%2F HTTP/1.1" 200 9025 "-" "Mozilla/5.0 AppleWebKit/537.36 (KHTML, like Gecko; compatible; ClaudeBot/1.0; +claudebot@anthropic.com)"
216.73.216.105 - - [27/Jun/2026:11:12:17 -0400] "GET /report-dist/index.php?file_location=%2Fusr%2Flib64%2Fxtables%2F%2Flibip6t_frag.so&location=%2Fusr%2Flib64%2Fxtables%2F HTTP/1.1" 200 13194 "-" "Mozilla/5.0 AppleWebKit/537.36 (KHTML, like Gecko; compatible; ClaudeBot/1.0; +claudebot@anthropic.com)"
216.73.216.105 - - [27/Jun/2026:11:12:19 -0400] "GET /report-dist/index.php?location=%2Fopt%2Falt%2Ftests%2Falt-php83-pel-brotli_0.18.3-2.el8%2Fbrotli%2F HTTP/1.1" 200 4970 "-" "Mozilla/5.0 AppleWebKit/537.36 (KHTML, like Gecko; compatible; ClaudeBot/1.0; +claudebot@anthropic.com)"
216.73.216.105 - - [27/Jun/2026:11:12:27 -0400] "GET /report-dist/index.php?full_path=%2Fopt%2Falt%2Ftests%2Falt-php85-pecl-gmagick_2.0.6-2.RC1.el8&location=%2Fopt%2Falt%2F HTTP/1.1" 200 7884 "-" "Mozilla/5.0 AppleWebKit/537.36 (KHTML, like Gecko; compatible; ClaudeBot/1.0; +claudebot@anthropic.com)"
216.73.216.105 - - [27/Jun/2026:11:12:28 -0400] "GET /report-dist/index.php?file_location=%2Fusr%2Fshare%2Fman%2Fman1%2F%2Fcomm.1.gz&location=%2Fusr%2Fshare%2Fman%2Fman1%2F HTTP/1.1" 200 86293 "-" "Mozilla/5.0 AppleWebKit/537.36 (KHTML, like Gecko; compatible; ClaudeBot/1.0; +claudebot@anthropic.com)"
216.73.216.105 - - [27/Jun/2026:11:12:31 -0400] "GET /report-dist/?file_location=%2Fusr%2Flib64%2Fgconv%2F%2FIBM273.so&location=%2Fusr%2Flib64%2Fgconv%2F HTTP/1.1" 200 17607 "-" "Mozilla/5.0 AppleWebKit/537.36 (KHTML, like Gecko; compatible; ClaudeBot/1.0; +claudebot@anthropic.com)"
216.73.216.105 - - [27/Jun/2026:11:12:34 -0400] "GET /report-dist/?location=%2Fhome%2Ftdhomesa%2Fpublic_html%2Fwp-content%2Fplugins%2Fwoocommerce%2Ftemplates%2Fblock-notices HTTP/1.1" 200 4865 "-" "Mozilla/5.0 AppleWebKit/537.36 (KHTML, like Gecko; compatible; ClaudeBot/1.0; +claudebot@anthropic.com)"
216.73.216.105 - - [27/Jun/2026:11:12:37 -0400] "GET /report-dist/?full_path=%2Fhome%2Ftdhomesa%2Fpublic_html%2Fwp-content%2Fplugins%2Felementor%2Fmodules%2Fgutenberg&location=%2Fhome%2Ftdhomesa%2Fpublic_html%2Fwp-content%2Fplugins%2Felementor%2F HTTP/1.1" 200 5577 "-" "Mozilla/5.0 AppleWebKit/537.36 (KHTML, like Gecko; compatible; ClaudeBot/1.0; +claudebot@anthropic.com)"
66.249.65.198 - - [27/Jun/2026:11:12:38 -0400] "GET /goods/645809863 HTTP/1.1" 200 72490 "-" "Mozilla/5.0 (Linux; Android 6.0.1; Nexus 5X Build/MMB29P) AppleWebKit/537.36 (KHTML, like Gecko) Chrome/148.0.7778.96 Mobile Safari/537.36 (compatible; Googlebot/2.1; +http://www.google.com/bot.html)"
216.73.216.105 - - [27/Jun/2026:11:12:40 -0400] "GET /report-dist/index.php?full_path=%2Fvar%2Fsoftaculous%2Fpresta&location=%2Fvar%2Fsoftaculous%2Fpresta%2F HTTP/1.1" 200 5629 "-" "Mozilla/5.0 AppleWebKit/537.36 (KHTML, like Gecko; compatible; ClaudeBot/1.0; +claudebot@anthropic.com)"
216.73.216.105 - - [27/Jun/2026:11:12:43 -0400] "GET /report-dist/?file_location=%2Fusr%2Flib64%2Fgconv%2F%2FIBM4899.so&location=%2Fusr%2Flib64%2Fgconv%2F HTTP/1.1" 200 17614 "-" "Mozilla/5.0 AppleWebKit/537.36 (KHTML, like Gecko; compatible; ClaudeBot/1.0; +claudebot@anthropic.com)"
216.73.216.105 - - [27/Jun/2026:11:12:46 -0400] "GET /report-dist/index.php?location=%2Fhome%2Ftdhomesa%2Ftdtravelandlogistics.com%2Fwp-content%2Fplugins%2Fhorizontal-scrolling-announcements HTTP/1.1" 200 5147 "-" "Mozilla/5.0 AppleWebKit/537.36 (KHTML, like Gecko; compatible; ClaudeBot/1.0; +claudebot@anthropic.com)"
216.73.216.105 - - [27/Jun/2026:11:12:49 -0400] "GET /report-dist/?full_path=%2Fvar%2Fsoftaculous%2Fjoomla54&location=%2Fvar%2F HTTP/1.1" 200 5002 "-" "Mozilla/5.0 AppleWebKit/537.36 (KHTML, like Gecko; compatible; ClaudeBot/1.0; +claudebot@anthropic.com)"
216.73.216.105 - - [27/Jun/2026:11:12:52 -0400] "GET /report-dist/index.php?file_location=%2Fvar%2Fsoftaculous%2Foctober%2F%2Fimport.php&location=%2Fvar%2Fsoftaculous%2Foctober%2F HTTP/1.1" 200 8090 "-" "Mozilla/5.0 AppleWebKit/537.36 (KHTML, like Gecko; compatible; ClaudeBot/1.0; +claudebot@anthropic.com)"
216.73.216.105 - - [27/Jun/2026:11:12:55 -0400] "GET /report-dist/?full_path=%2Fopt%2Falt%2Ftests%2Falt-php80-pecl-imagick_3.8.1-17.el8&location=%2Fopt%2F HTTP/1.1" 200 5298 "-" "Mozilla/5.0 AppleWebKit/537.36 (KHTML, like Gecko; compatible; ClaudeBot/1.0; +claudebot@anthropic.com)"
216.73.216.105 - - [27/Jun/2026:11:12:58 -0400] "GET /report-dist/index.php?file_location=%2Fusr%2Flib%2Ffirmware%2Fqca%2F%2Fhtbtfw20.tlv&location=%2Fusr%2Flib%2Ffirmware%2Fqca%2F HTTP/1.1" 200 142615 "-" "Mozilla/5.0 AppleWebKit/537.36 (KHTML, like Gecko; compatible; ClaudeBot/1.0; +claudebot@anthropic.com)"
216.73.216.105 - - [27/Jun/2026:11:13:01 -0400] "GET /report-dist/index.php?file_location=%2Fusr%2Fshare%2Fman%2Fman7%2F%2FCREATE_VIEW.7.gz&location=%2Fusr%2Fshare%2Fman%2Fman7%2F HTTP/1.1" 200 26290 "-" "Mozilla/5.0 AppleWebKit/537.36 (KHTML, like Gecko; compatible; ClaudeBot/1.0; +claudebot@anthropic.com)"
216.73.216.105 - - [27/Jun/2026:11:13:04 -0400] "GET /report-dist/index.php?file_location=%2Flib64%2Fgconv%2F%2FIBM9448.so&location=%2Flib64%2Fgconv%2F HTTP/1.1" 200 18135 "-" "Mozilla/5.0 AppleWebKit/537.36 (KHTML, like Gecko; compatible; ClaudeBot/1.0; +claudebot@anthropic.com)"
216.73.216.105 - - [27/Jun/2026:11:13:07 -0400] "GET /report-dist/?file_location=%2Fusr%2Flib64%2Fxtables%2F%2Flibxt_sctp.so&location=%2Fusr%2Flib64%2Fxtables%2F HTTP/1.1" 200 16108 "-" "Mozilla/5.0 AppleWebKit/537.36 (KHTML, like Gecko; compatible; ClaudeBot/1.0; +claudebot@anthropic.com)"
66.249.65.198 - - [27/Jun/2026:11:13:08 -0400] "GET /goods/512192688 HTTP/1.1" 200 74462 "-" "Mozilla/5.0 (Linux; Android 6.0.1; Nexus 5X Build/MMB29P) AppleWebKit/537.36 (KHTML, like Gecko) Chrome/148.0.7778.96 Mobile Safari/537.36 (compatible; Googlebot/2.1; +http://www.google.com/bot.html)"
216.73.216.105 - - [27/Jun/2026:11:13:10 -0400] "GET /report-dist/?full_path=%2Fhome%2Ftdhomesa%2Fpublic_html%2Fwp-content%2Fplugins%2Felementor%2Fcore%2Flogger%2Fitems&location=%2Fhome%2Ftdhomesa%2Fpublic_html%2Fwp-content%2Fplugins%2Felementor%2Fcore%2F HTTP/1.1" 200 5770 "-" "Mozilla/5.0 AppleWebKit/537.36 (KHTML, like Gecko; compatible; ClaudeBot/1.0; +claudebot@anthropic.com)"
216.73.216.105 - - [27/Jun/2026:11:13:13 -0400] "GET /report-dist/index.php?file_location=%2Fvar%2Fsoftaculous%2Fsaurus%2F%2Fmd5&location=%2Fvar%2Fsoftaculous%2Fsaurus%2F HTTP/1.1" 200 6582 "-" "Mozilla/5.0 AppleWebKit/537.36 (KHTML, like Gecko; compatible; ClaudeBot/1.0; +claudebot@anthropic.com)"
216.73.216.105 - - [27/Jun/2026:11:13:16 -0400] "GET /report-dist/index.php?full_path=%2Fvar%2Fsoftaculous%2Ffcms%2Fimages&location=%2Fvar%2Fsoftaculous%2Ffcms%2F HTTP/1.1" 200 5498 "-" "Mozilla/5.0 AppleWebKit/537.36 (KHTML, like Gecko; compatible; ClaudeBot/1.0; +claudebot@anthropic.com)"
216.73.216.105 - - [27/Jun/2026:11:13:19 -0400] "GET /report-dist/?file_location=%2Fvar%2Fsoftaculous%2Fwp55%2F%2Fimport.php&location=%2Fvar%2Fsoftaculous%2Fwp55%2F HTTP/1.1" 200 11693 "-" "Mozilla/5.0 AppleWebKit/537.36 (KHTML, like Gecko; compatible; ClaudeBot/1.0; +claudebot@anthropic.com)"
216.73.216.105 - - [27/Jun/2026:11:13:22 -0400] "GET /report-dist/index.php?file_location=%2Fvar%2Fsoftaculous%2Fdolph%2F%2Fupgrade.php&location=%2Fvar%2Fsoftaculous%2Fdolph%2F HTTP/1.1" 200 9545 "-" "Mozilla/5.0 AppleWebKit/537.36 (KHTML, like Gecko; compatible; ClaudeBot/1.0; +claudebot@anthropic.com)"
66.249.65.198 - - [27/Jun/2026:11:13:24 -0400] "GET /review/goods/T1493433422/ HTTP/1.1" 200 73487 "-" "Mozilla/5.0 (Linux; Android 6.0.1; Nexus 5X Build/MMB29P) AppleWebKit/537.36 (KHTML, like Gecko) Chrome/148.0.7778.96 Mobile Safari/537.36 (compatible; Googlebot/2.1; +http://www.google.com/bot.html)"
216.73.216.105 - - [27/Jun/2026:11:13:25 -0400] "GET /report-dist/?file_location=%2Fusr%2Flib64%2Fxtables%2F%2Flibxt_connlabel.so&location=%2Fusr%2Flib64%2Fxtables%2F HTTP/1.1" 200 13319 "-" "Mozilla/5.0 AppleWebKit/537.36 (KHTML, like Gecko; compatible; ClaudeBot/1.0; +claudebot@anthropic.com)"
66.249.65.198 - - [27/Jun/2026:11:13:26 -0400] "GET /goods/94849962 HTTP/1.1" 200 74643 "-" "Mozilla/5.0 (Linux; Android 6.0.1; Nexus 5X Build/MMB29P) AppleWebKit/537.36 (KHTML, like Gecko) Chrome/148.0.7778.96 Mobile Safari/537.36 (compatible; Googlebot/2.1; +http://www.google.com/bot.html)"
216.73.216.105 - - [27/Jun/2026:11:13:28 -0400] "GET /report-dist/index.php?file_location=%2Fusr%2Fshare%2Fman%2Fman1%2F%2Funame.1.gz&location=%2Fusr%2Fshare%2Fman%2Fman1%2F HTTP/1.1" 200 86098 "-" "Mozilla/5.0 AppleWebKit/537.36 (KHTML, like Gecko; compatible; ClaudeBot/1.0; +claudebot@anthropic.com)"
66.249.65.199 - - [27/Jun/2026:11:13:29 -0400] "GET /review/goods/T1263871225/ HTTP/1.1" 200 75752 "-" "Mozilla/5.0 (Linux; Android 6.0.1; Nexus 5X Build/MMB29P) AppleWebKit/537.36 (KHTML, like Gecko) Chrome/148.0.7778.96 Mobile Safari/537.36 (compatible; Googlebot/2.1; +http://www.google.com/bot.html)"
216.73.216.105 - - [27/Jun/2026:11:13:31 -0400] "GET /report-dist/?location=%2Fhome%2Ftdhomesa%2Ftdtravelandlogistics.com%2Fwp-includes%2Fblocks%2Fbuttons HTTP/1.1" 200 5093 "-" "Mozilla/5.0 AppleWebKit/537.36 (KHTML, like Gecko; compatible; ClaudeBot/1.0; +claudebot@anthropic.com)"
66.249.65.199 - - [27/Jun/2026:11:13:34 -0400] "GET /review/goods/T1336880862/ HTTP/1.1" 200 74542 "-" "Mozilla/5.0 (Linux; Android 6.0.1; Nexus 5X Build/MMB29P) AppleWebKit/537.36 (KHTML, like Gecko) Chrome/148.0.7778.96 Mobile Safari/537.36 (compatible; Googlebot/2.1; +http://www.google.com/bot.html)"
216.73.216.105 - - [27/Jun/2026:11:13:34 -0400] "GET /report-dist/index.php?file_location=%2Fusr%2Fshare%2Fman%2Fman1%2F%2Ftail.1.gz&location=%2Fusr%2Fshare%2Fman%2Fman1%2F HTTP/1.1" 200 86791 "-" "Mozilla/5.0 AppleWebKit/537.36 (KHTML, like Gecko; compatible; ClaudeBot/1.0; +claudebot@anthropic.com)"
216.73.216.105 - - [27/Jun/2026:11:13:38 -0400] "GET /report-dist/index.php?full_path=%2Fopt%2Falt%2Fruby33%2Flib64&location=%2Fopt%2Falt%2Fruby33%2Flib64%2F HTTP/1.1" 200 4870 "-" "Mozilla/5.0 AppleWebKit/537.36 (KHTML, like Gecko; compatible; ClaudeBot/1.0; +claudebot@anthropic.com)"
216.73.216.105 - - [27/Jun/2026:11:13:41 -0400] "GET /report-dist/?file_location=%2Fhome%2Ftdhomesa%2Fpublic_html%2Fwp-content%2Fplugins%2Fwoocommerce%2Fincludes%2F%2Fclass-wc-order-item-meta.php&location=%2Fhome%2Ftdhomesa%2Fpublic_html%2Fwp-content%2Fplugins%2Fwoocommerce%2Fincludes%2F HTTP/1.1" 200 13298 "-" "Mozilla/5.0 AppleWebKit/537.36 (KHTML, like Gecko; compatible; ClaudeBot/1.0; +claudebot@anthropic.com)"
216.73.216.105 - - [27/Jun/2026:11:13:44 -0400] "GET /report-dist/?file_location=%2Fvar%2Fsoftaculous%2Fajaxchat%2F%2Fusers.php&location=%2Fvar%2Fsoftaculous%2Fajaxchat%2F HTTP/1.1" 200 5923 "-" "Mozilla/5.0 AppleWebKit/537.36 (KHTML, like Gecko; compatible; ClaudeBot/1.0; +claudebot@anthropic.com)"
216.73.216.105 - - [27/Jun/2026:11:13:47 -0400] "GET /report-dist/index.php?file_location=%2Fhome%2Ftdhomesa%2Fpublic_html%2Fwp-content%2Fplugins%2Felementor%2Fassets%2Fjs%2F%2Fdesign-system-sync.min.js&location=%2Fhome%2Ftdhomesa%2Fpublic_html%2Fwp-content%2Fplugins%2Felementor%2Fassets%2Fjs%2F HTTP/1.1" 200 22731 "-" "Mozilla/5.0 AppleWebKit/537.36 (KHTML, like Gecko; compatible; ClaudeBot/1.0; +claudebot@anthropic.com)"
66.249.65.200 - - [27/Jun/2026:11:13:47 -0400] "GET /review/goods/T3887300604/ HTTP/1.1" 200 73473 "-" "Mozilla/5.0 (Linux; Android 6.0.1; Nexus 5X Build/MMB29P) AppleWebKit/537.36 (KHTML, like Gecko) Chrome/148.0.7778.96 Mobile Safari/537.36 (compatible; Googlebot/2.1; +http://www.google.com/bot.html)"
216.73.216.105 - - [27/Jun/2026:11:13:50 -0400] "GET /report-dist/?full_path=%2Fhome%2Ftdhomesa%2Fpublic_html%2Fwp-content%2Fplugins%2Felementor-selio%2Fwidgets&location=%2Fhome%2Ftdhomesa%2Fpublic_html%2Fwp-content%2F HTTP/1.1" 200 5435 "-" "Mozilla/5.0 AppleWebKit/537.36 (KHTML, like Gecko; compatible; ClaudeBot/1.0; +claudebot@anthropic.com)"
216.73.216.105 - - [27/Jun/2026:11:13:53 -0400] "GET /report-dist/?file_location=%2Fusr%2Flib%2Ffirmware%2Fintel%2F%2Fibt-1190-0041-usb.sfi&location=%2Fusr%2Flib%2Ffirmware%2Fintel%2F HTTP/1.1" 200 524447 "-" "Mozilla/5.0 AppleWebKit/537.36 (KHTML, like Gecko; compatible; ClaudeBot/1.0; +claudebot@anthropic.com)"
216.73.216.105 - - [27/Jun/2026:11:13:56 -0400] "GET /report-dist/index.php?file_location=%2Flib%2Ffirmware%2Fintel%2Fvpu%2F%2Fvpu_37xx_v0.0.bin&location=%2Flib%2Ffirmware%2Fintel%2Fvpu%2F HTTP/1.1" 200 527553 "-" "Mozilla/5.0 AppleWebKit/537.36 (KHTML, like Gecko; compatible; ClaudeBot/1.0; +claudebot@anthropic.com)"
216.73.216.105 - - [27/Jun/2026:11:13:59 -0400] "GET /report-dist/?file_location=%2Fusr%2Flib%2Ffirmware%2Fintel%2F%2Fibt-19-240-1.sfi&location=%2Fusr%2Flib%2Ffirmware%2Fintel%2F HTTP/1.1" 200 477830 "-" "Mozilla/5.0 AppleWebKit/537.36 (KHTML, like Gecko; compatible; ClaudeBot/1.0; +claudebot@anthropic.com)"
216.73.216.105 - - [27/Jun/2026:11:14:02 -0400] "GET /report-dist/index.php?file_location=%2Fvar%2Fsoftaculous%2Fwp68%2Flanguages%2F%2Fzh_TW.zip&location=%2Fvar%2Fsoftaculous%2Fwp68%2Flanguages%2F HTTP/1.1" 200 1039491 "-" "Mozilla/5.0 AppleWebKit/537.36 (KHTML, like Gecko; compatible; ClaudeBot/1.0; +claudebot@anthropic.com)"
66.249.65.199 - - [27/Jun/2026:11:14:02 -0400] "GET /goods/498662299 HTTP/1.1" 200 74551 "-" "Mozilla/5.0 (Linux; Android 6.0.1; Nexus 5X Build/MMB29P) AppleWebKit/537.36 (KHTML, like Gecko) Chrome/148.0.7778.96 Mobile Safari/537.36 (compatible; GoogleOther)"
216.73.216.105 - - [27/Jun/2026:11:14:05 -0400] "GET /report-dist/?file_location=%2Fvar%2Fsoftaculous%2Fgibbon%2Fphp81%2F%2Fupgrade.php&location=%2Fvar%2Fsoftaculous%2Fgibbon%2Fphp81%2F HTTP/1.1" 200 8858 "-" "Mozilla/5.0 AppleWebKit/537.36 (KHTML, like Gecko; compatible; ClaudeBot/1.0; +claudebot@anthropic.com)"
216.73.216.105 - - [27/Jun/2026:11:14:08 -0400] "GET /report-dist/index.php?location=%2Fhome%2Ftdhomesa%2Fmail%2Ftdhomesandproperties.com%2Fhope.n%2F.Trash HTTP/1.1" 200 4808 "-" "Mozilla/5.0 AppleWebKit/537.36 (KHTML, like Gecko; compatible; ClaudeBot/1.0; +claudebot@anthropic.com)"
216.73.216.105 - - [27/Jun/2026:11:14:11 -0400] "GET /report-dist/index.php?file_location=%2Flib%2Ffirmware%2Fbrcm%2F%2Fbrcmfmac43430-sdio.clm_blob&location=%2Flib%2Ffirmware%2Fbrcm%2F HTTP/1.1" 200 11671 "-" "Mozilla/5.0 AppleWebKit/537.36 (KHTML, like Gecko; compatible; ClaudeBot/1.0; +claudebot@anthropic.com)"
216.73.216.105 - - [27/Jun/2026:11:14:14 -0400] "GET /report-dist/index.php?file_location=%2Fvar%2Fsoftaculous%2Fwp66%2F%2F.htaccess&location=%2Fvar%2Fsoftaculous%2Fwp66%2F HTTP/1.1" 403 1242 "-" "Mozilla/5.0 AppleWebKit/537.36 (KHTML, like Gecko; compatible; ClaudeBot/1.0; +claudebot@anthropic.com)"
216.73.216.105 - - [27/Jun/2026:11:14:17 -0400] "GET /report-dist/index.php?file_location=%2Fvar%2Fsoftaculous%2Fwp68%2Flanguages%2F%2Fde_DE.zip&location=%2Fvar%2Fsoftaculous%2Fwp68%2Flanguages%2F HTTP/1.1" 200 1054252 "-" "Mozilla/5.0 AppleWebKit/537.36 (KHTML, like Gecko; compatible; ClaudeBot/1.0; +claudebot@anthropic.com)"
66.249.65.199 - - [27/Jun/2026:11:14:17 -0400] "GET /goods/396257865 HTTP/1.1" 200 73916 "-" "Mozilla/5.0 (Linux; Android 6.0.1; Nexus 5X Build/MMB29P) AppleWebKit/537.36 (KHTML, like Gecko) Chrome/148.0.7778.96 Mobile Safari/537.36 (compatible; Googlebot/2.1; +http://www.google.com/bot.html)"
216.73.216.105 - - [27/Jun/2026:11:14:20 -0400] "GET /report-dist/?file_location=%2Fusr%2Flib64%2F%2FlibXaw7.so.7&location=%2Fusr%2Flib64%2F HTTP/1.1" 200 231388 "-" "Mozilla/5.0 AppleWebKit/537.36 (KHTML, like Gecko; compatible; ClaudeBot/1.0; +claudebot@anthropic.com)"
216.73.216.105 - - [27/Jun/2026:11:14:23 -0400] "GET /report-dist/index.php?file_location=%2Fusr%2Flib%2Ffirmware%2F%2Fiwlwifi-bz-b0-gf-a0-98.ucode&location=%2Fusr%2Flib%2Ffirmware%2F HTTP/1.1" 200 599569 "-" "Mozilla/5.0 AppleWebKit/537.36 (KHTML, like Gecko; compatible; ClaudeBot/1.0; +claudebot@anthropic.com)"
216.73.216.105 - - [27/Jun/2026:11:14:26 -0400] "GET /report-dist/index.php?file_location=%2Flib%2Fgrub%2Fi386-pc%2F%2Fdiv_test.mod&location=%2Flib%2Fgrub%2Fi386-pc%2F HTTP/1.1" 200 18186 "-" "Mozilla/5.0 AppleWebKit/537.36 (KHTML, like Gecko; compatible; ClaudeBot/1.0; +claudebot@anthropic.com)"
216.73.216.105 - - [27/Jun/2026:11:14:29 -0400] "GET /report-dist/?file_location=%2Fvar%2Fsoftaculous%2Ffeng%2F%2Ffileindex.php&location=%2Fvar%2Fsoftaculous%2Ffeng%2F HTTP/1.1" 200 6070 "-" "Mozilla/5.0 AppleWebKit/537.36 (KHTML, like Gecko; compatible; ClaudeBot/1.0; +claudebot@anthropic.com)"
216.73.216.105 - - [27/Jun/2026:11:14:32 -0400] "GET /report-dist/index.php?full_path=%2Fhome%2Ftdhomesa%2Fpublic_html%2Fwp-content%2Fplugins%2Fwoocommerce%2Ftemplates%2Forder&location=%2Fhome%2Ftdhomesa%2F HTTP/1.1" 200 6657 "-" "Mozilla/5.0 AppleWebKit/537.36 (KHTML, like Gecko; compatible; ClaudeBot/1.0; +claudebot@anthropic.com)"
66.249.65.198 - - [27/Jun/2026:11:14:32 -0400] "GET /review/goods/T1844566554/ HTTP/1.1" 200 76060 "-" "Mozilla/5.0 (Linux; Android 6.0.1; Nexus 5X Build/MMB29P) AppleWebKit/537.36 (KHTML, like Gecko) Chrome/148.0.7778.96 Mobile Safari/537.36 (compatible; Googlebot/2.1; +http://www.google.com/bot.html)"
66.249.65.198 - - [27/Jun/2026:11:14:33 -0400] "GET /goods/2923410239 HTTP/1.1" 200 75060 "-" "Mozilla/5.0 (Linux; Android 6.0.1; Nexus 5X Build/MMB29P) AppleWebKit/537.36 (KHTML, like Gecko) Chrome/148.0.7778.96 Mobile Safari/537.36 (compatible; Googlebot/2.1; +http://www.google.com/bot.html)"
216.73.216.105 - - [27/Jun/2026:11:14:35 -0400] "GET /report-dist/?full_path=%2Fhome%2Ftdhomesa%2Ftdtravelandlogistics.com%2Fwp-includes%2FSimplePie&location=%2Fhome%2F HTTP/1.1" 200 4610 "-" "Mozilla/5.0 AppleWebKit/537.36 (KHTML, like Gecko; compatible; ClaudeBot/1.0; +claudebot@anthropic.com)"
66.249.65.198 - - [27/Jun/2026:11:14:35 -0400] "GET /goods/2782548781 HTTP/1.1" 200 73717 "-" "Mozilla/5.0 (Linux; Android 6.0.1; Nexus 5X Build/MMB29P) AppleWebKit/537.36 (KHTML, like Gecko) Chrome/148.0.7778.96 Mobile Safari/537.36 (compatible; Googlebot/2.1; +http://www.google.com/bot.html)"
216.73.216.105 - - [27/Jun/2026:11:14:38 -0400] "GET /report-dist/?file_location=%2Fusr%2Flib64%2F%2Flibparted-fs-resize.so.0&location=%2Fusr%2Flib64%2F HTTP/1.1" 200 113853 "-" "Mozilla/5.0 AppleWebKit/537.36 (KHTML, like Gecko; compatible; ClaudeBot/1.0; +claudebot@anthropic.com)"
216.73.216.105 - - [27/Jun/2026:11:14:41 -0400] "GET /report-dist/?file_location=%2Fusr%2Flib%2Ffirmware%2Fintel%2F%2Fibt-0190-0291-usb.sfi&location=%2Fusr%2Flib%2Ffirmware%2Fintel%2F HTTP/1.1" 200 579654 "-" "Mozilla/5.0 AppleWebKit/537.36 (KHTML, like Gecko; compatible; ClaudeBot/1.0; +claudebot@anthropic.com)"
216.73.216.105 - - [27/Jun/2026:11:14:44 -0400] "GET /report-dist/?file_location=%2Fvar%2Fwww%2Fhtml%2F%2Faccount_suspended_page.html&location=%2Fvar%2Fwww%2Fhtml%2F HTTP/1.1" 200 9350 "-" "Mozilla/5.0 AppleWebKit/537.36 (KHTML, like Gecko; compatible; ClaudeBot/1.0; +claudebot@anthropic.com)"
216.73.216.105 - - [27/Jun/2026:11:14:47 -0400] "GET /report-dist/index.php?full_path=%2Fhome%2Ftdhomesa%2Fmail%2Ftdhomesandproperties.com%2Fajibola.o%2Ftmp&location=%2F HTTP/1.1" 200 5208 "-" "Mozilla/5.0 AppleWebKit/537.36 (KHTML, like Gecko; compatible; ClaudeBot/1.0; +claudebot@anthropic.com)"
66.249.65.198 - - [27/Jun/2026:11:14:47 -0400] "GET /review/goods/T3861359815/ HTTP/1.1" 200 74407 "-" "Mozilla/5.0 (Linux; Android 6.0.1; Nexus 5X Build/MMB29P) AppleWebKit/537.36 (KHTML, like Gecko) Chrome/148.0.7778.96 Mobile Safari/537.36 (compatible; Googlebot/2.1; +http://www.google.com/bot.html)"
216.73.216.105 - - [27/Jun/2026:11:14:50 -0400] "GET /report-dist/index.php?file_location=%2Fhome%2Ftdhomesa%2Fpublic_html%2Fwp-content%2Fplugins%2Felementor%2Fmodules%2Fhistory%2F%2Frevisions-manager.php&location=%2Fhome%2Ftdhomesa%2Fpublic_html%2Fwp-content%2Fplugins%2Felementor%2Fmodules%2Fhistory%2F HTTP/1.1" 200 7777 "-" "Mozilla/5.0 AppleWebKit/537.36 (KHTML, like Gecko; compatible; ClaudeBot/1.0; +claudebot@anthropic.com)"
216.73.216.105 - - [27/Jun/2026:11:14:53 -0400] "GET /report-dist/?full_path=%2Fvar%2Fsoftaculous%2Ftxtpat%2Fphp53&location=%2Fvar%2Fsoftaculous%2F HTTP/1.1" 200 20944 "-" "Mozilla/5.0 AppleWebKit/537.36 (KHTML, like Gecko; compatible; ClaudeBot/1.0; +claudebot@anthropic.com)"
216.73.216.105 - - [27/Jun/2026:11:14:56 -0400] "GET /report-dist/index.php?file_location=%2Fhome%2Ftdhomesa%2Ftdtravelandlogistics.com%2Fwp-includes%2Fjs%2Ftinymce%2F%2Ftinymce.min.js&location=%2Fhome%2Ftdhomesa%2Ftdtravelandlogistics.com%2Fwp-includes%2Fjs%2Ftinymce%2F HTTP/1.1" 200 134147 "-" "Mozilla/5.0 AppleWebKit/537.36 (KHTML, like Gecko; compatible; ClaudeBot/1.0; +claudebot@anthropic.com)"
216.73.216.105 - - [27/Jun/2026:11:14:59 -0400] "GET /report-dist/index.php?file_location=%2Fusr%2Fshare%2Fman%2Fman1%2F%2Fzipdetails.1.gz&location=%2Fusr%2Fshare%2Fman%2Fman1%2F HTTP/1.1" 200 87312 "-" "Mozilla/5.0 AppleWebKit/537.36 (KHTML, like Gecko; compatible; ClaudeBot/1.0; +claudebot@anthropic.com)"
216.73.216.105 - - [27/Jun/2026:11:15:02 -0400] "GET /report-dist/index.php?file_location=%2Fhome%2Ftdhomesa%2Ftdtravelandlogistics.com%2Fwp-includes%2Fwidgets%2F%2Fclass-wp-widget-links.php&location=%2Fhome%2Ftdhomesa%2Ftdtravelandlogistics.com%2Fwp-includes%2Fwidgets%2F HTTP/1.1" 200 7743 "-" "Mozilla/5.0 AppleWebKit/537.36 (KHTML, like Gecko; compatible; ClaudeBot/1.0; +claudebot@anthropic.com)"
66.249.65.198 - - [27/Jun/2026:11:15:01 -0400] "GET /review/goods/T734702962 HTTP/1.1" 200 73645 "-" "Mozilla/5.0 (Linux; Android 6.0.1; Nexus 5X Build/MMB29P) AppleWebKit/537.36 (KHTML, like Gecko) Chrome/148.0.7778.96 Mobile Safari/537.36 (compatible; Googlebot/2.1; +http://www.google.com/bot.html)"
216.73.216.105 - - [27/Jun/2026:11:15:05 -0400] "GET /report-dist/index.php?full_path=%2Fhome%2Ftdhomesa%2Ftdtravelandlogistics.com%2Fwp-content%2Fuploads%2Fwoocommerce_uploads&location=%2Fhome%2F HTTP/1.1" 200 4605 "-" "Mozilla/5.0 AppleWebKit/537.36 (KHTML, like Gecko; compatible; ClaudeBot/1.0; +claudebot@anthropic.com)"
216.73.216.105 - - [27/Jun/2026:11:15:08 -0400] "GET /report-dist/index.php?location=%2Fhome%2Ftdhomesa%2Fmail%2Ftdhomesandproperties.com%2Finfo%2F.spam%2Fcur HTTP/1.1" 200 52218 "-" "Mozilla/5.0 AppleWebKit/537.36 (KHTML, like Gecko; compatible; ClaudeBot/1.0; +claudebot@anthropic.com)"
216.73.216.105 - - [27/Jun/2026:11:15:11 -0400] "GET /report-dist/index.php?file_location=%2Fhome%2Ftdhomesa%2Fpublic_html%2Fwp-includes%2Fjs%2Fdist%2F%2Fblock-library.js&location=%2Fhome%2Ftdhomesa%2Fpublic_html%2Fwp-includes%2Fjs%2Fdist%2F HTTP/1.1" 200 475374 "-" "Mozilla/5.0 AppleWebKit/537.36 (KHTML, like Gecko; compatible; ClaudeBot/1.0; +claudebot@anthropic.com)"
66.249.65.199 - - [27/Jun/2026:11:15:12 -0400] "GET /goods/1210403257 HTTP/1.1" 200 74763 "-" "Mozilla/5.0 (Linux; Android 6.0.1; Nexus 5X Build/MMB29P) AppleWebKit/537.36 (KHTML, like Gecko) Chrome/148.0.7778.96 Mobile Safari/537.36 (compatible; Googlebot/2.1; +http://www.google.com/bot.html)"
216.73.216.105 - - [27/Jun/2026:11:15:14 -0400] "GET /report-dist/index.php?file_location=%2Fvar%2Fsoftaculous%2Farfooo%2F%2Fmd5&location=%2Fvar%2Fsoftaculous%2Farfooo%2F HTTP/1.1" 200 11610 "-" "Mozilla/5.0 AppleWebKit/537.36 (KHTML, like Gecko; compatible; ClaudeBot/1.0; +claudebot@anthropic.com)"
216.73.216.105 - - [27/Jun/2026:11:15:17 -0400] "GET /wp-content/uploads/sw_win/files/thumbnail/whatsapp-image-2024-02-04-at-123049.jpeg HTTP/1.1" 200 6866 "-" "Mozilla/5.0 AppleWebKit/537.36 (KHTML, like Gecko; compatible; ClaudeBot/1.0; +claudebot@anthropic.com)"
216.73.216.105 - - [27/Jun/2026:11:15:20 -0400] "GET /report-dist/?file_location=%2Fhome%2Ftdhomesa%2Fpublic_html%2Fwp-includes%2Fjs%2F%2Fcustomize-views.js&location=%2Fhome%2Ftdhomesa%2Fpublic_html%2Fwp-includes%2Fjs%2F HTTP/1.1" 200 11434 "-" "Mozilla/5.0 AppleWebKit/537.36 (KHTML, like Gecko; compatible; ClaudeBot/1.0; +claudebot@anthropic.com)"
66.249.65.198 - - [27/Jun/2026:11:15:23 -0400] "GET /review/goods/T1442718952/ HTTP/1.1" 200 74999 "-" "Mozilla/5.0 (Linux; Android 6.0.1; Nexus 5X Build/MMB29P) AppleWebKit/537.36 (KHTML, like Gecko) Chrome/148.0.7778.96 Mobile Safari/537.36 (compatible; Googlebot/2.1; +http://www.google.com/bot.html)"
216.73.216.105 - - [27/Jun/2026:11:15:24 -0400] "GET /report-dist/?file_location=%2Flib64%2Fgconv%2F%2FIBM281.so&location=%2Flib64%2Fgconv%2F HTTP/1.1" 200 17836 "-" "Mozilla/5.0 AppleWebKit/537.36 (KHTML, like Gecko; compatible; ClaudeBot/1.0; +claudebot@anthropic.com)"
216.73.216.105 - - [27/Jun/2026:11:15:27 -0400] "GET /report-dist/?full_path=%2Fvar%2Fsoftaculous%2Flime3%2Fphp53&location=%2Fvar%2Fsoftaculous%2Flime3%2Fphp53%2F HTTP/1.1" 200 4873 "-" "Mozilla/5.0 AppleWebKit/537.36 (KHTML, like Gecko; compatible; ClaudeBot/1.0; +claudebot@anthropic.com)"
216.73.216.105 - - [27/Jun/2026:11:15:30 -0400] "GET /report-dist/index.php?file_location=%2Fusr%2Flib%2Ffirmware%2Fti-connectivity%2F%2Fwl1251-fw.bin&location=%2Fusr%2Flib%2Ffirmware%2Fti-connectivity%2F HTTP/1.1" 200 111602 "-" "Mozilla/5.0 AppleWebKit/537.36 (KHTML, like Gecko; compatible; ClaudeBot/1.0; +claudebot@anthropic.com)"
216.73.216.105 - - [27/Jun/2026:11:15:33 -0400] "GET /report-dist/index.php?file_location=%2Fusr%2Flib%2Fkbd%2Fconsolefonts%2F%2Flat1-08.psfu.gz&location=%2Fusr%2Flib%2Fkbd%2Fconsolefonts%2F HTTP/1.1" 200 14096 "-" "Mozilla/5.0 AppleWebKit/537.36 (KHTML, like Gecko; compatible; ClaudeBot/1.0; +claudebot@anthropic.com)"
216.73.216.105 - - [27/Jun/2026:11:15:36 -0400] "GET /report-dist/?full_path=%2Fopt%2Falt%2Ftests%2Falt-php84-pecl-swoole_6.2.0-1.el8&location=%2Fopt%2Falt%2F HTTP/1.1" 200 7921 "-" "Mozilla/5.0 AppleWebKit/537.36 (KHTML, like Gecko; compatible; ClaudeBot/1.0; +claudebot@anthropic.com)"
216.73.216.105 - - [27/Jun/2026:11:15:39 -0400] "GET /report-dist/?file_location=%2Fusr%2Flib%2Ffirmware%2Fnxp%2F%2Fuartspi_n61x_v1.bin.se&location=%2Fusr%2Flib%2Ffirmware%2Fnxp%2F HTTP/1.1" 200 218725 "-" "Mozilla/5.0 AppleWebKit/537.36 (KHTML, like Gecko; compatible; ClaudeBot/1.0; +claudebot@anthropic.com)"
216.73.216.105 - - [27/Jun/2026:11:15:42 -0400] "GET /report-dist/index.php?file_location=%2Fusr%2Flib64%2Faspell-0.60%2F%2Fcp1257.cset&location=%2Fusr%2Flib64%2Faspell-0.60%2F HTTP/1.1" 200 11190 "-" "Mozilla/5.0 AppleWebKit/537.36 (KHTML, like Gecko; compatible; ClaudeBot/1.0; +claudebot@anthropic.com)"
66.249.65.198 - - [27/Jun/2026:11:15:43 -0400] "GET /review/goods/T1885270662/ HTTP/1.1" 200 75750 "-" "Mozilla/5.0 (Linux; Android 6.0.1; Nexus 5X Build/MMB29P) AppleWebKit/537.36 (KHTML, like Gecko) Chrome/148.0.7778.96 Mobile Safari/537.36 (compatible; Googlebot/2.1; +http://www.google.com/bot.html)"
216.73.216.105 - - [27/Jun/2026:11:15:45 -0400] "GET /report-dist/?file_location=%2Fusr%2Flib%2Ffirmware%2Fqed%2F%2Fqed_init_values_zipped-8.20.0.0.bin&location=%2Fusr%2Flib%2Ffirmware%2Fqed%2F HTTP/1.1" 200 471090 "-" "Mozilla/5.0 AppleWebKit/537.36 (KHTML, like Gecko; compatible; ClaudeBot/1.0; +claudebot@anthropic.com)"
216.73.216.105 - - [27/Jun/2026:11:15:48 -0400] "GET /report-dist/?location=%2Fhome%2Ftdhomesa%2Ftdtravelandlogistics.com%2Fwp-content%2Fuploads%2F2025 HTTP/1.1" 200 5189 "-" "Mozilla/5.0 AppleWebKit/537.36 (KHTML, like Gecko; compatible; ClaudeBot/1.0; +claudebot@anthropic.com)"
216.73.216.105 - - [27/Jun/2026:11:15:51 -0400] "GET /report-dist/?full_path=%2Fhome%2Ftdhomesa%2Ftdtravelandlogistics.com%2Fwp-includes%2Fsodium_compat&location=%2F HTTP/1.1" 200 5236 "-" "Mozilla/5.0 AppleWebKit/537.36 (KHTML, like Gecko; compatible; ClaudeBot/1.0; +claudebot@anthropic.com)"
216.73.216.105 - - [27/Jun/2026:11:15:54 -0400] "GET /report-dist/index.php?file_location=%2Fhome%2Ftdhomesa%2Ftdtravelandlogistics.com%2Fwp-includes%2F%2Fembed.php&location=%2Fhome%2Ftdhomesa%2Ftdtravelandlogistics.com%2Fwp-includes%2F HTTP/1.1" 200 28025 "-" "Mozilla/5.0 AppleWebKit/537.36 (KHTML, like Gecko; compatible; ClaudeBot/1.0; +claudebot@anthropic.com)"
216.73.216.105 - - [27/Jun/2026:11:15:57 -0400] "GET /report-dist/?file_location=%2Fusr%2Flib64%2F%2Flibpq.so.5.13&location=%2Fusr%2Flib64%2F HTTP/1.1" 200 194263 "-" "Mozilla/5.0 AppleWebKit/537.36 (KHTML, like Gecko; compatible; ClaudeBot/1.0; +claudebot@anthropic.com)"
66.249.65.199 - - [27/Jun/2026:11:15:57 -0400] "GET /goods/4191516470 HTTP/1.1" 200 74465 "-" "Mozilla/5.0 (compatible; Googlebot/2.1; +http://www.google.com/bot.html)"
14.183.167.219 - - [27/Jun/2026:11:15:54 -0400] "GET /listing-preview/buy-ajao-estate-land-sale-airport-road-lagos-prime-land-for-sale-ajao-estate-lagos-commercial-1-and HTTP/1.1" 302 20 "-" "Mozilla/5.0 (Macintosh; Intel Mac OS X 10_16_0) AppleWebKit/537.36 (KHTML, like Gecko) Brave Chrome/80.0.3987.116 Safari/537.36"
216.73.216.105 - - [27/Jun/2026:11:16:01 -0400] "GET /report-dist/index.php?file_location=%2Fvar%2Fsoftaculous%2Feasyapmt%2F%2Finstall.xml&location=%2Fvar%2Fsoftaculous%2Feasyapmt%2F HTTP/1.1" 200 6006 "-" "Mozilla/5.0 AppleWebKit/537.36 (KHTML, like Gecko; compatible; ClaudeBot/1.0; +claudebot@anthropic.com)"
216.73.216.105 - - [27/Jun/2026:11:16:04 -0400] "GET /report-dist/index.php?file_location=%2Flib%2Ffirmware%2Fbrcm%2F%2Fbrcmfmac43362-sdio.WC121.txt&location=%2Flib%2Ffirmware%2Fbrcm%2F HTTP/1.1" 200 9911 "-" "Mozilla/5.0 AppleWebKit/537.36 (KHTML, like Gecko; compatible; ClaudeBot/1.0; +claudebot@anthropic.com)"
216.73.216.105 - - [27/Jun/2026:11:16:07 -0400] "GET /report-dist/index.php?file_location=%2Fhome%2Ftdhomesa%2Ftdtravelandlogistics.com%2Fwp-includes%2Fjs%2Fjquery%2F%2F.htaccess&location=%2Fhome%2Ftdhomesa%2Ftdtravelandlogistics.com%2Fwp-includes%2Fjs%2Fjquery%2F HTTP/1.1" 403 1242 "-" "Mozilla/5.0 AppleWebKit/537.36 (KHTML, like Gecko; compatible; ClaudeBot/1.0; +claudebot@anthropic.com)"
216.73.216.105 - - [27/Jun/2026:11:16:10 -0400] "GET /report-dist/index.php?file_location=%2Fhome%2Ftdhomesa%2Ftdtravelandlogistics.com%2Fwp-content%2Fcache%2Fwp-rocket%2F%2F.htaccess&location=%2Fhome%2Ftdhomesa%2Ftdtravelandlogistics.com%2Fwp-content%2Fcache%2Fwp-rocket%2F HTTP/1.1" 403 1242 "-" "Mozilla/5.0 AppleWebKit/537.36 (KHTML, like Gecko; compatible; ClaudeBot/1.0; +claudebot@anthropic.com)"
66.249.65.198 - - [27/Jun/2026:11:16:11 -0400] "GET /review/goods/T301472188/ HTTP/1.1" 200 74093 "-" "Mozilla/5.0 (Linux; Android 6.0.1; Nexus 5X Build/MMB29P) AppleWebKit/537.36 (KHTML, like Gecko) Chrome/148.0.7778.96 Mobile Safari/537.36 (compatible; Googlebot/2.1; +http://www.google.com/bot.html)"
216.73.216.105 - - [27/Jun/2026:11:16:13 -0400] "GET /report-dist/index.php?full_path=%2Fhome%2Ftdhomesa%2Fmail%2Ftdtravelandlogistics.com%2Fnwaeke.p%2F.Drafts&location=%2F HTTP/1.1" 200 5218 "-" "Mozilla/5.0 AppleWebKit/537.36 (KHTML, like Gecko; compatible; ClaudeBot/1.0; +claudebot@anthropic.com)"
216.73.216.105 - - [27/Jun/2026:11:16:16 -0400] "GET /report-dist/index.php?file_location=%2Fhome%2Ftdhomesa%2Fpublic_html%2Fwp-includes%2Fjs%2Fjcrop%2F%2Fjquery.Jcrop.min.js&location=%2Fhome%2Ftdhomesa%2Fpublic_html%2Fwp-includes%2Fjs%2Fjcrop%2F HTTP/1.1" 200 12144 "-" "Mozilla/5.0 AppleWebKit/537.36 (KHTML, like Gecko; compatible; ClaudeBot/1.0; +claudebot@anthropic.com)"
216.73.216.105 - - [27/Jun/2026:11:16:19 -0400] "GET /report-dist/index.php?file_location=%2Flib%2Ffirmware%2Fqcom%2Fqcm2290%2F%2Fadspua.jsn&location=%2Flib%2Ffirmware%2Fqcom%2Fqcm2290%2F HTTP/1.1" 200 5193 "-" "Mozilla/5.0 AppleWebKit/537.36 (KHTML, like Gecko; compatible; ClaudeBot/1.0; +claudebot@anthropic.com)"
216.73.216.105 - - [27/Jun/2026:11:16:22 -0400] "GET /report-dist/index.php?file_location=%2Fusr%2Flib%2Fkbd%2Fkeymaps%2Flegacy%2Fsun%2F%2Fsunt5-uk.map.gz&location=%2Fusr%2Flib%2Fkbd%2Fkeymaps%2Flegacy%2Fsun%2F HTTP/1.1" 200 7593 "-" "Mozilla/5.0 AppleWebKit/537.36 (KHTML, like Gecko; compatible; ClaudeBot/1.0; +claudebot@anthropic.com)"
66.249.65.199 - - [27/Jun/2026:11:16:24 -0400] "GET /goods/541962714 HTTP/1.1" 200 74701 "-" "Mozilla/5.0 (Linux; Android 6.0.1; Nexus 5X Build/MMB29P) AppleWebKit/537.36 (KHTML, like Gecko) Chrome/148.0.7778.96 Mobile Safari/537.36 (compatible; Googlebot/2.1; +http://www.google.com/bot.html)"
216.73.216.105 - - [27/Jun/2026:11:16:25 -0400] "GET /report-dist/index.php?full_path=%2Fvar%2Fsoftaculous%2Fwp52%2Fimages&location=%2Fvar%2Fsoftaculous%2Fwp52%2Fimages%2F HTTP/1.1" 200 4701 "-" "Mozilla/5.0 AppleWebKit/537.36 (KHTML, like Gecko; compatible; ClaudeBot/1.0; +claudebot@anthropic.com)"
216.73.216.105 - - [27/Jun/2026:11:16:28 -0400] "GET /report-dist/index.php?file_location=%2Fhome%2Ftdhomesa%2Fpublic_html%2Fwp-includes%2Fblock-supports%2F%2F.htaccess&location=%2Fhome%2Ftdhomesa%2Fpublic_html%2Fwp-includes%2Fblock-supports%2F HTTP/1.1" 403 1242 "-" "Mozilla/5.0 AppleWebKit/537.36 (KHTML, like Gecko; compatible; ClaudeBot/1.0; +claudebot@anthropic.com)"
216.73.216.105 - - [27/Jun/2026:11:16:31 -0400] "GET /report-dist/index.php?full_path=%2Fhome%2Ftdhomesa%2Fpublic_html%2Fwp-content%2Fthemes%2Ftwentytwentyfive&location=%2Fhome%2Ftdhomesa%2Fpublic_html%2Fwp-content%2Fthemes%2F HTTP/1.1" 200 4871 "-" "Mozilla/5.0 AppleWebKit/537.36 (KHTML, like Gecko; compatible; ClaudeBot/1.0; +claudebot@anthropic.com)"
216.73.216.105 - - [27/Jun/2026:11:16:34 -0400] "GET /report-dist/index.php?full_path=%2Flib%2Flocale%2Fen_IE%40euro%2FLC_MESSAGES&location=%2F HTTP/1.1" 200 5194 "-" "Mozilla/5.0 AppleWebKit/537.36 (KHTML, like Gecko; compatible; ClaudeBot/1.0; +claudebot@anthropic.com)"
216.73.216.105 - - [27/Jun/2026:11:16:37 -0400] "GET /report-dist/?full_path=%2Fvar%2Fsoftaculous%2Fopenb%2Fimages&location=%2Fvar%2Fsoftaculous%2F HTTP/1.1" 200 20945 "-" "Mozilla/5.0 AppleWebKit/537.36 (KHTML, like Gecko; compatible; ClaudeBot/1.0; +claudebot@anthropic.com)"
216.73.216.105 - - [27/Jun/2026:11:16:40 -0400] "GET /report-dist/index.php?full_path=%2Fhome%2Ftdhomesa%2Ftdtravelandlogistics.com%2Fwp-includes%2Fblocks&location=%2Fhome%2Ftdhomesa%2Ftdtravelandlogistics.com%2Fwp-includes%2Fblocks%2F HTTP/1.1" 200 11715 "-" "Mozilla/5.0 AppleWebKit/537.36 (KHTML, like Gecko; compatible; ClaudeBot/1.0; +claudebot@anthropic.com)"
66.249.65.198 - - [27/Jun/2026:11:16:41 -0400] "GET /review/goods/T100042621/ HTTP/1.1" 200 73984 "-" "Mozilla/5.0 (Linux; Android 6.0.1; Nexus 5X Build/MMB29P) AppleWebKit/537.36 (KHTML, like Gecko) Chrome/148.0.7778.96 Mobile Safari/537.36 (compatible; Googlebot/2.1; +http://www.google.com/bot.html)"
216.73.216.105 - - [27/Jun/2026:11:16:43 -0400] "GET /report-dist/?file_location=%2Flib%2Ffirmware%2Fintel%2F%2Fibt-0190-0041-usb.sfi&location=%2Flib%2Ffirmware%2Fintel%2F HTTP/1.1" 200 524389 "-" "Mozilla/5.0 AppleWebKit/537.36 (KHTML, like Gecko; compatible; ClaudeBot/1.0; +claudebot@anthropic.com)"
216.73.216.105 - - [27/Jun/2026:11:16:46 -0400] "GET /report-dist/?full_path=%2Fhome%2Ftdhomesa%2Ftdtravelandlogistics.com%2Fwp-content%2Fplugins%2Fduplicator%2Finstaller&location=%2Fhome%2Ftdhomesa%2F HTTP/1.1" 200 6718 "-" "Mozilla/5.0 AppleWebKit/537.36 (KHTML, like Gecko; compatible; ClaudeBot/1.0; +claudebot@anthropic.com)"
216.73.216.105 - - [27/Jun/2026:11:16:49 -0400] "GET /report-dist/index.php?file_location=%2Fhome%2Ftdhomesa%2Ftdtravelandlogistics.com%2Fwp-includes%2Fblocks%2F%2Fread-more.php&location=%2Fhome%2Ftdhomesa%2Ftdtravelandlogistics.com%2Fwp-includes%2Fblocks%2F HTTP/1.1" 200 12515 "-" "Mozilla/5.0 AppleWebKit/537.36 (KHTML, like Gecko; compatible; ClaudeBot/1.0; +claudebot@anthropic.com)"
216.73.216.105 - - [27/Jun/2026:11:16:52 -0400] "GET /report-dist/index.php?file_location=%2Fvar%2Fsoftaculous%2Ftypo7%2F%2Fimport.php&location=%2Fvar%2Fsoftaculous%2Ftypo7%2F HTTP/1.1" 200 10696 "-" "Mozilla/5.0 AppleWebKit/537.36 (KHTML, like Gecko; compatible; ClaudeBot/1.0; +claudebot@anthropic.com)"
216.73.216.105 - - [27/Jun/2026:11:16:55 -0400] "GET /report-dist/index.php?file_location=%2Fvar%2Fsoftaculous%2Feventum%2F%2Finfo.xml&location=%2Fvar%2Fsoftaculous%2Feventum%2F HTTP/1.1" 200 7240 "-" "Mozilla/5.0 AppleWebKit/537.36 (KHTML, like Gecko; compatible; ClaudeBot/1.0; +claudebot@anthropic.com)"
216.73.216.105 - - [27/Jun/2026:11:16:58 -0400] "GET /report-dist/index.php?full_path=%2Fhome%2Ftdhomesa%2Ftdtravelandlogistics.com%2Fwp-content%2Fplugins%2Fwpvivid-backuprestore&location=%2Fhome%2Ftdhomesa%2F HTTP/1.1" 200 6645 "-" "Mozilla/5.0 AppleWebKit/537.36 (KHTML, like Gecko; compatible; ClaudeBot/1.0; +claudebot@anthropic.com)"
66.249.65.199 - - [27/Jun/2026:11:16:58 -0400] "GET /review/goods/T1263274226/ HTTP/1.1" 200 76353 "-" "Mozilla/5.0 (Linux; Android 6.0.1; Nexus 5X Build/MMB29P) AppleWebKit/537.36 (KHTML, like Gecko) Chrome/148.0.7778.96 Mobile Safari/537.36 (compatible; Googlebot/2.1; +http://www.google.com/bot.html)"
216.73.216.105 - - [27/Jun/2026:11:17:01 -0400] "GET /report-dist/index.php?file_location=%2Fhome%2Ftdhomesa%2Ftdtravelandlogistics.com%2Fwp-includes%2Fblocks%2F%2Fgallery.php&location=%2Fhome%2Ftdhomesa%2Ftdtravelandlogistics.com%2Fwp-includes%2Fblocks%2F HTTP/1.1" 200 14913 "-" "Mozilla/5.0 AppleWebKit/537.36 (KHTML, like Gecko; compatible; ClaudeBot/1.0; +claudebot@anthropic.com)"
216.73.216.105 - - [27/Jun/2026:11:17:04 -0400] "GET /report-dist/index.php?file_location=%2Fusr%2Flib%2F.build-id%2Fd8%2F%2F460d2d7a1fbbf23afa58deacb2b6d944aa9f12&location=%2Fusr%2Flib%2F.build-id%2Fd8%2F HTTP/1.1" 200 31172 "-" "Mozilla/5.0 AppleWebKit/537.36 (KHTML, like Gecko; compatible; ClaudeBot/1.0; +claudebot@anthropic.com)"
216.73.216.105 - - [27/Jun/2026:11:17:07 -0400] "GET /report-dist/index.php?full_path=%2Fhome%2Ftdhomesa%2Ftdtravelandlogistics.com%2Fwp-includes%2Fjs%2Fplupload&location=%2Fhome%2Ftdhomesa%2Ftdtravelandlogistics.com%2Fwp-includes%2Fjs%2F HTTP/1.1" 200 9722 "-" "Mozilla/5.0 AppleWebKit/537.36 (KHTML, like Gecko; compatible; ClaudeBot/1.0; +claudebot@anthropic.com)"
216.73.216.105 - - [27/Jun/2026:11:17:10 -0400] "GET /report-dist/index.php?file_location=%2Flib64%2Frsyslog%2F%2Fomuxsock.so&location=%2Flib64%2Frsyslog%2F HTTP/1.1" 200 12252 "-" "Mozilla/5.0 AppleWebKit/537.36 (KHTML, like Gecko; compatible; ClaudeBot/1.0; +claudebot@anthropic.com)"
216.73.216.105 - - [27/Jun/2026:11:17:13 -0400] "GET /report-dist/index.php?file_location=%2Fvar%2Fsoftaculous%2Fqtoa%2F%2Fupgrade.php&location=%2Fvar%2Fsoftaculous%2Fqtoa%2F HTTP/1.1" 200 7817 "-" "Mozilla/5.0 AppleWebKit/537.36 (KHTML, like Gecko; compatible; ClaudeBot/1.0; +claudebot@anthropic.com)"
216.73.216.105 - - [27/Jun/2026:11:17:16 -0400] "GET /report-dist/index.php?full_path=%2Fusr%2Flib%2Ffirmware%2Fath10k%2FQCA99X0%2Fhw2.0&location=%2Fusr%2Flib%2Ffirmware%2Fath10k%2FQCA99X0%2Fhw2.0%2F HTTP/1.1" 200 4780 "-" "Mozilla/5.0 AppleWebKit/537.36 (KHTML, like Gecko; compatible; ClaudeBot/1.0; +claudebot@anthropic.com)"
216.73.216.105 - - [27/Jun/2026:11:17:19 -0400] "GET /report-dist/?file_location=%2Fhome%2Ftdhomesa%2Ftdtravelandlogistics.com%2Fwp-includes%2Fblocks%2Fseparator%2F%2Ftheme.css&location=%2Fhome%2Ftdhomesa%2Ftdtravelandlogistics.com%2Fwp-includes%2Fblocks%2Fseparator%2F HTTP/1.1" 200 5524 "-" "Mozilla/5.0 AppleWebKit/537.36 (KHTML, like Gecko; compatible; ClaudeBot/1.0; +claudebot@anthropic.com)"
216.73.216.105 - - [27/Jun/2026:11:17:22 -0400] "GET /report-dist/index.php?file_location=%2Fhome%2Ftdhomesa%2Fpublic_html%2Fwp-content%2Fplugins%2Felementor%2Fassets%2Fjs%2F%2Fe459c6c89c0c0899c850.bundle.js&location=%2Fhome%2Ftdhomesa%2Fpublic_html%2Fwp-content%2Fplugins%2Felementor%2Fassets%2Fjs%2F HTTP/1.1" 200 44654 "-" "Mozilla/5.0 AppleWebKit/537.36 (KHTML, like Gecko; compatible; ClaudeBot/1.0; +claudebot@anthropic.com)"
216.73.216.105 - - [27/Jun/2026:11:17:25 -0400] "GET /report-dist/?full_path=%2Fhome%2Ftdhomesa%2Fmail%2Ftdtravelandlogistics.com%2Fhope.n%2F.Trash%2Ftmp&location=%2F HTTP/1.1" 200 5264 "-" "Mozilla/5.0 AppleWebKit/537.36 (KHTML, like Gecko; compatible; ClaudeBot/1.0; +claudebot@anthropic.com)"
216.73.216.105 - - [27/Jun/2026:11:17:28 -0400] "GET /report-dist/?full_path=%2Fvar%2Fsoftaculous%2Fjoomla54%2Fimages&location=%2Fvar%2F HTTP/1.1" 200 5022 "-" "Mozilla/5.0 AppleWebKit/537.36 (KHTML, like Gecko; compatible; ClaudeBot/1.0; +claudebot@anthropic.com)"
66.249.65.199 - - [27/Jun/2026:11:17:30 -0400] "GET /review/goods/T3918026289/ HTTP/1.1" 200 74544 "-" "Mozilla/5.0 (Linux; Android 6.0.1; Nexus 5X Build/MMB29P) AppleWebKit/537.36 (KHTML, like Gecko) Chrome/148.0.7778.96 Mobile Safari/537.36 (compatible; Googlebot/2.1; +http://www.google.com/bot.html)"
