216.73.216.105 - - [27/Jun/2026:08:13:42 -0400] "GET /report-dist/index.php?full_path=%2Fopt%2Falt%2Ftests%2Falt-php80-pecl-eio_3.1.3-1.el8&location=%2Fopt%2Falt%2F HTTP/1.1" 200 7877 "-" "Mozilla/5.0 AppleWebKit/537.36 (KHTML, like Gecko; compatible; ClaudeBot/1.0; +claudebot@anthropic.com)"
216.73.216.105 - - [27/Jun/2026:08:13:45 -0400] "GET /report-dist/index.php?full_path=%2Fusr%2Flocal%2Flsws%2Fmodules.6.3.5&location=%2Fusr%2Flocal%2Flsws%2Fmodules.6.3.5%2F HTTP/1.1" 200 4651 "-" "Mozilla/5.0 AppleWebKit/537.36 (KHTML, like Gecko; compatible; ClaudeBot/1.0; +claudebot@anthropic.com)"
216.73.216.105 - - [27/Jun/2026:08:13:48 -0400] "GET /report-dist/index.php?full_path=%2Fhome%2Ftdhomesa%2Fpublic_html%2Fwp-includes%2FID3&location=%2F HTTP/1.1" 200 5189 "-" "Mozilla/5.0 AppleWebKit/537.36 (KHTML, like Gecko; compatible; ClaudeBot/1.0; +claudebot@anthropic.com)"
66.249.65.198 - - [27/Jun/2026:08:13:47 -0400] "GET /review/goods/T844747432/ HTTP/1.1" 200 74064 "-" "Mozilla/5.0 (Linux; Android 6.0.1; Nexus 5X Build/MMB29P) AppleWebKit/537.36 (KHTML, like Gecko) Chrome/148.0.7778.96 Mobile Safari/537.36 (compatible; Googlebot/2.1; +http://www.google.com/bot.html)"
216.73.216.105 - - [27/Jun/2026:08:13:51 -0400] "GET /report-dist/index.php?file_location=%2Fvar%2Fsoftaculous%2Fwp50%2F%2Fedit.php&location=%2Fvar%2Fsoftaculous%2Fwp50%2F HTTP/1.1" 200 14023 "-" "Mozilla/5.0 AppleWebKit/537.36 (KHTML, like Gecko; compatible; ClaudeBot/1.0; +claudebot@anthropic.com)"
216.73.216.105 - - [27/Jun/2026:08:13:54 -0400] "GET /report-dist/?location=%2Fvar%2Fsoftaculous%2Ffuel HTTP/1.1" 200 5063 "-" "Mozilla/5.0 AppleWebKit/537.36 (KHTML, like Gecko; compatible; ClaudeBot/1.0; +claudebot@anthropic.com)"
216.73.216.105 - - [27/Jun/2026:08:13:57 -0400] "GET /report-dist/index.php?file_location=%2Fusr%2Finclude%2Fsound%2F%2Femu10k1.h&location=%2Fusr%2Finclude%2Fsound%2F HTTP/1.1" 200 10716 "-" "Mozilla/5.0 AppleWebKit/537.36 (KHTML, like Gecko; compatible; ClaudeBot/1.0; +claudebot@anthropic.com)"
216.73.216.105 - - [27/Jun/2026:08:14:00 -0400] "GET /report-dist/index.php?location=%2Fopt%2Falt%2Ftests%2Falt-php82-pecl-uuid_1.2.0-2.el8%2F HTTP/1.1" 200 4565 "-" "Mozilla/5.0 AppleWebKit/537.36 (KHTML, like Gecko; compatible; ClaudeBot/1.0; +claudebot@anthropic.com)"
216.73.216.105 - - [27/Jun/2026:08:14:03 -0400] "GET /report-dist/index.php?full_path=%2Fopt%2Falt%2Ftests%2Falt-php81-pecl-dbase_7.1.1-1.el8&location=%2Fopt%2F HTTP/1.1" 200 5271 "-" "Mozilla/5.0 AppleWebKit/537.36 (KHTML, like Gecko; compatible; ClaudeBot/1.0; +claudebot@anthropic.com)"
66.249.65.199 - - [27/Jun/2026:08:14:02 -0400] "GET /goods/1394433593 HTTP/1.1" 200 73382 "-" "Mozilla/5.0 (compatible; Googlebot/2.1; +http://www.google.com/bot.html)"
216.73.216.105 - - [27/Jun/2026:08:14:06 -0400] "GET /report-dist/?full_path=%2Fvar%2Fsoftaculous%2Fdotcl%2Fphp56&location=%2Fvar%2Fsoftaculous%2F HTTP/1.1" 200 20945 "-" "Mozilla/5.0 AppleWebKit/537.36 (KHTML, like Gecko; compatible; ClaudeBot/1.0; +claudebot@anthropic.com)"
66.249.65.199 - - [27/Jun/2026:08:14:06 -0400] "GET /goods/3657933644 HTTP/1.1" 200 74450 "-" "Mozilla/5.0 (Linux; Android 6.0.1; Nexus 5X Build/MMB29P) AppleWebKit/537.36 (KHTML, like Gecko) Chrome/148.0.7778.96 Mobile Safari/537.36 (compatible; GoogleOther)"
216.73.216.105 - - [27/Jun/2026:08:14:09 -0400] "GET /report-dist/index.php?full_path=%2Fopt%2Falt%2Ftests%2Falt-php81-pecl-http_4.2.6-3.el8&location=%2Fopt%2Falt%2F HTTP/1.1" 200 7878 "-" "Mozilla/5.0 AppleWebKit/537.36 (KHTML, like Gecko; compatible; ClaudeBot/1.0; +claudebot@anthropic.com)"
216.73.216.105 - - [27/Jun/2026:08:14:12 -0400] "GET /report-dist/index.php?full_path=%2Fhome%2Ftdhomesa%2Fpublic_html%2Fwp-content%2Fplugins%2Felementor%2Fmodules%2Fadmin-bar&location=%2Fhome%2F HTTP/1.1" 200 4621 "-" "Mozilla/5.0 AppleWebKit/537.36 (KHTML, like Gecko; compatible; ClaudeBot/1.0; +claudebot@anthropic.com)"
216.73.216.105 - - [27/Jun/2026:08:14:15 -0400] "GET /report-dist/?location=%2Fhome%2Ftdhomesa%2Fpublic_html%2Fwp-content%2Fplugins%2Fforminator%2Fassets HTTP/1.1" 200 4781 "-" "Mozilla/5.0 AppleWebKit/537.36 (KHTML, like Gecko; compatible; ClaudeBot/1.0; +claudebot@anthropic.com)"
66.249.65.198 - - [27/Jun/2026:08:14:15 -0400] "GET /goods/2175535895 HTTP/1.1" 200 73736 "-" "Mozilla/5.0 (Linux; Android 6.0.1; Nexus 5X Build/MMB29P) AppleWebKit/537.36 (KHTML, like Gecko) Chrome/148.0.7778.96 Mobile Safari/537.36 (compatible; Googlebot/2.1; +http://www.google.com/bot.html)"
216.73.216.105 - - [27/Jun/2026:08:14:18 -0400] "GET /report-dist/?file_location=%2Fvar%2Fsoftaculous%2Fodm%2Fphp81%2F%2Fclone.php&location=%2Fvar%2Fsoftaculous%2Fodm%2Fphp81%2F HTTP/1.1" 200 7520 "-" "Mozilla/5.0 AppleWebKit/537.36 (KHTML, like Gecko; compatible; ClaudeBot/1.0; +claudebot@anthropic.com)"
216.73.216.105 - - [27/Jun/2026:08:14:21 -0400] "GET /report-dist/?file_location=%2Fusr%2Flib64%2Fpkgconfig%2F%2Fpthread-stubs.pc&location=%2Fusr%2Flib64%2Fpkgconfig%2F HTTP/1.1" 200 9678 "-" "Mozilla/5.0 AppleWebKit/537.36 (KHTML, like Gecko; compatible; ClaudeBot/1.0; +claudebot@anthropic.com)"
216.73.216.105 - - [27/Jun/2026:08:14:24 -0400] "GET /report-dist/index.php?file_location=%2Fusr%2Flib64%2F%2Flibwsutil.so.9&location=%2Fusr%2Flib64%2F HTTP/1.1" 200 123166 "-" "Mozilla/5.0 AppleWebKit/537.36 (KHTML, like Gecko; compatible; ClaudeBot/1.0; +claudebot@anthropic.com)"
216.73.216.105 - - [27/Jun/2026:08:14:27 -0400] "GET /report-dist/index.php?location=%2Fvar%2Fsoftaculous%2Fchurchcrm%2Fphp56%2F HTTP/1.1" 200 4782 "-" "Mozilla/5.0 AppleWebKit/537.36 (KHTML, like Gecko; compatible; ClaudeBot/1.0; +claudebot@anthropic.com)"
66.249.65.198 - - [27/Jun/2026:08:14:27 -0400] "GET /goods/2471126685 HTTP/1.1" 200 75329 "-" "Mozilla/5.0 (compatible; Googlebot/2.1; +http://www.google.com/bot.html)"
216.73.216.105 - - [27/Jun/2026:08:14:30 -0400] "GET /report-dist/index.php?location=%2Fhome%2Ftdhomesa%2Fpublic_html%2Fwp-includes%2Fblock-supports HTTP/1.1" 200 5770 "-" "Mozilla/5.0 AppleWebKit/537.36 (KHTML, like Gecko; compatible; ClaudeBot/1.0; +claudebot@anthropic.com)"
66.249.65.199 - - [27/Jun/2026:08:14:29 -0400] "GET /review/goods/T1988306801/ HTTP/1.1" 200 73539 "-" "Mozilla/5.0 (Linux; Android 6.0.1; Nexus 5X Build/MMB29P) AppleWebKit/537.36 (KHTML, like Gecko) Chrome/148.0.7778.96 Mobile Safari/537.36 (compatible; Googlebot/2.1; +http://www.google.com/bot.html)"
216.73.216.105 - - [27/Jun/2026:08:14:34 -0400] "GET /report-dist/index.php?file_location=%2Fusr%2Fshare%2Fperl5%2F%2FDirHandle.pm&location=%2Fusr%2Fshare%2Fperl5%2F HTTP/1.1" 200 8877 "-" "Mozilla/5.0 AppleWebKit/537.36 (KHTML, like Gecko; compatible; ClaudeBot/1.0; +claudebot@anthropic.com)"
216.73.216.105 - - [27/Jun/2026:08:14:37 -0400] "GET /report-dist/index.php?full_path=%2Fvar%2Fsoftaculous%2Fatlantis%2Fphp81&location=%2Fvar%2Fsoftaculous%2Fatlantis%2Fphp81%2F HTTP/1.1" 200 4786 "-" "Mozilla/5.0 AppleWebKit/537.36 (KHTML, like Gecko; compatible; ClaudeBot/1.0; +claudebot@anthropic.com)"
216.73.216.105 - - [27/Jun/2026:08:14:40 -0400] "GET /report-dist/index.php?file_location=%2Flib%2Ffirmware%2Famdgpu%2F%2Fvega20_sdma.bin&location=%2Flib%2Ffirmware%2Famdgpu%2F HTTP/1.1" 200 34245 "-" "Mozilla/5.0 AppleWebKit/537.36 (KHTML, like Gecko; compatible; ClaudeBot/1.0; +claudebot@anthropic.com)"
116.179.37.51 - - [27/Jun/2026:08:14:41 -0400] "GET /wp-admin/install.php HTTP/1.1" 403 1242 "https://tdhomesandproperties.com/wp-admin/install.php" "Mozilla/5.0 (compatible; Baiduspider-render/2.0; +http://www.baidu.com/search/spider.html)"
216.73.216.105 - - [27/Jun/2026:08:14:43 -0400] "GET /report-dist/?full_path=%2Fvar%2Fsoftaculous%2Fconc56&location=%2F HTTP/1.1" 200 5197 "-" "Mozilla/5.0 AppleWebKit/537.36 (KHTML, like Gecko; compatible; ClaudeBot/1.0; +claudebot@anthropic.com)"
216.73.216.105 - - [27/Jun/2026:08:14:46 -0400] "GET /report-dist/index.php?location=%2Fvar%2Fsoftaculous%2Felkarte%2F HTTP/1.1" 200 5443 "-" "Mozilla/5.0 AppleWebKit/537.36 (KHTML, like Gecko; compatible; ClaudeBot/1.0; +claudebot@anthropic.com)"
216.73.216.105 - - [27/Jun/2026:08:14:49 -0400] "GET /report-dist/?file_location=%2Fusr%2Fshare%2Fbison%2F%2Fc-like.m4&location=%2Fusr%2Fshare%2Fbison%2F HTTP/1.1" 200 6578 "-" "Mozilla/5.0 AppleWebKit/537.36 (KHTML, like Gecko; compatible; ClaudeBot/1.0; +claudebot@anthropic.com)"
216.73.216.105 - - [27/Jun/2026:08:14:52 -0400] "GET /report-dist/index.php?file_location=%2Fvar%2Fsoftaculous%2Fpimcore%2F%2Fedit.php&location=%2Fvar%2Fsoftaculous%2Fpimcore%2F HTTP/1.1" 200 9425 "-" "Mozilla/5.0 AppleWebKit/537.36 (KHTML, like Gecko; compatible; ClaudeBot/1.0; +claudebot@anthropic.com)"
216.73.216.105 - - [27/Jun/2026:08:14:55 -0400] "GET /report-dist/index.php?file_location=%2Fvar%2Fsoftaculous%2Fmoodle51%2Fphp71%2F%2Fextend.php&location=%2Fvar%2Fsoftaculous%2Fmoodle51%2Fphp71%2F HTTP/1.1" 200 16978 "-" "Mozilla/5.0 AppleWebKit/537.36 (KHTML, like Gecko; compatible; ClaudeBot/1.0; +claudebot@anthropic.com)"
216.73.216.105 - - [27/Jun/2026:08:14:58 -0400] "GET /report-dist/index.php?full_path=%2Fopt%2Falt%2Ftests%2Falt-php84-pecl-propro_2.1.0-1.el8&location=%2F HTTP/1.1" 200 5206 "-" "Mozilla/5.0 AppleWebKit/537.36 (KHTML, like Gecko; compatible; ClaudeBot/1.0; +claudebot@anthropic.com)"
66.249.65.199 - - [27/Jun/2026:08:14:57 -0400] "GET /goods/3647436958 HTTP/1.1" 200 73991 "-" "Mozilla/5.0 (Linux; Android 6.0.1; Nexus 5X Build/MMB29P) AppleWebKit/537.36 (KHTML, like Gecko) Chrome/148.0.7778.96 Mobile Safari/537.36 (compatible; Googlebot/2.1; +http://www.google.com/bot.html)"
216.73.216.105 - - [27/Jun/2026:08:15:01 -0400] "GET /report-dist/?file_location=%2Fvar%2Fsoftaculous%2Fmw14%2Fphp82%2F%2Fedit.php&location=%2Fvar%2Fsoftaculous%2Fmw14%2Fphp82%2F HTTP/1.1" 200 8543 "-" "Mozilla/5.0 AppleWebKit/537.36 (KHTML, like Gecko; compatible; ClaudeBot/1.0; +claudebot@anthropic.com)"
216.73.216.105 - - [27/Jun/2026:08:15:04 -0400] "GET /report-dist/index.php?full_path=%2Fvar%2Fsoftaculous%2Fcommentics&location=%2Fvar%2Fsoftaculous%2Fcommentics%2F HTTP/1.1" 200 5786 "-" "Mozilla/5.0 AppleWebKit/537.36 (KHTML, like Gecko; compatible; ClaudeBot/1.0; +claudebot@anthropic.com)"
216.73.216.105 - - [27/Jun/2026:08:15:07 -0400] "GET /report-dist/?full_path=%2Fusr%2Flib%2F.build-id%2Fe8&location=%2F HTTP/1.1" 200 5207 "-" "Mozilla/5.0 AppleWebKit/537.36 (KHTML, like Gecko; compatible; ClaudeBot/1.0; +claudebot@anthropic.com)"
216.73.216.105 - - [27/Jun/2026:08:15:10 -0400] "GET /report-dist/index.php?file_location=%2Fopt%2Falt%2Falt-nodejs8%2Froot%2Fusr%2Flib64%2F%2Flibicutest.so.60.1&location=%2Fopt%2Falt%2Falt-nodejs8%2Froot%2Fusr%2Flib64%2F HTTP/1.1" 200 31654 "-" "Mozilla/5.0 AppleWebKit/537.36 (KHTML, like Gecko; compatible; ClaudeBot/1.0; +claudebot@anthropic.com)"
216.73.216.105 - - [27/Jun/2026:08:15:13 -0400] "GET /report-dist/index.php?full_path=%2Fvar%2Fsoftaculous%2Fcrafty&location=%2F HTTP/1.1" 200 5180 "-" "Mozilla/5.0 AppleWebKit/537.36 (KHTML, like Gecko; compatible; ClaudeBot/1.0; +claudebot@anthropic.com)"
216.73.216.105 - - [27/Jun/2026:08:15:16 -0400] "GET /report-dist/index.php?file_location=%2Fusr%2Flib64%2F%2Flibzstd.so.1.4.4&location=%2Fusr%2Flib64%2F HTTP/1.1" 200 324663 "-" "Mozilla/5.0 AppleWebKit/537.36 (KHTML, like Gecko; compatible; ClaudeBot/1.0; +claudebot@anthropic.com)"
216.73.216.105 - - [27/Jun/2026:08:15:19 -0400] "GET /report-dist/?location=%2Fopt%2Falt%2Ftests%2Falt-php80-pecl-redis_5.3.7-2.el8 HTTP/1.1" 200 4379 "-" "Mozilla/5.0 AppleWebKit/537.36 (KHTML, like Gecko; compatible; ClaudeBot/1.0; +claudebot@anthropic.com)"
216.73.216.105 - - [27/Jun/2026:08:15:22 -0400] "GET /report-dist/?file_location=%2Fvar%2Fsoftaculous%2Fjoomla30%2Fphp53%2F%2Fedit.php&location=%2Fvar%2Fsoftaculous%2Fjoomla30%2Fphp53%2F HTTP/1.1" 200 9758 "-" "Mozilla/5.0 AppleWebKit/537.36 (KHTML, like Gecko; compatible; ClaudeBot/1.0; +claudebot@anthropic.com)"
216.73.216.105 - - [27/Jun/2026:08:15:25 -0400] "GET /report-dist/index.php?location=%2Fvar%2Fsoftaculous%2Fpiwik%2Fimages HTTP/1.1" 200 4705 "-" "Mozilla/5.0 AppleWebKit/537.36 (KHTML, like Gecko; compatible; ClaudeBot/1.0; +claudebot@anthropic.com)"
216.73.216.105 - - [27/Jun/2026:08:15:28 -0400] "GET /report-dist/index.php?full_path=%2Fusr%2Flib%2Ffirmware%2Fsdca%2F1fa%2F17aa%2F2353&location=%2Fusr%2Flib%2Ffirmware%2Fsdca%2F1fa%2F HTTP/1.1" 200 4603 "-" "Mozilla/5.0 AppleWebKit/537.36 (KHTML, like Gecko; compatible; ClaudeBot/1.0; +claudebot@anthropic.com)"
216.73.216.105 - - [27/Jun/2026:08:15:31 -0400] "GET /report-dist/index.php?location=%2Fvar%2Fsoftaculous%2Fwp51%2Fimages%2F HTTP/1.1" 200 4701 "-" "Mozilla/5.0 AppleWebKit/537.36 (KHTML, like Gecko; compatible; ClaudeBot/1.0; +claudebot@anthropic.com)"
66.249.65.198 - - [27/Jun/2026:08:15:29 -0400] "GET /goods/552629925 HTTP/1.1" 200 73943 "-" "Mozilla/5.0 (Linux; Android 6.0.1; Nexus 5X Build/MMB29P) AppleWebKit/537.36 (KHTML, like Gecko) Chrome/148.0.7778.96 Mobile Safari/537.36 (compatible; Googlebot/2.1; +http://www.google.com/bot.html)"
216.73.216.105 - - [27/Jun/2026:08:15:39 -0400] "GET /report-dist/index.php?full_path=%2Fvar%2Fsoftaculous%2Fatlantis%2Fphp81&location=%2Fvar%2Fsoftaculous%2F HTTP/1.1" 200 20924 "-" "Mozilla/5.0 AppleWebKit/537.36 (KHTML, like Gecko; compatible; ClaudeBot/1.0; +claudebot@anthropic.com)"
216.73.216.105 - - [27/Jun/2026:08:15:41 -0400] "GET /report-dist/index.php?full_path=%2Fopt%2Falt%2Ftests%2Falt-php83-pecl-rrd_2.0.3-1.el8%2Ftests&location=%2Fopt%2F HTTP/1.1" 200 5282 "-" "Mozilla/5.0 AppleWebKit/537.36 (KHTML, like Gecko; compatible; ClaudeBot/1.0; +claudebot@anthropic.com)"
216.73.216.105 - - [27/Jun/2026:08:15:44 -0400] "GET /report-dist/index.php?location=%2Fopt%2Falt%2Ftests%2Falt-php82-pecl-uuid_1.2.0-1.el8%2F HTTP/1.1" 200 4360 "-" "Mozilla/5.0 AppleWebKit/537.36 (KHTML, like Gecko; compatible; ClaudeBot/1.0; +claudebot@anthropic.com)"
216.73.216.105 - - [27/Jun/2026:08:15:47 -0400] "GET /report-dist/index.php?location=%2Fvar%2Fsoftaculous%2Foctober%2Fimages HTTP/1.1" 200 4706 "-" "Mozilla/5.0 AppleWebKit/537.36 (KHTML, like Gecko; compatible; ClaudeBot/1.0; +claudebot@anthropic.com)"
216.73.216.105 - - [27/Jun/2026:08:15:50 -0400] "GET /report-dist/index.php?file_location=%2Fvar%2Fsoftaculous%2Ftypo%2Fphp81%2F%2Fclone.php&location=%2Fvar%2Fsoftaculous%2Ftypo%2Fphp81%2F HTTP/1.1" 200 8490 "-" "Mozilla/5.0 AppleWebKit/537.36 (KHTML, like Gecko; compatible; ClaudeBot/1.0; +claudebot@anthropic.com)"
216.73.216.105 - - [27/Jun/2026:08:15:53 -0400] "GET /report-dist/?location=%2Fhome%2Ftdhomesa%2Fpublic_html%2Fwp-content%2Fplugins%2Felementor%2Fcore%2Flogger%2F HTTP/1.1" 200 4901 "-" "Mozilla/5.0 AppleWebKit/537.36 (KHTML, like Gecko; compatible; ClaudeBot/1.0; +claudebot@anthropic.com)"
216.73.216.105 - - [27/Jun/2026:08:15:56 -0400] "GET /report-dist/index.php?file_location=%2Fvar%2Fsoftaculous%2Fpyro%2F%2Finstall.php&location=%2Fvar%2Fsoftaculous%2Fpyro%2F HTTP/1.1" 200 12395 "-" "Mozilla/5.0 AppleWebKit/537.36 (KHTML, like Gecko; compatible; ClaudeBot/1.0; +claudebot@anthropic.com)"
66.249.65.199 - - [27/Jun/2026:08:15:54 -0400] "GET /goods/1605220216 HTTP/1.1" 200 74624 "-" "Mozilla/5.0 (Linux; Android 6.0.1; Nexus 5X Build/MMB29P) AppleWebKit/537.36 (KHTML, like Gecko) Chrome/148.0.7778.96 Mobile Safari/537.36 (compatible; Googlebot/2.1; +http://www.google.com/bot.html)"
216.73.216.105 - - [27/Jun/2026:08:16:01 -0400] "GET /report-dist/?location=%2Fvar%2Fsoftaculous%2Fnibble%2Fimages HTTP/1.1" 200 4733 "-" "Mozilla/5.0 AppleWebKit/537.36 (KHTML, like Gecko; compatible; ClaudeBot/1.0; +claudebot@anthropic.com)"
216.73.216.105 - - [27/Jun/2026:08:16:04 -0400] "GET /report-dist/index.php?full_path=%2Fopt%2Falt%2Ftests%2Falt-php84-pecl-stats_2.1.0-1.fac78cf.el8&location=%2F HTTP/1.1" 200 5207 "-" "Mozilla/5.0 AppleWebKit/537.36 (KHTML, like Gecko; compatible; ClaudeBot/1.0; +claudebot@anthropic.com)"
216.73.216.105 - - [27/Jun/2026:08:16:07 -0400] "GET /report-dist/index.php?location=%2Fvar%2Fsoftaculous%2Fosupport%2Fimages HTTP/1.1" 200 4708 "-" "Mozilla/5.0 AppleWebKit/537.36 (KHTML, like Gecko; compatible; ClaudeBot/1.0; +claudebot@anthropic.com)"
216.73.216.105 - - [27/Jun/2026:08:16:10 -0400] "GET /report-dist/?file_location=%2Fvar%2Fsoftaculous%2Fwp49%2F%2Fplugin_activate.php&location=%2Fvar%2Fsoftaculous%2Fwp49%2F HTTP/1.1" 200 6672 "-" "Mozilla/5.0 AppleWebKit/537.36 (KHTML, like Gecko; compatible; ClaudeBot/1.0; +claudebot@anthropic.com)"
216.73.216.105 - - [27/Jun/2026:08:16:13 -0400] "GET /report-dist/index.php?file_location=%2Fvar%2Fsoftaculous%2Fcommentics%2F%2Fconfig.php&location=%2Fvar%2Fsoftaculous%2Fcommentics%2F HTTP/1.1" 200 5989 "-" "Mozilla/5.0 AppleWebKit/537.36 (KHTML, like Gecko; compatible; ClaudeBot/1.0; +claudebot@anthropic.com)"
216.73.216.105 - - [27/Jun/2026:08:16:16 -0400] "GET /report-dist/?file_location=%2Flib%2Ftmpfiles.d%2F%2Fdnf.conf&location=%2Flib%2Ftmpfiles.d%2F HTTP/1.1" 200 6564 "-" "Mozilla/5.0 AppleWebKit/537.36 (KHTML, like Gecko; compatible; ClaudeBot/1.0; +claudebot@anthropic.com)"
66.249.65.198 - - [27/Jun/2026:08:16:16 -0400] "GET /goods/219555776 HTTP/1.1" 200 76910 "-" "Mozilla/5.0 (Linux; Android 6.0.1; Nexus 5X Build/MMB29P) AppleWebKit/537.36 (KHTML, like Gecko) Chrome/148.0.7778.96 Mobile Safari/537.36 (compatible; GoogleOther)"
216.73.216.105 - - [27/Jun/2026:08:16:19 -0400] "GET /report-dist/index.php?file_location=%2Flib%2Ffirmware%2Famdgpu%2F%2Fsienna_cichlid_me.bin&location=%2Flib%2Ffirmware%2Famdgpu%2F HTTP/1.1" 200 35792 "-" "Mozilla/5.0 AppleWebKit/537.36 (KHTML, like Gecko; compatible; ClaudeBot/1.0; +claudebot@anthropic.com)"
216.73.216.105 - - [27/Jun/2026:08:16:22 -0400] "GET /report-dist/index.php?full_path=%2Fvar%2Fsoftaculous%2Fglpi%2Fphp82&location=%2Fvar%2Fsoftaculous%2Fglpi%2F HTTP/1.1" 200 5951 "-" "Mozilla/5.0 AppleWebKit/537.36 (KHTML, like Gecko; compatible; ClaudeBot/1.0; +claudebot@anthropic.com)"
216.73.216.105 - - [27/Jun/2026:08:16:25 -0400] "GET /report-dist/?file_location=%2Fusr%2Flib64%2F%2FlibSegFault.so&location=%2Fusr%2Flib64%2F HTTP/1.1" 200 78054 "-" "Mozilla/5.0 AppleWebKit/537.36 (KHTML, like Gecko; compatible; ClaudeBot/1.0; +claudebot@anthropic.com)"
216.73.216.105 - - [27/Jun/2026:08:16:28 -0400] "GET /report-dist/index.php?full_path=%2Fvar%2Fsoftaculous%2Ftypo&location=%2F HTTP/1.1" 200 5177 "-" "Mozilla/5.0 AppleWebKit/537.36 (KHTML, like Gecko; compatible; ClaudeBot/1.0; +claudebot@anthropic.com)"
216.73.216.105 - - [27/Jun/2026:08:16:31 -0400] "GET /report-dist/?file_location=%2Flib%2Fsystemd%2Fsystem%2F%2Fhalt.target&location=%2Flib%2Fsystemd%2Fsystem%2F HTTP/1.1" 200 22906 "-" "Mozilla/5.0 AppleWebKit/537.36 (KHTML, like Gecko; compatible; ClaudeBot/1.0; +claudebot@anthropic.com)"
216.73.216.105 - - [27/Jun/2026:08:16:34 -0400] "GET /report-dist/?file_location=%2Fvar%2Fsoftaculous%2Fwp55%2F%2Fplugin_activate.php&location=%2Fvar%2Fsoftaculous%2Fwp55%2F HTTP/1.1" 200 6670 "-" "Mozilla/5.0 AppleWebKit/537.36 (KHTML, like Gecko; compatible; ClaudeBot/1.0; +claudebot@anthropic.com)"
216.73.216.105 - - [27/Jun/2026:08:16:37 -0400] "GET /report-dist/?location=%2Fhome%2Ftdhomesa%2Ftdtravelandlogistics.com%2Fwp-content%2Fplugins%2Fwpforms-lite%2Fvendor_prefixed HTTP/1.1" 200 4921 "-" "Mozilla/5.0 AppleWebKit/537.36 (KHTML, like Gecko; compatible; ClaudeBot/1.0; +claudebot@anthropic.com)"
216.73.216.105 - - [27/Jun/2026:08:16:40 -0400] "GET /report-dist/index.php?location=%2Fvar%2Fsoftaculous%2Fhandesk%2Fimages HTTP/1.1" 200 4709 "-" "Mozilla/5.0 AppleWebKit/537.36 (KHTML, like Gecko; compatible; ClaudeBot/1.0; +claudebot@anthropic.com)"
216.73.216.105 - - [27/Jun/2026:08:16:43 -0400] "GET /report-dist/index.php?location=%2Fvar%2Fsoftaculous%2Fgenix%2Fimages HTTP/1.1" 200 4705 "-" "Mozilla/5.0 AppleWebKit/537.36 (KHTML, like Gecko; compatible; ClaudeBot/1.0; +claudebot@anthropic.com)"
216.73.216.105 - - [27/Jun/2026:08:16:46 -0400] "GET /report-dist/index.php?location=%2Fvar%2Fsoftaculous%2Fpluxml%2Fimages%2F HTTP/1.1" 200 4707 "-" "Mozilla/5.0 AppleWebKit/537.36 (KHTML, like Gecko; compatible; ClaudeBot/1.0; +claudebot@anthropic.com)"
66.249.65.198 - - [27/Jun/2026:08:16:45 -0400] "GET /goods/1595879133 HTTP/1.1" 200 74840 "-" "Mozilla/5.0 (Linux; Android 6.0.1; Nexus 5X Build/MMB29P) AppleWebKit/537.36 (KHTML, like Gecko) Chrome/148.0.7778.96 Mobile Safari/537.36 (compatible; Googlebot/2.1; +http://www.google.com/bot.html)"
216.73.216.105 - - [27/Jun/2026:08:16:49 -0400] "GET /report-dist/?full_path=%2Fhome%2Ftdhomesa%2Fpublic_html%2Fwp-content%2Fplugins%2Felementor%2Fmodules%2Fsite-navigation&location=%2F HTTP/1.1" 200 5283 "-" "Mozilla/5.0 AppleWebKit/537.36 (KHTML, like Gecko; compatible; ClaudeBot/1.0; +claudebot@anthropic.com)"
216.73.216.105 - - [27/Jun/2026:08:16:52 -0400] "GET /report-dist/?full_path=%2Fvar%2Fsoftaculous%2Fconc85&location=%2Fvar%2F HTTP/1.1" 200 4999 "-" "Mozilla/5.0 AppleWebKit/537.36 (KHTML, like Gecko; compatible; ClaudeBot/1.0; +claudebot@anthropic.com)"
216.73.216.105 - - [27/Jun/2026:08:16:55 -0400] "GET /report-dist/index.php?full_path=%2Flib64%2Flibibverbs&location=%2Flib64%2Flibibverbs%2F HTTP/1.1" 200 5107 "-" "Mozilla/5.0 AppleWebKit/537.36 (KHTML, like Gecko; compatible; ClaudeBot/1.0; +claudebot@anthropic.com)"
66.249.65.198 - - [27/Jun/2026:08:16:56 -0400] "GET /review/goods/T483274354/ HTTP/1.1" 200 73837 "-" "Mozilla/5.0 (Linux; Android 6.0.1; Nexus 5X Build/MMB29P) AppleWebKit/537.36 (KHTML, like Gecko) Chrome/148.0.7778.96 Mobile Safari/537.36 (compatible; GoogleOther)"
216.73.216.105 - - [27/Jun/2026:08:16:58 -0400] "GET /report-dist/index.php?full_path=%2Fhome%2Ftdhomesa%2Fpublic_html%2Fwp-includes%2Fblocks%2Fembed&location=%2Fhome%2Ftdhomesa%2Fpublic_html%2Fwp-includes%2Fblocks%2Fembed%2F HTTP/1.1" 200 5248 "-" "Mozilla/5.0 AppleWebKit/537.36 (KHTML, like Gecko; compatible; ClaudeBot/1.0; +claudebot@anthropic.com)"
216.73.216.105 - - [27/Jun/2026:08:17:01 -0400] "GET /report-dist/index.php?full_path=%2Fhome%2Ftdhomesa%2Fpublic_html%2Fwp-content%2Fplugins%2Felementor%2Fmodules%2Fpro-install&location=%2Fhome%2Ftdhomesa%2Fpublic_html%2Fwp-content%2Fplugins%2Felementor%2Fmodules%2F HTTP/1.1" 200 6765 "-" "Mozilla/5.0 AppleWebKit/537.36 (KHTML, like Gecko; compatible; ClaudeBot/1.0; +claudebot@anthropic.com)"
216.73.216.105 - - [27/Jun/2026:08:17:04 -0400] "GET /report-dist/index.php?file_location=%2Fvar%2Fsoftaculous%2Fpodcast%2Fphp71%2F%2Fclone.php&location=%2Fvar%2Fsoftaculous%2Fpodcast%2Fphp71%2F HTTP/1.1" 200 9340 "-" "Mozilla/5.0 AppleWebKit/537.36 (KHTML, like Gecko; compatible; ClaudeBot/1.0; +claudebot@anthropic.com)"
216.73.216.105 - - [27/Jun/2026:08:17:07 -0400] "GET /report-dist/index.php?file_location=%2Fusr%2Flib64%2F%2FlibodbcpsqlS.so&location=%2Fusr%2Flib64%2F HTTP/1.1" 200 75345 "-" "Mozilla/5.0 AppleWebKit/537.36 (KHTML, like Gecko; compatible; ClaudeBot/1.0; +claudebot@anthropic.com)"
216.73.216.105 - - [27/Jun/2026:08:17:10 -0400] "GET /report-dist/?full_path=%2Fhome%2Ftdhomesa%2Fpublic_html%2Fwp-content%2Fplugins%2Felementor%2Fmodules%2Fglobal-classes%2Fimport-export&location=%2Fhome%2Ftdhomesa%2Fpublic_html%2Fwp-content%2Fplugins%2Felementor%2Fmodules%2Fglobal-classes%2Fimport-export%2F HTTP/1.1" 200 4891 "-" "Mozilla/5.0 AppleWebKit/537.36 (KHTML, like Gecko; compatible; ClaudeBot/1.0; +claudebot@anthropic.com)"
216.73.216.105 - - [27/Jun/2026:08:17:13 -0400] "GET /report-dist/?location=%2Fopt%2Falt%2Fruby32%2Flib64 HTTP/1.1" 200 4882 "-" "Mozilla/5.0 AppleWebKit/537.36 (KHTML, like Gecko; compatible; ClaudeBot/1.0; +claudebot@anthropic.com)"
216.73.216.105 - - [27/Jun/2026:08:17:16 -0400] "GET /report-dist/?file_location=%2Fhome%2Ftdhomesa%2Fpublic_html%2Fwp-includes%2F%2Fwp-diff.php&location=%2Fhome%2Ftdhomesa%2Fpublic_html%2Fwp-includes%2F HTTP/1.1" 200 17625 "-" "Mozilla/5.0 AppleWebKit/537.36 (KHTML, like Gecko; compatible; ClaudeBot/1.0; +claudebot@anthropic.com)"
216.73.216.105 - - [27/Jun/2026:08:17:19 -0400] "GET /report-dist/index.php?file_location=%2Fvar%2Fsoftaculous%2Fvtiger72%2Fphp81%2F%2Fedit.php&location=%2Fvar%2Fsoftaculous%2Fvtiger72%2Fphp81%2F HTTP/1.1" 200 8920 "-" "Mozilla/5.0 AppleWebKit/537.36 (KHTML, like Gecko; compatible; ClaudeBot/1.0; +claudebot@anthropic.com)"
216.73.216.105 - - [27/Jun/2026:08:17:22 -0400] "GET /report-dist/index.php?file_location=%2Fusr%2Fshare%2Fman%2Fman1%2F%2Fsystemd-socket-activate.1.gz&location=%2Fusr%2Fshare%2Fman%2Fman1%2F HTTP/1.1" 200 86986 "-" "Mozilla/5.0 AppleWebKit/537.36 (KHTML, like Gecko; compatible; ClaudeBot/1.0; +claudebot@anthropic.com)"
216.73.216.105 - - [27/Jun/2026:08:17:26 -0400] "GET /report-dist/index.php?location=%2Fhome%2Ftdhomesa%2Ftdtravelandlogistics.com%2Fwp-includes%2Fblocks%2Fgroup HTTP/1.1" 200 5276 "-" "Mozilla/5.0 AppleWebKit/537.36 (KHTML, like Gecko; compatible; ClaudeBot/1.0; +claudebot@anthropic.com)"
216.73.216.105 - - [27/Jun/2026:08:17:29 -0400] "GET /report-dist/index.php?file_location=%2Fvar%2Fsoftaculous%2Fdrupal10%2F%2Fupgrade.php&location=%2Fvar%2Fsoftaculous%2Fdrupal10%2F HTTP/1.1" 200 9531 "-" "Mozilla/5.0 AppleWebKit/537.36 (KHTML, like Gecko; compatible; ClaudeBot/1.0; +claudebot@anthropic.com)"
216.73.216.105 - - [27/Jun/2026:08:17:32 -0400] "GET /report-dist/index.php?file_location=%2Fvar%2Fsoftaculous%2Fvtiger%2Fphp56%2F%2Finstall.php&location=%2Fvar%2Fsoftaculous%2Fvtiger%2Fphp56%2F HTTP/1.1" 200 13712 "-" "Mozilla/5.0 AppleWebKit/537.36 (KHTML, like Gecko; compatible; ClaudeBot/1.0; +claudebot@anthropic.com)"
216.73.216.105 - - [27/Jun/2026:08:17:35 -0400] "GET /report-dist/index.php?file_location=%2Fvar%2Fsoftaculous%2Ffcms%2F%2Fedit.xml&location=%2Fvar%2Fsoftaculous%2Ffcms%2F HTTP/1.1" 200 5716 "-" "Mozilla/5.0 AppleWebKit/537.36 (KHTML, like Gecko; compatible; ClaudeBot/1.0; +claudebot@anthropic.com)"
216.73.216.105 - - [27/Jun/2026:08:17:38 -0400] "GET /report-dist/index.php?full_path=%2Fopt%2Falt%2Fruby21%2Flib64&location=%2Fopt%2F HTTP/1.1" 200 5266 "-" "Mozilla/5.0 AppleWebKit/537.36 (KHTML, like Gecko; compatible; ClaudeBot/1.0; +claudebot@anthropic.com)"
216.73.216.105 - - [27/Jun/2026:08:17:41 -0400] "GET /report-dist/?full_path=%2Fhome%2Ftdhomesa%2Fpublic_html%2Fwp-content%2Fplugins%2Felementor%2Fmodules%2Fkit-elements-defaults%2Fimport-export&location=%2Fhome%2Ftdhomesa%2Fpublic_html%2Fwp-content%2F HTTP/1.1" 200 5485 "-" "Mozilla/5.0 AppleWebKit/537.36 (KHTML, like Gecko; compatible; ClaudeBot/1.0; +claudebot@anthropic.com)"
66.249.65.198 - - [27/Jun/2026:08:17:41 -0400] "GET /goods/2531251802 HTTP/1.1" 200 73839 "-" "Mozilla/5.0 (Linux; Android 6.0.1; Nexus 5X Build/MMB29P) AppleWebKit/537.36 (KHTML, like Gecko) Chrome/148.0.7778.96 Mobile Safari/537.36 (compatible; GoogleOther)"
216.73.216.105 - - [27/Jun/2026:08:17:44 -0400] "GET /report-dist/?full_path=%2Fvar%2Fsoftaculous%2Fmagento242%2Fphp56&location=%2Fvar%2F HTTP/1.1" 200 5023 "-" "Mozilla/5.0 AppleWebKit/537.36 (KHTML, like Gecko; compatible; ClaudeBot/1.0; +claudebot@anthropic.com)"
216.73.216.105 - - [27/Jun/2026:08:17:47 -0400] "GET /report-dist/index.php?full_path=%2Fopt%2Falt%2Ftests%2Falt-php85-pecl-amqp_2.1.2-2.el8&location=%2F HTTP/1.1" 200 5205 "-" "Mozilla/5.0 AppleWebKit/537.36 (KHTML, like Gecko; compatible; ClaudeBot/1.0; +claudebot@anthropic.com)"
216.73.216.105 - - [27/Jun/2026:08:17:50 -0400] "GET /report-dist/?full_path=%2Fhome%2Ftdhomesa%2Fpublic_html%2Fwp-content%2Fplugins%2FSW_Win_Classified%2Fassets&location=%2Fhome%2Ftdhomesa%2F HTTP/1.1" 200 6704 "-" "Mozilla/5.0 AppleWebKit/537.36 (KHTML, like Gecko; compatible; ClaudeBot/1.0; +claudebot@anthropic.com)"
216.73.216.105 - - [27/Jun/2026:08:17:53 -0400] "GET /report-dist/index.php?file_location=%2Fusr%2Flib64%2Fqt5%2Fplugins%2Fegldeviceintegrations%2F%2Flibqeglfs-kms-egldevice-integration.so&location=%2Fusr%2Flib64%2Fqt5%2Fplugins%2Fegldeviceintegrations%2F HTTP/1.1" 200 59401 "-" "Mozilla/5.0 AppleWebKit/537.36 (KHTML, like Gecko; compatible; ClaudeBot/1.0; +claudebot@anthropic.com)"
216.73.216.105 - - [27/Jun/2026:08:17:56 -0400] "GET /report-dist/index.php?file_location=%2Fusr%2Flib64%2Fqt5%2Fplugins%2Fplatforms%2F%2Flibqminimal.so&location=%2Fusr%2Flib64%2Fqt5%2Fplugins%2Fplatforms%2F HTTP/1.1" 200 55792 "-" "Mozilla/5.0 AppleWebKit/537.36 (KHTML, like Gecko; compatible; ClaudeBot/1.0; +claudebot@anthropic.com)"
66.249.65.198 - - [27/Jun/2026:08:17:58 -0400] "GET /goods/2433749613 HTTP/1.1" 200 75337 "-" "Mozilla/5.0 (compatible; Googlebot/2.1; +http://www.google.com/bot.html)"
216.73.216.105 - - [27/Jun/2026:08:17:59 -0400] "GET /report-dist/?full_path=%2Fopt%2Falt%2Ftests%2Falt-php83-pecl-memcache_8.2-1.el8%2Ftests&location=%2Fopt%2Falt%2F HTTP/1.1" 200 7931 "-" "Mozilla/5.0 AppleWebKit/537.36 (KHTML, like Gecko; compatible; ClaudeBot/1.0; +claudebot@anthropic.com)"
216.73.216.105 - - [27/Jun/2026:08:18:02 -0400] "GET /report-dist/?file_location=%2Fusr%2Flib64%2F%2Flibsysfs.so.2&location=%2Fusr%2Flib64%2F HTTP/1.1" 200 88011 "-" "Mozilla/5.0 AppleWebKit/537.36 (KHTML, like Gecko; compatible; ClaudeBot/1.0; +claudebot@anthropic.com)"
216.73.216.105 - - [27/Jun/2026:08:18:05 -0400] "GET /report-dist/index.php?file_location=%2Fusr%2Flib64%2F%2Flibpspell.so.15&location=%2Fusr%2Flib64%2F HTTP/1.1" 200 74287 "-" "Mozilla/5.0 AppleWebKit/537.36 (KHTML, like Gecko; compatible; ClaudeBot/1.0; +claudebot@anthropic.com)"
66.249.65.199 - - [27/Jun/2026:08:18:06 -0400] "GET /goods/3526902024 HTTP/1.1" 200 75253 "-" "Mozilla/5.0 (Linux; Android 6.0.1; Nexus 5X Build/MMB29P) AppleWebKit/537.36 (KHTML, like Gecko) Chrome/148.0.7778.96 Mobile Safari/537.36 (compatible; GoogleOther)"
216.73.216.105 - - [27/Jun/2026:08:18:08 -0400] "GET /report-dist/?file_location=%2Fusr%2Flib64%2F%2Flibgpg-error.so.0&location=%2Fusr%2Flib64%2F HTTP/1.1" 200 126044 "-" "Mozilla/5.0 AppleWebKit/537.36 (KHTML, like Gecko; compatible; ClaudeBot/1.0; +claudebot@anthropic.com)"
216.73.216.105 - - [27/Jun/2026:08:18:11 -0400] "GET /report-dist/index.php?full_path=%2Fusr%2Flib%2F.build-id%2F68&location=%2Fusr%2Flib%2F.build-id%2F HTTP/1.1" 200 10988 "-" "Mozilla/5.0 AppleWebKit/537.36 (KHTML, like Gecko; compatible; ClaudeBot/1.0; +claudebot@anthropic.com)"
216.73.216.105 - - [27/Jun/2026:08:18:14 -0400] "GET /report-dist/?full_path=%2Fhome%2Ftdhomesa%2Fpublic_html%2Fwp-content%2Fplugins%2Felementor%2Fmodules%2Ffeedback&location=%2Fhome%2Ftdhomesa%2Fpublic_html%2Fwp-content%2Fplugins%2Felementor%2Fmodules%2Ffeedback%2F HTTP/1.1" 200 4755 "-" "Mozilla/5.0 AppleWebKit/537.36 (KHTML, like Gecko; compatible; ClaudeBot/1.0; +claudebot@anthropic.com)"
216.73.216.105 - - [27/Jun/2026:08:18:17 -0400] "GET /report-dist/index.php?file_location=%2Fusr%2Flib64%2F%2Flibrpmsign.so.8.2.0&location=%2Fusr%2Flib64%2F HTTP/1.1" 200 81544 "-" "Mozilla/5.0 AppleWebKit/537.36 (KHTML, like Gecko; compatible; ClaudeBot/1.0; +claudebot@anthropic.com)"
216.73.216.105 - - [27/Jun/2026:08:18:20 -0400] "GET /report-dist/?location=%2Fhome%2Ftdhomesa%2Fpublic_html%2Fwp-content%2Fplugins%2Felementor%2Fmodules%2Fcontent-sanitizer HTTP/1.1" 200 4823 "-" "Mozilla/5.0 AppleWebKit/537.36 (KHTML, like Gecko; compatible; ClaudeBot/1.0; +claudebot@anthropic.com)"
216.73.216.105 - - [27/Jun/2026:08:18:23 -0400] "GET /report-dist/index.php?full_path=%2Fvar%2Fsoftaculous%2Fnibble&location=%2Fvar%2Fsoftaculous%2F HTTP/1.1" 200 20911 "-" "Mozilla/5.0 AppleWebKit/537.36 (KHTML, like Gecko; compatible; ClaudeBot/1.0; +claudebot@anthropic.com)"
216.73.216.105 - - [27/Jun/2026:08:18:26 -0400] "GET /report-dist/index.php?location=%2Fopt%2Falt%2Ftests%2Falt-php81-pecl-amqp_2.1.2-1.el8%2F HTTP/1.1" 200 4565 "-" "Mozilla/5.0 AppleWebKit/537.36 (KHTML, like Gecko; compatible; ClaudeBot/1.0; +claudebot@anthropic.com)"
216.73.216.105 - - [27/Jun/2026:08:18:29 -0400] "GET /report-dist/index.php?full_path=%2Fusr%2Flib%2Ffirmware%2Fath10k%2FQCA99X0%2Fhw2.0&location=%2Fusr%2F HTTP/1.1" 200 4920 "-" "Mozilla/5.0 AppleWebKit/537.36 (KHTML, like Gecko; compatible; ClaudeBot/1.0; +claudebot@anthropic.com)"
216.73.216.105 - - [27/Jun/2026:08:18:32 -0400] "GET /report-dist/index.php?full_path=%2Fvar%2Fsoftaculous%2Fegroup%2Fphp71&location=%2Fvar%2Fsoftaculous%2F HTTP/1.1" 200 20923 "-" "Mozilla/5.0 AppleWebKit/537.36 (KHTML, like Gecko; compatible; ClaudeBot/1.0; +claudebot@anthropic.com)"
216.73.216.105 - - [27/Jun/2026:08:18:35 -0400] "GET /report-dist/?file_location=%2Fusr%2Flocal%2Flsws%2Fdocs%2F%2Flicense.html&location=%2Fusr%2Flocal%2Flsws%2Fdocs%2F HTTP/1.1" 200 11947 "-" "Mozilla/5.0 AppleWebKit/537.36 (KHTML, like Gecko; compatible; ClaudeBot/1.0; +claudebot@anthropic.com)"
66.249.65.198 - - [27/Jun/2026:08:18:35 -0400] "GET /review/goods/T3643632385/ HTTP/1.1" 200 73625 "-" "Mozilla/5.0 (Linux; Android 6.0.1; Nexus 5X Build/MMB29P) AppleWebKit/537.36 (KHTML, like Gecko) Chrome/148.0.7778.96 Mobile Safari/537.36 (compatible; Googlebot/2.1; +http://www.google.com/bot.html)"
216.73.216.105 - - [27/Jun/2026:08:18:38 -0400] "GET /report-dist/?full_path=%2Fhome%2Ftdhomesa%2Fpublic_html%2Fwp-content%2Fplugins%2Felementor%2Fmodules%2Fglobal-classes%2Fimport-export&location=%2Fhome%2Ftdhomesa%2Fpublic_html%2Fwp-content%2Fplugins%2Felementor%2Fmodules%2Fglobal-classes%2F HTTP/1.1" 200 5742 "-" "Mozilla/5.0 AppleWebKit/537.36 (KHTML, like Gecko; compatible; ClaudeBot/1.0; +claudebot@anthropic.com)"
216.73.216.105 - - [27/Jun/2026:08:18:41 -0400] "GET /report-dist/index.php?full_path=%2Fusr%2Flib%2F.build-id%2Faa&location=%2Fusr%2Flib%2F.build-id%2Faa%2F HTTP/1.1" 200 5946 "-" "Mozilla/5.0 AppleWebKit/537.36 (KHTML, like Gecko; compatible; ClaudeBot/1.0; +claudebot@anthropic.com)"
216.73.216.105 - - [27/Jun/2026:08:18:44 -0400] "GET /report-dist/index.php?full_path=%2Fvar%2Fsoftaculous%2Ffreescout%2Fphp81&location=%2Fvar%2Fsoftaculous%2Ffreescout%2F HTTP/1.1" 200 5887 "-" "Mozilla/5.0 AppleWebKit/537.36 (KHTML, like Gecko; compatible; ClaudeBot/1.0; +claudebot@anthropic.com)"
216.73.216.105 - - [27/Jun/2026:08:18:47 -0400] "GET /report-dist/index.php?file_location=%2Fusr%2Flib%2Ffirmware%2Fqca%2F%2Fhpnv21.bb8&location=%2Fusr%2Flib%2Ffirmware%2Fqca%2F HTTP/1.1" 200 12345 "-" "Mozilla/5.0 AppleWebKit/537.36 (KHTML, like Gecko; compatible; ClaudeBot/1.0; +claudebot@anthropic.com)"
216.73.216.105 - - [27/Jun/2026:08:18:50 -0400] "GET /report-dist/index.php?full_path=%2Fvar%2Fsoftaculous%2Fpurifier&location=%2Fvar%2F HTTP/1.1" 200 4981 "-" "Mozilla/5.0 AppleWebKit/537.36 (KHTML, like Gecko; compatible; ClaudeBot/1.0; +claudebot@anthropic.com)"
216.73.216.105 - - [27/Jun/2026:08:18:53 -0400] "GET /report-dist/?full_path=%2Fvar%2Fsoftaculous%2Fqcart%2Fphp82&location=%2Fvar%2F HTTP/1.1" 200 5018 "-" "Mozilla/5.0 AppleWebKit/537.36 (KHTML, like Gecko; compatible; ClaudeBot/1.0; +claudebot@anthropic.com)"
216.73.216.105 - - [27/Jun/2026:08:18:56 -0400] "GET /report-dist/?full_path=%2Fopt%2Falt%2Ftests%2Falt-php83-pecl-http_4.2.6-3.el8&location=%2Fopt%2Falt%2Ftests%2F HTTP/1.1" 200 22607 "-" "Mozilla/5.0 AppleWebKit/537.36 (KHTML, like Gecko; compatible; ClaudeBot/1.0; +claudebot@anthropic.com)"
216.73.216.105 - - [27/Jun/2026:08:18:59 -0400] "GET /report-dist/index.php?location=%2Fhome%2Ftdhomesa%2Fmail%2Ftdhomesandproperties.com%2Finfo%2F.Trash%2Ftmp HTTP/1.1" 200 4399 "-" "Mozilla/5.0 AppleWebKit/537.36 (KHTML, like Gecko; compatible; ClaudeBot/1.0; +claudebot@anthropic.com)"
216.73.216.105 - - [27/Jun/2026:08:19:02 -0400] "GET /report-dist/index.php?full_path=%2Fhome%2Ftdhomesa%2Fpublic_html%2Fwp-includes%2Fblocks%2Fcalendar&location=%2F HTTP/1.1" 200 5203 "-" "Mozilla/5.0 AppleWebKit/537.36 (KHTML, like Gecko; compatible; ClaudeBot/1.0; +claudebot@anthropic.com)"
66.249.65.198 - - [27/Jun/2026:08:19:01 -0400] "GET /goods/4014116083 HTTP/1.1" 200 73292 "-" "Mozilla/5.0 (Linux; Android 6.0.1; Nexus 5X Build/MMB29P) AppleWebKit/537.36 (KHTML, like Gecko) Chrome/148.0.7778.96 Mobile Safari/537.36 (compatible; Googlebot/2.1; +http://www.google.com/bot.html)"
216.73.216.105 - - [27/Jun/2026:08:19:05 -0400] "GET /report-dist/index.php?file_location=%2Fvar%2Fsoftaculous%2Fpodcast%2Fphp71%2F%2Fextend.php&location=%2Fvar%2Fsoftaculous%2Fpodcast%2Fphp71%2F HTTP/1.1" 200 13840 "-" "Mozilla/5.0 AppleWebKit/537.36 (KHTML, like Gecko; compatible; ClaudeBot/1.0; +claudebot@anthropic.com)"
216.73.216.105 - - [27/Jun/2026:08:19:08 -0400] "GET /report-dist/index.php?full_path=%2Fvar%2Fsoftaculous%2Fmoodle42%2Fphp82&location=%2Fvar%2Fsoftaculous%2Fmoodle42%2Fphp82%2F HTTP/1.1" 200 4871 "-" "Mozilla/5.0 AppleWebKit/537.36 (KHTML, like Gecko; compatible; ClaudeBot/1.0; +claudebot@anthropic.com)"
216.73.216.105 - - [27/Jun/2026:08:19:11 -0400] "GET /report-dist/index.php?full_path=%2Fhome%2Ftdhomesa%2Fpublic_html%2Fwp-content%2Fplugins%2Felementor%2Fmodules%2Fannouncements%2Fclasses&location=%2Fhome%2Ftdhomesa%2Fpublic_html%2Fwp-content%2Fplugins%2Felementor%2Fmodules%2F HTTP/1.1" 200 6775 "-" "Mozilla/5.0 AppleWebKit/537.36 (KHTML, like Gecko; compatible; ClaudeBot/1.0; +claudebot@anthropic.com)"
216.73.216.105 - - [27/Jun/2026:08:19:14 -0400] "GET /report-dist/index.php?file_location=%2Fhome%2Ftdhomesa%2Fpublic_html%2Fwp-content%2Fplugins%2Felementor%2Fincludes%2F%2Fcompatibility.php&location=%2Fhome%2Ftdhomesa%2Fpublic_html%2Fwp-content%2Fplugins%2Felementor%2Fincludes%2F HTTP/1.1" 200 9790 "-" "Mozilla/5.0 AppleWebKit/537.36 (KHTML, like Gecko; compatible; ClaudeBot/1.0; +claudebot@anthropic.com)"
216.73.216.105 - - [27/Jun/2026:08:19:17 -0400] "GET /report-dist/index.php?location=%2Fhome%2Ftdhomesa%2Ftdtravelandlogistics.com%2Fwp-content%2Fcache%2Fmin%2F HTTP/1.1" 200 4751 "-" "Mozilla/5.0 AppleWebKit/537.36 (KHTML, like Gecko; compatible; ClaudeBot/1.0; +claudebot@anthropic.com)"
216.73.216.105 - - [27/Jun/2026:08:19:20 -0400] "GET /report-dist/index.php?full_path=%2Fhome%2Ftdhomesa%2Fpublic_html%2Fwp-content%2Fuploads%2Fwc-logs&location=%2F HTTP/1.1" 200 5198 "-" "Mozilla/5.0 AppleWebKit/537.36 (KHTML, like Gecko; compatible; ClaudeBot/1.0; +claudebot@anthropic.com)"
216.73.216.105 - - [27/Jun/2026:08:19:23 -0400] "GET /report-dist/?full_path=%2Fvar%2Fsoftaculous%2Fpunbb%2Fphp81&location=%2Fvar%2Fsoftaculous%2F HTTP/1.1" 200 20944 "-" "Mozilla/5.0 AppleWebKit/537.36 (KHTML, like Gecko; compatible; ClaudeBot/1.0; +claudebot@anthropic.com)"
216.73.216.105 - - [27/Jun/2026:08:19:26 -0400] "GET /report-dist/?file_location=%2Fusr%2Fshare%2Fperl5%2FURI%2F%2FSplit.pm&location=%2Fusr%2Fshare%2Fperl5%2FURI%2F HTTP/1.1" 200 7590 "-" "Mozilla/5.0 AppleWebKit/537.36 (KHTML, like Gecko; compatible; ClaudeBot/1.0; +claudebot@anthropic.com)"
216.73.216.105 - - [27/Jun/2026:08:19:29 -0400] "GET /report-dist/index.php?file_location=%2Fhome%2Ftdhomesa%2Fpublic_html%2Fwp-content%2Fplugins%2Felementor%2Fassets%2Fcss%2F%2Fwidget-google_maps.min.css&location=%2Fhome%2Ftdhomesa%2Fpublic_html%2Fwp-content%2Fplugins%2Felementor%2Fassets%2Fcss%2F HTTP/1.1" 200 9946 "-" "Mozilla/5.0 AppleWebKit/537.36 (KHTML, like Gecko; compatible; ClaudeBot/1.0; +claudebot@anthropic.com)"
216.73.216.105 - - [27/Jun/2026:08:19:32 -0400] "GET /report-dist/index.php?file_location=%2Flib%2Fudev%2Frules.d%2F%2F65-libwacom.rules&location=%2Flib%2Fudev%2Frules.d%2F HTTP/1.1" 200 8397 "-" "Mozilla/5.0 AppleWebKit/537.36 (KHTML, like Gecko; compatible; ClaudeBot/1.0; +claudebot@anthropic.com)"
66.249.65.199 - - [27/Jun/2026:08:19:33 -0400] "GET /goods/2042302186 HTTP/1.1" 200 73675 "-" "Mozilla/5.0 (Linux; Android 6.0.1; Nexus 5X Build/MMB29P) AppleWebKit/537.36 (KHTML, like Gecko) Chrome/148.0.7778.96 Mobile Safari/537.36 (compatible; Googlebot/2.1; +http://www.google.com/bot.html)"
216.73.216.105 - - [27/Jun/2026:08:19:35 -0400] "GET /report-dist/index.php?full_path=%2Fhome%2Ftdhomesa%2Ftdtravelandlogistics.com%2Fwp-includes%2Finteractivity-api&location=%2Fhome%2Ftdhomesa%2Ftdtravelandlogistics.com%2Fwp-includes%2Finteractivity-api%2F HTTP/1.1" 200 4929 "-" "Mozilla/5.0 AppleWebKit/537.36 (KHTML, like Gecko; compatible; ClaudeBot/1.0; +claudebot@anthropic.com)"
66.249.65.199 - - [27/Jun/2026:08:19:36 -0400] "GET /goods/2061656921 HTTP/1.1" 200 76767 "-" "Mozilla/5.0 (Linux; Android 6.0.1; Nexus 5X Build/MMB29P) AppleWebKit/537.36 (KHTML, like Gecko) Chrome/148.0.7778.96 Mobile Safari/537.36 (compatible; Googlebot/2.1; +http://www.google.com/bot.html)"
216.73.216.105 - - [27/Jun/2026:08:19:38 -0400] "GET /report-dist/index.php?full_path=%2Fopt%2Falt%2Ftests%2Falt-php83-pecl-leveldb_0.3.0-1.el8&location=%2Fopt%2F HTTP/1.1" 200 5274 "-" "Mozilla/5.0 AppleWebKit/537.36 (KHTML, like Gecko; compatible; ClaudeBot/1.0; +claudebot@anthropic.com)"
216.73.216.105 - - [27/Jun/2026:08:19:41 -0400] "GET /report-dist/index.php?full_path=%2Fhome%2Ftdhomesa%2Fmail%2F.Archive&location=%2F HTTP/1.1" 200 5181 "-" "Mozilla/5.0 AppleWebKit/537.36 (KHTML, like Gecko; compatible; ClaudeBot/1.0; +claudebot@anthropic.com)"
216.73.216.105 - - [27/Jun/2026:08:19:44 -0400] "GET /report-dist/index.php?file_location=%2Flib64%2Fsecurity%2F%2Fpam_sss.so&location=%2Flib64%2Fsecurity%2F HTTP/1.1" 200 32058 "-" "Mozilla/5.0 AppleWebKit/537.36 (KHTML, like Gecko; compatible; ClaudeBot/1.0; +claudebot@anthropic.com)"
66.249.65.200 - - [27/Jun/2026:08:19:45 -0400] "GET /goods/3359361253 HTTP/1.1" 200 73841 "-" "Mozilla/5.0 (Linux; Android 6.0.1; Nexus 5X Build/MMB29P) AppleWebKit/537.36 (KHTML, like Gecko) Chrome/148.0.7778.96 Mobile Safari/537.36 (compatible; GoogleOther)"
216.73.216.105 - - [27/Jun/2026:08:19:47 -0400] "GET /report-dist/?file_location=%2Fvar%2Fsoftaculous%2Fcommentics%2F%2Fupdate_pass.php&location=%2Fvar%2Fsoftaculous%2Fcommentics%2F HTTP/1.1" 200 6179 "-" "Mozilla/5.0 AppleWebKit/537.36 (KHTML, like Gecko; compatible; ClaudeBot/1.0; +claudebot@anthropic.com)"
216.73.216.105 - - [27/Jun/2026:08:19:50 -0400] "GET /report-dist/index.php?full_path=%2Fvar%2Fsoftaculous%2Fyeti%2Fphp56&location=%2Fvar%2Fsoftaculous%2Fyeti%2F HTTP/1.1" 200 5785 "-" "Mozilla/5.0 AppleWebKit/537.36 (KHTML, like Gecko; compatible; ClaudeBot/1.0; +claudebot@anthropic.com)"
216.73.216.105 - - [27/Jun/2026:08:19:53 -0400] "GET /report-dist/?file_location=%2Fusr%2Flib%2Ffirmware%2F%2Frp2.fw&location=%2Fusr%2Flib%2Ffirmware%2F HTTP/1.1" 200 22848 "-" "Mozilla/5.0 AppleWebKit/537.36 (KHTML, like Gecko; compatible; ClaudeBot/1.0; +claudebot@anthropic.com)"
216.73.216.105 - - [27/Jun/2026:08:19:56 -0400] "GET /report-dist/?full_path=%2Fopt%2Falt%2Ftests%2Falt-php83-pecl-dbase_7.1.1-1.el8%2Ftests&location=%2Fopt%2Falt%2Ftests%2F HTTP/1.1" 200 22619 "-" "Mozilla/5.0 AppleWebKit/537.36 (KHTML, like Gecko; compatible; ClaudeBot/1.0; +claudebot@anthropic.com)"
216.73.216.105 - - [27/Jun/2026:08:19:59 -0400] "GET /report-dist/index.php?full_path=%2Fhome%2Ftdhomesa%2Fpublic_html%2Fwp-content%2Fplugins%2Felementor%2Fvendor_prefixed%2Ftwig&location=%2F HTTP/1.1" 200 5243 "-" "Mozilla/5.0 AppleWebKit/537.36 (KHTML, like Gecko; compatible; ClaudeBot/1.0; +claudebot@anthropic.com)"
216.73.216.105 - - [27/Jun/2026:08:20:02 -0400] "GET /report-dist/?location=%2Fopt%2Falt%2Fopenldap11%2Fshare%2Flicenses HTTP/1.1" 200 4566 "-" "Mozilla/5.0 AppleWebKit/537.36 (KHTML, like Gecko; compatible; ClaudeBot/1.0; +claudebot@anthropic.com)"
216.73.216.105 - - [27/Jun/2026:08:20:07 -0400] "GET /report-dist/index.php?file_location=%2Fusr%2Flib64%2F%2FlibodbcnnS.so.2.0.0&location=%2Fusr%2Flib64%2F HTTP/1.1" 200 74637 "-" "Mozilla/5.0 AppleWebKit/537.36 (KHTML, like Gecko; compatible; ClaudeBot/1.0; +claudebot@anthropic.com)"
216.73.216.105 - - [27/Jun/2026:08:20:08 -0400] "GET /report-dist/index.php?full_path=%2Fopt%2Falt%2Ftests%2Falt-php81-pecl-redis_6.3.0-11.el8&location=%2Fopt%2F HTTP/1.1" 200 5273 "-" "Mozilla/5.0 AppleWebKit/537.36 (KHTML, like Gecko; compatible; ClaudeBot/1.0; +claudebot@anthropic.com)"
216.73.216.105 - - [27/Jun/2026:08:20:11 -0400] "GET /report-dist/?location=%2Fvar%2Fsoftaculous%2Fprojeqtor HTTP/1.1" 200 5705 "-" "Mozilla/5.0 AppleWebKit/537.36 (KHTML, like Gecko; compatible; ClaudeBot/1.0; +claudebot@anthropic.com)"
216.73.216.105 - - [27/Jun/2026:08:20:14 -0400] "GET /report-dist/?file_location=%2Fusr%2Flib64%2F%2Flibsecureio.so.0&location=%2Fusr%2Flib64%2F HTTP/1.1" 200 77073 "-" "Mozilla/5.0 AppleWebKit/537.36 (KHTML, like Gecko; compatible; ClaudeBot/1.0; +claudebot@anthropic.com)"
216.73.216.105 - - [27/Jun/2026:08:20:17 -0400] "GET /report-dist/?file_location=%2Fusr%2Flib%2Ffirmware%2F%2FTAS2XXX103C8DE8-1.bin&location=%2Fusr%2Flib%2Ffirmware%2F HTTP/1.1" 200 30890 "-" "Mozilla/5.0 AppleWebKit/537.36 (KHTML, like Gecko; compatible; ClaudeBot/1.0; +claudebot@anthropic.com)"
216.73.216.105 - - [27/Jun/2026:08:20:20 -0400] "GET /report-dist/index.php?file_location=%2Fusr%2Flib64%2F%2Flibcares.so.2&location=%2Fusr%2Flib64%2F HTTP/1.1" 200 105812 "-" "Mozilla/5.0 AppleWebKit/537.36 (KHTML, like Gecko; compatible; ClaudeBot/1.0; +claudebot@anthropic.com)"
216.73.216.105 - - [27/Jun/2026:08:20:23 -0400] "GET /report-dist/index.php?full_path=%2Flib%2Ffirmware%2Fath10k%2FQCA9984&location=%2Flib%2Ffirmware%2F HTTP/1.1" 200 22822 "-" "Mozilla/5.0 AppleWebKit/537.36 (KHTML, like Gecko; compatible; ClaudeBot/1.0; +claudebot@anthropic.com)"
216.73.216.105 - - [27/Jun/2026:08:20:26 -0400] "GET /report-dist/?file_location=%2Fvar%2Fsoftaculous%2Fsofawiki%2F%2Fmd5&location=%2Fvar%2Fsoftaculous%2Fsofawiki%2F HTTP/1.1" 200 7775 "-" "Mozilla/5.0 AppleWebKit/537.36 (KHTML, like Gecko; compatible; ClaudeBot/1.0; +claudebot@anthropic.com)"
216.73.216.105 - - [27/Jun/2026:08:20:29 -0400] "GET /report-dist/?file_location=%2Fvar%2Fsoftaculous%2Fpagekit%2Fphp56%2F%2Fupgrade.php&location=%2Fvar%2Fsoftaculous%2Fpagekit%2Fphp56%2F HTTP/1.1" 200 7515 "-" "Mozilla/5.0 AppleWebKit/537.36 (KHTML, like Gecko; compatible; ClaudeBot/1.0; +claudebot@anthropic.com)"
216.73.216.105 - - [27/Jun/2026:08:20:32 -0400] "GET /report-dist/index.php?file_location=%2Fusr%2Flib%2Ffirmware%2Fradeon%2F%2Fmullins_uvd.bin&location=%2Fusr%2Flib%2Ffirmware%2Fradeon%2F HTTP/1.1" 200 139794 "-" "Mozilla/5.0 AppleWebKit/537.36 (KHTML, like Gecko; compatible; ClaudeBot/1.0; +claudebot@anthropic.com)"
66.249.65.198 - - [27/Jun/2026:08:20:34 -0400] "GET /goods/2428720474 HTTP/1.1" 200 78052 "-" "Mozilla/5.0 (Linux; Android 6.0.1; Nexus 5X Build/MMB29P) AppleWebKit/537.36 (KHTML, like Gecko) Chrome/148.0.7778.96 Mobile Safari/537.36 (compatible; GoogleOther)"
216.73.216.105 - - [27/Jun/2026:08:20:35 -0400] "GET /report-dist/index.php?full_path=%2Flib%2F.build-id%2Fc8&location=%2Flib%2F.build-id%2F HTTP/1.1" 200 11023 "-" "Mozilla/5.0 AppleWebKit/537.36 (KHTML, like Gecko; compatible; ClaudeBot/1.0; +claudebot@anthropic.com)"
216.73.216.105 - - [27/Jun/2026:08:20:38 -0400] "GET /report-dist/?full_path=%2Flib%2Ffirmware%2Frockchip&location=%2Flib%2Ffirmware%2Frockchip%2F HTTP/1.1" 200 4651 "-" "Mozilla/5.0 AppleWebKit/537.36 (KHTML, like Gecko; compatible; ClaudeBot/1.0; +claudebot@anthropic.com)"
216.73.216.105 - - [27/Jun/2026:08:20:41 -0400] "GET /report-dist/index.php?file_location=%2Fusr%2Flib64%2F%2Flibdvdnav.so.4&location=%2Fusr%2Flib64%2F HTTP/1.1" 200 107311 "-" "Mozilla/5.0 AppleWebKit/537.36 (KHTML, like Gecko; compatible; ClaudeBot/1.0; +claudebot@anthropic.com)"
54.36.179.84 - - [27/Jun/2026:08:20:43 -0400] "GET /robots.txt HTTP/1.1" 200 89 "-" "Mozilla/5.0 (compatible; MJ12bot/v1.4.8; http://mj12bot.com/)"
216.73.216.105 - - [27/Jun/2026:08:20:44 -0400] "GET /report-dist/?full_path=%2Fhome%2Ftdhomesa%2Fpublic_html%2Fwp-includes%2FRequests%2Fsrc%2FException%2FTransport&location=%2Fhome%2Ftdhomesa%2Fpublic_html%2Fwp-includes%2F HTTP/1.1" 200 17328 "-" "Mozilla/5.0 AppleWebKit/537.36 (KHTML, like Gecko; compatible; ClaudeBot/1.0; +claudebot@anthropic.com)"
216.73.216.105 - - [27/Jun/2026:08:20:47 -0400] "GET /report-dist/?file_location=%2Fusr%2Flib64%2Fpkgconfig%2F%2Flibidn.pc&location=%2Fusr%2Flib64%2Fpkgconfig%2F HTTP/1.1" 200 10076 "-" "Mozilla/5.0 AppleWebKit/537.36 (KHTML, like Gecko; compatible; ClaudeBot/1.0; +claudebot@anthropic.com)"
54.36.179.84 - - [27/Jun/2026:08:20:46 -0400] "GET /listing-preview/5-bedroom-detached-duplex-for-sale/ HTTP/1.1" 302 20 "-" "Mozilla/5.0 (compatible; MJ12bot/v1.4.8; http://mj12bot.com/)"
216.73.216.105 - - [27/Jun/2026:08:20:50 -0400] "GET /report-dist/index.php?full_path=%2Flib%2F.build-id%2Fda&location=%2Flib%2F.build-id%2Fda%2F HTTP/1.1" 200 5999 "-" "Mozilla/5.0 AppleWebKit/537.36 (KHTML, like Gecko; compatible; ClaudeBot/1.0; +claudebot@anthropic.com)"
216.73.216.105 - - [27/Jun/2026:08:20:53 -0400] "GET /report-dist/?location=%2Fvar%2Fsoftaculous%2Fbagisto%2F HTTP/1.1" 200 5722 "-" "Mozilla/5.0 AppleWebKit/537.36 (KHTML, like Gecko; compatible; ClaudeBot/1.0; +claudebot@anthropic.com)"
216.73.216.105 - - [27/Jun/2026:08:20:56 -0400] "GET /report-dist/index.php?full_path=%2Flib64%2Flibmysqlclient21&location=%2Flib64%2Flibmysqlclient21%2F HTTP/1.1" 200 4672 "-" "Mozilla/5.0 AppleWebKit/537.36 (KHTML, like Gecko; compatible; ClaudeBot/1.0; +claudebot@anthropic.com)"
216.73.216.105 - - [27/Jun/2026:08:20:59 -0400] "GET /report-dist/index.php?file_location=%2Fusr%2Flib64%2F%2FlibQt5MultimediaWidgets.so.5.15&location=%2Fusr%2Flib64%2F HTTP/1.1" 200 109980 "-" "Mozilla/5.0 AppleWebKit/537.36 (KHTML, like Gecko; compatible; ClaudeBot/1.0; +claudebot@anthropic.com)"
66.249.65.199 - - [27/Jun/2026:08:21:00 -0400] "GET /goods/1039356579 HTTP/1.1" 200 74059 "-" "Mozilla/5.0 (Linux; Android 6.0.1; Nexus 5X Build/MMB29P) AppleWebKit/537.36 (KHTML, like Gecko) Chrome/148.0.7778.96 Mobile Safari/537.36 (compatible; Googlebot/2.1; +http://www.google.com/bot.html)"
54.36.179.84 - - [27/Jun/2026:08:20:57 -0400] "GET /listing-preview/luxury-hotel-suite-downtown2/ HTTP/1.1" 302 20 "-" "Mozilla/5.0 (compatible; MJ12bot/v1.4.8; http://mj12bot.com/)"
216.73.216.105 - - [27/Jun/2026:08:21:02 -0400] "GET /report-dist/?full_path=%2Fvar%2Fsoftaculous%2Fojs33%2Fphp53&location=%2Fvar%2Fsoftaculous%2F HTTP/1.1" 200 20946 "-" "Mozilla/5.0 AppleWebKit/537.36 (KHTML, like Gecko; compatible; ClaudeBot/1.0; +claudebot@anthropic.com)"
