216.73.216.105 - - [27/Jun/2026:08:21:05 -0400] "GET /report-dist/index.php?full_path=%2Fopt%2Falt%2Ftests%2Falt-php82-pecl-inotify_3.0.0-1.el8%2Ftests&location=%2Fopt%2Falt%2Ftests%2F HTTP/1.1" 200 22588 "-" "Mozilla/5.0 AppleWebKit/537.36 (KHTML, like Gecko; compatible; ClaudeBot/1.0; +claudebot@anthropic.com)"
66.249.65.199 - - [27/Jun/2026:08:21:06 -0400] "GET /goods/799105748 HTTP/1.1" 200 73988 "-" "Mozilla/5.0 (Linux; Android 6.0.1; Nexus 5X Build/MMB29P) AppleWebKit/537.36 (KHTML, like Gecko) Chrome/148.0.7778.96 Mobile Safari/537.36 (compatible; Googlebot/2.1; +http://www.google.com/bot.html)"
216.73.216.105 - - [27/Jun/2026:08:21:09 -0400] "GET /report-dist/?full_path=%2Fvar%2Fsoftaculous%2Froundcube&location=%2Fvar%2Fsoftaculous%2Froundcube%2F HTTP/1.1" 200 5678 "-" "Mozilla/5.0 AppleWebKit/537.36 (KHTML, like Gecko; compatible; ClaudeBot/1.0; +claudebot@anthropic.com)"
216.73.216.105 - - [27/Jun/2026:08:21:11 -0400] "GET /report-dist/?file_location=%2Fusr%2Flib64%2F%2Flibbind9.so.161&location=%2Fusr%2Flib64%2F HTTP/1.1" 200 99355 "-" "Mozilla/5.0 AppleWebKit/537.36 (KHTML, like Gecko; compatible; ClaudeBot/1.0; +claudebot@anthropic.com)"
54.36.179.84 - - [27/Jun/2026:08:21:09 -0400] "GET /listing-preview/newly-built-spacious-3-bedroom-bungalow-for-sale/ HTTP/1.1" 302 20 "-" "Mozilla/5.0 (compatible; MJ12bot/v1.4.8; http://mj12bot.com/)"
216.73.216.105 - - [27/Jun/2026:08:21:14 -0400] "GET /report-dist/?file_location=%2Fvar%2Fsoftaculous%2Fmw14%2Fphp82%2F%2Fimport.php&location=%2Fvar%2Fsoftaculous%2Fmw14%2Fphp82%2F HTTP/1.1" 200 9013 "-" "Mozilla/5.0 AppleWebKit/537.36 (KHTML, like Gecko; compatible; ClaudeBot/1.0; +claudebot@anthropic.com)"
66.249.65.198 - - [27/Jun/2026:08:21:15 -0400] "GET /goods/2160565191 HTTP/1.1" 200 75694 "-" "Mozilla/5.0 (Linux; Android 6.0.1; Nexus 5X Build/MMB29P) AppleWebKit/537.36 (KHTML, like Gecko) Chrome/148.0.7778.96 Mobile Safari/537.36 (compatible; Googlebot/2.1; +http://www.google.com/bot.html)"
216.73.216.105 - - [27/Jun/2026:08:21:17 -0400] "GET /report-dist/?file_location=%2Fhome%2Ftdhomesa%2Fpublic_html%2Fwp-content%2Fplugins%2Fwp-optimize%2Ftemplates%2Fminify%2F%2Fstatus-tab.php&location=%2Fhome%2Ftdhomesa%2Fpublic_html%2Fwp-content%2Fplugins%2Fwp-optimize%2Ftemplates%2Fminify%2F HTTP/1.1" 200 8836 "-" "Mozilla/5.0 AppleWebKit/537.36 (KHTML, like Gecko; compatible; ClaudeBot/1.0; +claudebot@anthropic.com)"
66.249.65.198 - - [27/Jun/2026:08:21:18 -0400] "GET /goods/2630189939 HTTP/1.1" 200 77990 "-" "Mozilla/5.0 (Linux; Android 6.0.1; Nexus 5X Build/MMB29P) AppleWebKit/537.36 (KHTML, like Gecko) Chrome/148.0.7778.96 Mobile Safari/537.36 (compatible; GoogleOther)"
216.73.216.105 - - [27/Jun/2026:08:21:20 -0400] "GET /report-dist/index.php?file_location=%2Fusr%2Fshare%2Fman%2Fman1%2F%2Fgit-multi-pack-index.1.gz&location=%2Fusr%2Fshare%2Fman%2Fman1%2F HTTP/1.1" 200 87476 "-" "Mozilla/5.0 AppleWebKit/537.36 (KHTML, like Gecko; compatible; ClaudeBot/1.0; +claudebot@anthropic.com)"
216.73.216.105 - - [27/Jun/2026:08:21:23 -0400] "GET /report-dist/index.php?file_location=%2Fhome%2Ftdhomesa%2Fpublic_html%2Fwp-includes%2Fblocks%2Fmath%2F%2Fblock.json&location=%2Fhome%2Ftdhomesa%2Fpublic_html%2Fwp-includes%2Fblocks%2Fmath%2F HTTP/1.1" 200 5535 "-" "Mozilla/5.0 AppleWebKit/537.36 (KHTML, like Gecko; compatible; ClaudeBot/1.0; +claudebot@anthropic.com)"
216.73.216.105 - - [27/Jun/2026:08:21:27 -0400] "GET /report-dist/index.php?file_location=%2Flib%2Ffirmware%2Fqcom%2F%2Fa663_gmu.bin&location=%2Flib%2Ffirmware%2Fqcom%2F HTTP/1.1" 200 40348 "-" "Mozilla/5.0 AppleWebKit/537.36 (KHTML, like Gecko; compatible; ClaudeBot/1.0; +claudebot@anthropic.com)"
66.249.65.198 - - [27/Jun/2026:08:21:28 -0400] "GET /goods/1201287449 HTTP/1.1" 200 74960 "-" "Mozilla/5.0 (Linux; Android 6.0.1; Nexus 5X Build/MMB29P) AppleWebKit/537.36 (KHTML, like Gecko) Chrome/148.0.7778.96 Mobile Safari/537.36 (compatible; Googlebot/2.1; +http://www.google.com/bot.html)"
216.73.216.105 - - [27/Jun/2026:08:21:30 -0400] "GET /report-dist/index.php?full_path=%2Fopt%2Falt%2Flibicu57%2Fusr&location=%2Fopt%2Falt%2Flibicu57%2Fusr%2F HTTP/1.1" 200 4574 "-" "Mozilla/5.0 AppleWebKit/537.36 (KHTML, like Gecko; compatible; ClaudeBot/1.0; +claudebot@anthropic.com)"
216.73.216.105 - - [27/Jun/2026:08:21:33 -0400] "GET /report-dist/index.php?location=%2Flib%2Fmodules%2F4.18.0-553.121.1.lve.el8.x86_64%2Fweak-updates%2F HTTP/1.1" 200 4560 "-" "Mozilla/5.0 AppleWebKit/537.36 (KHTML, like Gecko; compatible; ClaudeBot/1.0; +claudebot@anthropic.com)"
216.73.216.105 - - [27/Jun/2026:08:21:36 -0400] "GET /report-dist/?full_path=%2Fvar%2Fsoftaculous%2Foscom&location=%2Fvar%2Fsoftaculous%2Foscom%2F HTTP/1.1" 200 5709 "-" "Mozilla/5.0 AppleWebKit/537.36 (KHTML, like Gecko; compatible; ClaudeBot/1.0; +claudebot@anthropic.com)"
66.249.65.199 - - [27/Jun/2026:08:21:36 -0400] "GET /goods/172496336 HTTP/1.1" 200 77670 "-" "Mozilla/5.0 (Linux; Android 6.0.1; Nexus 5X Build/MMB29P) AppleWebKit/537.36 (KHTML, like Gecko) Chrome/148.0.7778.96 Mobile Safari/537.36 (compatible; Googlebot/2.1; +http://www.google.com/bot.html)"
66.249.65.200 - - [27/Jun/2026:08:21:38 -0400] "GET /goods/2952446672 HTTP/1.1" 200 73244 "-" "Mozilla/5.0 (Linux; Android 6.0.1; Nexus 5X Build/MMB29P) AppleWebKit/537.36 (KHTML, like Gecko) Chrome/148.0.7778.96 Mobile Safari/537.36 (compatible; GoogleOther)"
216.73.216.105 - - [27/Jun/2026:08:21:39 -0400] "GET /report-dist/index.php?full_path=%2Flib%2F.build-id%2Fa0&location=%2Flib%2F.build-id%2F HTTP/1.1" 200 11021 "-" "Mozilla/5.0 AppleWebKit/537.36 (KHTML, like Gecko; compatible; ClaudeBot/1.0; +claudebot@anthropic.com)"
216.73.216.105 - - [27/Jun/2026:08:21:42 -0400] "GET /report-dist/index.php?file_location=%2Fusr%2Fshare%2Fman%2Fman3p%2F%2Fwrite.3p.gz&location=%2Fusr%2Fshare%2Fman%2Fman3p%2F HTTP/1.1" 200 41469 "-" "Mozilla/5.0 AppleWebKit/537.36 (KHTML, like Gecko; compatible; ClaudeBot/1.0; +claudebot@anthropic.com)"
216.73.216.105 - - [27/Jun/2026:08:21:45 -0400] "GET /report-dist/?file_location=%2Flib%2Fsystemd%2Fcatalog%2F%2Fsystemd.be.catalog&location=%2Flib%2Fsystemd%2Fcatalog%2F HTTP/1.1" 200 9317 "-" "Mozilla/5.0 AppleWebKit/537.36 (KHTML, like Gecko; compatible; ClaudeBot/1.0; +claudebot@anthropic.com)"
216.73.216.105 - - [27/Jun/2026:08:21:48 -0400] "GET /report-dist/index.php?file_location=%2Fusr%2Flib%2Fdracut%2F%2Fdracut-functions.sh&location=%2Fusr%2Flib%2Fdracut%2F HTTP/1.1" 200 11276 "-" "Mozilla/5.0 AppleWebKit/537.36 (KHTML, like Gecko; compatible; ClaudeBot/1.0; +claudebot@anthropic.com)"
216.73.216.105 - - [27/Jun/2026:08:21:51 -0400] "GET /report-dist/index.php?file_location=%2Fusr%2Flib%2Ffirmware%2Fqed%2F%2Fqed_init_values-8.30.12.0.bin&location=%2Fusr%2Flib%2Ffirmware%2Fqed%2F HTTP/1.1" 200 526920 "-" "Mozilla/5.0 AppleWebKit/537.36 (KHTML, like Gecko; compatible; ClaudeBot/1.0; +claudebot@anthropic.com)"
216.73.216.105 - - [27/Jun/2026:08:21:54 -0400] "GET /report-dist/index.php?full_path=%2Fopt%2Falt%2Ftests%2Falt-php81-pecl-imagick_3.8.0-10.el8&location=%2Fopt%2Falt%2Ftests%2F HTTP/1.1" 200 22575 "-" "Mozilla/5.0 AppleWebKit/537.36 (KHTML, like Gecko; compatible; ClaudeBot/1.0; +claudebot@anthropic.com)"
216.73.216.105 - - [27/Jun/2026:08:21:57 -0400] "GET /report-dist/index.php?file_location=%2Fusr%2Fshare%2Fzoneinfo%2FAustralia%2F%2FSydney&location=%2Fusr%2Fshare%2Fzoneinfo%2FAustralia%2F HTTP/1.1" 200 6943 "-" "Mozilla/5.0 AppleWebKit/537.36 (KHTML, like Gecko; compatible; ClaudeBot/1.0; +claudebot@anthropic.com)"
216.73.216.105 - - [27/Jun/2026:08:22:00 -0400] "GET /report-dist/?file_location=%2Fvar%2Fsoftaculous%2Fpodcast%2Fphp71%2F%2Fclone.php&location=%2Fvar%2Fsoftaculous%2Fpodcast%2Fphp71%2F HTTP/1.1" 200 9364 "-" "Mozilla/5.0 AppleWebKit/537.36 (KHTML, like Gecko; compatible; ClaudeBot/1.0; +claudebot@anthropic.com)"
216.73.216.105 - - [27/Jun/2026:08:22:03 -0400] "GET /report-dist/?full_path=%2Fhome%2Ftdhomesa%2Ftdtravelandlogistics.com%2Fwp-includes%2Fjs%2Ftinymce%2Fplugins%2Ftabfocus&location=%2Fhome%2Ftdhomesa%2Ftdtravelandlogistics.com%2Fwp-includes%2Fjs%2Ftinymce%2Fplugins%2Ftabfocus%2F HTTP/1.1" 200 4816 "-" "Mozilla/5.0 AppleWebKit/537.36 (KHTML, like Gecko; compatible; ClaudeBot/1.0; +claudebot@anthropic.com)"
66.249.65.198 - - [27/Jun/2026:08:22:05 -0400] "GET /goods/1613251622 HTTP/1.1" 200 75485 "-" "Mozilla/5.0 (Linux; Android 6.0.1; Nexus 5X Build/MMB29P) AppleWebKit/537.36 (KHTML, like Gecko) Chrome/148.0.7778.96 Mobile Safari/537.36 (compatible; GoogleOther)"
216.73.216.105 - - [27/Jun/2026:08:22:06 -0400] "GET /report-dist/?file_location=%2Fusr%2Flib%2Ffirmware%2Fradeon%2F%2FBARTS_mc.bin&location=%2Fusr%2Flib%2Ffirmware%2Fradeon%2F HTTP/1.1" 200 21199 "-" "Mozilla/5.0 AppleWebKit/537.36 (KHTML, like Gecko; compatible; ClaudeBot/1.0; +claudebot@anthropic.com)"
216.73.216.105 - - [27/Jun/2026:08:22:09 -0400] "GET /report-dist/index.php?full_path=%2Fusr%2Flib%2Ffirmware%2Fcxgb4%2Fconfigs&location=%2Fusr%2Flib%2Ffirmware%2Fcxgb4%2F HTTP/1.1" 200 5325 "-" "Mozilla/5.0 AppleWebKit/537.36 (KHTML, like Gecko; compatible; ClaudeBot/1.0; +claudebot@anthropic.com)"
216.73.216.105 - - [27/Jun/2026:08:22:12 -0400] "GET /report-dist/index.php?location=%2Fhome%2Ftdhomesa%2Fmail%2Fcur HTTP/1.1" 200 8876 "-" "Mozilla/5.0 AppleWebKit/537.36 (KHTML, like Gecko; compatible; ClaudeBot/1.0; +claudebot@anthropic.com)"
216.73.216.105 - - [27/Jun/2026:08:22:15 -0400] "GET /report-dist/index.php?file_location=%2Flib%2Ffirmware%2Fradeon%2F%2FKAVERI_mec.bin&location=%2Flib%2Ffirmware%2Fradeon%2F HTTP/1.1" 200 21067 "-" "Mozilla/5.0 AppleWebKit/537.36 (KHTML, like Gecko; compatible; ClaudeBot/1.0; +claudebot@anthropic.com)"
216.73.216.105 - - [27/Jun/2026:08:22:18 -0400] "GET /report-dist/index.php?full_path=%2Fhome%2Ftdhomesa%2Fpublic_html%2Fwp-content%2Fplugins%2Felementor%2Fmodules%2Fwidget-creation&location=%2Fhome%2Ftdhomesa%2Fpublic_html%2Fwp-content%2F HTTP/1.1" 200 5419 "-" "Mozilla/5.0 AppleWebKit/537.36 (KHTML, like Gecko; compatible; ClaudeBot/1.0; +claudebot@anthropic.com)"
216.73.216.105 - - [27/Jun/2026:08:22:21 -0400] "GET /wp-content/uploads/sw_win/files/off-plan-victoria-island-3.jpg HTTP/1.1" 200 83815 "-" "Mozilla/5.0 AppleWebKit/537.36 (KHTML, like Gecko; compatible; ClaudeBot/1.0; +claudebot@anthropic.com)"
216.73.216.105 - - [27/Jun/2026:08:22:24 -0400] "GET /report-dist/?location=%2Fvar%2Fsoftaculous%2Flaravel%2F HTTP/1.1" 200 5637 "-" "Mozilla/5.0 AppleWebKit/537.36 (KHTML, like Gecko; compatible; ClaudeBot/1.0; +claudebot@anthropic.com)"
216.73.216.105 - - [27/Jun/2026:08:22:27 -0400] "GET /report-dist/index.php?file_location=%2Fusr%2Fshare%2Fzoneinfo%2FAsia%2F%2FKhandyga&location=%2Fusr%2Fshare%2Fzoneinfo%2FAsia%2F HTTP/1.1" 200 9369 "-" "Mozilla/5.0 AppleWebKit/537.36 (KHTML, like Gecko; compatible; ClaudeBot/1.0; +claudebot@anthropic.com)"
216.73.216.105 - - [27/Jun/2026:08:22:30 -0400] "GET /report-dist/?file_location=%2Fvar%2Fsoftaculous%2Fuauctions%2F%2Finstall.php&location=%2Fvar%2Fsoftaculous%2Fuauctions%2F HTTP/1.1" 200 17166 "-" "Mozilla/5.0 AppleWebKit/537.36 (KHTML, like Gecko; compatible; ClaudeBot/1.0; +claudebot@anthropic.com)"
66.249.65.198 - - [27/Jun/2026:08:22:30 -0400] "GET /goods/3709229921 HTTP/1.1" 200 74585 "-" "Mozilla/5.0 (Linux; Android 6.0.1; Nexus 5X Build/MMB29P) AppleWebKit/537.36 (KHTML, like Gecko) Chrome/148.0.7778.96 Mobile Safari/537.36 (compatible; GoogleOther)"
216.73.216.105 - - [27/Jun/2026:08:22:33 -0400] "GET /report-dist/index.php?location=%2Fhome%2Ftdhomesa%2Ftdtravelandlogistics.com%2Fwp-includes%2Fblocks%2Flegacy-widget HTTP/1.1" 200 4764 "-" "Mozilla/5.0 AppleWebKit/537.36 (KHTML, like Gecko; compatible; ClaudeBot/1.0; +claudebot@anthropic.com)"
66.249.65.198 - - [27/Jun/2026:08:22:34 -0400] "GET /goods/2270424284 HTTP/1.1" 200 74575 "-" "Mozilla/5.0 (Linux; Android 6.0.1; Nexus 5X Build/MMB29P) AppleWebKit/537.36 (KHTML, like Gecko) Chrome/148.0.7778.96 Mobile Safari/537.36 (compatible; Googlebot/2.1; +http://www.google.com/bot.html)"
216.73.216.105 - - [27/Jun/2026:08:22:36 -0400] "GET /report-dist/index.php?full_path=%2Fvar%2Fsoftaculous%2Fphplist%2Fimages&location=%2F HTTP/1.1" 200 5190 "-" "Mozilla/5.0 AppleWebKit/537.36 (KHTML, like Gecko; compatible; ClaudeBot/1.0; +claudebot@anthropic.com)"
216.73.216.105 - - [27/Jun/2026:08:22:39 -0400] "GET /report-dist/index.php?full_path=%2Fvar%2Fsoftaculous%2Fzeus%2Fimages&location=%2F HTTP/1.1" 200 5188 "-" "Mozilla/5.0 AppleWebKit/537.36 (KHTML, like Gecko; compatible; ClaudeBot/1.0; +claudebot@anthropic.com)"
216.73.216.105 - - [27/Jun/2026:08:22:42 -0400] "GET /report-dist/?file_location=%2Fusr%2Flib%2Ffirmware%2F%2FTAS2XXX13941.bin&location=%2Fusr%2Flib%2Ffirmware%2F HTTP/1.1" 200 31364 "-" "Mozilla/5.0 AppleWebKit/537.36 (KHTML, like Gecko; compatible; ClaudeBot/1.0; +claudebot@anthropic.com)"
216.73.216.105 - - [27/Jun/2026:08:22:45 -0400] "GET /report-dist/index.php?file_location=%2Fusr%2Flib64%2F%2Flibtiff.so.5.3.0&location=%2Fusr%2Flib64%2F HTTP/1.1" 200 227949 "-" "Mozilla/5.0 AppleWebKit/537.36 (KHTML, like Gecko; compatible; ClaudeBot/1.0; +claudebot@anthropic.com)"
216.73.216.105 - - [27/Jun/2026:08:22:48 -0400] "GET /wp-content/uploads/2025/05/IKATE-DUPLEX-600x800.jpg HTTP/1.1" 200 79247 "-" "Mozilla/5.0 AppleWebKit/537.36 (KHTML, like Gecko; compatible; ClaudeBot/1.0; +claudebot@anthropic.com)"
216.73.216.105 - - [27/Jun/2026:08:22:51 -0400] "GET /report-dist/index.php?location=%2Flib%2Fmodules%2F4.18.0-553.124.4.lve.el8.x86_64%2Fkernel%2Ffs%2Fxfs HTTP/1.1" 200 4688 "-" "Mozilla/5.0 AppleWebKit/537.36 (KHTML, like Gecko; compatible; ClaudeBot/1.0; +claudebot@anthropic.com)"
216.73.216.105 - - [27/Jun/2026:08:22:54 -0400] "GET /report-dist/?file_location=%2Fusr%2Flib%2Ffirmware%2Fslicoss%2F%2Fgbrcvucode.sys&location=%2Fusr%2Flib%2Ffirmware%2Fslicoss%2F HTTP/1.1" 200 6115 "-" "Mozilla/5.0 AppleWebKit/537.36 (KHTML, like Gecko; compatible; ClaudeBot/1.0; +claudebot@anthropic.com)"
216.73.216.105 - - [27/Jun/2026:08:22:57 -0400] "GET /report-dist/?location=%2Fhome%2Ftdhomesa%2Ftdtravelandlogistics.com%2Fwp-content%2Fuploads%2Fwpcf7_uploads HTTP/1.1" 200 4707 "-" "Mozilla/5.0 AppleWebKit/537.36 (KHTML, like Gecko; compatible; ClaudeBot/1.0; +claudebot@anthropic.com)"
216.73.216.105 - - [27/Jun/2026:08:23:01 -0400] "GET /report-dist/index.php?file_location=%2Fusr%2Fshare%2Fterminfo%2Fx%2F%2Fxterm-nic&location=%2Fusr%2Fshare%2Fterminfo%2Fx%2F HTTP/1.1" 200 7871 "-" "Mozilla/5.0 AppleWebKit/537.36 (KHTML, like Gecko; compatible; ClaudeBot/1.0; +claudebot@anthropic.com)"
66.249.65.199 - - [27/Jun/2026:08:23:01 -0400] "GET /goods/2420000743 HTTP/1.1" 200 74921 "-" "Mozilla/5.0 (Linux; Android 6.0.1; Nexus 5X Build/MMB29P) AppleWebKit/537.36 (KHTML, like Gecko) Chrome/148.0.7778.96 Mobile Safari/537.36 (compatible; GoogleOther)"
216.73.216.105 - - [27/Jun/2026:08:23:04 -0400] "GET /report-dist/?file_location=%2Fvar%2Fsoftaculous%2Ftypo%2Fphp56%2F%2Fupgrade.php&location=%2Fvar%2Fsoftaculous%2Ftypo%2Fphp56%2F HTTP/1.1" 200 7827 "-" "Mozilla/5.0 AppleWebKit/537.36 (KHTML, like Gecko; compatible; ClaudeBot/1.0; +claudebot@anthropic.com)"
216.73.216.105 - - [27/Jun/2026:08:23:07 -0400] "GET /report-dist/index.php?file_location=%2Fusr%2Flib%2Ffirmware%2Fsdca%2F1fa%2F17aa%2F2353%2F%2F4.bin&location=%2Fusr%2Flib%2Ffirmware%2Fsdca%2F1fa%2F17aa%2F2353%2F HTTP/1.1" 200 4879 "-" "Mozilla/5.0 AppleWebKit/537.36 (KHTML, like Gecko; compatible; ClaudeBot/1.0; +claudebot@anthropic.com)"
66.249.65.199 - - [27/Jun/2026:08:23:06 -0400] "GET /goods/4040340306 HTTP/1.1" 200 74679 "-" "Mozilla/5.0 (Linux; Android 6.0.1; Nexus 5X Build/MMB29P) AppleWebKit/537.36 (KHTML, like Gecko) Chrome/148.0.7778.96 Mobile Safari/537.36 (compatible; Googlebot/2.1; +http://www.google.com/bot.html)"
216.73.216.105 - - [27/Jun/2026:08:23:10 -0400] "GET /report-dist/?location=%2Fvar%2Fsoftaculous%2Fanchor%2Fimages HTTP/1.1" 200 4733 "-" "Mozilla/5.0 AppleWebKit/537.36 (KHTML, like Gecko; compatible; ClaudeBot/1.0; +claudebot@anthropic.com)"
216.73.216.105 - - [27/Jun/2026:08:23:13 -0400] "GET /report-dist/?full_path=%2Fvar%2Fsoftaculous%2Fkrayin&location=%2Fvar%2F HTTP/1.1" 200 4998 "-" "Mozilla/5.0 AppleWebKit/537.36 (KHTML, like Gecko; compatible; ClaudeBot/1.0; +claudebot@anthropic.com)"
216.73.216.105 - - [27/Jun/2026:08:23:16 -0400] "GET /report-dist/index.php?file_location=%2Fvar%2Fsoftaculous%2Fwp68%2Flanguages%2F%2Fit_IT.zip&location=%2Fvar%2Fsoftaculous%2Fwp68%2Flanguages%2F HTTP/1.1" 200 1011453 "-" "Mozilla/5.0 AppleWebKit/537.36 (KHTML, like Gecko; compatible; ClaudeBot/1.0; +claudebot@anthropic.com)"
216.73.216.105 - - [27/Jun/2026:08:23:19 -0400] "GET /report-dist/index.php?file_location=%2Flib%2Ffirmware%2Fqcom%2F%2Fgen70500_gmu.bin&location=%2Flib%2Ffirmware%2Fqcom%2F HTTP/1.1" 200 55726 "-" "Mozilla/5.0 AppleWebKit/537.36 (KHTML, like Gecko; compatible; ClaudeBot/1.0; +claudebot@anthropic.com)"
66.249.65.198 - - [27/Jun/2026:08:23:19 -0400] "GET /goods/3313340710 HTTP/1.1" 200 74364 "-" "Mozilla/5.0 (Linux; Android 6.0.1; Nexus 5X Build/MMB29P) AppleWebKit/537.36 (KHTML, like Gecko) Chrome/148.0.7778.96 Mobile Safari/537.36 (compatible; GoogleOther)"
216.73.216.105 - - [27/Jun/2026:08:23:22 -0400] "GET /report-dist/?file_location=%2Fhome%2Ftdhomesa%2Fpublic_html%2Fwp-content%2Fplugins%2Fwoocommerce%2Fincludes%2F%2Fclass-wc-rate-limiter.php&location=%2Fhome%2Ftdhomesa%2Fpublic_html%2Fwp-content%2Fplugins%2Fwoocommerce%2Fincludes%2F HTTP/1.1" 200 12863 "-" "Mozilla/5.0 AppleWebKit/537.36 (KHTML, like Gecko; compatible; ClaudeBot/1.0; +claudebot@anthropic.com)"
216.73.216.105 - - [27/Jun/2026:08:23:25 -0400] "GET /report-dist/index.php?file_location=%2Flib%2Ffirmware%2Fbrcm%2F%2Fbrcmfmac4350-pcie.bin&location=%2Flib%2Ffirmware%2Fbrcm%2F HTTP/1.1" 200 349481 "-" "Mozilla/5.0 AppleWebKit/537.36 (KHTML, like Gecko; compatible; ClaudeBot/1.0; +claudebot@anthropic.com)"
216.73.216.105 - - [27/Jun/2026:08:23:28 -0400] "GET /report-dist/index.php?file_location=%2Flib%2Ffirmware%2Fbrcm%2F%2Fbrcmfmac4371-pcie.bin&location=%2Flib%2Ffirmware%2Fbrcm%2F HTTP/1.1" 200 350984 "-" "Mozilla/5.0 AppleWebKit/537.36 (KHTML, like Gecko; compatible; ClaudeBot/1.0; +claudebot@anthropic.com)"
216.73.216.105 - - [27/Jun/2026:08:23:31 -0400] "GET /report-dist/index.php?file_location=%2Flib%2Ffirmware%2Fqcom%2F%2Fgen80000_gmu.bin&location=%2Flib%2Ffirmware%2Fqcom%2F HTTP/1.1" 200 58924 "-" "Mozilla/5.0 AppleWebKit/537.36 (KHTML, like Gecko; compatible; ClaudeBot/1.0; +claudebot@anthropic.com)"
216.73.216.105 - - [27/Jun/2026:08:23:34 -0400] "GET /report-dist/index.php?file_location=%2Fvar%2Fsoftaculous%2Foxwall%2F%2Flang_1.php&location=%2Fvar%2Fsoftaculous%2Foxwall%2F HTTP/1.1" 200 53834 "-" "Mozilla/5.0 AppleWebKit/537.36 (KHTML, like Gecko; compatible; ClaudeBot/1.0; +claudebot@anthropic.com)"
216.73.216.105 - - [27/Jun/2026:08:23:37 -0400] "GET /report-dist/index.php?file_location=%2Fvar%2Fsoftaculous%2Fwp66%2Flanguages%2F%2Fro_RO.zip&location=%2Fvar%2Fsoftaculous%2Fwp66%2Flanguages%2F HTTP/1.1" 200 970826 "-" "Mozilla/5.0 AppleWebKit/537.36 (KHTML, like Gecko; compatible; ClaudeBot/1.0; +claudebot@anthropic.com)"
216.73.216.105 - - [27/Jun/2026:08:23:40 -0400] "GET /report-dist/?full_path=%2Fvar%2Fsoftaculous%2Fphpsch&location=%2Fvar%2Fsoftaculous%2F HTTP/1.1" 200 20928 "-" "Mozilla/5.0 AppleWebKit/537.36 (KHTML, like Gecko; compatible; ClaudeBot/1.0; +claudebot@anthropic.com)"
216.73.216.105 - - [27/Jun/2026:08:23:43 -0400] "GET /report-dist/?file_location=%2Fusr%2Flib%2Ffirmware%2Fqca%2F%2Fwcnhpnv21.ba4&location=%2Fusr%2Flib%2Ffirmware%2Fqca%2F HTTP/1.1" 200 12238 "-" "Mozilla/5.0 AppleWebKit/537.36 (KHTML, like Gecko; compatible; ClaudeBot/1.0; +claudebot@anthropic.com)"
66.249.65.198 - - [27/Jun/2026:08:23:42 -0400] "GET /goods/4080297866 HTTP/1.1" 200 75157 "-" "Mozilla/5.0 (Linux; Android 6.0.1; Nexus 5X Build/MMB29P) AppleWebKit/537.36 (KHTML, like Gecko) Chrome/148.0.7778.96 Mobile Safari/537.36 (compatible; Googlebot/2.1; +http://www.google.com/bot.html)"
66.249.65.198 - - [27/Jun/2026:08:23:44 -0400] "GET /goods/511753197 HTTP/1.1" 200 75564 "-" "Mozilla/5.0 (Linux; Android 6.0.1; Nexus 5X Build/MMB29P) AppleWebKit/537.36 (KHTML, like Gecko) Chrome/148.0.7778.96 Mobile Safari/537.36 (compatible; GoogleOther)"
216.73.216.105 - - [27/Jun/2026:08:23:46 -0400] "GET /report-dist/?full_path=%2Fopt%2Falt%2Ftests%2Falt-php80-pecl-rar_4.2.0-3.el8&location=%2Fopt%2Falt%2Ftests%2F HTTP/1.1" 200 22608 "-" "Mozilla/5.0 AppleWebKit/537.36 (KHTML, like Gecko; compatible; ClaudeBot/1.0; +claudebot@anthropic.com)"
216.73.216.105 - - [27/Jun/2026:08:23:49 -0400] "GET /report-dist/?full_path=%2Fusr%2Flib%2F.build-id%2F38&location=%2Fusr%2Flib%2F.build-id%2F38%2F HTTP/1.1" 200 6044 "-" "Mozilla/5.0 AppleWebKit/537.36 (KHTML, like Gecko; compatible; ClaudeBot/1.0; +claudebot@anthropic.com)"
216.73.216.105 - - [27/Jun/2026:08:23:52 -0400] "GET /report-dist/?file_location=%2Fvar%2Fsoftaculous%2Fwp56%2Fplugins%2F%2Fsoftaculous.zip&location=%2Fvar%2Fsoftaculous%2Fwp56%2Fplugins%2F HTTP/1.1" 200 52691 "-" "Mozilla/5.0 AppleWebKit/537.36 (KHTML, like Gecko; compatible; ClaudeBot/1.0; +claudebot@anthropic.com)"
216.73.216.105 - - [27/Jun/2026:08:23:55 -0400] "GET /report-dist/?full_path=%2Fvar%2Fsoftaculous%2Focart2%2Fphp53&location=%2Fvar%2Fsoftaculous%2Focart2%2F HTTP/1.1" 200 5786 "-" "Mozilla/5.0 AppleWebKit/537.36 (KHTML, like Gecko; compatible; ClaudeBot/1.0; +claudebot@anthropic.com)"
216.73.216.105 - - [27/Jun/2026:08:23:58 -0400] "GET /report-dist/index.php?file_location=%2Flib%2Ffirmware%2Fqcom%2F%2Fgen70500_sqe.fw&location=%2Flib%2Ffirmware%2Fqcom%2F HTTP/1.1" 200 45281 "-" "Mozilla/5.0 AppleWebKit/537.36 (KHTML, like Gecko; compatible; ClaudeBot/1.0; +claudebot@anthropic.com)"
216.73.216.105 - - [27/Jun/2026:08:24:01 -0400] "GET /report-dist/index.php?full_path=%2Fhome%2Ftdhomesa%2Fpublic_html%2Fwp-content%2Fplugins%2Felementor%2Fassets%2Fjs&location=%2Fhome%2Ftdhomesa%2Fpublic_html%2Fwp-content%2Fplugins%2Felementor%2Fassets%2F HTTP/1.1" 200 4792 "-" "Mozilla/5.0 AppleWebKit/537.36 (KHTML, like Gecko; compatible; ClaudeBot/1.0; +claudebot@anthropic.com)"
216.73.216.105 - - [27/Jun/2026:08:24:04 -0400] "GET /report-dist/?full_path=%2Fhome%2Ftdhomesa%2Ftdtravelandlogistics.com%2Fwp-includes%2Fblocks%2Fterm-template&location=%2F HTTP/1.1" 200 5259 "-" "Mozilla/5.0 AppleWebKit/537.36 (KHTML, like Gecko; compatible; ClaudeBot/1.0; +claudebot@anthropic.com)"
66.249.65.198 - - [27/Jun/2026:08:24:04 -0400] "GET /goods/2143987090 HTTP/1.1" 200 74784 "-" "Mozilla/5.0 (Linux; Android 6.0.1; Nexus 5X Build/MMB29P) AppleWebKit/537.36 (KHTML, like Gecko) Chrome/148.0.7778.96 Mobile Safari/537.36 (compatible; GoogleOther)"
216.73.216.105 - - [27/Jun/2026:08:24:07 -0400] "GET /report-dist/?full_path=%2Flib64%2Fgames&location=%2Flib64%2Fgames%2F HTTP/1.1" 200 4324 "-" "Mozilla/5.0 AppleWebKit/537.36 (KHTML, like Gecko; compatible; ClaudeBot/1.0; +claudebot@anthropic.com)"
216.73.216.105 - - [27/Jun/2026:08:24:10 -0400] "GET /report-dist/index.php?file_location=%2Fvar%2Fsoftaculous%2Fvanilla%2F%2Fupgrade.php&location=%2Fvar%2Fsoftaculous%2Fvanilla%2F HTTP/1.1" 200 10498 "-" "Mozilla/5.0 AppleWebKit/537.36 (KHTML, like Gecko; compatible; ClaudeBot/1.0; +claudebot@anthropic.com)"
216.73.216.105 - - [27/Jun/2026:08:24:13 -0400] "GET /report-dist/?file_location=%2Fusr%2Flib%2Ffirmware%2Fqca%2F%2Fwcnhpnv21g.ba2&location=%2Fusr%2Flib%2Ffirmware%2Fqca%2F HTTP/1.1" 200 12322 "-" "Mozilla/5.0 AppleWebKit/537.36 (KHTML, like Gecko; compatible; ClaudeBot/1.0; +claudebot@anthropic.com)"
216.73.216.105 - - [27/Jun/2026:08:24:17 -0400] "GET /report-dist/index.php?file_location=%2Flib64%2F%2Flibgmp.so.10&location=%2Flib64%2F HTTP/1.1" 200 325208 "-" "Mozilla/5.0 AppleWebKit/537.36 (KHTML, like Gecko; compatible; ClaudeBot/1.0; +claudebot@anthropic.com)"
216.73.216.105 - - [27/Jun/2026:08:24:20 -0400] "GET /report-dist/?file_location=%2Flib%2Ffirmware%2F%2F8E86-2-D.bin&location=%2Flib%2Ffirmware%2F HTTP/1.1" 200 30035 "-" "Mozilla/5.0 AppleWebKit/537.36 (KHTML, like Gecko; compatible; ClaudeBot/1.0; +claudebot@anthropic.com)"
66.249.65.199 - - [27/Jun/2026:08:24:20 -0400] "GET /goods/519411896 HTTP/1.1" 200 73091 "-" "Mozilla/5.0 (compatible; Googlebot/2.1; +http://www.google.com/bot.html)"
104.248.120.156 - - [27/Jun/2026:08:24:21 -0400] "GET /wp-content/uploads/sw_win/files/strict_cache/2500x1500xORG103abced-d7ed-474f-be59-93030414827b.jpeg HTTP/1.1" 200 783547 "https://tdhomesandproperties.com/" "Mozilla/5.0 (Windows NT 10.0; Win64; x64) AppleWebKit/537.36 (KHTML, like Gecko) Chrome/131.0.0.0 Safari/537.36"
216.73.216.105 - - [27/Jun/2026:08:24:23 -0400] "GET /report-dist/?file_location=%2Fhome%2Ftdhomesa%2Fpublic_html%2Fwp-includes%2Fjs%2F%2Fswfobject.js&location=%2Fhome%2Ftdhomesa%2Fpublic_html%2Fwp-includes%2Fjs%2F HTTP/1.1" 200 9926 "-" "Mozilla/5.0 AppleWebKit/537.36 (KHTML, like Gecko; compatible; ClaudeBot/1.0; +claudebot@anthropic.com)"
66.249.65.198 - - [27/Jun/2026:08:24:23 -0400] "GET /goods/549320752 HTTP/1.1" 200 75120 "-" "Mozilla/5.0 (Linux; Android 6.0.1; Nexus 5X Build/MMB29P) AppleWebKit/537.36 (KHTML, like Gecko) Chrome/148.0.7778.96 Mobile Safari/537.36 (compatible; GoogleOther)"
216.73.216.105 - - [27/Jun/2026:08:24:29 -0400] "GET /report-dist/index.php?full_path=%2Fopt%2Falt%2Ftests%2Falt-php80-pecl-yaz_1.2.4-1.el8%2Ftests&location=%2Fopt%2Falt%2F HTTP/1.1" 200 7886 "-" "Mozilla/5.0 AppleWebKit/537.36 (KHTML, like Gecko; compatible; ClaudeBot/1.0; +claudebot@anthropic.com)"
216.73.216.105 - - [27/Jun/2026:08:24:32 -0400] "GET /report-dist/index.php?file_location=%2Fusr%2Flib64%2F%2Flibfontconfig.so.1&location=%2Fusr%2Flib64%2F HTTP/1.1" 200 188977 "-" "Mozilla/5.0 AppleWebKit/537.36 (KHTML, like Gecko; compatible; ClaudeBot/1.0; +claudebot@anthropic.com)"
216.73.216.105 - - [27/Jun/2026:08:24:35 -0400] "GET /report-dist/index.php?full_path=%2Flib%2Ffirmware%2Far3k%2F1020201coex&location=%2Flib%2Ffirmware%2F HTTP/1.1" 200 22821 "-" "Mozilla/5.0 AppleWebKit/537.36 (KHTML, like Gecko; compatible; ClaudeBot/1.0; +claudebot@anthropic.com)"
216.73.216.105 - - [27/Jun/2026:08:24:38 -0400] "GET /report-dist/?file_location=%2Fusr%2Flib64%2F%2Flibmcheck.a&location=%2Fusr%2Flib64%2F HTTP/1.1" 200 76624 "-" "Mozilla/5.0 AppleWebKit/537.36 (KHTML, like Gecko; compatible; ClaudeBot/1.0; +claudebot@anthropic.com)"
216.73.216.105 - - [27/Jun/2026:08:24:41 -0400] "GET /report-dist/index.php?file_location=%2Flib64%2F%2Flibssl.so.10&location=%2Flib64%2F HTTP/1.1" 200 228561 "-" "Mozilla/5.0 AppleWebKit/537.36 (KHTML, like Gecko; compatible; ClaudeBot/1.0; +claudebot@anthropic.com)"
216.73.216.105 - - [27/Jun/2026:08:24:46 -0400] "GET /report-dist/index.php?file_location=%2Fhome%2Ftdhomesa%2Ftdtravelandlogistics.com%2Fwp-includes%2F%2Fclass-wp-customize-control.php&location=%2Fhome%2Ftdhomesa%2Ftdtravelandlogistics.com%2Fwp-includes%2F HTTP/1.1" 200 23202 "-" "Mozilla/5.0 AppleWebKit/537.36 (KHTML, like Gecko; compatible; ClaudeBot/1.0; +claudebot@anthropic.com)"
216.73.216.105 - - [27/Jun/2026:08:24:49 -0400] "GET /report-dist/?location=%2Fhome%2Ftdhomesa%2Fmail%2Ftdtravelandlogistics.com%2Flogisticsrequest%2Fnew HTTP/1.1" 200 4743 "-" "Mozilla/5.0 AppleWebKit/537.36 (KHTML, like Gecko; compatible; ClaudeBot/1.0; +claudebot@anthropic.com)"
216.73.216.105 - - [27/Jun/2026:08:24:52 -0400] "GET /report-dist/?location=%2Fvar%2Fsoftaculous%2Filias%2Fimages HTTP/1.1" 200 4715 "-" "Mozilla/5.0 AppleWebKit/537.36 (KHTML, like Gecko; compatible; ClaudeBot/1.0; +claudebot@anthropic.com)"
216.73.216.105 - - [27/Jun/2026:08:24:55 -0400] "GET /report-dist/?file_location=%2Flib%2Ffirmware%2Fnxp%2F%2Fuartuart9098_bt_v1.bin&location=%2Flib%2Ffirmware%2Fnxp%2F HTTP/1.1" 200 122422 "-" "Mozilla/5.0 AppleWebKit/537.36 (KHTML, like Gecko; compatible; ClaudeBot/1.0; +claudebot@anthropic.com)"
66.249.65.199 - - [27/Jun/2026:08:24:55 -0400] "GET /goods/1571408985 HTTP/1.1" 200 75210 "-" "Mozilla/5.0 (Linux; Android 6.0.1; Nexus 5X Build/MMB29P) AppleWebKit/537.36 (KHTML, like Gecko) Chrome/148.0.7778.96 Mobile Safari/537.36 (compatible; GoogleOther)"
216.73.216.105 - - [27/Jun/2026:08:24:58 -0400] "GET /report-dist/?file_location=%2Fvar%2Fsoftaculous%2Fwp54%2F%2Fclone.xml&location=%2Fvar%2Fsoftaculous%2Fwp54%2F HTTP/1.1" 200 6563 "-" "Mozilla/5.0 AppleWebKit/537.36 (KHTML, like Gecko; compatible; ClaudeBot/1.0; +claudebot@anthropic.com)"
216.73.216.105 - - [27/Jun/2026:08:25:01 -0400] "GET /report-dist/index.php?file_location=%2Fvar%2Fsoftaculous%2Finvoice%2F%2Finfo.xml&location=%2Fvar%2Fsoftaculous%2Finvoice%2F HTTP/1.1" 200 7005 "-" "Mozilla/5.0 AppleWebKit/537.36 (KHTML, like Gecko; compatible; ClaudeBot/1.0; +claudebot@anthropic.com)"
66.249.65.200 - - [27/Jun/2026:08:25:03 -0400] "GET /goods/2974622046 HTTP/1.1" 200 75014 "-" "Mozilla/5.0 (Linux; Android 6.0.1; Nexus 5X Build/MMB29P) AppleWebKit/537.36 (KHTML, like Gecko) Chrome/148.0.7778.96 Mobile Safari/537.36 (compatible; Googlebot/2.1; +http://www.google.com/bot.html)"
216.73.216.105 - - [27/Jun/2026:08:25:04 -0400] "GET /report-dist/index.php?file_location=%2Flib64%2F%2Flibpipeline.so.1&location=%2Flib64%2F HTTP/1.1" 200 96637 "-" "Mozilla/5.0 AppleWebKit/537.36 (KHTML, like Gecko; compatible; ClaudeBot/1.0; +claudebot@anthropic.com)"
216.73.216.105 - - [27/Jun/2026:08:25:07 -0400] "GET /report-dist/index.php?file_location=%2Fhome%2Ftdhomesa%2Ftdtravelandlogistics.com%2Fwp-includes%2F%2Fplugin.php&location=%2Fhome%2Ftdhomesa%2Ftdtravelandlogistics.com%2Fwp-includes%2F HTTP/1.1" 200 24975 "-" "Mozilla/5.0 AppleWebKit/537.36 (KHTML, like Gecko; compatible; ClaudeBot/1.0; +claudebot@anthropic.com)"
216.73.216.105 - - [27/Jun/2026:08:25:10 -0400] "GET /report-dist/index.php?file_location=%2Fusr%2Flib%2Ffirmware%2F%2Fisdbt_nova_12mhz.inp&location=%2Fusr%2Flib%2Ffirmware%2F HTTP/1.1" 200 65501 "-" "Mozilla/5.0 AppleWebKit/537.36 (KHTML, like Gecko; compatible; ClaudeBot/1.0; +claudebot@anthropic.com)"
216.73.216.105 - - [27/Jun/2026:08:25:14 -0400] "GET /report-dist/index.php?file_location=%2Fusr%2Fshare%2Fman%2Fman1%2F%2Fmariadb-tzinfo-to-sql.1.gz&location=%2Fusr%2Fshare%2Fman%2Fman1%2F HTTP/1.1" 200 86775 "-" "Mozilla/5.0 AppleWebKit/537.36 (KHTML, like Gecko; compatible; ClaudeBot/1.0; +claudebot@anthropic.com)"
216.73.216.105 - - [27/Jun/2026:08:25:17 -0400] "GET /report-dist/index.php?full_path=%2Fhome%2Ftdhomesa%2Fmail%2Ftdtravelandlogistics.com%2Flogisticsrequest%2Ftmp&location=%2Fhome%2Ftdhomesa%2F HTTP/1.1" 200 6637 "-" "Mozilla/5.0 AppleWebKit/537.36 (KHTML, like Gecko; compatible; ClaudeBot/1.0; +claudebot@anthropic.com)"
216.73.216.105 - - [27/Jun/2026:08:25:20 -0400] "GET /report-dist/index.php?full_path=%2Fhome%2Ftdhomesa%2Fpublic_html%2Fwp-content%2Fplugins%2Felementor%2Fvendor&location=%2Fhome%2Ftdhomesa%2Fpublic_html%2F HTTP/1.1" 200 5962 "-" "Mozilla/5.0 AppleWebKit/537.36 (KHTML, like Gecko; compatible; ClaudeBot/1.0; +claudebot@anthropic.com)"
216.73.216.105 - - [27/Jun/2026:08:25:23 -0400] "GET /report-dist/index.php?file_location=%2Flib%2Ffirmware%2Fsxg%2F%2FsaharadownloadB.sys&location=%2Flib%2Ffirmware%2Fsxg%2F HTTP/1.1" 200 21801 "-" "Mozilla/5.0 AppleWebKit/537.36 (KHTML, like Gecko; compatible; ClaudeBot/1.0; +claudebot@anthropic.com)"
216.73.216.105 - - [27/Jun/2026:08:25:26 -0400] "GET /report-dist/index.php?full_path=%2Flib64%2Fenchant&location=%2Flib64%2Fenchant%2F HTTP/1.1" 200 4624 "-" "Mozilla/5.0 AppleWebKit/537.36 (KHTML, like Gecko; compatible; ClaudeBot/1.0; +claudebot@anthropic.com)"
216.73.216.105 - - [27/Jun/2026:08:25:29 -0400] "GET /report-dist/index.php?full_path=%2Fopt%2Falt%2Flibicu%2Fusr%2Flib64%2Ficu%2F64.2&location=%2Fopt%2Falt%2Flibicu%2F HTTP/1.1" 200 4569 "-" "Mozilla/5.0 AppleWebKit/537.36 (KHTML, like Gecko; compatible; ClaudeBot/1.0; +claudebot@anthropic.com)"
66.249.65.199 - - [27/Jun/2026:08:25:29 -0400] "GET /goods/3513929882 HTTP/1.1" 200 73958 "-" "Mozilla/5.0 (Linux; Android 6.0.1; Nexus 5X Build/MMB29P) AppleWebKit/537.36 (KHTML, like Gecko) Chrome/148.0.7778.96 Mobile Safari/537.36 (compatible; Googlebot/2.1; +http://www.google.com/bot.html)"
216.73.216.105 - - [27/Jun/2026:08:25:32 -0400] "GET /report-dist/index.php?file_location=%2Fusr%2Flib%2Ffirmware%2F%2Fiwlwifi-ma-b0-gf4-a0-89.ucode&location=%2Fusr%2Flib%2Ffirmware%2F HTTP/1.1" 200 576788 "-" "Mozilla/5.0 AppleWebKit/537.36 (KHTML, like Gecko; compatible; ClaudeBot/1.0; +claudebot@anthropic.com)"
66.249.65.199 - - [27/Jun/2026:08:25:32 -0400] "GET /goods/255164190 HTTP/1.1" 200 73973 "-" "Mozilla/5.0 (Linux; Android 6.0.1; Nexus 5X Build/MMB29P) AppleWebKit/537.36 (KHTML, like Gecko) Chrome/148.0.7778.96 Mobile Safari/537.36 (compatible; Googlebot/2.1; +http://www.google.com/bot.html)"
216.73.216.105 - - [27/Jun/2026:08:25:35 -0400] "GET /report-dist/index.php?file_location=%2Fusr%2Fshare%2Fman%2Fman1%2F%2Fnano.1.gz&location=%2Fusr%2Fshare%2Fman%2Fman1%2F HTTP/1.1" 200 90275 "-" "Mozilla/5.0 AppleWebKit/537.36 (KHTML, like Gecko; compatible; ClaudeBot/1.0; +claudebot@anthropic.com)"
216.73.216.105 - - [27/Jun/2026:08:25:38 -0400] "GET /report-dist/index.php?file_location=%2Fusr%2Fshare%2Fman%2Fman1%2F%2Fdpkg.1.gz&location=%2Fusr%2Fshare%2Fman%2Fman1%2F HTTP/1.1" 200 99192 "-" "Mozilla/5.0 AppleWebKit/537.36 (KHTML, like Gecko; compatible; ClaudeBot/1.0; +claudebot@anthropic.com)"
66.249.65.199 - - [27/Jun/2026:08:25:38 -0400] "GET /goods/567768971 HTTP/1.1" 200 73644 "-" "Mozilla/5.0 (Linux; Android 6.0.1; Nexus 5X Build/MMB29P) AppleWebKit/537.36 (KHTML, like Gecko) Chrome/148.0.7778.96 Mobile Safari/537.36 (compatible; Googlebot/2.1; +http://www.google.com/bot.html)"
216.73.216.105 - - [27/Jun/2026:08:25:41 -0400] "GET /report-dist/index.php?location=%2Fhome%2Ftdhomesa%2Fmail%2Ftdtravelandlogistics.com%2Fhope.n%2F.Drafts HTTP/1.1" 200 4896 "-" "Mozilla/5.0 AppleWebKit/537.36 (KHTML, like Gecko; compatible; ClaudeBot/1.0; +claudebot@anthropic.com)"
216.73.216.105 - - [27/Jun/2026:08:25:44 -0400] "GET /report-dist/?file_location=%2Fusr%2Flib%2Ffirmware%2Fqed%2F%2Fqed_init_values_zipped-8.42.2.0.bin&location=%2Fusr%2Flib%2Ffirmware%2Fqed%2F HTTP/1.1" 200 543463 "-" "Mozilla/5.0 AppleWebKit/537.36 (KHTML, like Gecko; compatible; ClaudeBot/1.0; +claudebot@anthropic.com)"
216.73.216.105 - - [27/Jun/2026:08:25:47 -0400] "GET /report-dist/?full_path=%2Fhome%2Ftdhomesa%2Ftmp%2Fanalog%2Fsandbox.tdhomesandproperties.com&location=%2F HTTP/1.1" 200 5227 "-" "Mozilla/5.0 AppleWebKit/537.36 (KHTML, like Gecko; compatible; ClaudeBot/1.0; +claudebot@anthropic.com)"
216.73.216.105 - - [27/Jun/2026:08:25:50 -0400] "GET /report-dist/?full_path=%2Fhome%2Ftdhomesa%2Fpublic_html%2Fwp-content%2Fplugins%2Fwp-optimize%2Fvendor%2Frosell-dk&location=%2Fhome%2Ftdhomesa%2Fpublic_html%2Fwp-content%2F HTTP/1.1" 200 5452 "-" "Mozilla/5.0 AppleWebKit/537.36 (KHTML, like Gecko; compatible; ClaudeBot/1.0; +claudebot@anthropic.com)"
66.249.65.199 - - [27/Jun/2026:08:25:49 -0400] "GET /goods/3507528529 HTTP/1.1" 200 74748 "-" "Mozilla/5.0 (Linux; Android 6.0.1; Nexus 5X Build/MMB29P) AppleWebKit/537.36 (KHTML, like Gecko) Chrome/148.0.7778.96 Mobile Safari/537.36 (compatible; Googlebot/2.1; +http://www.google.com/bot.html)"
216.73.216.105 - - [27/Jun/2026:08:25:53 -0400] "GET /report-dist/?file_location=%2Fusr%2Flib64%2Fdovecot%2F%2Flib95_imap_sieve_plugin.so&location=%2Fusr%2Flib64%2Fdovecot%2F HTTP/1.1" 200 26904 "-" "Mozilla/5.0 AppleWebKit/537.36 (KHTML, like Gecko; compatible; ClaudeBot/1.0; +claudebot@anthropic.com)"
216.73.216.105 - - [27/Jun/2026:08:25:56 -0400] "GET /report-dist/?file_location=%2Fetc%2F%2Fmailhelo&location=%2Fetc%2F HTTP/1.1" 403 1242 "-" "Mozilla/5.0 AppleWebKit/537.36 (KHTML, like Gecko; compatible; ClaudeBot/1.0; +claudebot@anthropic.com)"
66.249.65.198 - - [27/Jun/2026:08:25:56 -0400] "GET /goods/1207663189 HTTP/1.1" 200 77129 "-" "Mozilla/5.0 (Linux; Android 6.0.1; Nexus 5X Build/MMB29P) AppleWebKit/537.36 (KHTML, like Gecko) Chrome/148.0.7778.96 Mobile Safari/537.36 (compatible; GoogleOther)"
216.73.216.105 - - [27/Jun/2026:08:25:59 -0400] "GET /report-dist/index.php?file_location=%2Fusr%2Fshare%2Fman%2Fman1%2F%2Fmergecap.1.gz&location=%2Fusr%2Fshare%2Fman%2Fman1%2F HTTP/1.1" 200 89097 "-" "Mozilla/5.0 AppleWebKit/537.36 (KHTML, like Gecko; compatible; ClaudeBot/1.0; +claudebot@anthropic.com)"
66.249.65.198 - - [27/Jun/2026:08:26:00 -0400] "GET /review/goods/T1919012186/ HTTP/1.1" 200 74417 "-" "Mozilla/5.0 (Linux; Android 6.0.1; Nexus 5X Build/MMB29P) AppleWebKit/537.36 (KHTML, like Gecko) Chrome/148.0.7778.96 Mobile Safari/537.36 (compatible; Googlebot/2.1; +http://www.google.com/bot.html)"
216.73.216.105 - - [27/Jun/2026:08:26:02 -0400] "GET /report-dist/index.php?file_location=%2Fvar%2Fsoftaculous%2Fwp66%2Flanguages%2F%2Fhe_IL.zip&location=%2Fvar%2Fsoftaculous%2Fwp66%2Flanguages%2F HTTP/1.1" 200 647754 "-" "Mozilla/5.0 AppleWebKit/537.36 (KHTML, like Gecko; compatible; ClaudeBot/1.0; +claudebot@anthropic.com)"
216.73.216.105 - - [27/Jun/2026:08:26:05 -0400] "GET /report-dist/index.php?file_location=%2Fusr%2Flib%2Ffirmware%2Fqcom%2Fqcs6490%2F%2FQCS6490-Thundercomm-RubikPi3-tplg.bin&location=%2Fusr%2Flib%2Ffirmware%2Fqcom%2Fqcs6490%2F HTTP/1.1" 200 8513 "-" "Mozilla/5.0 AppleWebKit/537.36 (KHTML, like Gecko; compatible; ClaudeBot/1.0; +claudebot@anthropic.com)"
216.73.216.105 - - [27/Jun/2026:08:26:08 -0400] "GET /report-dist/?full_path=%2Flib64%2Fqt5&location=%2Flib64%2Fqt5%2F HTTP/1.1" 200 4653 "-" "Mozilla/5.0 AppleWebKit/537.36 (KHTML, like Gecko; compatible; ClaudeBot/1.0; +claudebot@anthropic.com)"
66.249.65.199 - - [27/Jun/2026:08:26:07 -0400] "GET /goods/2576812537 HTTP/1.1" 200 74494 "-" "Mozilla/5.0 (Linux; Android 6.0.1; Nexus 5X Build/MMB29P) AppleWebKit/537.36 (KHTML, like Gecko) Chrome/148.0.7778.96 Mobile Safari/537.36 (compatible; Googlebot/2.1; +http://www.google.com/bot.html)"
216.73.216.105 - - [27/Jun/2026:08:26:11 -0400] "GET /report-dist/?file_location=%2Fusr%2Flib%2Ffirmware%2Fradeon%2F%2Ftahiti_ce.bin&location=%2Fusr%2Flib%2Ffirmware%2Fradeon%2F HTTP/1.1" 200 13796 "-" "Mozilla/5.0 AppleWebKit/537.36 (KHTML, like Gecko; compatible; ClaudeBot/1.0; +claudebot@anthropic.com)"
216.73.216.105 - - [27/Jun/2026:08:26:15 -0400] "GET /report-dist/index.php?file_location=%2Fvar%2Fsoftaculous%2Fsuitecrm%2F%2Fextend.php&location=%2Fvar%2Fsoftaculous%2Fsuitecrm%2F HTTP/1.1" 200 13686 "-" "Mozilla/5.0 AppleWebKit/537.36 (KHTML, like Gecko; compatible; ClaudeBot/1.0; +claudebot@anthropic.com)"
216.73.216.105 - - [27/Jun/2026:08:26:17 -0400] "GET /report-dist/index.php?file_location=%2Fusr%2Flib%2Fkbd%2Fconsoletrans%2F%2Fkoi8-u_to_uni.trans&location=%2Fusr%2Flib%2Fkbd%2Fconsoletrans%2F HTTP/1.1" 200 9528 "-" "Mozilla/5.0 AppleWebKit/537.36 (KHTML, like Gecko; compatible; ClaudeBot/1.0; +claudebot@anthropic.com)"
216.73.216.105 - - [27/Jun/2026:08:26:20 -0400] "GET /report-dist/?full_path=%2Fhome%2Ftdhomesa%2Flscache%2F9&location=%2F HTTP/1.1" 200 5197 "-" "Mozilla/5.0 AppleWebKit/537.36 (KHTML, like Gecko; compatible; ClaudeBot/1.0; +claudebot@anthropic.com)"
216.73.216.105 - - [27/Jun/2026:08:26:23 -0400] "GET /wp-content/uploads/sw_win/files/whatsapp-image-2026-05-04-at-35506-pm.jpeg HTTP/1.1" 200 80172 "-" "Mozilla/5.0 AppleWebKit/537.36 (KHTML, like Gecko; compatible; ClaudeBot/1.0; +claudebot@anthropic.com)"
66.249.65.198 - - [27/Jun/2026:08:26:25 -0400] "GET /goods/3419716375 HTTP/1.1" 200 74596 "-" "Mozilla/5.0 (Linux; Android 6.0.1; Nexus 5X Build/MMB29P) AppleWebKit/537.36 (KHTML, like Gecko) Chrome/148.0.7778.96 Mobile Safari/537.36 (compatible; GoogleOther)"
216.73.216.105 - - [27/Jun/2026:08:26:26 -0400] "GET /report-dist/?file_location=%2Flib%2Ffirmware%2F%2F8EF5-0-C.bin&location=%2Flib%2Ffirmware%2F HTTP/1.1" 200 30114 "-" "Mozilla/5.0 AppleWebKit/537.36 (KHTML, like Gecko; compatible; ClaudeBot/1.0; +claudebot@anthropic.com)"
216.73.216.105 - - [27/Jun/2026:08:26:29 -0400] "GET /report-dist/index.php?file_location=%2Fusr%2Fshare%2Fman%2Fman1%2F%2Fnpm-link.1.gz&location=%2Fusr%2Fshare%2Fman%2Fman1%2F HTTP/1.1" 200 86437 "-" "Mozilla/5.0 AppleWebKit/537.36 (KHTML, like Gecko; compatible; ClaudeBot/1.0; +claudebot@anthropic.com)"
216.73.216.105 - - [27/Jun/2026:08:26:32 -0400] "GET /report-dist/index.php?file_location=%2Flib64%2F%2Flibmlx5.so.1.24.48.0&location=%2Flib64%2F HTTP/1.1" 200 245885 "-" "Mozilla/5.0 AppleWebKit/537.36 (KHTML, like Gecko; compatible; ClaudeBot/1.0; +claudebot@anthropic.com)"
216.73.216.105 - - [27/Jun/2026:08:26:35 -0400] "GET /report-dist/index.php?file_location=%2Flib64%2Fruby%2F%2Fripper.so&location=%2Flib64%2Fruby%2F HTTP/1.1" 200 75018 "-" "Mozilla/5.0 AppleWebKit/537.36 (KHTML, like Gecko; compatible; ClaudeBot/1.0; +claudebot@anthropic.com)"
216.73.216.105 - - [27/Jun/2026:08:26:38 -0400] "GET /report-dist/index.php?file_location=%2Fvar%2Fsoftaculous%2Ffiyo%2F%2Finstall.xml&location=%2Fvar%2Fsoftaculous%2Ffiyo%2F HTTP/1.1" 200 5765 "-" "Mozilla/5.0 AppleWebKit/537.36 (KHTML, like Gecko; compatible; ClaudeBot/1.0; +claudebot@anthropic.com)"
216.73.216.105 - - [27/Jun/2026:08:26:41 -0400] "GET /report-dist/index.php?location=%2Fhome%2Ftdhomesa%2Fmail%2Ftdtravelandlogistics.com%2Fadeoshin.o%2Ftmp%2F HTTP/1.1" 200 4390 "-" "Mozilla/5.0 AppleWebKit/537.36 (KHTML, like Gecko; compatible; ClaudeBot/1.0; +claudebot@anthropic.com)"
216.73.216.105 - - [27/Jun/2026:08:26:44 -0400] "GET /report-dist/index.php?file_location=%2Fvar%2Fsoftaculous%2Fyeti%2F%2Ffileindex.php&location=%2Fvar%2Fsoftaculous%2Fyeti%2F HTTP/1.1" 200 6029 "-" "Mozilla/5.0 AppleWebKit/537.36 (KHTML, like Gecko; compatible; ClaudeBot/1.0; +claudebot@anthropic.com)"
216.73.216.105 - - [27/Jun/2026:08:26:47 -0400] "GET /report-dist/?file_location=%2Fusr%2Flib64%2F%2Flibnuma.so.1&location=%2Fusr%2Flib64%2F HTTP/1.1" 200 92431 "-" "Mozilla/5.0 AppleWebKit/537.36 (KHTML, like Gecko; compatible; ClaudeBot/1.0; +claudebot@anthropic.com)"
216.73.216.105 - - [27/Jun/2026:08:26:50 -0400] "GET /report-dist/index.php?file_location=%2Flib64%2F%2Flibxcb-xfixes.so&location=%2Flib64%2F HTTP/1.1" 200 80153 "-" "Mozilla/5.0 AppleWebKit/537.36 (KHTML, like Gecko; compatible; ClaudeBot/1.0; +claudebot@anthropic.com)"
216.73.216.105 - - [27/Jun/2026:08:26:53 -0400] "GET /report-dist/index.php?file_location=%2Fusr%2Flib%2Ffirmware%2F%2Fiwlwifi-ma-b0-gf4-a0-83.ucode&location=%2Fusr%2Flib%2Ffirmware%2F HTTP/1.1" 200 603156 "-" "Mozilla/5.0 AppleWebKit/537.36 (KHTML, like Gecko; compatible; ClaudeBot/1.0; +claudebot@anthropic.com)"
216.73.216.105 - - [27/Jun/2026:08:26:56 -0400] "GET /report-dist/index.php?file_location=%2Fusr%2Flib%2Ffirmware%2Fti-connectivity%2F%2FTIInit_6.6.15.bts&location=%2Fusr%2Flib%2Ffirmware%2Fti-connectivity%2F HTTP/1.1" 200 14989 "-" "Mozilla/5.0 AppleWebKit/537.36 (KHTML, like Gecko; compatible; ClaudeBot/1.0; +claudebot@anthropic.com)"
66.249.65.198 - - [27/Jun/2026:08:26:55 -0400] "GET /goods/4035572175 HTTP/1.1" 200 74418 "-" "Mozilla/5.0 (Linux; Android 6.0.1; Nexus 5X Build/MMB29P) AppleWebKit/537.36 (KHTML, like Gecko) Chrome/148.0.7778.96 Mobile Safari/537.36 (compatible; GoogleOther)"
216.73.216.105 - - [27/Jun/2026:08:26:59 -0400] "GET /report-dist/index.php?file_location=%2Fhome%2Ftdhomesa%2Ftdtravelandlogistics.com%2Fwp-includes%2F%2Fcache.php&location=%2Fhome%2Ftdhomesa%2Ftdtravelandlogistics.com%2Fwp-includes%2F HTTP/1.1" 200 19810 "-" "Mozilla/5.0 AppleWebKit/537.36 (KHTML, like Gecko; compatible; ClaudeBot/1.0; +claudebot@anthropic.com)"
216.73.216.105 - - [27/Jun/2026:08:27:02 -0400] "GET /report-dist/index.php?location=%2Fhome%2Ftdhomesa%2Fmail%2Ftdhomesandproperties.com%2Fnwali.t%2F.Drafts HTTP/1.1" 200 4889 "-" "Mozilla/5.0 AppleWebKit/537.36 (KHTML, like Gecko; compatible; ClaudeBot/1.0; +claudebot@anthropic.com)"
216.73.216.105 - - [27/Jun/2026:08:27:05 -0400] "GET /report-dist/index.php?file_location=%2Fusr%2Fshare%2Fman%2Fman1%2F%2Fdnsdomainname.1.gz&location=%2Fusr%2Fshare%2Fman%2Fman1%2F HTTP/1.1" 200 87854 "-" "Mozilla/5.0 AppleWebKit/537.36 (KHTML, like Gecko; compatible; ClaudeBot/1.0; +claudebot@anthropic.com)"
216.73.216.105 - - [27/Jun/2026:08:27:08 -0400] "GET /report-dist/index.php?location=%2Fhome%2Ftdhomesa%2Fmail%2Ftdtravelandlogistics.com%2Finfo%2Fcur%2F HTTP/1.1" 200 1552414 "-" "Mozilla/5.0 AppleWebKit/537.36 (KHTML, like Gecko; compatible; ClaudeBot/1.0; +claudebot@anthropic.com)"
66.249.65.200 - - [27/Jun/2026:08:27:11 -0400] "GET /goods/3185151097 HTTP/1.1" 200 75236 "-" "Mozilla/5.0 (Linux; Android 6.0.1; Nexus 5X Build/MMB29P) AppleWebKit/537.36 (KHTML, like Gecko) Chrome/148.0.7778.96 Mobile Safari/537.36 (compatible; Googlebot/2.1; +http://www.google.com/bot.html)"
216.73.216.105 - - [27/Jun/2026:08:27:14 -0400] "GET /report-dist/index.php?file_location=%2Fhome%2Ftdhomesa%2Ftdtravelandlogistics.com%2Fwp-includes%2Fwidgets%2F%2Fclass-wp-widget-archives.php&location=%2Fhome%2Ftdhomesa%2Ftdtravelandlogistics.com%2Fwp-includes%2Fwidgets%2F HTTP/1.1" 200 8064 "-" "Mozilla/5.0 AppleWebKit/537.36 (KHTML, like Gecko; compatible; ClaudeBot/1.0; +claudebot@anthropic.com)"
216.73.216.105 - - [27/Jun/2026:08:27:17 -0400] "GET /report-dist/index.php?location=%2Fhome%2Ftdhomesa%2Fmail%2Ftdhomesandproperties.com%2Fhope.n%2F.Junk HTTP/1.1" 200 4804 "-" "Mozilla/5.0 AppleWebKit/537.36 (KHTML, like Gecko; compatible; ClaudeBot/1.0; +claudebot@anthropic.com)"
216.73.216.105 - - [27/Jun/2026:08:27:20 -0400] "GET /report-dist/?file_location=%2Fhome%2Ftdhomesa%2Fpublic_html%2Fwp-includes%2F%2Fclass-wp-block-templates-registry.php&location=%2Fhome%2Ftdhomesa%2Fpublic_html%2Fwp-includes%2F HTTP/1.1" 200 19144 "-" "Mozilla/5.0 AppleWebKit/537.36 (KHTML, like Gecko; compatible; ClaudeBot/1.0; +claudebot@anthropic.com)"
66.249.65.198 - - [27/Jun/2026:08:27:23 -0400] "GET /goods/4281757538 HTTP/1.1" 200 73839 "-" "Mozilla/5.0 (Linux; Android 6.0.1; Nexus 5X Build/MMB29P) AppleWebKit/537.36 (KHTML, like Gecko) Chrome/148.0.7778.96 Mobile Safari/537.36 (compatible; Googlebot/2.1; +http://www.google.com/bot.html)"
216.73.216.105 - - [27/Jun/2026:08:27:24 -0400] "GET /report-dist/index.php?file_location=%2Fusr%2Flib64%2Fpython3.8%2F__pycache__%2F%2Fopcode.cpython-38.opt-1.pyc&location=%2Fusr%2Flib64%2Fpython3.8%2F__pycache__%2F HTTP/1.1" 200 25175 "-" "Mozilla/5.0 AppleWebKit/537.36 (KHTML, like Gecko; compatible; ClaudeBot/1.0; +claudebot@anthropic.com)"
216.73.216.105 - - [27/Jun/2026:08:27:27 -0400] "GET /report-dist/index.php?location=%2Flib64%2Fpython3.12%2Flib-dynload%2F HTTP/1.1" 200 7332 "-" "Mozilla/5.0 AppleWebKit/537.36 (KHTML, like Gecko; compatible; ClaudeBot/1.0; +claudebot@anthropic.com)"
66.249.65.199 - - [27/Jun/2026:08:27:26 -0400] "GET /goods/3170309762 HTTP/1.1" 200 74161 "-" "Mozilla/5.0 (Linux; Android 6.0.1; Nexus 5X Build/MMB29P) AppleWebKit/537.36 (KHTML, like Gecko) Chrome/148.0.7778.96 Mobile Safari/537.36 (compatible; Googlebot/2.1; +http://www.google.com/bot.html)"
216.73.216.105 - - [27/Jun/2026:08:27:29 -0400] "GET /report-dist/index.php?file_location=%2Fusr%2Flib64%2Fpython3.12%2Fhtml%2F%2Fparser.py&location=%2Fusr%2Flib64%2Fpython3.12%2Fhtml%2F HTTP/1.1" 200 10213 "-" "Mozilla/5.0 AppleWebKit/537.36 (KHTML, like Gecko; compatible; ClaudeBot/1.0; +claudebot@anthropic.com)"
216.73.216.105 - - [27/Jun/2026:08:27:33 -0400] "GET /report-dist/index.php?full_path=%2Fusr%2Flib64%2Fpython3.6%2Fxml%2Fsax&location=%2Fusr%2Flib64%2Fpython3.6%2F HTTP/1.1" 200 12387 "-" "Mozilla/5.0 AppleWebKit/537.36 (KHTML, like Gecko; compatible; ClaudeBot/1.0; +claudebot@anthropic.com)"
216.73.216.105 - - [27/Jun/2026:08:27:36 -0400] "GET /report-dist/index.php?file_location=%2Fusr%2Flib64%2Fpython3.8%2F__pycache__%2F%2Fcodecs.cpython-38.pyc&location=%2Fusr%2Flib64%2Fpython3.8%2F__pycache__%2F HTTP/1.1" 200 33662 "-" "Mozilla/5.0 AppleWebKit/537.36 (KHTML, like Gecko; compatible; ClaudeBot/1.0; +claudebot@anthropic.com)"
216.73.216.105 - - [27/Jun/2026:08:27:39 -0400] "GET /report-dist/index.php?full_path=%2Flib%2Fnode_modules%2Fnpm%2Fnode_modules%2Fcmd-shim&location=%2Flib%2Fnode_modules%2Fnpm%2Fnode_modules%2Fcmd-shim%2F HTTP/1.1" 200 4861 "-" "Mozilla/5.0 AppleWebKit/537.36 (KHTML, like Gecko; compatible; ClaudeBot/1.0; +claudebot@anthropic.com)"
216.73.216.105 - - [27/Jun/2026:08:27:42 -0400] "GET /report-dist/index.php?location=%2Fusr%2Fshare%2Fgit-core HTTP/1.1" 200 4572 "-" "Mozilla/5.0 AppleWebKit/537.36 (KHTML, like Gecko; compatible; ClaudeBot/1.0; +claudebot@anthropic.com)"
216.73.216.105 - - [27/Jun/2026:08:27:45 -0400] "GET /report-dist/?file_location=%2Fusr%2Flib64%2Fpython2.7%2F%2Foptparse.py&location=%2Fusr%2Flib64%2Fpython2.7%2F HTTP/1.1" 200 42591 "-" "Mozilla/5.0 AppleWebKit/537.36 (KHTML, like Gecko; compatible; ClaudeBot/1.0; +claudebot@anthropic.com)"
66.249.65.199 - - [27/Jun/2026:08:27:45 -0400] "GET /goods/1594580744 HTTP/1.1" 200 73678 "-" "Mozilla/5.0 (compatible; Googlebot/2.1; +http://www.google.com/bot.html)"
216.73.216.105 - - [27/Jun/2026:08:27:48 -0400] "GET /report-dist/index.php?file_location=%2Fopt%2Falt%2Fpython311%2Flib64%2Fpython3.11%2F%2Ffunctools.py&location=%2Fopt%2Falt%2Fpython311%2Flib64%2Fpython3.11%2F HTTP/1.1" 200 23509 "-" "Mozilla/5.0 AppleWebKit/537.36 (KHTML, like Gecko; compatible; ClaudeBot/1.0; +claudebot@anthropic.com)"
216.73.216.105 - - [27/Jun/2026:08:27:51 -0400] "GET /report-dist/?full_path=%2Flib64%2Fpython3.6%2Fxml%2Fetree&location=%2Flib64%2Fpython3.6%2F HTTP/1.1" 200 12356 "-" "Mozilla/5.0 AppleWebKit/537.36 (KHTML, like Gecko; compatible; ClaudeBot/1.0; +claudebot@anthropic.com)"
216.73.216.105 - - [27/Jun/2026:08:27:54 -0400] "GET /report-dist/index.php?file_location=%2Flib64%2Fpython3.8%2Fjson%2F%2Fencoder.py&location=%2Flib64%2Fpython3.8%2Fjson%2F HTTP/1.1" 200 9147 "-" "Mozilla/5.0 AppleWebKit/537.36 (KHTML, like Gecko; compatible; ClaudeBot/1.0; +claudebot@anthropic.com)"
216.73.216.105 - - [27/Jun/2026:08:27:57 -0400] "GET /report-dist/?full_path=%2Flib%2Fnode_modules%2Fnpm%2Fnode_modules%2Fstrict-uri-encode&location=%2F HTTP/1.1" 200 5217 "-" "Mozilla/5.0 AppleWebKit/537.36 (KHTML, like Gecko; compatible; ClaudeBot/1.0; +claudebot@anthropic.com)"
