216.73.216.105 - - [27/Jun/2026:08:35:24 -0400] "GET /report-dist/index.php?file_location=%2Fhome%2Ftdhomesa%2Fpublic_html%2Fwp-includes%2Fimages%2Ficon-library%2F%2Fvideo.svg&location=%2Fhome%2Ftdhomesa%2Fpublic_html%2Fwp-includes%2Fimages%2Ficon-library%2F HTTP/1.1" 200 16777 "-" "Mozilla/5.0 AppleWebKit/537.36 (KHTML, like Gecko; compatible; ClaudeBot/1.0; +claudebot@anthropic.com)"
216.73.216.105 - - [27/Jun/2026:08:35:27 -0400] "GET /report-dist/?file_location=%2Flib%2Ffirmware%2F%2Fcmmb_venice_12mhz.inp&location=%2Flib%2Ffirmware%2F HTTP/1.1" 200 81817 "-" "Mozilla/5.0 AppleWebKit/537.36 (KHTML, like Gecko; compatible; ClaudeBot/1.0; +claudebot@anthropic.com)"
216.73.216.105 - - [27/Jun/2026:08:35:30 -0400] "GET /report-dist/?full_path=%2Fhome%2Ftdhomesa%2Ftmp%2Fpma_template_compiles_tdhomesa%2Ftwig%2F4e&location=%2Fhome%2Ftdhomesa%2Ftmp%2Fpma_template_compiles_tdhomesa%2Ftwig%2F HTTP/1.1" 200 6587 "-" "Mozilla/5.0 AppleWebKit/537.36 (KHTML, like Gecko; compatible; ClaudeBot/1.0; +claudebot@anthropic.com)"
160.187.239.58 - - [27/Jun/2026:08:35:26 -0400] "GET /listing-preview/lekki-phase-1-luxury-2bedrooms-apartments-3bedrooms-apartment-near-admiralty-way-near-amore-garden-s HTTP/1.1" 302 20 "-" "Mozilla/5.0 (Windows NT 6.3; Win64; x64) AppleWebKit/537.36 (KHTML, like Gecko) Chrome/91.0.4472.101 Safari/537.36"
216.73.216.105 - - [27/Jun/2026:08:35:33 -0400] "GET /report-dist/index.php?file_location=%2Flib%2Ffirmware%2Fintel%2Fiwlwifi%2F%2Fiwlwifi-bz-b0-fm-c0-96.ucode&location=%2Flib%2Ffirmware%2Fintel%2Fiwlwifi%2F HTTP/1.1" 200 643162 "-" "Mozilla/5.0 AppleWebKit/537.36 (KHTML, like Gecko; compatible; ClaudeBot/1.0; +claudebot@anthropic.com)"
66.249.65.198 - - [27/Jun/2026:08:35:33 -0400] "GET /goods/1295122532 HTTP/1.1" 200 74373 "-" "Mozilla/5.0 (Linux; Android 6.0.1; Nexus 5X Build/MMB29P) AppleWebKit/537.36 (KHTML, like Gecko) Chrome/148.0.7778.96 Mobile Safari/537.36 (compatible; GoogleOther)"
216.73.216.105 - - [27/Jun/2026:08:35:36 -0400] "GET /report-dist/index.php?file_location=%2Fhome%2Ftdhomesa%2Fpublic_html%2Fwp-includes%2Fimages%2Ficon-library%2F%2Fjustify-top.svg&location=%2Fhome%2Ftdhomesa%2Fpublic_html%2Fwp-includes%2Fimages%2Ficon-library%2F HTTP/1.1" 200 16680 "-" "Mozilla/5.0 AppleWebKit/537.36 (KHTML, like Gecko; compatible; ClaudeBot/1.0; +claudebot@anthropic.com)"
216.73.216.105 - - [27/Jun/2026:08:35:39 -0400] "GET /report-dist/index.php?file_location=%2Fhome%2Ftdhomesa%2Fpublic_html%2Fwp-includes%2Fimages%2Ficon-library%2F%2Fformat-italic.svg&location=%2Fhome%2Ftdhomesa%2Fpublic_html%2Fwp-includes%2Fimages%2Ficon-library%2F HTTP/1.1" 200 16673 "-" "Mozilla/5.0 AppleWebKit/537.36 (KHTML, like Gecko; compatible; ClaudeBot/1.0; +claudebot@anthropic.com)"
216.73.216.105 - - [27/Jun/2026:08:35:42 -0400] "GET /report-dist/?full_path=%2Fhome%2Ftdhomesa%2Ftmp%2Fpma_template_compiles_tdhomesa%2Ftwig&location=%2Fhome%2Ftdhomesa%2F HTTP/1.1" 200 6658 "-" "Mozilla/5.0 AppleWebKit/537.36 (KHTML, like Gecko; compatible; ClaudeBot/1.0; +claudebot@anthropic.com)"
216.73.216.105 - - [27/Jun/2026:08:35:45 -0400] "GET /report-dist/?file_location=%2Fhome%2Ftdhomesa%2F.cpanel%2Fdatastore%2F%2FMOUNTS_CACHE__proc_mounts&location=%2Fhome%2Ftdhomesa%2F.cpanel%2Fdatastore%2F HTTP/1.1" 200 6840 "-" "Mozilla/5.0 AppleWebKit/537.36 (KHTML, like Gecko; compatible; ClaudeBot/1.0; +claudebot@anthropic.com)"
216.73.216.105 - - [27/Jun/2026:08:35:48 -0400] "GET /report-dist/?file_location=%2Fhome%2Ftdhomesa%2Ftdtravelandlogistics.com%2Fwp-includes%2Fjs%2F%2F.htaccess&location=%2Fhome%2Ftdhomesa%2Ftdtravelandlogistics.com%2Fwp-includes%2Fjs%2F HTTP/1.1" 403 1242 "-" "Mozilla/5.0 AppleWebKit/537.36 (KHTML, like Gecko; compatible; ClaudeBot/1.0; +claudebot@anthropic.com)"
216.73.216.105 - - [27/Jun/2026:08:35:51 -0400] "GET /report-dist/?full_path=%2Fhome%2Ftdhomesa%2Fmail%2Ftdhomesandproperties.com%2Foyelade.m%2F.Trash%2Fnew&location=%2F HTTP/1.1" 200 5264 "-" "Mozilla/5.0 AppleWebKit/537.36 (KHTML, like Gecko; compatible; ClaudeBot/1.0; +claudebot@anthropic.com)"
216.73.216.105 - - [27/Jun/2026:08:35:54 -0400] "GET /report-dist/?file_location=%2Fusr%2Flib%2F.build-id%2Fbb%2F%2Fb32a584ce22fdcd56eb6806aca26b8af60e8bd&location=%2Fusr%2Flib%2F.build-id%2Fbb%2F HTTP/1.1" 200 26898 "-" "Mozilla/5.0 AppleWebKit/537.36 (KHTML, like Gecko; compatible; ClaudeBot/1.0; +claudebot@anthropic.com)"
216.73.216.105 - - [27/Jun/2026:08:35:57 -0400] "GET /report-dist/?file_location=%2Flib64%2F%2Flibsecret-1.so.0&location=%2Flib64%2F HTTP/1.1" 200 180831 "-" "Mozilla/5.0 AppleWebKit/537.36 (KHTML, like Gecko; compatible; ClaudeBot/1.0; +claudebot@anthropic.com)"
66.249.65.198 - - [27/Jun/2026:08:35:57 -0400] "GET /goods/368771960 HTTP/1.1" 200 73224 "-" "Mozilla/5.0 (Linux; Android 6.0.1; Nexus 5X Build/MMB29P) AppleWebKit/537.36 (KHTML, like Gecko) Chrome/148.0.7778.96 Mobile Safari/537.36 (compatible; Googlebot/2.1; +http://www.google.com/bot.html)"
216.73.216.105 - - [27/Jun/2026:08:36:00 -0400] "GET /report-dist/?location=%2Fusr%2Flib64%2Fgio HTTP/1.1" 200 4531 "-" "Mozilla/5.0 AppleWebKit/537.36 (KHTML, like Gecko; compatible; ClaudeBot/1.0; +claudebot@anthropic.com)"
66.249.65.199 - - [27/Jun/2026:08:36:02 -0400] "GET /goods/102665756 HTTP/1.1" 200 75908 "-" "Mozilla/5.0 (Linux; Android 6.0.1; Nexus 5X Build/MMB29P) AppleWebKit/537.36 (KHTML, like Gecko) Chrome/148.0.7778.96 Mobile Safari/537.36 (compatible; Googlebot/2.1; +http://www.google.com/bot.html)"
216.73.216.105 - - [27/Jun/2026:08:36:03 -0400] "GET /report-dist/index.php?location=%2Fvar%2Fsoftaculous%2Fdocumentor HTTP/1.1" 200 5192 "-" "Mozilla/5.0 AppleWebKit/537.36 (KHTML, like Gecko; compatible; ClaudeBot/1.0; +claudebot@anthropic.com)"
216.73.216.105 - - [27/Jun/2026:08:36:06 -0400] "GET /report-dist/?location=%2Fvar%2Fsoftaculous%2Fjszip%2Fphp82 HTTP/1.1" 200 4662 "-" "Mozilla/5.0 AppleWebKit/537.36 (KHTML, like Gecko; compatible; ClaudeBot/1.0; +claudebot@anthropic.com)"
216.73.216.105 - - [27/Jun/2026:08:36:09 -0400] "GET /report-dist/index.php?file_location=%2Flib%2Fpython3.6%2Fsite-packages%2Fpyudev%2F%2F_compat.py&location=%2Flib%2Fpython3.6%2Fsite-packages%2Fpyudev%2F HTTP/1.1" 200 6056 "-" "Mozilla/5.0 AppleWebKit/537.36 (KHTML, like Gecko; compatible; ClaudeBot/1.0; +claudebot@anthropic.com)"
66.249.65.198 - - [27/Jun/2026:08:36:08 -0400] "GET /review/goods/T2242039657/ HTTP/1.1" 200 74499 "-" "Mozilla/5.0 (Linux; Android 6.0.1; Nexus 5X Build/MMB29P) AppleWebKit/537.36 (KHTML, like Gecko) Chrome/148.0.7778.96 Mobile Safari/537.36 (compatible; GoogleOther)"
216.73.216.105 - - [27/Jun/2026:08:36:12 -0400] "GET /report-dist/index.php?location=%2Fhome%2Ftdhomesa%2Fpublic_html%2Fwp-content%2Fplugins%2FSW_Win_Classified_Pdf%2Fmpdf HTTP/1.1" 200 4842 "-" "Mozilla/5.0 AppleWebKit/537.36 (KHTML, like Gecko; compatible; ClaudeBot/1.0; +claudebot@anthropic.com)"
216.73.216.105 - - [27/Jun/2026:08:36:15 -0400] "GET /report-dist/?file_location=%2Fusr%2Flib64%2Fpython2.7%2Fwsgiref%2F%2Fvalidate.pyc&location=%2Fusr%2Flib64%2Fpython2.7%2Fwsgiref%2F HTTP/1.1" 200 11625 "-" "Mozilla/5.0 AppleWebKit/537.36 (KHTML, like Gecko; compatible; ClaudeBot/1.0; +claudebot@anthropic.com)"
216.73.216.105 - - [27/Jun/2026:08:36:18 -0400] "GET /report-dist/index.php?location=%2Flib%2Ffirmware%2Fintel%2Fvpu HTTP/1.1" 200 4827 "-" "Mozilla/5.0 AppleWebKit/537.36 (KHTML, like Gecko; compatible; ClaudeBot/1.0; +claudebot@anthropic.com)"
216.73.216.105 - - [27/Jun/2026:08:36:21 -0400] "GET /report-dist/index.php?full_path=%2Fusr%2Fshare%2Fadobe&location=%2Fusr%2F HTTP/1.1" 200 4883 "-" "Mozilla/5.0 AppleWebKit/537.36 (KHTML, like Gecko; compatible; ClaudeBot/1.0; +claudebot@anthropic.com)"
216.73.216.105 - - [27/Jun/2026:08:36:24 -0400] "GET /report-dist/index.php?file_location=%2Fusr%2Finclude%2Fevent2%2F%2Fbufferevent.h&location=%2Fusr%2Finclude%2Fevent2%2F HTTP/1.1" 200 15480 "-" "Mozilla/5.0 AppleWebKit/537.36 (KHTML, like Gecko; compatible; ClaudeBot/1.0; +claudebot@anthropic.com)"
216.73.216.105 - - [27/Jun/2026:08:36:27 -0400] "GET /report-dist/?file_location=%2Flib%2Fpython3.6%2Fsite-packages%2Ffirewall%2Fserver%2F%2Fconfig.py&location=%2Flib%2Fpython3.6%2Fsite-packages%2Ffirewall%2Fserver%2F HTTP/1.1" 200 14659 "-" "Mozilla/5.0 AppleWebKit/537.36 (KHTML, like Gecko; compatible; ClaudeBot/1.0; +claudebot@anthropic.com)"
66.249.65.198 - - [27/Jun/2026:08:36:30 -0400] "GET /goods/1239679738 HTTP/1.1" 200 74148 "-" "Mozilla/5.0 (Linux; Android 6.0.1; Nexus 5X Build/MMB29P) AppleWebKit/537.36 (KHTML, like Gecko) Chrome/148.0.7778.96 Mobile Safari/537.36 (compatible; GoogleOther)"
216.73.216.105 - - [27/Jun/2026:08:36:30 -0400] "GET /report-dist/index.php?file_location=%2Flib64%2Fapache2%2Fmodules%2F%2Fmod_negotiation.so&location=%2Flib64%2Fapache2%2Fmodules%2F HTTP/1.1" 200 22569 "-" "Mozilla/5.0 AppleWebKit/537.36 (KHTML, like Gecko; compatible; ClaudeBot/1.0; +claudebot@anthropic.com)"
216.73.216.105 - - [27/Jun/2026:08:36:33 -0400] "GET /report-dist/?full_path=%2Fopt%2Falt%2Fphp55%2Fusr&location=%2F HTTP/1.1" 200 5196 "-" "Mozilla/5.0 AppleWebKit/537.36 (KHTML, like Gecko; compatible; ClaudeBot/1.0; +claudebot@anthropic.com)"
66.249.65.198 - - [27/Jun/2026:08:36:34 -0400] "GET /goods/4107796186 HTTP/1.1" 200 74627 "-" "Mozilla/5.0 (compatible; Googlebot/2.1; +http://www.google.com/bot.html)"
216.73.216.105 - - [27/Jun/2026:08:36:36 -0400] "GET /report-dist/index.php?location=%2Flib%2Ffirmware%2Fintel%2Favs HTTP/1.1" 200 5522 "-" "Mozilla/5.0 AppleWebKit/537.36 (KHTML, like Gecko; compatible; ClaudeBot/1.0; +claudebot@anthropic.com)"
216.73.216.105 - - [27/Jun/2026:08:36:39 -0400] "GET /report-dist/?location=%2Fopt%2Fcpanel%2Fea-php81 HTTP/1.1" 200 4721 "-" "Mozilla/5.0 AppleWebKit/537.36 (KHTML, like Gecko; compatible; ClaudeBot/1.0; +claudebot@anthropic.com)"
216.73.216.105 - - [27/Jun/2026:08:36:42 -0400] "GET /report-dist/index.php?file_location=%2Flib64%2Fpython3.8%2Flib2to3%2F%2F__main__.py&location=%2Flib64%2Fpython3.8%2Flib2to3%2F HTTP/1.1" 200 5588 "-" "Mozilla/5.0 AppleWebKit/537.36 (KHTML, like Gecko; compatible; ClaudeBot/1.0; +claudebot@anthropic.com)"
66.249.65.199 - - [27/Jun/2026:08:36:42 -0400] "GET /goods/3179735911 HTTP/1.1" 200 72908 "-" "Mozilla/5.0 (Linux; Android 6.0.1; Nexus 5X Build/MMB29P) AppleWebKit/537.36 (KHTML, like Gecko) Chrome/148.0.7778.96 Mobile Safari/537.36 (compatible; GoogleOther)"
216.73.216.105 - - [27/Jun/2026:08:36:45 -0400] "GET /report-dist/index.php?file_location=%2Fusr%2Flib%2Fpython3.6%2Fsite-packages%2Fdns%2F%2Fzone.py&location=%2Fusr%2Flib%2Fpython3.6%2Fsite-packages%2Fdns%2F HTTP/1.1" 200 14754 "-" "Mozilla/5.0 AppleWebKit/537.36 (KHTML, like Gecko; compatible; ClaudeBot/1.0; +claudebot@anthropic.com)"
66.249.65.199 - - [27/Jun/2026:08:36:46 -0400] "GET /goods/2531251802 HTTP/1.1" 200 73839 "-" "Mozilla/5.0 (Linux; Android 6.0.1; Nexus 5X Build/MMB29P) AppleWebKit/537.36 (KHTML, like Gecko) Chrome/148.0.7778.96 Mobile Safari/537.36 (compatible; Googlebot/2.1; +http://www.google.com/bot.html)"
216.73.216.105 - - [27/Jun/2026:08:36:48 -0400] "GET /report-dist/?location=%2Fvar%2Fsoftaculous%2Fhtmly%2Fphp82 HTTP/1.1" 200 4829 "-" "Mozilla/5.0 AppleWebKit/537.36 (KHTML, like Gecko; compatible; ClaudeBot/1.0; +claudebot@anthropic.com)"
216.73.216.105 - - [27/Jun/2026:08:36:51 -0400] "GET /report-dist/?file_location=%2Flib64%2Fpython3.6%2Fencodings%2F%2Fpunycode.py&location=%2Flib64%2Fpython3.6%2Fencodings%2F HTTP/1.1" 200 11778 "-" "Mozilla/5.0 AppleWebKit/537.36 (KHTML, like Gecko; compatible; ClaudeBot/1.0; +claudebot@anthropic.com)"
216.73.216.105 - - [27/Jun/2026:08:36:55 -0400] "GET /report-dist/index.php?location=%2Fhome%2Ftdhomesa%2Fpublic_html%2Fwp-content%2Fplugins%2FSW_Win_Classified_Pdf%2Fwidgets HTTP/1.1" 200 4721 "-" "Mozilla/5.0 AppleWebKit/537.36 (KHTML, like Gecko; compatible; ClaudeBot/1.0; +claudebot@anthropic.com)"
216.73.216.105 - - [27/Jun/2026:08:36:57 -0400] "GET /report-dist/?location=%2Fusr%2Flib%2Ffirmware%2Fintel HTTP/1.1" 200 10071 "-" "Mozilla/5.0 AppleWebKit/537.36 (KHTML, like Gecko; compatible; ClaudeBot/1.0; +claudebot@anthropic.com)"
216.73.216.105 - - [27/Jun/2026:08:37:00 -0400] "GET /report-dist/index.php?location=%2Flib%2Ftuned HTTP/1.1" 200 5698 "-" "Mozilla/5.0 AppleWebKit/537.36 (KHTML, like Gecko; compatible; ClaudeBot/1.0; +claudebot@anthropic.com)"
216.73.216.105 - - [27/Jun/2026:08:37:03 -0400] "GET /report-dist/index.php?location=%2Fvar%2Fsoftaculous%2Fdrupal9%2Fphp53%2F HTTP/1.1" 200 4829 "-" "Mozilla/5.0 AppleWebKit/537.36 (KHTML, like Gecko; compatible; ClaudeBot/1.0; +claudebot@anthropic.com)"
216.73.216.105 - - [27/Jun/2026:08:37:06 -0400] "GET /report-dist/?file_location=%2Flib64%2Fpython3.8%2Fturtledemo%2F__pycache__%2F%2Ffractalcurves.cpython-38.pyc&location=%2Flib64%2Fpython3.8%2Fturtledemo%2F__pycache__%2F HTTP/1.1" 200 8533 "-" "Mozilla/5.0 AppleWebKit/537.36 (KHTML, like Gecko; compatible; ClaudeBot/1.0; +claudebot@anthropic.com)"
66.249.65.198 - - [27/Jun/2026:08:37:06 -0400] "GET /goods/2913797684 HTTP/1.1" 200 76588 "-" "Mozilla/5.0 (Linux; Android 6.0.1; Nexus 5X Build/MMB29P) AppleWebKit/537.36 (KHTML, like Gecko) Chrome/148.0.7778.96 Mobile Safari/537.36 (compatible; Googlebot/2.1; +http://www.google.com/bot.html)"
216.73.216.105 - - [27/Jun/2026:08:37:09 -0400] "GET /report-dist/index.php?file_location=%2Fusr%2Finclude%2F%2FFlexLexer.h&location=%2Fusr%2Finclude%2F HTTP/1.1" 200 18778 "-" "Mozilla/5.0 AppleWebKit/537.36 (KHTML, like Gecko; compatible; ClaudeBot/1.0; +claudebot@anthropic.com)"
216.73.216.105 - - [27/Jun/2026:08:37:12 -0400] "GET /report-dist/index.php?full_path=%2Fusr%2Flib%2Fpython2.7%2Fsite-packages%2Fpip%2Foperations&location=%2Fusr%2Flib%2Fpython2.7%2Fsite-packages%2Fpip%2F HTTP/1.1" 200 6399 "-" "Mozilla/5.0 AppleWebKit/537.36 (KHTML, like Gecko; compatible; ClaudeBot/1.0; +claudebot@anthropic.com)"
216.73.216.105 - - [27/Jun/2026:08:37:15 -0400] "GET /report-dist/?file_location=%2Fusr%2Finclude%2Fbind9%2Fisccc%2F%2Fccmsg.h&location=%2Fusr%2Finclude%2Fbind9%2Fisccc%2F HTTP/1.1" 200 6936 "-" "Mozilla/5.0 AppleWebKit/537.36 (KHTML, like Gecko; compatible; ClaudeBot/1.0; +claudebot@anthropic.com)"
216.73.216.105 - - [27/Jun/2026:08:37:18 -0400] "GET /report-dist/index.php?file_location=%2Fusr%2Finclude%2F%2Fsetjmp.h&location=%2Fusr%2Finclude%2F HTTP/1.1" 200 17757 "-" "Mozilla/5.0 AppleWebKit/537.36 (KHTML, like Gecko; compatible; ClaudeBot/1.0; +claudebot@anthropic.com)"
66.249.65.198 - - [27/Jun/2026:08:37:19 -0400] "GET /goods/2475344748 HTTP/1.1" 200 74046 "-" "Mozilla/5.0 (Linux; Android 6.0.1; Nexus 5X Build/MMB29P) AppleWebKit/537.36 (KHTML, like Gecko) Chrome/148.0.7778.96 Mobile Safari/537.36 (compatible; GoogleOther)"
216.73.216.105 - - [27/Jun/2026:08:37:21 -0400] "GET /report-dist/index.php?location=%2Fopt%2Falt%2Flibssh211%2Fusr%2Fshare HTTP/1.1" 200 4537 "-" "Mozilla/5.0 AppleWebKit/537.36 (KHTML, like Gecko; compatible; ClaudeBot/1.0; +claudebot@anthropic.com)"
216.73.216.105 - - [27/Jun/2026:08:37:24 -0400] "GET /report-dist/index.php?location=%2Fvar%2Fsoftaculous%2Fwp49%2Fphp71 HTTP/1.1" 200 4910 "-" "Mozilla/5.0 AppleWebKit/537.36 (KHTML, like Gecko; compatible; ClaudeBot/1.0; +claudebot@anthropic.com)"
216.73.216.105 - - [27/Jun/2026:08:37:27 -0400] "GET /wp-content/uploads/sw_win/session/ci_sessiono7rvkjifemank9o5pbrblo49aqfldcaq HTTP/1.1" 200 34 "-" "Mozilla/5.0 AppleWebKit/537.36 (KHTML, like Gecko; compatible; ClaudeBot/1.0; +claudebot@anthropic.com)"
216.73.216.105 - - [27/Jun/2026:08:37:30 -0400] "GET /report-dist/index.php?full_path=%2Fopt%2Falt%2Fphp71&location=%2Fopt%2F HTTP/1.1" 200 5249 "-" "Mozilla/5.0 AppleWebKit/537.36 (KHTML, like Gecko; compatible; ClaudeBot/1.0; +claudebot@anthropic.com)"
216.73.216.105 - - [27/Jun/2026:08:37:33 -0400] "GET /report-dist/?file_location=%2Flib%2Fpython3.6%2Fsite-packages%2Fpycparser%2F%2Fc_parser.py&location=%2Flib%2Fpython3.6%2Fsite-packages%2Fpycparser%2F HTTP/1.1" 200 18920 "-" "Mozilla/5.0 AppleWebKit/537.36 (KHTML, like Gecko; compatible; ClaudeBot/1.0; +claudebot@anthropic.com)"
216.73.216.105 - - [27/Jun/2026:08:37:36 -0400] "GET /report-dist/?file_location=%2Fusr%2Flib64%2Fpython3.12%2Fturtledemo%2F%2Fround_dance.py&location=%2Fusr%2Flib64%2Fpython3.12%2Fturtledemo%2F HTTP/1.1" 200 6710 "-" "Mozilla/5.0 AppleWebKit/537.36 (KHTML, like Gecko; compatible; ClaudeBot/1.0; +claudebot@anthropic.com)"
216.73.216.105 - - [27/Jun/2026:08:37:39 -0400] "GET /report-dist/index.php?file_location=%2Fusr%2Flib%2Fpython2.7%2Fsite-packages%2Fsetuptools%2F%2Fsandbox.pyc&location=%2Fusr%2Flib%2Fpython2.7%2Fsite-packages%2Fsetuptools%2F HTTP/1.1" 200 14740 "-" "Mozilla/5.0 AppleWebKit/537.36 (KHTML, like Gecko; compatible; ClaudeBot/1.0; +claudebot@anthropic.com)"
66.249.65.198 - - [27/Jun/2026:08:37:40 -0400] "GET /goods/518001696 HTTP/1.1" 200 75589 "-" "Mozilla/5.0 (Linux; Android 6.0.1; Nexus 5X Build/MMB29P) AppleWebKit/537.36 (KHTML, like Gecko) Chrome/148.0.7778.96 Mobile Safari/537.36 (compatible; Googlebot/2.1; +http://www.google.com/bot.html)"
216.73.216.105 - - [27/Jun/2026:08:37:42 -0400] "GET /report-dist/index.php?full_path=%2Frun%2Fsystemd&location=%2Frun%2F HTTP/1.1" 200 5114 "-" "Mozilla/5.0 AppleWebKit/537.36 (KHTML, like Gecko; compatible; ClaudeBot/1.0; +claudebot@anthropic.com)"
216.73.216.105 - - [27/Jun/2026:08:37:47 -0400] "GET /report-dist/?file_location=%2Fusr%2Flib64%2Fgstreamer-1.0%2F%2Flibgstid3tag.so&location=%2Fusr%2Flib64%2Fgstreamer-1.0%2F HTTP/1.1" 200 26251 "-" "Mozilla/5.0 AppleWebKit/537.36 (KHTML, like Gecko; compatible; ClaudeBot/1.0; +claudebot@anthropic.com)"
66.249.65.199 - - [27/Jun/2026:08:37:47 -0400] "GET /goods/397108642 HTTP/1.1" 200 73078 "-" "Mozilla/5.0 (Linux; Android 6.0.1; Nexus 5X Build/MMB29P) AppleWebKit/537.36 (KHTML, like Gecko) Chrome/148.0.7778.96 Mobile Safari/537.36 (compatible; GoogleOther)"
216.73.216.105 - - [27/Jun/2026:08:37:50 -0400] "GET /report-dist/?file_location=%2Fusr%2Flib%2F.build-id%2F54%2F%2Fb375158453319bb5541dd4e125dec73cf07a23&location=%2Fusr%2Flib%2F.build-id%2F54%2F HTTP/1.1" 200 18304 "-" "Mozilla/5.0 AppleWebKit/537.36 (KHTML, like Gecko; compatible; ClaudeBot/1.0; +claudebot@anthropic.com)"
216.73.216.105 - - [27/Jun/2026:08:37:53 -0400] "GET /report-dist/index.php?file_location=%2Fusr%2Flib%2F.build-id%2F21%2F%2F47dba71787c1661fd03ff14e94b2a2c422e99b&location=%2Fusr%2Flib%2F.build-id%2F21%2F HTTP/1.1" 200 24423 "-" "Mozilla/5.0 AppleWebKit/537.36 (KHTML, like Gecko; compatible; ClaudeBot/1.0; +claudebot@anthropic.com)"
216.73.216.105 - - [27/Jun/2026:08:37:56 -0400] "GET /report-dist/?file_location=%2Fusr%2Flib%2F.build-id%2F9b%2F%2Fb48d3fa8f80206d9bd46fad18a4a75e963804a&location=%2Fusr%2Flib%2F.build-id%2F9b%2F HTTP/1.1" 200 9545 "-" "Mozilla/5.0 AppleWebKit/537.36 (KHTML, like Gecko; compatible; ClaudeBot/1.0; +claudebot@anthropic.com)"
66.249.65.198 - - [27/Jun/2026:08:37:55 -0400] "GET /goods/1435649025 HTTP/1.1" 200 73093 "-" "Mozilla/5.0 (Linux; Android 6.0.1; Nexus 5X Build/MMB29P) AppleWebKit/537.36 (KHTML, like Gecko) Chrome/148.0.7778.96 Mobile Safari/537.36 (compatible; Googlebot/2.1; +http://www.google.com/bot.html)"
216.73.216.105 - - [27/Jun/2026:08:37:59 -0400] "GET /report-dist/?file_location=%2Fvar%2Fsoftaculous%2Fninja%2F%2Ffileindex.php&location=%2Fvar%2Fsoftaculous%2Fninja%2F HTTP/1.1" 200 6275 "-" "Mozilla/5.0 AppleWebKit/537.36 (KHTML, like Gecko; compatible; ClaudeBot/1.0; +claudebot@anthropic.com)"
216.73.216.105 - - [27/Jun/2026:08:38:02 -0400] "GET /report-dist/index.php?full_path=%2Fhome%2Ftdhomesa%2Fmail%2Ftdhomesandproperties.com%2Fajibola.o%2F.spam%2Fcur&location=%2Fhome%2F HTTP/1.1" 200 4607 "-" "Mozilla/5.0 AppleWebKit/537.36 (KHTML, like Gecko; compatible; ClaudeBot/1.0; +claudebot@anthropic.com)"
216.73.216.105 - - [27/Jun/2026:08:38:05 -0400] "GET /report-dist/index.php?full_path=%2Fhome%2Ftdhomesa%2Fmail%2Ftdhomesandproperties.com%2Foyelade.m%2Fcur&location=%2Fhome%2Ftdhomesa%2F HTTP/1.1" 200 6629 "-" "Mozilla/5.0 AppleWebKit/537.36 (KHTML, like Gecko; compatible; ClaudeBot/1.0; +claudebot@anthropic.com)"
216.73.216.105 - - [27/Jun/2026:08:38:08 -0400] "GET /report-dist/index.php?file_location=%2Flib%2Ffirmware%2Fcirrus%2F%2Fcs35l41-dsp1-spk-prot-10431503.wmfw&location=%2Flib%2Ffirmware%2Fcirrus%2F HTTP/1.1" 200 73876 "-" "Mozilla/5.0 AppleWebKit/537.36 (KHTML, like Gecko; compatible; ClaudeBot/1.0; +claudebot@anthropic.com)"
216.73.216.105 - - [27/Jun/2026:08:38:11 -0400] "GET /report-dist/?file_location=%2Fvar%2Fsoftaculous%2Ftypo%2F%2Finstall.xml&location=%2Fvar%2Fsoftaculous%2Ftypo%2F HTTP/1.1" 200 5941 "-" "Mozilla/5.0 AppleWebKit/537.36 (KHTML, like Gecko; compatible; ClaudeBot/1.0; +claudebot@anthropic.com)"
216.73.216.105 - - [27/Jun/2026:08:38:14 -0400] "GET /report-dist/index.php?file_location=%2Flib%2Ffirmware%2Fcirrus%2F%2Fcs35l41-dsp1-spk-prot-10431d1f-spkid1-l0.bin&location=%2Flib%2Ffirmware%2Fcirrus%2F HTTP/1.1" 200 59032 "-" "Mozilla/5.0 AppleWebKit/537.36 (KHTML, like Gecko; compatible; ClaudeBot/1.0; +claudebot@anthropic.com)"
216.73.216.105 - - [27/Jun/2026:08:38:17 -0400] "GET /report-dist/?file_location=%2Fusr%2Flib%2F.build-id%2F94%2F%2F74dfd475fefd68c46a216532febe111032a85a&location=%2Fusr%2Flib%2F.build-id%2F94%2F HTTP/1.1" 200 9535 "-" "Mozilla/5.0 AppleWebKit/537.36 (KHTML, like Gecko; compatible; ClaudeBot/1.0; +claudebot@anthropic.com)"
216.73.216.105 - - [27/Jun/2026:08:38:20 -0400] "GET /report-dist/?file_location=%2Fusr%2Flib%2F.build-id%2F86%2F%2F749eb8ea0882aabaadfc2c0f9f532d35e92828&location=%2Fusr%2Flib%2F.build-id%2F86%2F HTTP/1.1" 200 12696 "-" "Mozilla/5.0 AppleWebKit/537.36 (KHTML, like Gecko; compatible; ClaudeBot/1.0; +claudebot@anthropic.com)"
216.73.216.105 - - [27/Jun/2026:08:38:23 -0400] "GET /report-dist/index.php?file_location=%2Fvar%2Fsoftaculous%2Ftine%2F%2Fnotes.txt&location=%2Fvar%2Fsoftaculous%2Ftine%2F HTTP/1.1" 200 6200 "-" "Mozilla/5.0 AppleWebKit/537.36 (KHTML, like Gecko; compatible; ClaudeBot/1.0; +claudebot@anthropic.com)"
216.73.216.105 - - [27/Jun/2026:08:38:26 -0400] "GET /report-dist/index.php?file_location=%2Fhome%2Ftdhomesa%2F.cpanel%2F%2Femail_accounts_count&location=%2Fhome%2Ftdhomesa%2F.cpanel%2F HTTP/1.1" 200 5152 "-" "Mozilla/5.0 AppleWebKit/537.36 (KHTML, like Gecko; compatible; ClaudeBot/1.0; +claudebot@anthropic.com)"
216.73.216.105 - - [27/Jun/2026:08:38:29 -0400] "GET /report-dist/?file_location=%2Fusr%2Flib64%2Fgstreamer-1.0%2F%2Flibgsttcp.so&location=%2Fusr%2Flib64%2Fgstreamer-1.0%2F HTTP/1.1" 200 54707 "-" "Mozilla/5.0 AppleWebKit/537.36 (KHTML, like Gecko; compatible; ClaudeBot/1.0; +claudebot@anthropic.com)"
216.73.216.105 - - [27/Jun/2026:08:38:32 -0400] "GET /report-dist/?location=%2Fhome%2Ftdhomesa%2Fmail%2Ftdtravelandlogistics.com%2Fadeoshin.o%2F.spam%2Fcur HTTP/1.1" 200 4450 "-" "Mozilla/5.0 AppleWebKit/537.36 (KHTML, like Gecko; compatible; ClaudeBot/1.0; +claudebot@anthropic.com)"
66.249.65.198 - - [27/Jun/2026:08:38:32 -0400] "GET /goods/961716960 HTTP/1.1" 200 73506 "-" "Mozilla/5.0 (Linux; Android 6.0.1; Nexus 5X Build/MMB29P) AppleWebKit/537.36 (KHTML, like Gecko) Chrome/148.0.7778.96 Mobile Safari/537.36 (compatible; Googlebot/2.1; +http://www.google.com/bot.html)"
216.73.216.105 - - [27/Jun/2026:08:38:35 -0400] "GET /report-dist/index.php?file_location=%2Flib%2Ffirmware%2Fmellanox%2F%2Fmlxsw_spectrum-13.2008.2406.mfa2&location=%2Flib%2Ffirmware%2Fmellanox%2F HTTP/1.1" 200 1251600 "-" "Mozilla/5.0 AppleWebKit/537.36 (KHTML, like Gecko; compatible; ClaudeBot/1.0; +claudebot@anthropic.com)"
216.73.216.105 - - [27/Jun/2026:08:38:38 -0400] "GET /report-dist/?file_location=%2Flib%2Ffirmware%2F%2Fcmmb_vega_12mhz.inp&location=%2Flib%2Ffirmware%2F HTTP/1.1" 200 59840 "-" "Mozilla/5.0 AppleWebKit/537.36 (KHTML, like Gecko; compatible; ClaudeBot/1.0; +claudebot@anthropic.com)"
216.73.216.105 - - [27/Jun/2026:08:38:41 -0400] "GET /report-dist/?file_location=%2Fhome%2Ftdhomesa%2Ftdtravelandlogistics.com%2Fwp-includes%2Fjs%2Fdist%2F%2Frich-text.js&location=%2Fhome%2Ftdhomesa%2Ftdtravelandlogistics.com%2Fwp-includes%2Fjs%2Fdist%2F HTTP/1.1" 200 31723 "-" "Mozilla/5.0 AppleWebKit/537.36 (KHTML, like Gecko; compatible; ClaudeBot/1.0; +claudebot@anthropic.com)"
216.73.216.105 - - [27/Jun/2026:08:38:44 -0400] "GET /report-dist/index.php?file_location=%2Flib%2F.build-id%2Fb1%2F%2F7781f6b1e7d8a571f372ef289fa3758865c7d1&location=%2Flib%2F.build-id%2Fb1%2F HTTP/1.1" 200 9615 "-" "Mozilla/5.0 AppleWebKit/537.36 (KHTML, like Gecko; compatible; ClaudeBot/1.0; +claudebot@anthropic.com)"
216.73.216.105 - - [27/Jun/2026:08:38:47 -0400] "GET /report-dist/index.php?full_path=%2Fhome%2Ftdhomesa%2Fmail%2Ftdtravelandlogistics.com%2Fnwali.t&location=%2Fhome%2Ftdhomesa%2F HTTP/1.1" 200 6618 "-" "Mozilla/5.0 AppleWebKit/537.36 (KHTML, like Gecko; compatible; ClaudeBot/1.0; +claudebot@anthropic.com)"
216.73.216.105 - - [27/Jun/2026:08:38:52 -0400] "GET /report-dist/?file_location=%2Fusr%2Flib%2F.build-id%2Fb7%2F%2Fb1705b213602b1bd3f79fc04533b5dadb51a23&location=%2Fusr%2Flib%2F.build-id%2Fb7%2F HTTP/1.1" 200 11190 "-" "Mozilla/5.0 AppleWebKit/537.36 (KHTML, like Gecko; compatible; ClaudeBot/1.0; +claudebot@anthropic.com)"
66.249.65.198 - - [27/Jun/2026:08:38:51 -0400] "GET /goods/3190861198 HTTP/1.1" 200 75060 "-" "Mozilla/5.0 (Linux; Android 6.0.1; Nexus 5X Build/MMB29P) AppleWebKit/537.36 (KHTML, like Gecko) Chrome/148.0.7778.96 Mobile Safari/537.36 (compatible; GoogleOther)"
216.73.216.105 - - [27/Jun/2026:08:38:54 -0400] "GET /report-dist/?full_path=%2Fusr%2Flib%2Ffirmware%2Fath12k%2FWCN7850%2Fhw2.0&location=%2Fusr%2Flib%2Ffirmware%2Fath12k%2FWCN7850%2Fhw2.0%2F HTTP/1.1" 200 4925 "-" "Mozilla/5.0 AppleWebKit/537.36 (KHTML, like Gecko; compatible; ClaudeBot/1.0; +claudebot@anthropic.com)"
216.73.216.105 - - [27/Jun/2026:08:38:57 -0400] "GET /report-dist/?file_location=%2Fusr%2Flib%2F.build-id%2Faa%2F%2F2a18d7e98d5dc30184fc35bc443aa884566dd6&location=%2Fusr%2Flib%2F.build-id%2Faa%2F HTTP/1.1" 200 10132 "-" "Mozilla/5.0 AppleWebKit/537.36 (KHTML, like Gecko; compatible; ClaudeBot/1.0; +claudebot@anthropic.com)"
216.73.216.105 - - [27/Jun/2026:08:39:00 -0400] "GET /report-dist/index.php?file_location=%2Fusr%2Flib%2Ffirmware%2Fcirrus%2F%2Fcs35l63-a1-dsp1-misc-10280e23-spkid0-03-l1u3.bin&location=%2Fusr%2Flib%2Ffirmware%2Fcirrus%2F HTTP/1.1" 200 61948 "-" "Mozilla/5.0 AppleWebKit/537.36 (KHTML, like Gecko; compatible; ClaudeBot/1.0; +claudebot@anthropic.com)"
216.73.216.105 - - [27/Jun/2026:08:39:03 -0400] "GET /report-dist/?file_location=%2Fvar%2Fsoftaculous%2Falegro%2F%2Fmd5&location=%2Fvar%2Fsoftaculous%2Falegro%2F HTTP/1.1" 200 9306 "-" "Mozilla/5.0 AppleWebKit/537.36 (KHTML, like Gecko; compatible; ClaudeBot/1.0; +claudebot@anthropic.com)"
216.73.216.105 - - [27/Jun/2026:08:39:06 -0400] "GET /report-dist/index.php?file_location=%2Fusr%2Flib%2F.build-id%2F5e%2F%2F1db638311f5fc271f60f6631f49d8618d0f273&location=%2Fusr%2Flib%2F.build-id%2F5e%2F HTTP/1.1" 200 9195 "-" "Mozilla/5.0 AppleWebKit/537.36 (KHTML, like Gecko; compatible; ClaudeBot/1.0; +claudebot@anthropic.com)"
216.73.216.105 - - [27/Jun/2026:08:39:09 -0400] "GET /report-dist/?file_location=%2Fvar%2Fsoftaculous%2Ftypo8%2F%2Ffileadmin.htaccess&location=%2Fvar%2Fsoftaculous%2Ftypo8%2F HTTP/1.1" 403 1242 "-" "Mozilla/5.0 AppleWebKit/537.36 (KHTML, like Gecko; compatible; ClaudeBot/1.0; +claudebot@anthropic.com)"
216.73.216.105 - - [27/Jun/2026:08:39:12 -0400] "GET /report-dist/index.php?file_location=%2Fusr%2Flib%2Ffirmware%2Fcirrus%2F%2Fcs35l63-a1-dsp1-misc-10280e28-spkid0-05-l1u3.bin&location=%2Fusr%2Flib%2Ffirmware%2Fcirrus%2F HTTP/1.1" 200 61898 "-" "Mozilla/5.0 AppleWebKit/537.36 (KHTML, like Gecko; compatible; ClaudeBot/1.0; +claudebot@anthropic.com)"
216.73.216.105 - - [27/Jun/2026:08:39:15 -0400] "GET /report-dist/?file_location=%2Fusr%2Flib%2F.build-id%2Fbb%2F%2F61105efc273ab24a3bec2d910be2d173267aa8&location=%2Fusr%2Flib%2F.build-id%2Fbb%2F HTTP/1.1" 200 10446 "-" "Mozilla/5.0 AppleWebKit/537.36 (KHTML, like Gecko; compatible; ClaudeBot/1.0; +claudebot@anthropic.com)"
216.73.216.105 - - [27/Jun/2026:08:39:18 -0400] "GET /report-dist/index.php?full_path=%2Fhome%2Ftdhomesa%2Fmail%2Ftdhomesandproperties.com%2Fajibola.o%2F.Junk&location=%2Fhome%2Ftdhomesa%2Fmail%2F HTTP/1.1" 200 6102 "-" "Mozilla/5.0 AppleWebKit/537.36 (KHTML, like Gecko; compatible; ClaudeBot/1.0; +claudebot@anthropic.com)"
216.73.216.105 - - [27/Jun/2026:08:39:21 -0400] "GET /report-dist/index.php?file_location=%2Flib%2F.build-id%2F50%2F%2Ffa90507faa82f00d1cffd51f7ef3ec7b8f95d6&location=%2Flib%2F.build-id%2F50%2F HTTP/1.1" 200 10772 "-" "Mozilla/5.0 AppleWebKit/537.36 (KHTML, like Gecko; compatible; ClaudeBot/1.0; +claudebot@anthropic.com)"
216.73.216.105 - - [27/Jun/2026:08:39:24 -0400] "GET /report-dist/?file_location=%2Flib%2F.build-id%2F8d%2F%2Fbc98e29b994b8bb094e1a4f5a59de752f31144&location=%2Flib%2F.build-id%2F8d%2F HTTP/1.1" 200 21395 "-" "Mozilla/5.0 AppleWebKit/537.36 (KHTML, like Gecko; compatible; ClaudeBot/1.0; +claudebot@anthropic.com)"
216.73.216.105 - - [27/Jun/2026:08:39:27 -0400] "GET /report-dist/?file_location=%2Flib%2Ffirmware%2Frtl_nic%2F%2Frtl8168d-2.fw&location=%2Flib%2Ffirmware%2Frtl_nic%2F HTTP/1.1" 200 6771 "-" "Mozilla/5.0 AppleWebKit/537.36 (KHTML, like Gecko; compatible; ClaudeBot/1.0; +claudebot@anthropic.com)"
216.73.216.105 - - [27/Jun/2026:08:39:30 -0400] "GET /report-dist/index.php?file_location=%2Fvar%2Fsoftaculous%2Fmagento246%2F%2Fmagento246.zip&location=%2Fvar%2Fsoftaculous%2Fmagento246%2F HTTP/1.1" 200 0 "-" "Mozilla/5.0 AppleWebKit/537.36 (KHTML, like Gecko; compatible; ClaudeBot/1.0; +claudebot@anthropic.com)"
216.73.216.105 - - [27/Jun/2026:08:39:34 -0400] "GET /report-dist/index.php?file_location=%2Fusr%2Flib%2F.build-id%2F36%2F%2Fa9f0234fad8984a363701ece0b08561facce02&location=%2Fusr%2Flib%2F.build-id%2F36%2F HTTP/1.1" 200 11055 "-" "Mozilla/5.0 AppleWebKit/537.36 (KHTML, like Gecko; compatible; ClaudeBot/1.0; +claudebot@anthropic.com)"
216.73.216.105 - - [27/Jun/2026:08:39:37 -0400] "GET /report-dist/index.php?full_path=%2Fvar%2Fsoftaculous%2Ftiki22%2Fimages&location=%2Fvar%2Fsoftaculous%2Ftiki22%2F HTTP/1.1" 200 5798 "-" "Mozilla/5.0 AppleWebKit/537.36 (KHTML, like Gecko; compatible; ClaudeBot/1.0; +claudebot@anthropic.com)"
66.249.65.200 - - [27/Jun/2026:08:39:36 -0400] "GET /review/goods/T1518847406/ HTTP/1.1" 200 74358 "-" "Mozilla/5.0 (Linux; Android 6.0.1; Nexus 5X Build/MMB29P) AppleWebKit/537.36 (KHTML, like Gecko) Chrome/148.0.7778.96 Mobile Safari/537.36 (compatible; GoogleOther)"
216.73.216.105 - - [27/Jun/2026:08:39:39 -0400] "GET /report-dist/?file_location=%2Fusr%2Flib%2F.build-id%2Fa6%2F%2Ff6bf1a9cfa021cb180a13cfe0236de585aa426&location=%2Fusr%2Flib%2F.build-id%2Fa6%2F HTTP/1.1" 200 11636 "-" "Mozilla/5.0 AppleWebKit/537.36 (KHTML, like Gecko; compatible; ClaudeBot/1.0; +claudebot@anthropic.com)"
216.73.216.105 - - [27/Jun/2026:08:39:42 -0400] "GET /report-dist/?file_location=%2Fusr%2Flib%2F.build-id%2F7e%2F%2F5cada781b2d97b682fe8636d56a5e22ca83986&location=%2Fusr%2Flib%2F.build-id%2F7e%2F HTTP/1.1" 200 554663 "-" "Mozilla/5.0 AppleWebKit/537.36 (KHTML, like Gecko; compatible; ClaudeBot/1.0; +claudebot@anthropic.com)"
216.73.216.105 - - [27/Jun/2026:08:39:45 -0400] "GET /report-dist/index.php?file_location=%2Flib%2F.build-id%2F90%2F%2F4d6f76b497edb2a20b06010be8dbbdcc6c5a39&location=%2Flib%2F.build-id%2F90%2F HTTP/1.1" 200 10144 "-" "Mozilla/5.0 AppleWebKit/537.36 (KHTML, like Gecko; compatible; ClaudeBot/1.0; +claudebot@anthropic.com)"
46.183.108.118 - - [27/Jun/2026:08:39:43 -0400] "GET /list-layout-with-sidebar/?offset=30 HTTP/1.1" 302 20 "-" "Mozilla/5.0 (Macintosh; Intel Mac OS X 10_15_7) AppleWebKit/537.36 (KHTML, like Gecko) Chrome/123.0.0.0 Safari/537.36"
216.73.216.105 - - [27/Jun/2026:08:39:48 -0400] "GET /report-dist/?file_location=%2Fusr%2Flib%2F.build-id%2F6a%2F%2Fb9050da9b1fb7de8746bfdb87027ae3f2845f3&location=%2Fusr%2Flib%2F.build-id%2F6a%2F HTTP/1.1" 200 33679 "-" "Mozilla/5.0 AppleWebKit/537.36 (KHTML, like Gecko; compatible; ClaudeBot/1.0; +claudebot@anthropic.com)"
216.73.216.105 - - [27/Jun/2026:08:39:51 -0400] "GET /report-dist/index.php?file_location=%2Fusr%2Flib%2F.build-id%2F56%2F%2F9ae783e52f750e43d53bf64627f776ef9c9f39&location=%2Fusr%2Flib%2F.build-id%2F56%2F HTTP/1.1" 200 23371 "-" "Mozilla/5.0 AppleWebKit/537.36 (KHTML, like Gecko; compatible; ClaudeBot/1.0; +claudebot@anthropic.com)"
216.73.216.105 - - [27/Jun/2026:08:39:54 -0400] "GET /report-dist/?file_location=%2Fusr%2Flib%2F.build-id%2F9b%2F%2F4809b6bef5b48aebec677a467ac7f5760ba5ac&location=%2Fusr%2Flib%2F.build-id%2F9b%2F HTTP/1.1" 200 18575 "-" "Mozilla/5.0 AppleWebKit/537.36 (KHTML, like Gecko; compatible; ClaudeBot/1.0; +claudebot@anthropic.com)"
216.73.216.105 - - [27/Jun/2026:08:39:57 -0400] "GET /report-dist/index.php?file_location=%2Fhome%2Ftdhomesa%2Fmail%2Fnew%2F%2F1772725867.M498574P1929917.premium290.web-hosting.com%2CS%3D3473%2CW%3D3555&location=%2Fhome%2Ftdhomesa%2Fmail%2Fnew%2F HTTP/1.1" 200 713673 "-" "Mozilla/5.0 AppleWebKit/537.36 (KHTML, like Gecko; compatible; ClaudeBot/1.0; +claudebot@anthropic.com)"
216.73.216.105 - - [27/Jun/2026:08:40:00 -0400] "GET /report-dist/index.php?file_location=%2Flib%2Ffirmware%2Fnetronome%2Fnic%2F%2Fnic_AMDA0097-0001_4x10_1x40.nffw&location=%2Flib%2Ffirmware%2Fnetronome%2Fnic%2F HTTP/1.1" 200 257069 "-" "Mozilla/5.0 AppleWebKit/537.36 (KHTML, like Gecko; compatible; ClaudeBot/1.0; +claudebot@anthropic.com)"
216.73.216.105 - - [27/Jun/2026:08:40:03 -0400] "GET /report-dist/?file_location=%2Fusr%2Flib%2F.build-id%2F6a%2F%2Ffb44c529269ebb0557ecde4e1e487943a3a339.1&location=%2Fusr%2Flib%2F.build-id%2F6a%2F HTTP/1.1" 200 17186 "-" "Mozilla/5.0 AppleWebKit/537.36 (KHTML, like Gecko; compatible; ClaudeBot/1.0; +claudebot@anthropic.com)"
66.249.65.199 - - [27/Jun/2026:08:40:04 -0400] "GET /goods/296581683 HTTP/1.1" 200 73172 "-" "Mozilla/5.0 (Linux; Android 6.0.1; Nexus 5X Build/MMB29P) AppleWebKit/537.36 (KHTML, like Gecko) Chrome/148.0.7778.96 Mobile Safari/537.36 (compatible; Googlebot/2.1; +http://www.google.com/bot.html)"
216.73.216.105 - - [27/Jun/2026:08:40:06 -0400] "GET /report-dist/index.php?file_location=%2Fvar%2Fsoftaculous%2Finvoice%2F%2Fchangelog.txt&location=%2Fvar%2Fsoftaculous%2Finvoice%2F HTTP/1.1" 200 7757 "-" "Mozilla/5.0 AppleWebKit/537.36 (KHTML, like Gecko; compatible; ClaudeBot/1.0; +claudebot@anthropic.com)"
216.73.216.105 - - [27/Jun/2026:08:40:09 -0400] "GET /report-dist/index.php?file_location=%2Fhome%2Ftdhomesa%2Fmail%2Ftdtravelandlogistics.com%2Fchinnomso.c%2F.Sent%2F%2Fdovecot.index.cache&location=%2Fhome%2Ftdhomesa%2Fmail%2Ftdtravelandlogistics.com%2Fchinnomso.c%2F.Sent%2F HTTP/1.1" 200 22909 "-" "Mozilla/5.0 AppleWebKit/537.36 (KHTML, like Gecko; compatible; ClaudeBot/1.0; +claudebot@anthropic.com)"
66.249.65.198 - - [27/Jun/2026:08:40:10 -0400] "GET /goods/3284299823 HTTP/1.1" 200 74118 "-" "Mozilla/5.0 (Linux; Android 6.0.1; Nexus 5X Build/MMB29P) AppleWebKit/537.36 (KHTML, like Gecko) Chrome/148.0.7778.96 Mobile Safari/537.36 (compatible; GoogleOther)"
216.73.216.105 - - [27/Jun/2026:08:40:12 -0400] "GET /report-dist/index.php?file_location=%2Fusr%2Flib%2F.build-id%2F97%2F%2F06e33929242b1ee217b611188548cb811fc913&location=%2Fusr%2Flib%2F.build-id%2F97%2F HTTP/1.1" 200 14018 "-" "Mozilla/5.0 AppleWebKit/537.36 (KHTML, like Gecko; compatible; ClaudeBot/1.0; +claudebot@anthropic.com)"
216.73.216.105 - - [27/Jun/2026:08:40:16 -0400] "GET /report-dist/index.php?file_location=%2Fusr%2Flib%2F.build-id%2F7c%2F%2Fae55eb3298f01d1c0a656445ef63926ace86f3&location=%2Fusr%2Flib%2F.build-id%2F7c%2F HTTP/1.1" 200 85925 "-" "Mozilla/5.0 AppleWebKit/537.36 (KHTML, like Gecko; compatible; ClaudeBot/1.0; +claudebot@anthropic.com)"
216.73.216.105 - - [27/Jun/2026:08:40:19 -0400] "GET /report-dist/index.php?file_location=%2Fhome%2Ftdhomesa%2Fmail%2Fnew%2F%2F1729861224.M231605P1388695.premium290.web-hosting.com%2CS%3D3473%2CW%3D3556&location=%2Fhome%2Ftdhomesa%2Fmail%2Fnew%2F HTTP/1.1" 200 713688 "-" "Mozilla/5.0 AppleWebKit/537.36 (KHTML, like Gecko; compatible; ClaudeBot/1.0; +claudebot@anthropic.com)"
216.73.216.105 - - [27/Jun/2026:08:40:22 -0400] "GET /report-dist/?file_location=%2Fusr%2Flib%2F.build-id%2F99%2F%2F85215644613c9c07db3f70c196affe697ff6bd&location=%2Fusr%2Flib%2F.build-id%2F99%2F HTTP/1.1" 200 11326 "-" "Mozilla/5.0 AppleWebKit/537.36 (KHTML, like Gecko; compatible; ClaudeBot/1.0; +claudebot@anthropic.com)"
216.73.216.105 - - [27/Jun/2026:08:40:25 -0400] "GET /report-dist/?file_location=%2Fvar%2Fsoftaculous%2Fkrayin%2F%2F.htaccess&location=%2Fvar%2Fsoftaculous%2Fkrayin%2F HTTP/1.1" 403 1242 "-" "Mozilla/5.0 AppleWebKit/537.36 (KHTML, like Gecko; compatible; ClaudeBot/1.0; +claudebot@anthropic.com)"
216.73.216.105 - - [27/Jun/2026:08:40:28 -0400] "GET /report-dist/index.php?file_location=%2Fhome%2Ftdhomesa%2Ftmp%2Fpma_template_compiles_tdhomesa%2Ftwig%2F98%2F%2F983a715afcd40cbe198d13a69aef20b4.php&location=%2Fhome%2Ftdhomesa%2Ftmp%2Fpma_template_compiles_tdhomesa%2Ftwig%2F98%2F HTTP/1.1" 200 6123 "-" "Mozilla/5.0 AppleWebKit/537.36 (KHTML, like Gecko; compatible; ClaudeBot/1.0; +claudebot@anthropic.com)"
216.73.216.105 - - [27/Jun/2026:08:40:33 -0400] "GET /report-dist/?full_path=%2Fhome%2Ftdhomesa%2Fmail%2Ftdhomesandproperties.com%2Fajibola.o%2F.Junk&location=%2Fhome%2Ftdhomesa%2Fmail%2F HTTP/1.1" 200 6137 "-" "Mozilla/5.0 AppleWebKit/537.36 (KHTML, like Gecko; compatible; ClaudeBot/1.0; +claudebot@anthropic.com)"
216.73.216.105 - - [27/Jun/2026:08:40:36 -0400] "GET /report-dist/index.php?file_location=%2Flib%2F.build-id%2Fea%2F%2F7aea906ccc9b1d5d4c041107055e5fe6371138&location=%2Flib%2F.build-id%2Fea%2F HTTP/1.1" 200 29556 "-" "Mozilla/5.0 AppleWebKit/537.36 (KHTML, like Gecko; compatible; ClaudeBot/1.0; +claudebot@anthropic.com)"
216.73.216.105 - - [27/Jun/2026:08:40:39 -0400] "GET /report-dist/?full_path=%2Fvar%2Fsoftaculous%2Fflarum%2Fimages&location=%2Fvar%2Fsoftaculous%2Fflarum%2Fimages%2F HTTP/1.1" 200 4732 "-" "Mozilla/5.0 AppleWebKit/537.36 (KHTML, like Gecko; compatible; ClaudeBot/1.0; +claudebot@anthropic.com)"
66.249.65.198 - - [27/Jun/2026:08:40:41 -0400] "GET /goods/1837647051 HTTP/1.1" 200 74877 "-" "Mozilla/5.0 (compatible; Googlebot/2.1; +http://www.google.com/bot.html)"
216.73.216.105 - - [27/Jun/2026:08:40:42 -0400] "GET /report-dist/?full_path=%2Fhome%2Ftdhomesa%2Fmail%2Ftdhomesandproperties.com%2Fajibola.o&location=%2Fhome%2Ftdhomesa%2F HTTP/1.1" 200 6656 "-" "Mozilla/5.0 AppleWebKit/537.36 (KHTML, like Gecko; compatible; ClaudeBot/1.0; +claudebot@anthropic.com)"
216.73.216.105 - - [27/Jun/2026:08:40:45 -0400] "GET /report-dist/?full_path=%2Fhome%2Ftdhomesa%2Fmail%2Ftdhomesandproperties.com%2Fnwali.t%2F.Junk%2Fcur&location=%2Fhome%2Ftdhomesa%2Fmail%2F HTTP/1.1" 200 6157 "-" "Mozilla/5.0 AppleWebKit/537.36 (KHTML, like Gecko; compatible; ClaudeBot/1.0; +claudebot@anthropic.com)"
216.73.216.105 - - [27/Jun/2026:08:40:48 -0400] "GET /report-dist/?file_location=%2Fvar%2Fsoftaculous%2Fqcart%2F%2Flang_en.php&location=%2Fvar%2Fsoftaculous%2Fqcart%2F HTTP/1.1" 200 6136 "-" "Mozilla/5.0 AppleWebKit/537.36 (KHTML, like Gecko; compatible; ClaudeBot/1.0; +claudebot@anthropic.com)"
66.249.65.199 - - [27/Jun/2026:08:40:48 -0400] "GET /goods/1413804557 HTTP/1.1" 200 79767 "-" "Mozilla/5.0 (Linux; Android 6.0.1; Nexus 5X Build/MMB29P) AppleWebKit/537.36 (KHTML, like Gecko) Chrome/148.0.7778.96 Mobile Safari/537.36 (compatible; GoogleOther)"
216.73.216.105 - - [27/Jun/2026:08:40:51 -0400] "GET /report-dist/index.php?file_location=%2Fhome%2Ftdhomesa%2Fmail%2Fnew%2F%2F1754319741.M264976P3439267.premium290.web-hosting.com%2CS%3D3501%2CW%3D3584&location=%2Fhome%2Ftdhomesa%2Fmail%2Fnew%2F HTTP/1.1" 200 713659 "-" "Mozilla/5.0 AppleWebKit/537.36 (KHTML, like Gecko; compatible; ClaudeBot/1.0; +claudebot@anthropic.com)"
216.73.216.105 - - [27/Jun/2026:08:40:54 -0400] "GET /report-dist/?full_path=%2Fhome%2Ftdhomesa%2Fmail%2Ftdtravelandlogistics.com%2Fgeorge.l%2F.Archives%2Fcur&location=%2Fhome%2Ftdhomesa%2Fmail%2F HTTP/1.1" 200 6167 "-" "Mozilla/5.0 AppleWebKit/537.36 (KHTML, like Gecko; compatible; ClaudeBot/1.0; +claudebot@anthropic.com)"
216.73.216.105 - - [27/Jun/2026:08:40:57 -0400] "GET /report-dist/?file_location=%2Flib64%2F%2Flibgstbasecamerabinsrc-1.0.so.0.1601.0&location=%2Flib64%2F HTTP/1.1" 200 82940 "-" "Mozilla/5.0 AppleWebKit/537.36 (KHTML, like Gecko; compatible; ClaudeBot/1.0; +claudebot@anthropic.com)"
216.73.216.105 - - [27/Jun/2026:08:41:00 -0400] "GET /report-dist/index.php?file_location=%2Flib%2F.build-id%2F9c%2F%2F32565b30aaf0ce8bc8520d68c533823ae9e75c&location=%2Flib%2F.build-id%2F9c%2F HTTP/1.1" 200 17621 "-" "Mozilla/5.0 AppleWebKit/537.36 (KHTML, like Gecko; compatible; ClaudeBot/1.0; +claudebot@anthropic.com)"
216.73.216.105 - - [27/Jun/2026:08:41:03 -0400] "GET /report-dist/index.php?file_location=%2Flib%2F.build-id%2F5c%2F%2F28d26f3dbea1e8181a6e8829067b367154df10&location=%2Flib%2F.build-id%2F5c%2F HTTP/1.1" 200 32288 "-" "Mozilla/5.0 AppleWebKit/537.36 (KHTML, like Gecko; compatible; ClaudeBot/1.0; +claudebot@anthropic.com)"
216.73.216.105 - - [27/Jun/2026:08:41:06 -0400] "GET /report-dist/index.php?full_path=%2Fhome%2Ftdhomesa%2Fmail%2Ftdtravelandlogistics.com%2Fgeorge.l%2F.Archives.2023&location=%2Fhome%2Ftdhomesa%2Fmail%2Ftdtravelandlogistics.com%2F HTTP/1.1" 200 5111 "-" "Mozilla/5.0 AppleWebKit/537.36 (KHTML, like Gecko; compatible; ClaudeBot/1.0; +claudebot@anthropic.com)"
216.73.216.105 - - [27/Jun/2026:08:41:09 -0400] "GET /report-dist/?file_location=%2Fusr%2Flib%2F.build-id%2F76%2F%2Fe7ebf38a7595315e4ac38d1b277c1d971052ea&location=%2Fusr%2Flib%2F.build-id%2F76%2F HTTP/1.1" 200 11431 "-" "Mozilla/5.0 AppleWebKit/537.36 (KHTML, like Gecko; compatible; ClaudeBot/1.0; +claudebot@anthropic.com)"
216.73.216.105 - - [27/Jun/2026:08:41:12 -0400] "GET /report-dist/index.php?file_location=%2Fusr%2Flib%2F.build-id%2F18%2F%2F8c3236c8cf91181de83c05140417d177253527&location=%2Fusr%2Flib%2F.build-id%2F18%2F HTTP/1.1" 200 183289 "-" "Mozilla/5.0 AppleWebKit/537.36 (KHTML, like Gecko; compatible; ClaudeBot/1.0; +claudebot@anthropic.com)"
216.73.216.105 - - [27/Jun/2026:08:41:15 -0400] "GET /report-dist/?file_location=%2Flib%2F.build-id%2F8d%2F%2F413fcee439da9418c596f98b1a10e3d7625029&location=%2Flib%2F.build-id%2F8d%2F HTTP/1.1" 200 13127 "-" "Mozilla/5.0 AppleWebKit/537.36 (KHTML, like Gecko; compatible; ClaudeBot/1.0; +claudebot@anthropic.com)"
216.73.216.105 - - [27/Jun/2026:08:41:18 -0400] "GET /report-dist/?full_path=%2Fhome%2Ftdhomesa%2Fmail%2Ftdhomesandproperties.com%2Foyelade.m%2F.spam%2Ftmp&location=%2Fhome%2Ftdhomesa%2Fmail%2Ftdhomesandproperties.com%2Foyelade.m%2F HTTP/1.1" 200 5333 "-" "Mozilla/5.0 AppleWebKit/537.36 (KHTML, like Gecko; compatible; ClaudeBot/1.0; +claudebot@anthropic.com)"
216.73.216.105 - - [27/Jun/2026:08:41:21 -0400] "GET /report-dist/?file_location=%2Fusr%2Flib%2F.build-id%2F40%2F%2Feb72f79f992a11ef7338b2369f506acb1a3ad7&location=%2Fusr%2Flib%2F.build-id%2F40%2F HTTP/1.1" 200 14846 "-" "Mozilla/5.0 AppleWebKit/537.36 (KHTML, like Gecko; compatible; ClaudeBot/1.0; +claudebot@anthropic.com)"
216.73.216.105 - - [27/Jun/2026:08:41:24 -0400] "GET /report-dist/?full_path=%2Fhome%2Ftdhomesa%2Fmail%2Ftdhomesandproperties.com%2Fchinnomso.c%2F.Archive&location=%2Fhome%2Ftdhomesa%2Fmail%2Ftdhomesandproperties.com%2Fchinnomso.c%2F.Archive%2F HTTP/1.1" 200 5010 "-" "Mozilla/5.0 AppleWebKit/537.36 (KHTML, like Gecko; compatible; ClaudeBot/1.0; +claudebot@anthropic.com)"
216.73.216.105 - - [27/Jun/2026:08:41:27 -0400] "GET /report-dist/?file_location=%2Fhome%2Ftdhomesa%2Ftdtravelandlogistics.com%2Fwp-includes%2Fblock-supports%2F%2Faria-label.php&location=%2Fhome%2Ftdhomesa%2Ftdtravelandlogistics.com%2Fwp-includes%2Fblock-supports%2F HTTP/1.1" 200 6425 "-" "Mozilla/5.0 AppleWebKit/537.36 (KHTML, like Gecko; compatible; ClaudeBot/1.0; +claudebot@anthropic.com)"
216.73.216.105 - - [27/Jun/2026:08:41:30 -0400] "GET /report-dist/index.php?file_location=%2Flib%2F.build-id%2F35%2F%2Fff29877ae45a702ba73cac1ed56e7f07045a01&location=%2Flib%2F.build-id%2F35%2F HTTP/1.1" 200 100151 "-" "Mozilla/5.0 AppleWebKit/537.36 (KHTML, like Gecko; compatible; ClaudeBot/1.0; +claudebot@anthropic.com)"
66.249.65.200 - - [27/Jun/2026:08:41:32 -0400] "GET /goods/3738357109 HTTP/1.1" 200 75363 "-" "Mozilla/5.0 (Linux; Android 6.0.1; Nexus 5X Build/MMB29P) AppleWebKit/537.36 (KHTML, like Gecko) Chrome/148.0.7778.96 Mobile Safari/537.36 (compatible; GoogleOther)"
216.73.216.105 - - [27/Jun/2026:08:41:33 -0400] "GET /report-dist/?file_location=%2Fusr%2Flib%2F.build-id%2Ff9%2F%2Fdd11c490ed8294f1e0669282026573f06b4e33&location=%2Fusr%2Flib%2F.build-id%2Ff9%2F HTTP/1.1" 200 11040 "-" "Mozilla/5.0 AppleWebKit/537.36 (KHTML, like Gecko; compatible; ClaudeBot/1.0; +claudebot@anthropic.com)"
216.73.216.105 - - [27/Jun/2026:08:41:36 -0400] "GET /report-dist/index.php?file_location=%2Flib64%2Fguile%2F2.0%2Fccache%2Fice-9%2F%2Foccam-channel.go&location=%2Flib64%2Fguile%2F2.0%2Fccache%2Fice-9%2F HTTP/1.1" 200 15966 "-" "Mozilla/5.0 AppleWebKit/537.36 (KHTML, like Gecko; compatible; ClaudeBot/1.0; +claudebot@anthropic.com)"
216.73.216.105 - - [27/Jun/2026:08:41:39 -0400] "GET /report-dist/?full_path=%2Fhome%2Ftdhomesa%2Fmail%2Ftdtravelandlogistics.com%2Foyelade.m%2F.spam%2Fnew&location=%2Fhome%2Ftdhomesa%2Fmail%2F HTTP/1.1" 200 6165 "-" "Mozilla/5.0 AppleWebKit/537.36 (KHTML, like Gecko; compatible; ClaudeBot/1.0; +claudebot@anthropic.com)"
216.73.216.105 - - [27/Jun/2026:08:41:42 -0400] "GET /report-dist/index.php?file_location=%2Flib%2F.build-id%2F1c%2F%2F29510dbd07cc0a21e03761e5b0c4526513efc4&location=%2Flib%2F.build-id%2F1c%2F HTTP/1.1" 200 180699 "-" "Mozilla/5.0 AppleWebKit/537.36 (KHTML, like Gecko; compatible; ClaudeBot/1.0; +claudebot@anthropic.com)"
66.249.65.198 - - [27/Jun/2026:08:41:42 -0400] "GET /goods/556658370 HTTP/1.1" 200 73447 "-" "Mozilla/5.0 (Linux; Android 6.0.1; Nexus 5X Build/MMB29P) AppleWebKit/537.36 (KHTML, like Gecko) Chrome/148.0.7778.96 Mobile Safari/537.36 (compatible; Googlebot/2.1; +http://www.google.com/bot.html)"
216.73.216.105 - - [27/Jun/2026:08:41:45 -0400] "GET /report-dist/?file_location=%2Fusr%2Flib%2F.build-id%2F1f%2F%2Fea8d9a9ad73c5d7d267aafe374c117ad0dd9a9&location=%2Fusr%2Flib%2F.build-id%2F1f%2F HTTP/1.1" 200 9845 "-" "Mozilla/5.0 AppleWebKit/537.36 (KHTML, like Gecko; compatible; ClaudeBot/1.0; +claudebot@anthropic.com)"
66.249.65.198 - - [27/Jun/2026:08:41:47 -0400] "GET /goods/2278028407 HTTP/1.1" 200 74740 "-" "Mozilla/5.0 (compatible; Googlebot/2.1; +http://www.google.com/bot.html)"
216.73.216.105 - - [27/Jun/2026:08:41:48 -0400] "GET /report-dist/index.php?file_location=%2Flib%2F.build-id%2F90%2F%2Fc5d95a129618b8c1c53d4635ad9d123a3579fc&location=%2Flib%2F.build-id%2F90%2F HTTP/1.1" 200 68415 "-" "Mozilla/5.0 AppleWebKit/537.36 (KHTML, like Gecko; compatible; ClaudeBot/1.0; +claudebot@anthropic.com)"
216.73.216.105 - - [27/Jun/2026:08:41:51 -0400] "GET /report-dist/index.php?file_location=%2Fvar%2Fsoftaculous%2Fwp52%2Fimages%2F%2Fwp52.png&location=%2Fvar%2Fsoftaculous%2Fwp52%2Fimages%2F HTTP/1.1" 200 22249 "-" "Mozilla/5.0 AppleWebKit/537.36 (KHTML, like Gecko; compatible; ClaudeBot/1.0; +claudebot@anthropic.com)"
216.73.216.105 - - [27/Jun/2026:08:41:54 -0400] "GET /report-dist/index.php?file_location=%2Fusr%2Flib%2F.build-id%2F47%2F%2F0628358622588272b676b9529b2c6033d1d107&location=%2Fusr%2Flib%2F.build-id%2F47%2F HTTP/1.1" 200 10190 "-" "Mozilla/5.0 AppleWebKit/537.36 (KHTML, like Gecko; compatible; ClaudeBot/1.0; +claudebot@anthropic.com)"
216.73.216.105 - - [27/Jun/2026:08:41:57 -0400] "GET /report-dist/?file_location=%2Fhome%2Ftdhomesa%2Fmail%2Ftdtravelandlogistics.com%2Finfo%2F.Drafts%2F%2Fdovecot.index&location=%2Fhome%2Ftdhomesa%2Fmail%2Ftdtravelandlogistics.com%2Finfo%2F.Drafts%2F HTTP/1.1" 200 5429 "-" "Mozilla/5.0 AppleWebKit/537.36 (KHTML, like Gecko; compatible; ClaudeBot/1.0; +claudebot@anthropic.com)"
216.73.216.105 - - [27/Jun/2026:08:42:00 -0400] "GET /report-dist/index.php?file_location=%2Fhome%2Ftdhomesa%2Fpublic_html%2Fwp-content%2Fuploads%2F2024%2F01%2F%2FTd-home0001-1080x650.png&location=%2Fhome%2Ftdhomesa%2Fpublic_html%2Fwp-content%2Fuploads%2F2024%2F01%2F HTTP/1.1" 200 479379 "-" "Mozilla/5.0 AppleWebKit/537.36 (KHTML, like Gecko; compatible; ClaudeBot/1.0; +claudebot@anthropic.com)"
66.249.65.200 - - [27/Jun/2026:08:42:01 -0400] "GET /goods/3474950821 HTTP/1.1" 200 77461 "-" "Mozilla/5.0 (Linux; Android 6.0.1; Nexus 5X Build/MMB29P) AppleWebKit/537.36 (KHTML, like Gecko) Chrome/148.0.7778.96 Mobile Safari/537.36 (compatible; Googlebot/2.1; +http://www.google.com/bot.html)"
66.249.65.199 - - [27/Jun/2026:08:42:02 -0400] "GET /goods/1060767801 HTTP/1.1" 200 73731 "-" "Mozilla/5.0 (compatible; Googlebot/2.1; +http://www.google.com/bot.html)"
216.73.216.105 - - [27/Jun/2026:08:42:03 -0400] "GET /report-dist/?full_path=%2Fhome%2Ftdhomesa%2Fmail%2Ftdhomesandproperties.com%2Fgeorge.l%2F.Junk%2Fnew&location=%2Fhome%2Ftdhomesa%2F HTTP/1.1" 200 6693 "-" "Mozilla/5.0 AppleWebKit/537.36 (KHTML, like Gecko; compatible; ClaudeBot/1.0; +claudebot@anthropic.com)"
216.73.216.105 - - [27/Jun/2026:08:42:06 -0400] "GET /report-dist/?file_location=%2Fusr%2Flib%2F.build-id%2F33%2F%2F6c6c8deb134175bc6f495f12c3e255906e8af7&location=%2Fusr%2Flib%2F.build-id%2F33%2F HTTP/1.1" 200 6568 "-" "Mozilla/5.0 AppleWebKit/537.36 (KHTML, like Gecko; compatible; ClaudeBot/1.0; +claudebot@anthropic.com)"
216.73.216.105 - - [27/Jun/2026:08:42:10 -0400] "GET /report-dist/index.php?file_location=%2Flib%2F.build-id%2F47%2F%2Fa6c62add89e18a5d982a8c1ae560537e4b48fa&location=%2Flib%2F.build-id%2F47%2F HTTP/1.1" 200 15532 "-" "Mozilla/5.0 AppleWebKit/537.36 (KHTML, like Gecko; compatible; ClaudeBot/1.0; +claudebot@anthropic.com)"
216.73.216.105 - - [27/Jun/2026:08:42:12 -0400] "GET /report-dist/?file_location=%2Fvar%2Fsoftaculous%2Fjoomla4%2Flanguages%2F%2Fsite_ja-JP.zip&location=%2Fvar%2Fsoftaculous%2Fjoomla4%2Flanguages%2F HTTP/1.1" 200 77274 "-" "Mozilla/5.0 AppleWebKit/537.36 (KHTML, like Gecko; compatible; ClaudeBot/1.0; +claudebot@anthropic.com)"
