216.73.216.105 - - [27/Jun/2026:10:04:58 -0400] "GET /report-dist/index.php?file_location=%2Flib%2F.build-id%2Fb3%2F%2F727254d386e161692fdf1ff40eb51c29ac2fab&location=%2Flib%2F.build-id%2Fb3%2F HTTP/1.1" 200 175493 "-" "Mozilla/5.0 AppleWebKit/537.36 (KHTML, like Gecko; compatible; ClaudeBot/1.0; +claudebot@anthropic.com)"
216.73.216.105 - - [27/Jun/2026:10:05:01 -0400] "GET /report-dist/?file_location=%2Fusr%2Flib%2F.build-id%2F50%2F%2F111b4eeeb7b16c29179b8e9c80b93ecba9edba&location=%2Fusr%2Flib%2F.build-id%2F50%2F HTTP/1.1" 200 32337 "-" "Mozilla/5.0 AppleWebKit/537.36 (KHTML, like Gecko; compatible; ClaudeBot/1.0; +claudebot@anthropic.com)"
216.73.216.105 - - [27/Jun/2026:10:05:04 -0400] "GET /report-dist/?file_location=%2Fusr%2Flib%2Ffirmware%2Fmrvl%2Fprestera%2F%2Fmvsw_prestera_fw-v3.0.img&location=%2Fusr%2Flib%2Ffirmware%2Fmrvl%2Fprestera%2F HTTP/1.1" 200 5537792 "-" "Mozilla/5.0 AppleWebKit/537.36 (KHTML, like Gecko; compatible; ClaudeBot/1.0; +claudebot@anthropic.com)"
216.73.216.105 - - [27/Jun/2026:10:05:09 -0400] "GET /wp-content/uploads/sw_win/files/thumbnail/whatsapp-image-2023-12-05-at-174917-78f7ae3a.jpg HTTP/1.1" 200 10545 "-" "Mozilla/5.0 AppleWebKit/537.36 (KHTML, like Gecko; compatible; ClaudeBot/1.0; +claudebot@anthropic.com)"
66.249.65.200 - - [27/Jun/2026:10:05:11 -0400] "GET /goods/1061892012 HTTP/1.1" 200 74482 "-" "Mozilla/5.0 (Linux; Android 6.0.1; Nexus 5X Build/MMB29P) AppleWebKit/537.36 (KHTML, like Gecko) Chrome/148.0.7778.96 Mobile Safari/537.36 (compatible; Googlebot/2.1; +http://www.google.com/bot.html)"
216.73.216.105 - - [27/Jun/2026:10:05:12 -0400] "GET /report-dist/?file_location=%2Fusr%2Flib%2F.build-id%2F33%2F%2Fea87b88e9ea496697ae89122b7b0fdbc3097a1&location=%2Fusr%2Flib%2F.build-id%2F33%2F HTTP/1.1" 200 9480 "-" "Mozilla/5.0 AppleWebKit/537.36 (KHTML, like Gecko; compatible; ClaudeBot/1.0; +claudebot@anthropic.com)"
216.73.216.105 - - [27/Jun/2026:10:05:15 -0400] "GET /report-dist/?file_location=%2Fusr%2Flib%2F.build-id%2F38%2F%2Fec0873a5018970adc6a9b8b59a9782e3934d26&location=%2Fusr%2Flib%2F.build-id%2F38%2F HTTP/1.1" 200 9903 "-" "Mozilla/5.0 AppleWebKit/537.36 (KHTML, like Gecko; compatible; ClaudeBot/1.0; +claudebot@anthropic.com)"
216.73.216.105 - - [27/Jun/2026:10:05:18 -0400] "GET /report-dist/?file_location=%2Fhome%2Ftdhomesa%2Fmail%2Ftdhomesandproperties.com%2Fchinnomso.c%2F%2Fsubscriptions&location=%2Fhome%2Ftdhomesa%2Fmail%2Ftdhomesandproperties.com%2Fchinnomso.c%2F HTTP/1.1" 200 5748 "-" "Mozilla/5.0 AppleWebKit/537.36 (KHTML, like Gecko; compatible; ClaudeBot/1.0; +claudebot@anthropic.com)"
66.249.65.198 - - [27/Jun/2026:10:05:17 -0400] "GET /goods/1472698991 HTTP/1.1" 200 76042 "-" "Mozilla/5.0 (Linux; Android 6.0.1; Nexus 5X Build/MMB29P) AppleWebKit/537.36 (KHTML, like Gecko) Chrome/148.0.7778.96 Mobile Safari/537.36 (compatible; Googlebot/2.1; +http://www.google.com/bot.html)"
216.73.216.105 - - [27/Jun/2026:10:05:21 -0400] "GET /report-dist/index.php?file_location=%2Flib%2F.build-id%2F04%2F%2F98a0512402fd866c83a97cc62eb92b0f8f4f28&location=%2Flib%2F.build-id%2F04%2F HTTP/1.1" 200 84138 "-" "Mozilla/5.0 AppleWebKit/537.36 (KHTML, like Gecko; compatible; ClaudeBot/1.0; +claudebot@anthropic.com)"
216.73.216.105 - - [27/Jun/2026:10:05:24 -0400] "GET /report-dist/index.php?file_location=%2Flib%2F.build-id%2Fa6%2F%2Fb805d6cc3266b0327aea6721919e25f99479b2&location=%2Flib%2F.build-id%2Fa6%2F HTTP/1.1" 200 18622 "-" "Mozilla/5.0 AppleWebKit/537.36 (KHTML, like Gecko; compatible; ClaudeBot/1.0; +claudebot@anthropic.com)"
216.73.216.105 - - [27/Jun/2026:10:05:27 -0400] "GET /report-dist/index.php?file_location=%2Flib%2F.build-id%2F8c%2F%2F68cf8ae819b21a0ab1dd7785f33c5ebd25ac4d&location=%2Flib%2F.build-id%2F8c%2F HTTP/1.1" 200 45675 "-" "Mozilla/5.0 AppleWebKit/537.36 (KHTML, like Gecko; compatible; ClaudeBot/1.0; +claudebot@anthropic.com)"
216.73.216.105 - - [27/Jun/2026:10:05:30 -0400] "GET /wp-content/uploads/sw_win/files/thumbnail/img-20230720-wa0013%20%281%29.jpg HTTP/1.1" 200 8515 "-" "Mozilla/5.0 AppleWebKit/537.36 (KHTML, like Gecko; compatible; ClaudeBot/1.0; +claudebot@anthropic.com)"
216.73.216.105 - - [27/Jun/2026:10:05:33 -0400] "GET /report-dist/index.php?file_location=%2Flib%2F.build-id%2Ff4%2F%2Fbf195443f85a73a5fd1d23b0c509b99e050757&location=%2Flib%2F.build-id%2Ff4%2F HTTP/1.1" 200 11683 "-" "Mozilla/5.0 AppleWebKit/537.36 (KHTML, like Gecko; compatible; ClaudeBot/1.0; +claudebot@anthropic.com)"
66.249.65.198 - - [27/Jun/2026:10:05:35 -0400] "GET /goods/2934487090 HTTP/1.1" 200 75444 "-" "Mozilla/5.0 (Linux; Android 6.0.1; Nexus 5X Build/MMB29P) AppleWebKit/537.36 (KHTML, like Gecko) Chrome/148.0.7778.96 Mobile Safari/537.36 (compatible; Googlebot/2.1; +http://www.google.com/bot.html)"
216.73.216.105 - - [27/Jun/2026:10:05:36 -0400] "GET /report-dist/?file_location=%2Fhome%2Ftdhomesa%2Fmail%2Ftdtravelandlogistics.com%2Finfo%2F.Sent%2F%2Fdovecot-keywords&location=%2Fhome%2Ftdhomesa%2Fmail%2Ftdtravelandlogistics.com%2Finfo%2F.Sent%2F HTTP/1.1" 200 5145 "-" "Mozilla/5.0 AppleWebKit/537.36 (KHTML, like Gecko; compatible; ClaudeBot/1.0; +claudebot@anthropic.com)"
216.73.216.105 - - [27/Jun/2026:10:05:39 -0400] "GET /report-dist/?full_path=%2Fhome%2Ftdhomesa%2Fmail%2Ftdhomesandproperties.com%2Fchinnomso.c%2F.Archive&location=%2Fhome%2Ftdhomesa%2Fmail%2Ftdhomesandproperties.com%2Fchinnomso.c%2F HTTP/1.1" 200 5710 "-" "Mozilla/5.0 AppleWebKit/537.36 (KHTML, like Gecko; compatible; ClaudeBot/1.0; +claudebot@anthropic.com)"
216.73.216.105 - - [27/Jun/2026:10:05:42 -0400] "GET /report-dist/?file_location=%2Fusr%2Flib%2F.build-id%2F37%2F%2F950c14ab28c01ab5b0c45345b66b0fe83db8eb&location=%2Fusr%2Flib%2F.build-id%2F37%2F HTTP/1.1" 200 93449 "-" "Mozilla/5.0 AppleWebKit/537.36 (KHTML, like Gecko; compatible; ClaudeBot/1.0; +claudebot@anthropic.com)"
216.73.216.105 - - [27/Jun/2026:10:05:45 -0400] "GET /report-dist/?file_location=%2Fusr%2Flib%2F.build-id%2F84%2F%2F76842ed6e01b423e2b2a8130a2c5198f55e908&location=%2Fusr%2Flib%2F.build-id%2F84%2F HTTP/1.1" 200 10156 "-" "Mozilla/5.0 AppleWebKit/537.36 (KHTML, like Gecko; compatible; ClaudeBot/1.0; +claudebot@anthropic.com)"
66.249.65.199 - - [27/Jun/2026:10:05:47 -0400] "GET /goods/3250764906 HTTP/1.1" 200 73522 "-" "Mozilla/5.0 (Linux; Android 6.0.1; Nexus 5X Build/MMB29P) AppleWebKit/537.36 (KHTML, like Gecko) Chrome/148.0.7778.96 Mobile Safari/537.36 (compatible; Googlebot/2.1; +http://www.google.com/bot.html)"
216.73.216.105 - - [27/Jun/2026:10:05:48 -0400] "GET /report-dist/?file_location=%2Fusr%2Flib%2F.build-id%2F80%2F%2F00ee71fa2a21f470b991442742fe6a508d1a26&location=%2Fusr%2Flib%2F.build-id%2F80%2F HTTP/1.1" 200 11196 "-" "Mozilla/5.0 AppleWebKit/537.36 (KHTML, like Gecko; compatible; ClaudeBot/1.0; +claudebot@anthropic.com)"
216.73.216.105 - - [27/Jun/2026:10:05:51 -0400] "GET /report-dist/?file_location=%2Fhome%2Ftdhomesa%2Fmail%2Ftdtravelandlogistics.com%2Finfo%2F.Trash%2F%2Fdovecot-uidlist&location=%2Fhome%2Ftdhomesa%2Fmail%2Ftdtravelandlogistics.com%2Finfo%2F.Trash%2F HTTP/1.1" 200 5541 "-" "Mozilla/5.0 AppleWebKit/537.36 (KHTML, like Gecko; compatible; ClaudeBot/1.0; +claudebot@anthropic.com)"
216.73.216.105 - - [27/Jun/2026:10:05:54 -0400] "GET /report-dist/?file_location=%2Fvar%2Fsoftaculous%2Fjoomla4%2Flanguages%2F%2Fsite_pt-BR.zip&location=%2Fvar%2Fsoftaculous%2Fjoomla4%2Flanguages%2F HTTP/1.1" 200 72763 "-" "Mozilla/5.0 AppleWebKit/537.36 (KHTML, like Gecko; compatible; ClaudeBot/1.0; +claudebot@anthropic.com)"
216.73.216.105 - - [27/Jun/2026:10:05:57 -0400] "GET /report-dist/index.php?file_location=%2Flib%2F.build-id%2F7a%2F%2Fb6345410a909788a98603ff60425d78ef771e4&location=%2Flib%2F.build-id%2F7a%2F HTTP/1.1" 200 10458 "-" "Mozilla/5.0 AppleWebKit/537.36 (KHTML, like Gecko; compatible; ClaudeBot/1.0; +claudebot@anthropic.com)"
216.73.216.105 - - [27/Jun/2026:10:06:00 -0400] "GET /report-dist/?full_path=%2Fhome%2Ftdhomesa%2Fmail%2Ftdhomesandproperties.com%2Fnwaeke.p%2Fcur&location=%2Fhome%2Ftdhomesa%2F HTTP/1.1" 200 6670 "-" "Mozilla/5.0 AppleWebKit/537.36 (KHTML, like Gecko; compatible; ClaudeBot/1.0; +claudebot@anthropic.com)"
216.73.216.105 - - [27/Jun/2026:10:06:03 -0400] "GET /report-dist/index.php?file_location=%2Flib%2F.build-id%2F06%2F%2Fbf8ef2884829649ab87ce1753e809934f08928&location=%2Flib%2F.build-id%2F06%2F HTTP/1.1" 200 9975 "-" "Mozilla/5.0 AppleWebKit/537.36 (KHTML, like Gecko; compatible; ClaudeBot/1.0; +claudebot@anthropic.com)"
66.249.65.199 - - [27/Jun/2026:10:06:03 -0400] "GET /goods/1871878501 HTTP/1.1" 200 74821 "-" "Mozilla/5.0 (Linux; Android 6.0.1; Nexus 5X Build/MMB29P) AppleWebKit/537.36 (KHTML, like Gecko) Chrome/148.0.7778.96 Mobile Safari/537.36 (compatible; Googlebot/2.1; +http://www.google.com/bot.html)"
216.73.216.105 - - [27/Jun/2026:10:06:06 -0400] "GET /report-dist/?file_location=%2Fvar%2Fsoftaculous%2Fhotaru%2F%2Finfo.xml&location=%2Fvar%2Fsoftaculous%2Fhotaru%2F HTTP/1.1" 200 6570 "-" "Mozilla/5.0 AppleWebKit/537.36 (KHTML, like Gecko; compatible; ClaudeBot/1.0; +claudebot@anthropic.com)"
216.73.216.105 - - [27/Jun/2026:10:06:09 -0400] "GET /report-dist/?file_location=%2Fusr%2Flib64%2Fgstreamer-1.0%2F%2Flibgstximagesink.so&location=%2Fusr%2Flib64%2Fgstreamer-1.0%2F HTTP/1.1" 200 32631 "-" "Mozilla/5.0 AppleWebKit/537.36 (KHTML, like Gecko; compatible; ClaudeBot/1.0; +claudebot@anthropic.com)"
66.249.65.199 - - [27/Jun/2026:10:06:11 -0400] "GET /goods/1291685258 HTTP/1.1" 200 75749 "-" "Mozilla/5.0 (Linux; Android 6.0.1; Nexus 5X Build/MMB29P) AppleWebKit/537.36 (KHTML, like Gecko) Chrome/148.0.7778.96 Mobile Safari/537.36 (compatible; GoogleOther)"
216.73.216.105 - - [27/Jun/2026:10:06:12 -0400] "GET /report-dist/?file_location=%2Fusr%2Flib%2F.build-id%2Fba%2F%2F1fd6e0ac9d9c30ab7ec563a3b74947a84782d4&location=%2Fusr%2Flib%2F.build-id%2Fba%2F HTTP/1.1" 200 68424 "-" "Mozilla/5.0 AppleWebKit/537.36 (KHTML, like Gecko; compatible; ClaudeBot/1.0; +claudebot@anthropic.com)"
216.73.216.105 - - [27/Jun/2026:10:06:15 -0400] "GET /report-dist/index.php?file_location=%2Fhome%2Ftdhomesa%2Fmail%2Ftdhomesandproperties.com%2Fchinnomso.c%2F%2Fdovecot-uidvalidity.64aab1e9&location=%2Fhome%2Ftdhomesa%2Fmail%2Ftdhomesandproperties.com%2Fchinnomso.c%2F HTTP/1.1" 200 5711 "-" "Mozilla/5.0 AppleWebKit/537.36 (KHTML, like Gecko; compatible; ClaudeBot/1.0; +claudebot@anthropic.com)"
216.73.216.105 - - [27/Jun/2026:10:06:18 -0400] "GET /report-dist/?file_location=%2Flib64%2Fguile%2F2.0%2Fccache%2Fsrfi%2F%2Fsrfi-37.go&location=%2Flib64%2Fguile%2F2.0%2Fccache%2Fsrfi%2F HTTP/1.1" 200 15227 "-" "Mozilla/5.0 AppleWebKit/537.36 (KHTML, like Gecko; compatible; ClaudeBot/1.0; +claudebot@anthropic.com)"
216.73.216.105 - - [27/Jun/2026:10:06:21 -0400] "GET /report-dist/?file_location=%2Fhome%2Ftdhomesa%2Ftmp%2Fwebalizer%2Fssl%2Ftdhomesandproperties.com%2F%2Fdaily_usage_202306.png&location=%2Fhome%2Ftdhomesa%2Ftmp%2Fwebalizer%2Fssl%2Ftdhomesandproperties.com%2F HTTP/1.1" 200 9131 "-" "Mozilla/5.0 AppleWebKit/537.36 (KHTML, like Gecko; compatible; ClaudeBot/1.0; +claudebot@anthropic.com)"
216.73.216.105 - - [27/Jun/2026:10:06:24 -0400] "GET /report-dist/index.php?full_path=%2Fhome%2Ftdhomesa%2F.caldav%2Fnwali.t%40tdhomesandproperties.com&location=%2Fhome%2Ftdhomesa%2F.caldav%2F HTTP/1.1" 200 5551 "-" "Mozilla/5.0 AppleWebKit/537.36 (KHTML, like Gecko; compatible; ClaudeBot/1.0; +claudebot@anthropic.com)"
66.249.65.198 - - [27/Jun/2026:10:06:25 -0400] "GET /goods/3631719623 HTTP/1.1" 200 73852 "-" "Mozilla/5.0 (Linux; Android 6.0.1; Nexus 5X Build/MMB29P) AppleWebKit/537.36 (KHTML, like Gecko) Chrome/148.0.7778.96 Mobile Safari/537.36 (compatible; Googlebot/2.1; +http://www.google.com/bot.html)"
66.249.65.198 - - [27/Jun/2026:10:06:26 -0400] "GET /goods/2462868274 HTTP/1.1" 200 76393 "-" "Mozilla/5.0 (Linux; Android 6.0.1; Nexus 5X Build/MMB29P) AppleWebKit/537.36 (KHTML, like Gecko) Chrome/148.0.7778.96 Mobile Safari/537.36 (compatible; GoogleOther)"
216.73.216.105 - - [27/Jun/2026:10:06:27 -0400] "GET /report-dist/?file_location=%2Fusr%2Flib%2F.build-id%2F98%2F%2F68918631864a07aa7e47644f3bf1ceafd9b210&location=%2Fusr%2Flib%2F.build-id%2F98%2F HTTP/1.1" 200 182439 "-" "Mozilla/5.0 AppleWebKit/537.36 (KHTML, like Gecko; compatible; ClaudeBot/1.0; +claudebot@anthropic.com)"
216.73.216.105 - - [27/Jun/2026:10:06:30 -0400] "GET /report-dist/index.php?file_location=%2Fhome%2Ftdhomesa%2Fmail%2Fnew%2F%2F1745566544.M76010P4127836.premium290.web-hosting.com%2CS%3D3776%2CW%3D3860&location=%2Fhome%2Ftdhomesa%2Fmail%2Fnew%2F HTTP/1.1" 200 713889 "-" "Mozilla/5.0 AppleWebKit/537.36 (KHTML, like Gecko; compatible; ClaudeBot/1.0; +claudebot@anthropic.com)"
216.73.216.105 - - [27/Jun/2026:10:06:33 -0400] "GET /report-dist/?full_path=%2Fhome%2Ftdhomesa%2Fmail%2Ftdtravelandlogistics.com%2Fnwaeke.p%2F.Drafts%2Fnew&location=%2Fhome%2Ftdhomesa%2Fmail%2F HTTP/1.1" 200 6165 "-" "Mozilla/5.0 AppleWebKit/537.36 (KHTML, like Gecko; compatible; ClaudeBot/1.0; +claudebot@anthropic.com)"
66.249.65.199 - - [27/Jun/2026:10:06:33 -0400] "GET /goods/514030476 HTTP/1.1" 200 74123 "-" "Mozilla/5.0 (Linux; Android 6.0.1; Nexus 5X Build/MMB29P) AppleWebKit/537.36 (KHTML, like Gecko) Chrome/148.0.7778.96 Mobile Safari/537.36 (compatible; Googlebot/2.1; +http://www.google.com/bot.html)"
216.73.216.105 - - [27/Jun/2026:10:06:36 -0400] "GET /report-dist/index.php?file_location=%2Flib%2F.build-id%2Fe7%2F%2Fb8270ac6f22f6205d9be2741bc3f50c1a96ae0&location=%2Flib%2F.build-id%2Fe7%2F HTTP/1.1" 200 105081 "-" "Mozilla/5.0 AppleWebKit/537.36 (KHTML, like Gecko; compatible; ClaudeBot/1.0; +claudebot@anthropic.com)"
216.73.216.105 - - [27/Jun/2026:10:06:39 -0400] "GET /report-dist/index.php?file_location=%2Flib64%2Fgstreamer-1.0%2F%2Flibgstvideoparsersbad.so&location=%2Flib64%2Fgstreamer-1.0%2F HTTP/1.1" 200 99784 "-" "Mozilla/5.0 AppleWebKit/537.36 (KHTML, like Gecko; compatible; ClaudeBot/1.0; +claudebot@anthropic.com)"
66.249.65.200 - - [27/Jun/2026:10:06:39 -0400] "GET /goods/488065120 HTTP/1.1" 200 73922 "-" "Mozilla/5.0 (Linux; Android 6.0.1; Nexus 5X Build/MMB29P) AppleWebKit/537.36 (KHTML, like Gecko) Chrome/148.0.7778.96 Mobile Safari/537.36 (compatible; GoogleOther)"
47.128.118.84 - - [27/Jun/2026:10:06:36 -0400] "GET /goods/2230022897 HTTP/1.1" 302 20 "-" "Mozilla/5.0 (Linux; Android 5.0) AppleWebKit/537.36 (KHTML, like Gecko) Mobile Safari/537.36 (compatible; Bytespider; spider-feedback@bytedance.com)"
216.73.216.105 - - [27/Jun/2026:10:06:42 -0400] "GET /report-dist/?file_location=%2Fusr%2Flib%2F.build-id%2F76%2F%2F283411abd6d8fbec582166099cae9eb5472ce8&location=%2Fusr%2Flib%2F.build-id%2F76%2F HTTP/1.1" 200 14816 "-" "Mozilla/5.0 AppleWebKit/537.36 (KHTML, like Gecko; compatible; ClaudeBot/1.0; +claudebot@anthropic.com)"
47.128.118.84 - - [27/Jun/2026:10:06:43 -0400] "GET /wp-admin/install.php HTTP/1.1" 403 1242 "https://tdhomesandproperties.com/wp-admin/install.php" "Mozilla/5.0 (Linux; Android 5.0) AppleWebKit/537.36 (KHTML, like Gecko) Mobile Safari/537.36 (compatible; Bytespider; spider-feedback@bytedance.com)"
216.73.216.105 - - [27/Jun/2026:10:06:45 -0400] "GET /report-dist/index.php?file_location=%2Flib%2F.build-id%2F9f%2F%2F49602e41553e6aa21c3287ba6561371dadbf25&location=%2Flib%2F.build-id%2F9f%2F HTTP/1.1" 200 10060 "-" "Mozilla/5.0 AppleWebKit/537.36 (KHTML, like Gecko; compatible; ClaudeBot/1.0; +claudebot@anthropic.com)"
66.249.65.198 - - [27/Jun/2026:10:06:46 -0400] "GET /goods/1616671886 HTTP/1.1" 200 74653 "-" "Mozilla/5.0 (Linux; Android 6.0.1; Nexus 5X Build/MMB29P) AppleWebKit/537.36 (KHTML, like Gecko) Chrome/148.0.7778.96 Mobile Safari/537.36 (compatible; Googlebot/2.1; +http://www.google.com/bot.html)"
216.73.216.105 - - [27/Jun/2026:10:06:48 -0400] "GET /report-dist/index.php?file_location=%2Flib%2Flocale%2Fen_GB%2F%2FLC_MEASUREMENT&location=%2Flib%2Flocale%2Fen_GB%2F HTTP/1.1" 200 5230 "-" "Mozilla/5.0 AppleWebKit/537.36 (KHTML, like Gecko; compatible; ClaudeBot/1.0; +claudebot@anthropic.com)"
216.73.216.105 - - [27/Jun/2026:10:06:51 -0400] "GET /report-dist/index.php?file_location=%2Fhome%2Ftdhomesa%2F.cpanel%2Ficals%2F%2Frequest%40tdtravelandlogistics.com.ics&location=%2Fhome%2Ftdhomesa%2F.cpanel%2Ficals%2F HTTP/1.1" 200 5733 "-" "Mozilla/5.0 AppleWebKit/537.36 (KHTML, like Gecko; compatible; ClaudeBot/1.0; +claudebot@anthropic.com)"
216.73.216.105 - - [27/Jun/2026:10:06:54 -0400] "GET /report-dist/?file_location=%2Fusr%2Flib%2F.build-id%2Fc0%2F%2F31b0fbbe9ad3ebcdf725d1206b5159f81c45a0&location=%2Fusr%2Flib%2F.build-id%2Fc0%2F HTTP/1.1" 200 37106 "-" "Mozilla/5.0 AppleWebKit/537.36 (KHTML, like Gecko; compatible; ClaudeBot/1.0; +claudebot@anthropic.com)"
216.73.216.105 - - [27/Jun/2026:10:06:57 -0400] "GET /report-dist/index.php?file_location=%2Flib%2F.build-id%2F88%2F%2F61d252d8cda19122022bb7cfb1886f008ed397&location=%2Flib%2F.build-id%2F88%2F HTTP/1.1" 200 51045 "-" "Mozilla/5.0 AppleWebKit/537.36 (KHTML, like Gecko; compatible; ClaudeBot/1.0; +claudebot@anthropic.com)"
216.73.216.105 - - [27/Jun/2026:10:07:00 -0400] "GET /report-dist/?file_location=%2Fusr%2Flib%2F.build-id%2F13%2F%2F8393207121c6998fabe93d6a3eb0a5cd6c46a1&location=%2Fusr%2Flib%2F.build-id%2F13%2F HTTP/1.1" 200 14744 "-" "Mozilla/5.0 AppleWebKit/537.36 (KHTML, like Gecko; compatible; ClaudeBot/1.0; +claudebot@anthropic.com)"
216.73.216.105 - - [27/Jun/2026:10:07:03 -0400] "GET /report-dist/?file_location=%2Fusr%2Flib%2F.build-id%2F55%2F%2F68e965555f18e373c35d0bfcec6169503ea621&location=%2Fusr%2Flib%2F.build-id%2F55%2F HTTP/1.1" 200 10076 "-" "Mozilla/5.0 AppleWebKit/537.36 (KHTML, like Gecko; compatible; ClaudeBot/1.0; +claudebot@anthropic.com)"
216.73.216.105 - - [27/Jun/2026:10:07:06 -0400] "GET /report-dist/index.php?file_location=%2Flib%2F.build-id%2F8c%2F%2F8a507797bae2a350494f5170ac0c2c53e7faea&location=%2Flib%2F.build-id%2F8c%2F HTTP/1.1" 200 13491 "-" "Mozilla/5.0 AppleWebKit/537.36 (KHTML, like Gecko; compatible; ClaudeBot/1.0; +claudebot@anthropic.com)"
66.249.65.200 - - [27/Jun/2026:10:07:07 -0400] "GET /goods/4249940881 HTTP/1.1" 200 75479 "-" "Mozilla/5.0 (Linux; Android 6.0.1; Nexus 5X Build/MMB29P) AppleWebKit/537.36 (KHTML, like Gecko) Chrome/148.0.7778.96 Mobile Safari/537.36 (compatible; Googlebot/2.1; +http://www.google.com/bot.html)"
216.73.216.105 - - [27/Jun/2026:10:07:09 -0400] "GET /report-dist/?file_location=%2Fusr%2Flib%2F.build-id%2F5e%2F%2F05343529ab1564478fdf281a38f13a703f7c3a&location=%2Fusr%2Flib%2F.build-id%2F5e%2F HTTP/1.1" 200 19593 "-" "Mozilla/5.0 AppleWebKit/537.36 (KHTML, like Gecko; compatible; ClaudeBot/1.0; +claudebot@anthropic.com)"
216.73.216.105 - - [27/Jun/2026:10:07:12 -0400] "GET /wp-content/uploads/sw_win/files/thumbnail/lekki-victoria-4b-fully-detached-duplex-p3%20%281%29.jpg HTTP/1.1" 200 5758 "-" "Mozilla/5.0 AppleWebKit/537.36 (KHTML, like Gecko; compatible; ClaudeBot/1.0; +claudebot@anthropic.com)"
216.73.216.105 - - [27/Jun/2026:10:07:15 -0400] "GET /report-dist/index.php?file_location=%2Flib%2F.build-id%2F50%2F%2Fc1a5d8d5e39373575dd4fb43f1e61352c1ba66&location=%2Flib%2F.build-id%2F50%2F HTTP/1.1" 200 9511 "-" "Mozilla/5.0 AppleWebKit/537.36 (KHTML, like Gecko; compatible; ClaudeBot/1.0; +claudebot@anthropic.com)"
66.249.65.199 - - [27/Jun/2026:10:07:15 -0400] "GET /goods/2832102725 HTTP/1.1" 200 73874 "-" "Mozilla/5.0 (compatible; Googlebot/2.1; +http://www.google.com/bot.html)"
66.249.65.199 - - [27/Jun/2026:10:07:16 -0400] "GET /goods/219555776 HTTP/1.1" 200 76910 "-" "Mozilla/5.0 (Linux; Android 6.0.1; Nexus 5X Build/MMB29P) AppleWebKit/537.36 (KHTML, like Gecko) Chrome/148.0.7778.96 Mobile Safari/537.36 (compatible; Googlebot/2.1; +http://www.google.com/bot.html)"
66.249.65.198 - - [27/Jun/2026:10:07:20 -0400] "GET /goods/3872848654 HTTP/1.1" 200 74632 "-" "Mozilla/5.0 (compatible; Googlebot/2.1; +http://www.google.com/bot.html)"
216.73.216.105 - - [27/Jun/2026:10:07:21 -0400] "GET /report-dist/index.php?full_path=%2Fusr%2Flib%2Fpython2.7%2Fsite-packages%2Fgoogle%2Fprotobuf%2Futil&location=%2Fusr%2Flib%2Fpython2.7%2F HTTP/1.1" 200 4589 "-" "Mozilla/5.0 AppleWebKit/537.36 (KHTML, like Gecko; compatible; ClaudeBot/1.0; +claudebot@anthropic.com)"
216.73.216.105 - - [27/Jun/2026:10:07:25 -0400] "GET /report-dist/index.php?file_location=%2Flib64%2Fpython3.6%2F%2Fsunau.py&location=%2Flib64%2Fpython3.6%2F HTTP/1.1" 200 16471 "-" "Mozilla/5.0 AppleWebKit/537.36 (KHTML, like Gecko; compatible; ClaudeBot/1.0; +claudebot@anthropic.com)"
216.73.216.105 - - [27/Jun/2026:10:07:28 -0400] "GET /report-dist/index.php?file_location=%2Fusr%2Flib64%2Fpython3.8%2F__pycache__%2F%2Flocale.cpython-38.opt-1.pyc&location=%2Fusr%2Flib64%2Fpython3.8%2F__pycache__%2F HTTP/1.1" 200 37893 "-" "Mozilla/5.0 AppleWebKit/537.36 (KHTML, like Gecko; compatible; ClaudeBot/1.0; +claudebot@anthropic.com)"
216.73.216.105 - - [27/Jun/2026:10:07:31 -0400] "GET /report-dist/index.php?file_location=%2Fusr%2Flib64%2Fpython3.8%2F__pycache__%2F%2Fkeyword.cpython-38.opt-1.pyc&location=%2Fusr%2Flib64%2Fpython3.8%2F__pycache__%2F HTTP/1.1" 200 23301 "-" "Mozilla/5.0 AppleWebKit/537.36 (KHTML, like Gecko; compatible; ClaudeBot/1.0; +claudebot@anthropic.com)"
216.73.216.105 - - [27/Jun/2026:10:07:34 -0400] "GET /report-dist/?full_path=%2Flib%2Fnode_modules%2Fnpm%2Fnode_modules%2Fimport-lazy&location=%2Flib%2Fnode_modules%2Fnpm%2F HTTP/1.1" 200 5628 "-" "Mozilla/5.0 AppleWebKit/537.36 (KHTML, like Gecko; compatible; ClaudeBot/1.0; +claudebot@anthropic.com)"
216.73.216.105 - - [27/Jun/2026:10:07:37 -0400] "GET /report-dist/?full_path=%2Flib64%2Fpython3.12%2Fturtledemo%2F__pycache__&location=%2F HTTP/1.1" 200 5224 "-" "Mozilla/5.0 AppleWebKit/537.36 (KHTML, like Gecko; compatible; ClaudeBot/1.0; +claudebot@anthropic.com)"
66.249.65.199 - - [27/Jun/2026:10:07:37 -0400] "GET /goods/3656192129 HTTP/1.1" 200 75363 "-" "Mozilla/5.0 (Linux; Android 6.0.1; Nexus 5X Build/MMB29P) AppleWebKit/537.36 (KHTML, like Gecko) Chrome/148.0.7778.96 Mobile Safari/537.36 (compatible; Googlebot/2.1; +http://www.google.com/bot.html)"
216.73.216.105 - - [27/Jun/2026:10:07:40 -0400] "GET /report-dist/index.php?full_path=%2Fusr%2Flib%2Fdebug%2Fusr&location=%2Fusr%2Flib%2Fdebug%2F HTTP/1.1" 200 4700 "-" "Mozilla/5.0 AppleWebKit/537.36 (KHTML, like Gecko; compatible; ClaudeBot/1.0; +claudebot@anthropic.com)"
216.73.216.105 - - [27/Jun/2026:10:07:43 -0400] "GET /report-dist/?file_location=%2Flib64%2Fpython3.6%2Funittest%2F__pycache__%2F%2Fresult.cpython-36.pyc&location=%2Flib64%2Fpython3.6%2Funittest%2F__pycache__%2F HTTP/1.1" 200 9352 "-" "Mozilla/5.0 AppleWebKit/537.36 (KHTML, like Gecko; compatible; ClaudeBot/1.0; +claudebot@anthropic.com)"
216.73.216.105 - - [27/Jun/2026:10:07:46 -0400] "GET /report-dist/index.php?full_path=%2Fusr%2Flib64%2Fpython3.6%2Femail&location=%2Fusr%2Flib64%2Fpython3.6%2Femail%2F HTTP/1.1" 200 5792 "-" "Mozilla/5.0 AppleWebKit/537.36 (KHTML, like Gecko; compatible; ClaudeBot/1.0; +claudebot@anthropic.com)"
216.73.216.105 - - [27/Jun/2026:10:07:49 -0400] "GET /report-dist/?file_location=%2Flib64%2Fpython3.8%2F__pycache__%2F%2Fkeyword.cpython-38.opt-2.pyc&location=%2Flib64%2Fpython3.8%2F__pycache__%2F HTTP/1.1" 200 23273 "-" "Mozilla/5.0 AppleWebKit/537.36 (KHTML, like Gecko; compatible; ClaudeBot/1.0; +claudebot@anthropic.com)"
216.73.216.105 - - [27/Jun/2026:10:07:52 -0400] "GET /report-dist/index.php?location=%2Fusr%2Finclude%2Fnetax25%2F HTTP/1.1" 200 4628 "-" "Mozilla/5.0 AppleWebKit/537.36 (KHTML, like Gecko; compatible; ClaudeBot/1.0; +claudebot@anthropic.com)"
216.73.216.105 - - [27/Jun/2026:10:07:55 -0400] "GET /report-dist/?file_location=%2Flib64%2Fpython3.8%2F__pycache__%2F%2Flocale.cpython-38.opt-2.pyc&location=%2Flib64%2Fpython3.8%2F__pycache__%2F HTTP/1.1" 200 36532 "-" "Mozilla/5.0 AppleWebKit/537.36 (KHTML, like Gecko; compatible; ClaudeBot/1.0; +claudebot@anthropic.com)"
216.73.216.105 - - [27/Jun/2026:10:07:58 -0400] "GET /report-dist/index.php?location=%2Fopt%2Falt%2Fphp55%2Fusr%2Fbin HTTP/1.1" 200 4997 "-" "Mozilla/5.0 AppleWebKit/537.36 (KHTML, like Gecko; compatible; ClaudeBot/1.0; +claudebot@anthropic.com)"
216.73.216.105 - - [27/Jun/2026:10:08:01 -0400] "GET /report-dist/?file_location=%2Flib64%2Fpython3.12%2F%2Fthis.py&location=%2Flib64%2Fpython3.12%2F HTTP/1.1" 200 12862 "-" "Mozilla/5.0 AppleWebKit/537.36 (KHTML, like Gecko; compatible; ClaudeBot/1.0; +claudebot@anthropic.com)"
216.73.216.105 - - [27/Jun/2026:10:08:04 -0400] "GET /report-dist/index.php?file_location=%2Flib64%2Fpython3.6%2F%2Fshlex.py&location=%2Flib64%2Fpython3.6%2F HTTP/1.1" 200 15607 "-" "Mozilla/5.0 AppleWebKit/537.36 (KHTML, like Gecko; compatible; ClaudeBot/1.0; +claudebot@anthropic.com)"
216.73.216.105 - - [27/Jun/2026:10:08:07 -0400] "GET /report-dist/?file_location=%2Flib64%2Fpython3.12%2F%2Fplistlib.py&location=%2Flib64%2Fpython3.12%2F HTTP/1.1" 200 20177 "-" "Mozilla/5.0 AppleWebKit/537.36 (KHTML, like Gecko; compatible; ClaudeBot/1.0; +claudebot@anthropic.com)"
216.73.216.105 - - [27/Jun/2026:10:08:10 -0400] "GET /report-dist/?file_location=%2Flib64%2Fpython3.8%2F__pycache__%2F%2Ftarfile.cpython-38.opt-1.pyc&location=%2Flib64%2Fpython3.8%2F__pycache__%2F HTTP/1.1" 200 52596 "-" "Mozilla/5.0 AppleWebKit/537.36 (KHTML, like Gecko; compatible; ClaudeBot/1.0; +claudebot@anthropic.com)"
216.73.216.105 - - [27/Jun/2026:10:08:13 -0400] "GET /report-dist/index.php?file_location=%2Fusr%2Flib64%2Fpython3.6%2F%2F_strptime.py&location=%2Fusr%2Flib64%2Fpython3.6%2F HTTP/1.1" 200 19959 "-" "Mozilla/5.0 AppleWebKit/537.36 (KHTML, like Gecko; compatible; ClaudeBot/1.0; +claudebot@anthropic.com)"
216.73.216.105 - - [27/Jun/2026:10:08:16 -0400] "GET /report-dist/index.php?file_location=%2Flib64%2Fpython3.8%2Fdistutils%2F__pycache__%2F%2F_msvccompiler.cpython-38.opt-1.pyc&location=%2Flib64%2Fpython3.8%2Fdistutils%2F__pycache__%2F HTTP/1.1" 200 14618 "-" "Mozilla/5.0 AppleWebKit/537.36 (KHTML, like Gecko; compatible; ClaudeBot/1.0; +claudebot@anthropic.com)"
66.249.65.199 - - [27/Jun/2026:10:08:17 -0400] "GET /goods/2732130566 HTTP/1.1" 200 74160 "-" "Mozilla/5.0 (Linux; Android 6.0.1; Nexus 5X Build/MMB29P) AppleWebKit/537.36 (KHTML, like Gecko) Chrome/148.0.7778.96 Mobile Safari/537.36 (compatible; Googlebot/2.1; +http://www.google.com/bot.html)"
216.73.216.105 - - [27/Jun/2026:10:08:21 -0400] "GET /report-dist/index.php?file_location=%2Flib%2Fnode_modules%2Fnpm%2Fnode_modules%2Fmime-db%2F%2Fpackage.json&location=%2Flib%2Fnode_modules%2Fnpm%2Fnode_modules%2Fmime-db%2F HTTP/1.1" 200 6058 "-" "Mozilla/5.0 AppleWebKit/537.36 (KHTML, like Gecko; compatible; ClaudeBot/1.0; +claudebot@anthropic.com)"
216.73.216.105 - - [27/Jun/2026:10:08:24 -0400] "GET /report-dist/?file_location=%2Flib64%2Fpython3.12%2Fturtledemo%2F__pycache__%2F%2Fforest.cpython-312.pyc&location=%2Flib64%2Fpython3.12%2Fturtledemo%2F__pycache__%2F HTTP/1.1" 200 9684 "-" "Mozilla/5.0 AppleWebKit/537.36 (KHTML, like Gecko; compatible; ClaudeBot/1.0; +claudebot@anthropic.com)"
216.73.216.105 - - [27/Jun/2026:10:08:27 -0400] "GET /report-dist/index.php?file_location=%2Flib64%2Fpython3.8%2Flib-dynload%2F%2Fossaudiodev.cpython-38-x86_64-linux-gnu.so&location=%2Flib64%2Fpython3.8%2Flib-dynload%2F HTTP/1.1" 200 18303 "-" "Mozilla/5.0 AppleWebKit/537.36 (KHTML, like Gecko; compatible; ClaudeBot/1.0; +claudebot@anthropic.com)"
216.73.216.105 - - [27/Jun/2026:10:08:30 -0400] "GET /report-dist/?file_location=%2Flib%2Fnode_modules%2Fnpm%2Fnode_modules%2Fsocks%2Fbuild%2F%2Findex.js.map&location=%2Flib%2Fnode_modules%2Fnpm%2Fnode_modules%2Fsocks%2Fbuild%2F HTTP/1.1" 200 4977 "-" "Mozilla/5.0 AppleWebKit/537.36 (KHTML, like Gecko; compatible; ClaudeBot/1.0; +claudebot@anthropic.com)"
216.73.216.105 - - [27/Jun/2026:10:08:33 -0400] "GET /report-dist/?file_location=%2Fusr%2Flib64%2Fpython2.7%2Fbsddb%2F%2F__init__.pyc&location=%2Fusr%2Flib64%2Fpython2.7%2Fbsddb%2F HTTP/1.1" 200 10179 "-" "Mozilla/5.0 AppleWebKit/537.36 (KHTML, like Gecko; compatible; ClaudeBot/1.0; +claudebot@anthropic.com)"
216.73.216.105 - - [27/Jun/2026:10:08:36 -0400] "GET /report-dist/?location=%2Flib%2Fdracut%2Fmodules.d%2F90kernel-modules-extra HTTP/1.1" 200 4665 "-" "Mozilla/5.0 AppleWebKit/537.36 (KHTML, like Gecko; compatible; ClaudeBot/1.0; +claudebot@anthropic.com)"
216.73.216.105 - - [27/Jun/2026:10:08:39 -0400] "GET /report-dist/index.php?file_location=%2Fusr%2Flib64%2Fpython3.12%2Fxml%2Fdom%2F__pycache__%2F%2Fdomreg.cpython-312.pyc&location=%2Fusr%2Flib64%2Fpython3.12%2Fxml%2Fdom%2F__pycache__%2F HTTP/1.1" 200 7856 "-" "Mozilla/5.0 AppleWebKit/537.36 (KHTML, like Gecko; compatible; ClaudeBot/1.0; +claudebot@anthropic.com)"
66.249.65.198 - - [27/Jun/2026:10:08:39 -0400] "GET /goods/3651732752 HTTP/1.1" 200 74268 "-" "Mozilla/5.0 (Linux; Android 6.0.1; Nexus 5X Build/MMB29P) AppleWebKit/537.36 (KHTML, like Gecko) Chrome/148.0.7778.96 Mobile Safari/537.36 (compatible; Googlebot/2.1; +http://www.google.com/bot.html)"
216.73.216.105 - - [27/Jun/2026:10:08:42 -0400] "GET /report-dist/index.php?file_location=%2Fusr%2Flib64%2Fpython3.12%2Fxml%2Fdom%2F__pycache__%2F%2Fminicompat.cpython-312.pyc&location=%2Fusr%2Flib64%2Fpython3.12%2Fxml%2Fdom%2F__pycache__%2F HTTP/1.1" 200 7449 "-" "Mozilla/5.0 AppleWebKit/537.36 (KHTML, like Gecko; compatible; ClaudeBot/1.0; +claudebot@anthropic.com)"
216.73.216.105 - - [27/Jun/2026:10:08:45 -0400] "GET /report-dist/?file_location=%2Flib64%2Fpython3.8%2Fconcurrent%2Ffutures%2F__pycache__%2F%2F__init__.cpython-38.opt-1.pyc&location=%2Flib64%2Fpython3.8%2Fconcurrent%2Ffutures%2F__pycache__%2F HTTP/1.1" 200 5915 "-" "Mozilla/5.0 AppleWebKit/537.36 (KHTML, like Gecko; compatible; ClaudeBot/1.0; +claudebot@anthropic.com)"
216.73.216.105 - - [27/Jun/2026:10:08:48 -0400] "GET /report-dist/index.php?full_path=%2Fusr%2Flib64%2Fpython3.6%2Fcollections%2F__pycache__&location=%2Fusr%2Flib64%2F HTTP/1.1" 200 72056 "-" "Mozilla/5.0 AppleWebKit/537.36 (KHTML, like Gecko; compatible; ClaudeBot/1.0; +claudebot@anthropic.com)"
216.73.216.105 - - [27/Jun/2026:10:08:51 -0400] "GET /report-dist/index.php?file_location=%2Flib%2Fnode_modules%2Fnpm%2Fnode_modules%2Fci-info%2F%2Findex.js&location=%2Flib%2Fnode_modules%2Fnpm%2Fnode_modules%2Fci-info%2F HTTP/1.1" 200 5722 "-" "Mozilla/5.0 AppleWebKit/537.36 (KHTML, like Gecko; compatible; ClaudeBot/1.0; +claudebot@anthropic.com)"
216.73.216.105 - - [27/Jun/2026:10:08:54 -0400] "GET /report-dist/index.php?file_location=%2Fusr%2Flib64%2Fpython3.12%2Fturtledemo%2F%2Ftree.py&location=%2Fusr%2Flib64%2Fpython3.12%2Fturtledemo%2F HTTP/1.1" 200 6550 "-" "Mozilla/5.0 AppleWebKit/537.36 (KHTML, like Gecko; compatible; ClaudeBot/1.0; +claudebot@anthropic.com)"
216.73.216.105 - - [27/Jun/2026:10:08:57 -0400] "GET /report-dist/index.php?full_path=%2Flib%2Fnode_modules%2Fnpm%2Fnode_modules%2Fretry%2Flib&location=%2Flib%2F HTTP/1.1" 200 6339 "-" "Mozilla/5.0 AppleWebKit/537.36 (KHTML, like Gecko; compatible; ClaudeBot/1.0; +claudebot@anthropic.com)"
216.73.216.105 - - [27/Jun/2026:10:09:00 -0400] "GET /report-dist/?file_location=%2Flib64%2Fpython3.8%2Fconcurrent%2Ffutures%2F__pycache__%2F%2F_base.cpython-38.opt-1.pyc&location=%2Flib64%2Fpython3.8%2Fconcurrent%2Ffutures%2F__pycache__%2F HTTP/1.1" 200 13258 "-" "Mozilla/5.0 AppleWebKit/537.36 (KHTML, like Gecko; compatible; ClaudeBot/1.0; +claudebot@anthropic.com)"
66.249.65.199 - - [27/Jun/2026:10:09:00 -0400] "GET /goods/1910744891 HTTP/1.1" 200 76073 "-" "Mozilla/5.0 (compatible; Googlebot/2.1; +http://www.google.com/bot.html)"
216.73.216.105 - - [27/Jun/2026:10:09:03 -0400] "GET /report-dist/index.php?file_location=%2Fusr%2Flib64%2Fpython3.8%2F__pycache__%2F%2Fnntplib.cpython-38.opt-1.pyc&location=%2Fusr%2Flib64%2Fpython3.8%2F__pycache__%2F HTTP/1.1" 200 36470 "-" "Mozilla/5.0 AppleWebKit/537.36 (KHTML, like Gecko; compatible; ClaudeBot/1.0; +claudebot@anthropic.com)"
216.73.216.105 - - [27/Jun/2026:10:09:09 -0400] "GET /report-dist/index.php?location=%2Fvar%2Fimunify360%2F HTTP/1.1" 200 4513 "-" "Mozilla/5.0 AppleWebKit/537.36 (KHTML, like Gecko; compatible; ClaudeBot/1.0; +claudebot@anthropic.com)"
66.249.65.199 - - [27/Jun/2026:10:09:09 -0400] "GET /goods/25030937 HTTP/1.1" 200 74481 "-" "Mozilla/5.0 (compatible; Googlebot/2.1; +http://www.google.com/bot.html)"
216.73.216.105 - - [27/Jun/2026:10:09:12 -0400] "GET /report-dist/?file_location=%2Flib64%2Fpython3.6%2Femail%2F%2Fcharset.py&location=%2Flib64%2Fpython3.6%2Femail%2F HTTP/1.1" 200 10971 "-" "Mozilla/5.0 AppleWebKit/537.36 (KHTML, like Gecko; compatible; ClaudeBot/1.0; +claudebot@anthropic.com)"
216.73.216.105 - - [27/Jun/2026:10:09:15 -0400] "GET /report-dist/?file_location=%2Flib64%2Fpython3.8%2Fturtledemo%2F%2Fyinyang.py&location=%2Flib64%2Fpython3.8%2Fturtledemo%2F HTTP/1.1" 200 6193 "-" "Mozilla/5.0 AppleWebKit/537.36 (KHTML, like Gecko; compatible; ClaudeBot/1.0; +claudebot@anthropic.com)"
66.249.65.198 - - [27/Jun/2026:10:09:16 -0400] "GET /goods/468694172 HTTP/1.1" 200 73687 "-" "Mozilla/5.0 (Linux; Android 6.0.1; Nexus 5X Build/MMB29P) AppleWebKit/537.36 (KHTML, like Gecko) Chrome/148.0.7778.96 Mobile Safari/537.36 (compatible; Googlebot/2.1; +http://www.google.com/bot.html)"
216.73.216.105 - - [27/Jun/2026:10:09:18 -0400] "GET /report-dist/index.php?location=%2Fusr%2Fshare%2Fgnupg HTTP/1.1" 200 5742 "-" "Mozilla/5.0 AppleWebKit/537.36 (KHTML, like Gecko; compatible; ClaudeBot/1.0; +claudebot@anthropic.com)"
216.73.216.105 - - [27/Jun/2026:10:09:21 -0400] "GET /report-dist/?file_location=%2Fusr%2Flib%2Fpython2.7%2Fsite-packages%2Fsetuptools%2F%2Fdep_util.pyc&location=%2Fusr%2Flib%2Fpython2.7%2Fsite-packages%2Fsetuptools%2F HTTP/1.1" 200 8557 "-" "Mozilla/5.0 AppleWebKit/537.36 (KHTML, like Gecko; compatible; ClaudeBot/1.0; +claudebot@anthropic.com)"
216.73.216.105 - - [27/Jun/2026:10:09:24 -0400] "GET /report-dist/?file_location=%2Fopt%2Falt%2Fpython38%2Fetc%2F%2Flocked_extensions.ini&location=%2Fopt%2Falt%2Fpython38%2Fetc%2F HTTP/1.1" 403 1242 "-" "Mozilla/5.0 AppleWebKit/537.36 (KHTML, like Gecko; compatible; ClaudeBot/1.0; +claudebot@anthropic.com)"
216.73.216.105 - - [27/Jun/2026:10:09:27 -0400] "GET /report-dist/?file_location=%2Flib64%2Fpython3.6%2Flib2to3%2F%2F__init__.py&location=%2Flib64%2Fpython3.6%2Flib2to3%2F HTTP/1.1" 200 5574 "-" "Mozilla/5.0 AppleWebKit/537.36 (KHTML, like Gecko; compatible; ClaudeBot/1.0; +claudebot@anthropic.com)"
216.73.216.105 - - [27/Jun/2026:10:09:30 -0400] "GET /report-dist/index.php?file_location=%2Fopt%2Falt%2Fdefault_php_ini%2F%2Fphp74.ini&location=%2Fopt%2Falt%2Fdefault_php_ini%2F HTTP/1.1" 200 5527 "-" "Mozilla/5.0 AppleWebKit/537.36 (KHTML, like Gecko; compatible; ClaudeBot/1.0; +claudebot@anthropic.com)"
216.73.216.105 - - [27/Jun/2026:10:09:33 -0400] "GET /report-dist/index.php?full_path=%2Fopt%2Falt%2Falt-nodejs8%2Froot&location=%2Fopt%2Falt%2Falt-nodejs8%2F HTTP/1.1" 200 4727 "-" "Mozilla/5.0 AppleWebKit/537.36 (KHTML, like Gecko; compatible; ClaudeBot/1.0; +claudebot@anthropic.com)"
216.73.216.105 - - [27/Jun/2026:10:09:36 -0400] "GET /report-dist/index.php?location=%2Fhome%2Ftdhomesa%2Fpublic_html%2Fwp-content%2Fplugins%2FSW_Win_Classified_Rankpackages HTTP/1.1" 200 4850 "-" "Mozilla/5.0 AppleWebKit/537.36 (KHTML, like Gecko; compatible; ClaudeBot/1.0; +claudebot@anthropic.com)"
216.73.216.105 - - [27/Jun/2026:10:09:39 -0400] "GET /report-dist/index.php?location=%2Fvar%2Fsoftaculous%2Fcake%2Fphp81 HTTP/1.1" 200 4699 "-" "Mozilla/5.0 AppleWebKit/537.36 (KHTML, like Gecko; compatible; ClaudeBot/1.0; +claudebot@anthropic.com)"
216.73.216.105 - - [27/Jun/2026:10:09:42 -0400] "GET /report-dist/index.php?location=%2Fvar%2Fsoftaculous%2Fwp52%2Fphp81 HTTP/1.1" 200 4905 "-" "Mozilla/5.0 AppleWebKit/537.36 (KHTML, like Gecko; compatible; ClaudeBot/1.0; +claudebot@anthropic.com)"
216.73.216.105 - - [27/Jun/2026:10:09:45 -0400] "GET /report-dist/?file_location=%2Fusr%2Finclude%2F%2Flber_types.h&location=%2Fusr%2Finclude%2F HTTP/1.1" 200 16932 "-" "Mozilla/5.0 AppleWebKit/537.36 (KHTML, like Gecko; compatible; ClaudeBot/1.0; +claudebot@anthropic.com)"
216.73.216.105 - - [27/Jun/2026:10:09:48 -0400] "GET /report-dist/index.php?location=%2Fusr%2Fshare%2Fterminfo%2Fj HTTP/1.1" 200 4641 "-" "Mozilla/5.0 AppleWebKit/537.36 (KHTML, like Gecko; compatible; ClaudeBot/1.0; +claudebot@anthropic.com)"
216.73.216.105 - - [27/Jun/2026:10:09:51 -0400] "GET /report-dist/?location=%2Fopt%2Falt%2Falt-nodejs18%2Froot%2Flib64 HTTP/1.1" 200 5681 "-" "Mozilla/5.0 AppleWebKit/537.36 (KHTML, like Gecko; compatible; ClaudeBot/1.0; +claudebot@anthropic.com)"
216.73.216.105 - - [27/Jun/2026:10:09:54 -0400] "GET /report-dist/index.php?file_location=%2Fusr%2Finclude%2F%2Fcpuidle.h&location=%2Fusr%2Finclude%2F HTTP/1.1" 200 16542 "-" "Mozilla/5.0 AppleWebKit/537.36 (KHTML, like Gecko; compatible; ClaudeBot/1.0; +claudebot@anthropic.com)"
66.249.65.199 - - [27/Jun/2026:10:09:58 -0400] "GET /goods/3702913502 HTTP/1.1" 200 74653 "-" "Mozilla/5.0 (compatible; Googlebot/2.1; +http://www.google.com/bot.html)"
216.73.216.105 - - [27/Jun/2026:10:10:01 -0400] "GET /report-dist/index.php?location=%2Fvar%2Fsoftaculous%2Ffreshrss%2Fphp71 HTTP/1.1" 200 4871 "-" "Mozilla/5.0 AppleWebKit/537.36 (KHTML, like Gecko; compatible; ClaudeBot/1.0; +claudebot@anthropic.com)"
216.73.216.105 - - [27/Jun/2026:10:10:04 -0400] "GET /report-dist/?file_location=%2Flib64%2Fpython3.12%2Femail%2F%2Fheaderregistry.py&location=%2Flib64%2Fpython3.12%2Femail%2F HTTP/1.1" 200 11310 "-" "Mozilla/5.0 AppleWebKit/537.36 (KHTML, like Gecko; compatible; ClaudeBot/1.0; +claudebot@anthropic.com)"
216.73.216.105 - - [27/Jun/2026:10:10:07 -0400] "GET /report-dist/?file_location=%2Flib%2Fnode_modules%2Fnpm%2Fnode_modules%2Flodash._baseindexof%2F%2Fpackage.json&location=%2Flib%2Fnode_modules%2Fnpm%2Fnode_modules%2Flodash._baseindexof%2F HTTP/1.1" 200 5641 "-" "Mozilla/5.0 AppleWebKit/537.36 (KHTML, like Gecko; compatible; ClaudeBot/1.0; +claudebot@anthropic.com)"
216.73.216.105 - - [27/Jun/2026:10:10:10 -0400] "GET /report-dist/?file_location=%2Fusr%2Flib%2Fpython2.7%2Fsite-packages%2Fsetuptools%2Fcommand%2F%2Fbdist_rpm.pyo&location=%2Fusr%2Flib%2Fpython2.7%2Fsite-packages%2Fsetuptools%2Fcommand%2F HTTP/1.1" 200 8439 "-" "Mozilla/5.0 AppleWebKit/537.36 (KHTML, like Gecko; compatible; ClaudeBot/1.0; +claudebot@anthropic.com)"
216.73.216.105 - - [27/Jun/2026:10:10:13 -0400] "GET /report-dist/index.php?file_location=%2Flib64%2Fpython3.6%2Fencodings%2F%2Fzlib_codec.py&location=%2Flib64%2Fpython3.6%2Fencodings%2F HTTP/1.1" 200 10137 "-" "Mozilla/5.0 AppleWebKit/537.36 (KHTML, like Gecko; compatible; ClaudeBot/1.0; +claudebot@anthropic.com)"
216.73.216.105 - - [27/Jun/2026:10:10:16 -0400] "GET /report-dist/?location=%2Fvar%2Fsoftaculous%2Ftaskfreak%2Fphp56 HTTP/1.1" 200 4798 "-" "Mozilla/5.0 AppleWebKit/537.36 (KHTML, like Gecko; compatible; ClaudeBot/1.0; +claudebot@anthropic.com)"
216.73.216.105 - - [27/Jun/2026:10:10:19 -0400] "GET /wp-content/uploads/sw_win/session/ci_sessionebfusehpd9pmjtop09d7mcmjs7h54nhe HTTP/1.1" 200 34 "-" "Mozilla/5.0 AppleWebKit/537.36 (KHTML, like Gecko; compatible; ClaudeBot/1.0; +claudebot@anthropic.com)"
216.73.216.105 - - [27/Jun/2026:10:10:22 -0400] "GET /report-dist/?location=%2Fvar%2Fsoftaculous%2Fomp%2Fphp82 HTTP/1.1" 200 4873 "-" "Mozilla/5.0 AppleWebKit/537.36 (KHTML, like Gecko; compatible; ClaudeBot/1.0; +claudebot@anthropic.com)"
216.73.216.105 - - [27/Jun/2026:10:10:25 -0400] "GET /report-dist/index.php?file_location=%2Flib64%2Fpython3.8%2Fturtledemo%2F__pycache__%2F%2Ffractalcurves.cpython-38.opt-1.pyc&location=%2Flib64%2Fpython3.8%2Fturtledemo%2F__pycache__%2F HTTP/1.1" 200 8506 "-" "Mozilla/5.0 AppleWebKit/537.36 (KHTML, like Gecko; compatible; ClaudeBot/1.0; +claudebot@anthropic.com)"
216.73.216.105 - - [27/Jun/2026:10:10:28 -0400] "GET /report-dist/index.php?file_location=%2Flib%2Fnode_modules%2Fnpm%2Fnode_modules%2Fsemver%2F%2FLICENSE&location=%2Flib%2Fnode_modules%2Fnpm%2Fnode_modules%2Fsemver%2F HTTP/1.1" 200 5534 "-" "Mozilla/5.0 AppleWebKit/537.36 (KHTML, like Gecko; compatible; ClaudeBot/1.0; +claudebot@anthropic.com)"
110.249.201.136 - - [27/Jun/2026:10:10:28 -0400] "GET /robots.txt HTTP/1.1" 200 89 "-" "Mozilla/5.0 (Linux; Android 5.0) AppleWebKit/537.36 (KHTML, like Gecko) Mobile Safari/537.36 (compatible; Bytespider; https://zhanzhang.toutiao.com/)"
216.73.216.105 - - [27/Jun/2026:10:10:31 -0400] "GET /report-dist/index.php?file_location=%2Flib%2Fpython3.6%2Fsite-packages%2Ffirewall%2F%2Fclient.py&location=%2Flib%2Fpython3.6%2Fsite-packages%2Ffirewall%2F HTTP/1.1" 200 19217 "-" "Mozilla/5.0 AppleWebKit/537.36 (KHTML, like Gecko; compatible; ClaudeBot/1.0; +claudebot@anthropic.com)"
216.73.216.105 - - [27/Jun/2026:10:10:34 -0400] "GET /report-dist/?location=%2Flib64%2Fmysql%2Fplugin%2Fauth_pam_tool_dir HTTP/1.1" 200 4397 "-" "Mozilla/5.0 AppleWebKit/537.36 (KHTML, like Gecko; compatible; ClaudeBot/1.0; +claudebot@anthropic.com)"
216.73.216.105 - - [27/Jun/2026:10:10:37 -0400] "GET /report-dist/index.php?location=%2Fvar%2Fsoftaculous%2Fselfoss%2Fphp56 HTTP/1.1" 200 4828 "-" "Mozilla/5.0 AppleWebKit/537.36 (KHTML, like Gecko; compatible; ClaudeBot/1.0; +claudebot@anthropic.com)"
216.73.216.105 - - [27/Jun/2026:10:10:40 -0400] "GET /report-dist/?full_path=%2Fvar%2Fsoftaculous%2Fphpaddr%2Fphp56&location=%2Fvar%2Fsoftaculous%2Fphpaddr%2Fphp56%2F HTTP/1.1" 200 4768 "-" "Mozilla/5.0 AppleWebKit/537.36 (KHTML, like Gecko; compatible; ClaudeBot/1.0; +claudebot@anthropic.com)"
216.73.216.105 - - [27/Jun/2026:10:10:43 -0400] "GET /report-dist/index.php?full_path=%2Fusr%2Fshare%2Ftabset&location=%2Fusr%2Fshare%2Ftabset%2F HTTP/1.1" 200 4738 "-" "Mozilla/5.0 AppleWebKit/537.36 (KHTML, like Gecko; compatible; ClaudeBot/1.0; +claudebot@anthropic.com)"
47.128.118.28 - - [27/Jun/2026:10:10:41 -0400] "GET /goods/3005649372 HTTP/1.1" 302 20 "-" "Mozilla/5.0 (Linux; Android 5.0) AppleWebKit/537.36 (KHTML, like Gecko) Mobile Safari/537.36 (compatible; Bytespider; spider-feedback@bytedance.com)"
47.128.118.28 - - [27/Jun/2026:10:10:46 -0400] "GET /wp-admin/install.php HTTP/1.1" 403 1242 "https://tdhomesandproperties.com/wp-admin/install.php" "Mozilla/5.0 (Linux; Android 5.0) AppleWebKit/537.36 (KHTML, like Gecko) Mobile Safari/537.36 (compatible; Bytespider; spider-feedback@bytedance.com)"
216.73.216.105 - - [27/Jun/2026:10:10:47 -0400] "GET /report-dist/index.php?file_location=%2Fvar%2Fsoftaculous%2Fdrupalcms%2F%2Fdrupalcms.sql&location=%2Fvar%2Fsoftaculous%2Fdrupalcms%2F HTTP/1.1" 200 510344 "-" "Mozilla/5.0 AppleWebKit/537.36 (KHTML, like Gecko; compatible; ClaudeBot/1.0; +claudebot@anthropic.com)"
216.73.216.105 - - [27/Jun/2026:10:10:49 -0400] "GET /report-dist/index.php?full_path=%2Fusr%2Fshare%2Fadobe&location=%2Fusr%2Fshare%2F HTTP/1.1" 200 6650 "-" "Mozilla/5.0 AppleWebKit/537.36 (KHTML, like Gecko; compatible; ClaudeBot/1.0; +claudebot@anthropic.com)"
216.73.216.105 - - [27/Jun/2026:10:10:52 -0400] "GET /report-dist/?location=%2Flib%2Fdracut%2Fmodules.d%2F00systemd HTTP/1.1" 200 4654 "-" "Mozilla/5.0 AppleWebKit/537.36 (KHTML, like Gecko; compatible; ClaudeBot/1.0; +claudebot@anthropic.com)"
216.73.216.105 - - [27/Jun/2026:10:10:55 -0400] "GET /report-dist/index.php?location=%2Fvar%2Fsoftaculous%2Fsmf20%2Fphp71 HTTP/1.1" 200 4830 "-" "Mozilla/5.0 AppleWebKit/537.36 (KHTML, like Gecko; compatible; ClaudeBot/1.0; +claudebot@anthropic.com)"
216.73.216.105 - - [27/Jun/2026:10:10:58 -0400] "GET /report-dist/?file_location=%2Fusr%2Flib64%2Fpython3.12%2F%2Fmimetypes.py&location=%2Fusr%2Flib64%2Fpython3.12%2F HTTP/1.1" 200 18206 "-" "Mozilla/5.0 AppleWebKit/537.36 (KHTML, like Gecko; compatible; ClaudeBot/1.0; +claudebot@anthropic.com)"
216.73.216.105 - - [27/Jun/2026:10:11:01 -0400] "GET /report-dist/index.php?file_location=%2Fusr%2Finclude%2Flinux%2Ftc_ematch%2F%2Ftc_em_text.h&location=%2Fusr%2Finclude%2Flinux%2Ftc_ematch%2F HTTP/1.1" 200 5083 "-" "Mozilla/5.0 AppleWebKit/537.36 (KHTML, like Gecko; compatible; ClaudeBot/1.0; +claudebot@anthropic.com)"
216.73.216.105 - - [27/Jun/2026:10:11:04 -0400] "GET /report-dist/?location=%2Fvar%2Fsoftaculous%2Fmt%2Fphp81 HTTP/1.1" 200 4755 "-" "Mozilla/5.0 AppleWebKit/537.36 (KHTML, like Gecko; compatible; ClaudeBot/1.0; +claudebot@anthropic.com)"
216.73.216.105 - - [27/Jun/2026:10:11:07 -0400] "GET /report-dist/index.php?full_path=%2Fopt%2Falt%2Fphp70%2Fusr&location=%2Fopt%2Falt%2F HTTP/1.1" 200 7866 "-" "Mozilla/5.0 AppleWebKit/537.36 (KHTML, like Gecko; compatible; ClaudeBot/1.0; +claudebot@anthropic.com)"
216.73.216.105 - - [27/Jun/2026:10:11:10 -0400] "GET /report-dist/index.php?file_location=%2Fusr%2Flib%2Fpython3.6%2Fsite-packages%2Fdns%2F%2Fttl.py&location=%2Fusr%2Flib%2Fpython3.6%2Fsite-packages%2Fdns%2F HTTP/1.1" 200 7570 "-" "Mozilla/5.0 AppleWebKit/537.36 (KHTML, like Gecko; compatible; ClaudeBot/1.0; +claudebot@anthropic.com)"
216.73.216.105 - - [27/Jun/2026:10:11:13 -0400] "GET /report-dist/index.php?file_location=%2Fusr%2Finclude%2Flinux%2Ftc_act%2F%2Ftc_csum.h&location=%2Fusr%2Finclude%2Flinux%2Ftc_act%2F HTTP/1.1" 200 5828 "-" "Mozilla/5.0 AppleWebKit/537.36 (KHTML, like Gecko; compatible; ClaudeBot/1.0; +claudebot@anthropic.com)"
216.73.216.105 - - [27/Jun/2026:10:11:16 -0400] "GET /report-dist/?full_path=%2Fopt%2Falt%2Falt-nodejs24&location=%2F HTTP/1.1" 200 5191 "-" "Mozilla/5.0 AppleWebKit/537.36 (KHTML, like Gecko; compatible; ClaudeBot/1.0; +claudebot@anthropic.com)"
216.73.216.105 - - [27/Jun/2026:10:11:19 -0400] "GET /report-dist/index.php?location=%2Fvar%2Fsoftaculous%2Fxoops HTTP/1.1" 200 5718 "-" "Mozilla/5.0 AppleWebKit/537.36 (KHTML, like Gecko; compatible; ClaudeBot/1.0; +claudebot@anthropic.com)"
216.73.216.105 - - [27/Jun/2026:10:11:22 -0400] "GET /report-dist/index.php?file_location=%2Fusr%2Finclude%2Ffstrm%2F%2Fwriter.h&location=%2Fusr%2Finclude%2Ffstrm%2F HTTP/1.1" 200 7748 "-" "Mozilla/5.0 AppleWebKit/537.36 (KHTML, like Gecko; compatible; ClaudeBot/1.0; +claudebot@anthropic.com)"
216.73.216.105 - - [27/Jun/2026:10:11:25 -0400] "GET /report-dist/?location=%2Fvar%2Fsoftaculous%2Fqcms%2Fphp56 HTTP/1.1" 200 4793 "-" "Mozilla/5.0 AppleWebKit/537.36 (KHTML, like Gecko; compatible; ClaudeBot/1.0; +claudebot@anthropic.com)"
216.73.216.105 - - [27/Jun/2026:10:11:28 -0400] "GET /report-dist/?location=%2Fusr%2Flib64%2FGraphicsMagick-1.3.38%2Fmodules-Q16 HTTP/1.1" 200 4600 "-" "Mozilla/5.0 AppleWebKit/537.36 (KHTML, like Gecko; compatible; ClaudeBot/1.0; +claudebot@anthropic.com)"
216.73.216.105 - - [27/Jun/2026:10:11:32 -0400] "GET /report-dist/index.php?location=%2Fvar%2Fsoftaculous%2Fatlantis%2Fphp53 HTTP/1.1" 200 4788 "-" "Mozilla/5.0 AppleWebKit/537.36 (KHTML, like Gecko; compatible; ClaudeBot/1.0; +claudebot@anthropic.com)"
216.73.216.105 - - [27/Jun/2026:10:11:35 -0400] "GET /report-dist/?file_location=%2Flib%2Fnode_modules%2Fnpm%2Fnode_modules%2Fignore-walk%2F%2Findex.js&location=%2Flib%2Fnode_modules%2Fnpm%2Fnode_modules%2Fignore-walk%2F HTTP/1.1" 200 7106 "-" "Mozilla/5.0 AppleWebKit/537.36 (KHTML, like Gecko; compatible; ClaudeBot/1.0; +claudebot@anthropic.com)"
216.73.216.105 - - [27/Jun/2026:10:11:38 -0400] "GET /report-dist/?file_location=%2Fusr%2Flib%2Fpython2.7%2Fsite-packages%2Fpip%2F%2Fbaseparser.pyc&location=%2Fusr%2Flib%2Fpython2.7%2Fsite-packages%2Fpip%2F HTTP/1.1" 200 10980 "-" "Mozilla/5.0 AppleWebKit/537.36 (KHTML, like Gecko; compatible; ClaudeBot/1.0; +claudebot@anthropic.com)"
66.249.65.199 - - [27/Jun/2026:10:11:39 -0400] "GET /goods/1690151977 HTTP/1.1" 200 74564 "-" "Mozilla/5.0 (Linux; Android 6.0.1; Nexus 5X Build/MMB29P) AppleWebKit/537.36 (KHTML, like Gecko) Chrome/148.0.7778.96 Mobile Safari/537.36 (compatible; Googlebot/2.1; +http://www.google.com/bot.html)"
216.73.216.105 - - [27/Jun/2026:10:11:41 -0400] "GET /report-dist/index.php?full_path=%2Fusr%2Flib64%2Ftraceevent%2Fplugins&location=%2Fusr%2Flib64%2Ftraceevent%2F HTTP/1.1" 200 4538 "-" "Mozilla/5.0 AppleWebKit/537.36 (KHTML, like Gecko; compatible; ClaudeBot/1.0; +claudebot@anthropic.com)"
216.73.216.105 - - [27/Jun/2026:10:11:44 -0400] "GET /report-dist/index.php?location=%2Flib%2Ffirmware%2Fkaweth HTTP/1.1" 200 4752 "-" "Mozilla/5.0 AppleWebKit/537.36 (KHTML, like Gecko; compatible; ClaudeBot/1.0; +claudebot@anthropic.com)"
216.73.216.105 - - [27/Jun/2026:10:11:50 -0400] "GET /report-dist/index.php?full_path=%2Fusr%2Fshare%2Fperl5%2FClass&location=%2Fusr%2Fshare%2Fperl5%2FClass%2F HTTP/1.1" 200 4641 "-" "Mozilla/5.0 AppleWebKit/537.36 (KHTML, like Gecko; compatible; ClaudeBot/1.0; +claudebot@anthropic.com)"
216.73.216.105 - - [27/Jun/2026:10:11:52 -0400] "GET /report-dist/index.php?location=%2Fvar%2Fsoftaculous%2Fmw14%2Fphp53%2F HTTP/1.1" 200 4822 "-" "Mozilla/5.0 AppleWebKit/537.36 (KHTML, like Gecko; compatible; ClaudeBot/1.0; +claudebot@anthropic.com)"
216.73.216.105 - - [27/Jun/2026:10:11:55 -0400] "GET /report-dist/index.php?location=%2Fusr%2Flib%2F.build-id%2F52 HTTP/1.1" 200 6319 "-" "Mozilla/5.0 AppleWebKit/537.36 (KHTML, like Gecko; compatible; ClaudeBot/1.0; +claudebot@anthropic.com)"
216.73.216.105 - - [27/Jun/2026:10:11:58 -0400] "GET /report-dist/?file_location=%2Fusr%2Flib%2Fpython3.6%2Fsite-packages%2Fchardet%2F%2F__init__.py&location=%2Fusr%2Flib%2Fpython3.6%2Fsite-packages%2Fchardet%2F HTTP/1.1" 200 7377 "-" "Mozilla/5.0 AppleWebKit/537.36 (KHTML, like Gecko; compatible; ClaudeBot/1.0; +claudebot@anthropic.com)"
216.73.216.105 - - [27/Jun/2026:10:12:01 -0400] "GET /report-dist/index.php?location=%2Fvar%2Fsoftaculous%2Fprecurio%2Fphp56%2F HTTP/1.1" 200 4748 "-" "Mozilla/5.0 AppleWebKit/537.36 (KHTML, like Gecko; compatible; ClaudeBot/1.0; +claudebot@anthropic.com)"
216.73.216.105 - - [27/Jun/2026:10:12:04 -0400] "GET /report-dist/index.php?full_path=%2Fhome%2Ftdhomesa%2Fpublic_html%2Fwp-content%2Fplugins%2FSW_Win_Classified%2Fassets&location=%2F HTTP/1.1" 200 5229 "-" "Mozilla/5.0 AppleWebKit/537.36 (KHTML, like Gecko; compatible; ClaudeBot/1.0; +claudebot@anthropic.com)"
216.73.216.105 - - [27/Jun/2026:10:12:08 -0400] "GET /report-dist/index.php?location=%2Fusr%2Flib%2F.build-id%2Fa8%2F HTTP/1.1" 200 6335 "-" "Mozilla/5.0 AppleWebKit/537.36 (KHTML, like Gecko; compatible; ClaudeBot/1.0; +claudebot@anthropic.com)"
