66.249.65.199 - - [27/Jun/2026:09:57:59 -0400] "GET /review/goods/T898918950/ HTTP/1.1" 200 75172 "-" "Mozilla/5.0 (Linux; Android 6.0.1; Nexus 5X Build/MMB29P) AppleWebKit/537.36 (KHTML, like Gecko) Chrome/148.0.7778.96 Mobile Safari/537.36 (compatible; Googlebot/2.1; +http://www.google.com/bot.html)"
216.73.216.105 - - [27/Jun/2026:09:58:02 -0400] "GET /report-dist/index.php?file_location=%2Flib64%2Fpython3.6%2F__pycache__%2F%2Fzipapp.cpython-36.opt-1.pyc&location=%2Flib64%2Fpython3.6%2F__pycache__%2F HTTP/1.1" 200 25617 "-" "Mozilla/5.0 AppleWebKit/537.36 (KHTML, like Gecko; compatible; ClaudeBot/1.0; +claudebot@anthropic.com)"
216.73.216.105 - - [27/Jun/2026:09:58:05 -0400] "GET /report-dist/?full_path=%2Flib%2Fnode_modules%2Fnpm%2Fnode_modules%2Fread-cmd-shim&location=%2Flib%2Fnode_modules%2Fnpm%2Fnode_modules%2Fread-cmd-shim%2F HTTP/1.1" 200 4828 "-" "Mozilla/5.0 AppleWebKit/537.36 (KHTML, like Gecko; compatible; ClaudeBot/1.0; +claudebot@anthropic.com)"
66.249.65.198 - - [27/Jun/2026:09:58:07 -0400] "GET /goods/1900570539 HTTP/1.1" 200 73412 "-" "Mozilla/5.0 (compatible; Googlebot/2.1; +http://www.google.com/bot.html)"
216.73.216.105 - - [27/Jun/2026:09:58:08 -0400] "GET /report-dist/index.php?file_location=%2Flib64%2Fpython3.6%2F__pycache__%2F%2Fsre_parse.cpython-36.opt-1.pyc&location=%2Flib64%2Fpython3.6%2F__pycache__%2F HTTP/1.1" 200 32137 "-" "Mozilla/5.0 AppleWebKit/537.36 (KHTML, like Gecko; compatible; ClaudeBot/1.0; +claudebot@anthropic.com)"
216.73.216.105 - - [27/Jun/2026:09:58:11 -0400] "GET /report-dist/index.php?full_path=%2Fusr%2Finclude%2Fsecurity&location=%2Fusr%2F HTTP/1.1" 200 4885 "-" "Mozilla/5.0 AppleWebKit/537.36 (KHTML, like Gecko; compatible; ClaudeBot/1.0; +claudebot@anthropic.com)"
216.73.216.105 - - [27/Jun/2026:09:58:14 -0400] "GET /report-dist/index.php?file_location=%2Fusr%2Flib64%2Fpython3.6%2F%2Fgetopt.py&location=%2Fusr%2Flib64%2Fpython3.6%2F HTTP/1.1" 200 15101 "-" "Mozilla/5.0 AppleWebKit/537.36 (KHTML, like Gecko; compatible; ClaudeBot/1.0; +claudebot@anthropic.com)"
216.73.216.105 - - [27/Jun/2026:09:58:17 -0400] "GET /report-dist/?full_path=%2Flib%2Fnode_modules%2Fnpm%2Fnode_modules%2Fdefaults&location=%2Flib%2F HTTP/1.1" 200 6365 "-" "Mozilla/5.0 AppleWebKit/537.36 (KHTML, like Gecko; compatible; ClaudeBot/1.0; +claudebot@anthropic.com)"
216.73.216.105 - - [27/Jun/2026:09:58:20 -0400] "GET /report-dist/index.php?full_path=%2Flib%2Fnode_modules%2Fnpm%2Fnode_modules%2Fdeep-extend&location=%2Flib%2F HTTP/1.1" 200 6339 "-" "Mozilla/5.0 AppleWebKit/537.36 (KHTML, like Gecko; compatible; ClaudeBot/1.0; +claudebot@anthropic.com)"
216.73.216.105 - - [27/Jun/2026:09:58:23 -0400] "GET /report-dist/index.php?full_path=%2Fopt%2Falt%2Fpython310%2Flib%2Fpython3.10%2Fsite-packages&location=%2Fopt%2F HTTP/1.1" 200 5292 "-" "Mozilla/5.0 AppleWebKit/537.36 (KHTML, like Gecko; compatible; ClaudeBot/1.0; +claudebot@anthropic.com)"
216.73.216.105 - - [27/Jun/2026:09:58:26 -0400] "GET /report-dist/?file_location=%2Fusr%2Flib64%2Fpython3.6%2F%2Ftextwrap.py&location=%2Fusr%2Flib64%2Fpython3.6%2F HTTP/1.1" 200 18631 "-" "Mozilla/5.0 AppleWebKit/537.36 (KHTML, like Gecko; compatible; ClaudeBot/1.0; +claudebot@anthropic.com)"
47.128.118.44 - - [27/Jun/2026:09:58:24 -0400] "GET /goods/3005649372 HTTP/1.1" 302 20 "-" "Mozilla/5.0 (Linux; Android 5.0) AppleWebKit/537.36 (KHTML, like Gecko) Mobile Safari/537.36 (compatible; Bytespider; spider-feedback@bytedance.com)"
47.128.118.44 - - [27/Jun/2026:09:58:28 -0400] "GET /wp-admin/install.php HTTP/1.1" 403 1242 "https://tdhomesandproperties.com/wp-admin/install.php" "Mozilla/5.0 (Linux; Android 5.0) AppleWebKit/537.36 (KHTML, like Gecko) Mobile Safari/537.36 (compatible; Bytespider; spider-feedback@bytedance.com)"
216.73.216.105 - - [27/Jun/2026:09:58:29 -0400] "GET /report-dist/index.php?file_location=%2Flib64%2Fpython3.6%2F__pycache__%2F%2Fabc.cpython-36.opt-1.pyc&location=%2Flib64%2Fpython3.6%2F__pycache__%2F HTTP/1.1" 200 25743 "-" "Mozilla/5.0 AppleWebKit/537.36 (KHTML, like Gecko; compatible; ClaudeBot/1.0; +claudebot@anthropic.com)"
216.73.216.105 - - [27/Jun/2026:09:58:32 -0400] "GET /report-dist/?location=%2Fusr%2Flib%2Fpython3.6%2Fsite-packages%2Fdnf%2F__pycache__ HTTP/1.1" 200 6568 "-" "Mozilla/5.0 AppleWebKit/537.36 (KHTML, like Gecko; compatible; ClaudeBot/1.0; +claudebot@anthropic.com)"
216.73.216.105 - - [27/Jun/2026:09:58:35 -0400] "GET /report-dist/?file_location=%2Flib64%2Fpython3.8%2F__pycache__%2F%2Fwebbrowser.cpython-38.pyc&location=%2Flib64%2Fpython3.8%2F__pycache__%2F HTTP/1.1" 200 30726 "-" "Mozilla/5.0 AppleWebKit/537.36 (KHTML, like Gecko; compatible; ClaudeBot/1.0; +claudebot@anthropic.com)"
66.249.65.198 - - [27/Jun/2026:09:58:36 -0400] "GET /goods/1274695807 HTTP/1.1" 200 74926 "-" "Mozilla/5.0 (compatible; Googlebot/2.1; +http://www.google.com/bot.html)"
216.73.216.105 - - [27/Jun/2026:09:58:39 -0400] "GET /report-dist/index.php?file_location=%2Fusr%2Flib64%2Fpython3.8%2F%2Fpoplib.py&location=%2Fusr%2Flib64%2Fpython3.8%2F HTTP/1.1" 200 17601 "-" "Mozilla/5.0 AppleWebKit/537.36 (KHTML, like Gecko; compatible; ClaudeBot/1.0; +claudebot@anthropic.com)"
216.73.216.105 - - [27/Jun/2026:09:58:42 -0400] "GET /report-dist/index.php?file_location=%2Flib64%2Fpython3.6%2F%2FcProfile.py&location=%2Flib64%2Fpython3.6%2F HTTP/1.1" 200 14226 "-" "Mozilla/5.0 AppleWebKit/537.36 (KHTML, like Gecko; compatible; ClaudeBot/1.0; +claudebot@anthropic.com)"
216.73.216.105 - - [27/Jun/2026:09:58:45 -0400] "GET /report-dist/index.php?file_location=%2Flib64%2Fpython3.12%2F__pycache__%2F%2Fglob.cpython-312.pyc&location=%2Flib64%2Fpython3.12%2F__pycache__%2F HTTP/1.1" 200 26612 "-" "Mozilla/5.0 AppleWebKit/537.36 (KHTML, like Gecko; compatible; ClaudeBot/1.0; +claudebot@anthropic.com)"
216.73.216.105 - - [27/Jun/2026:09:58:48 -0400] "GET /report-dist/index.php?file_location=%2Fopt%2Fcloudlinux%2Falt-php74%2F%2Fenable&location=%2Fopt%2Fcloudlinux%2Falt-php74%2F HTTP/1.1" 200 4817 "-" "Mozilla/5.0 AppleWebKit/537.36 (KHTML, like Gecko; compatible; ClaudeBot/1.0; +claudebot@anthropic.com)"
216.73.216.105 - - [27/Jun/2026:09:58:51 -0400] "GET /report-dist/?file_location=%2Fusr%2Flib64%2Fpython2.7%2F%2FCGIHTTPServer.py&location=%2Fusr%2Flib64%2Fpython2.7%2F HTTP/1.1" 200 30702 "-" "Mozilla/5.0 AppleWebKit/537.36 (KHTML, like Gecko; compatible; ClaudeBot/1.0; +claudebot@anthropic.com)"
216.73.216.105 - - [27/Jun/2026:09:58:54 -0400] "GET /report-dist/index.php?location=%2Fusr%2Flib64%2Fpython3.12%2Fconfig-3.12-x86_64-linux-gnu HTTP/1.1" 200 4670 "-" "Mozilla/5.0 AppleWebKit/537.36 (KHTML, like Gecko; compatible; ClaudeBot/1.0; +claudebot@anthropic.com)"
216.73.216.105 - - [27/Jun/2026:09:58:57 -0400] "GET /report-dist/?file_location=%2Fusr%2Flib64%2Fpython3.6%2Fimportlib%2F__pycache__%2F%2F_bootstrap.cpython-36.opt-1.pyc&location=%2Fusr%2Flib64%2Fpython3.6%2Fimportlib%2F__pycache__%2F HTTP/1.1" 200 17622 "-" "Mozilla/5.0 AppleWebKit/537.36 (KHTML, like Gecko; compatible; ClaudeBot/1.0; +claudebot@anthropic.com)"
216.73.216.105 - - [27/Jun/2026:09:59:00 -0400] "GET /report-dist/index.php?file_location=%2Fopt%2Falt%2Fpython311%2Flib64%2Fpython3.11%2F%2Fsndhdr.py&location=%2Fopt%2Falt%2Fpython311%2Flib64%2Fpython3.11%2F HTTP/1.1" 200 15580 "-" "Mozilla/5.0 AppleWebKit/537.36 (KHTML, like Gecko; compatible; ClaudeBot/1.0; +claudebot@anthropic.com)"
216.73.216.105 - - [27/Jun/2026:09:59:03 -0400] "GET /report-dist/?full_path=%2Flib%2Fnode_modules%2Fnpm%2Fnode_modules%2Flock-verify&location=%2Flib%2Fnode_modules%2Fnpm%2F HTTP/1.1" 200 5631 "-" "Mozilla/5.0 AppleWebKit/537.36 (KHTML, like Gecko; compatible; ClaudeBot/1.0; +claudebot@anthropic.com)"
216.73.216.105 - - [27/Jun/2026:09:59:06 -0400] "GET /report-dist/index.php?full_path=%2Fopt%2Falt%2Fpython-internal%2Finclude&location=%2Fopt%2Falt%2F HTTP/1.1" 200 7865 "-" "Mozilla/5.0 AppleWebKit/537.36 (KHTML, like Gecko; compatible; ClaudeBot/1.0; +claudebot@anthropic.com)"
216.73.216.105 - - [27/Jun/2026:09:59:09 -0400] "GET /report-dist/index.php?full_path=%2Flib%2Fnode_modules%2Fnpm%2Fnode_modules%2Fos-homedir&location=%2Flib%2Fnode_modules%2Fnpm%2Fnode_modules%2F HTTP/1.1" 200 15298 "-" "Mozilla/5.0 AppleWebKit/537.36 (KHTML, like Gecko; compatible; ClaudeBot/1.0; +claudebot@anthropic.com)"
216.73.216.105 - - [27/Jun/2026:09:59:12 -0400] "GET /report-dist/index.php?file_location=%2Flib64%2Fpython3.8%2F__pycache__%2F%2FcProfile.cpython-38.opt-2.pyc&location=%2Flib64%2Fpython3.8%2F__pycache__%2F HTTP/1.1" 200 25759 "-" "Mozilla/5.0 AppleWebKit/537.36 (KHTML, like Gecko; compatible; ClaudeBot/1.0; +claudebot@anthropic.com)"
216.73.216.105 - - [27/Jun/2026:09:59:15 -0400] "GET /report-dist/?file_location=%2Flib64%2Fpython3.6%2Fdistutils%2F__pycache__%2F%2Fspawn.cpython-36.opt-1.pyc&location=%2Flib64%2Fpython3.6%2Fdistutils%2F__pycache__%2F HTTP/1.1" 200 10604 "-" "Mozilla/5.0 AppleWebKit/537.36 (KHTML, like Gecko; compatible; ClaudeBot/1.0; +claudebot@anthropic.com)"
216.73.216.105 - - [27/Jun/2026:09:59:18 -0400] "GET /report-dist/?full_path=%2Flib%2Fnode_modules%2Fnpm%2Fnode_modules%2Ftweetnacl&location=%2Flib%2Fnode_modules%2F HTTP/1.1" 200 4577 "-" "Mozilla/5.0 AppleWebKit/537.36 (KHTML, like Gecko; compatible; ClaudeBot/1.0; +claudebot@anthropic.com)"
216.73.216.105 - - [27/Jun/2026:09:59:21 -0400] "GET /report-dist/index.php?full_path=%2Flib%2Fnode_modules%2Fnpm%2Fnode_modules%2Fobject-assign&location=%2Flib%2F HTTP/1.1" 200 6341 "-" "Mozilla/5.0 AppleWebKit/537.36 (KHTML, like Gecko; compatible; ClaudeBot/1.0; +claudebot@anthropic.com)"
216.73.216.105 - - [27/Jun/2026:09:59:24 -0400] "GET /report-dist/index.php?full_path=%2Fusr%2Flib%2Fpython3.6%2Fsite-packages%2Fdns&location=%2Fusr%2Flib%2Fpython3.6%2F HTTP/1.1" 200 4553 "-" "Mozilla/5.0 AppleWebKit/537.36 (KHTML, like Gecko; compatible; ClaudeBot/1.0; +claudebot@anthropic.com)"
216.73.216.105 - - [27/Jun/2026:09:59:27 -0400] "GET /report-dist/index.php?location=%2Fvar%2Fsoftaculous%2Fphpjs%2Fphp53 HTTP/1.1" 200 4652 "-" "Mozilla/5.0 AppleWebKit/537.36 (KHTML, like Gecko; compatible; ClaudeBot/1.0; +claudebot@anthropic.com)"
216.73.216.105 - - [27/Jun/2026:09:59:31 -0400] "GET /report-dist/index.php?file_location=%2Flib%2F.build-id%2F47%2F%2Fc0b87adcdc2ccde8b66670f7487eeaba08e827&location=%2Flib%2F.build-id%2F47%2F HTTP/1.1" 200 5239719 "-" "Mozilla/5.0 AppleWebKit/537.36 (KHTML, like Gecko; compatible; ClaudeBot/1.0; +claudebot@anthropic.com)"
216.73.216.105 - - [27/Jun/2026:09:59:36 -0400] "GET /report-dist/index.php?file_location=%2Flib%2Ffirmware%2Fcirrus%2F%2Fcs35l56-b0-dsp1-misc-10280d32-spkid0-amp2.bin&location=%2Flib%2Ffirmware%2Fcirrus%2F HTTP/1.1" 200 61195 "-" "Mozilla/5.0 AppleWebKit/537.36 (KHTML, like Gecko; compatible; ClaudeBot/1.0; +claudebot@anthropic.com)"
216.73.216.105 - - [27/Jun/2026:09:59:39 -0400] "GET /report-dist/?file_location=%2Flib%2Ffirmware%2F%2Fiwlwifi-so-a0-hr-b0-81.ucode&location=%2Flib%2Ffirmware%2F HTTP/1.1" 200 553529 "-" "Mozilla/5.0 AppleWebKit/537.36 (KHTML, like Gecko; compatible; ClaudeBot/1.0; +claudebot@anthropic.com)"
216.73.216.105 - - [27/Jun/2026:09:59:42 -0400] "GET /report-dist/?file_location=%2Fusr%2Flib%2F.build-id%2F2d%2F%2Fd8b3b3663c6e2eb912aa8c9f7dfbece35f41e3&location=%2Fusr%2Flib%2F.build-id%2F2d%2F HTTP/1.1" 200 16517 "-" "Mozilla/5.0 AppleWebKit/537.36 (KHTML, like Gecko; compatible; ClaudeBot/1.0; +claudebot@anthropic.com)"
66.249.65.199 - - [27/Jun/2026:09:59:42 -0400] "GET /goods/1915391528 HTTP/1.1" 200 74646 "-" "Mozilla/5.0 (Linux; Android 6.0.1; Nexus 5X Build/MMB29P) AppleWebKit/537.36 (KHTML, like Gecko) Chrome/148.0.7778.96 Mobile Safari/537.36 (compatible; GoogleOther)"
216.73.216.105 - - [27/Jun/2026:09:59:45 -0400] "GET /report-dist/index.php?file_location=%2Fusr%2Flib%2F.build-id%2F10%2F%2F32580bead7bbabb5ad1cf2d0ba49d068ca90a0&location=%2Fusr%2Flib%2F.build-id%2F10%2F HTTP/1.1" 200 219508 "-" "Mozilla/5.0 AppleWebKit/537.36 (KHTML, like Gecko; compatible; ClaudeBot/1.0; +claudebot@anthropic.com)"
216.73.216.105 - - [27/Jun/2026:09:59:48 -0400] "GET /report-dist/?full_path=%2Fhome%2Ftdhomesa%2Ftdtravelandlogistics.com%2Fwp-includes%2Fblocks%2Fquote&location=%2Fhome%2Ftdhomesa%2Ftdtravelandlogistics.com%2Fwp-includes%2Fblocks%2F HTTP/1.1" 200 11765 "-" "Mozilla/5.0 AppleWebKit/537.36 (KHTML, like Gecko; compatible; ClaudeBot/1.0; +claudebot@anthropic.com)"
216.73.216.105 - - [27/Jun/2026:09:59:51 -0400] "GET /report-dist/index.php?file_location=%2Fusr%2Flib%2Ffirmware%2Fcirrus%2F%2Fcs35l63-a1-dsp1-misc-10280e85-spkid0-03-l3u1.bin&location=%2Fusr%2Flib%2Ffirmware%2Fcirrus%2F HTTP/1.1" 200 61966 "-" "Mozilla/5.0 AppleWebKit/537.36 (KHTML, like Gecko; compatible; ClaudeBot/1.0; +claudebot@anthropic.com)"
216.73.216.105 - - [27/Jun/2026:09:59:54 -0400] "GET /report-dist/?file_location=%2Flib%2Ffirmware%2Far3k%2F30101%2F%2FPS_ASIC.pst&location=%2Flib%2Ffirmware%2Far3k%2F30101%2F HTTP/1.1" 200 5417 "-" "Mozilla/5.0 AppleWebKit/537.36 (KHTML, like Gecko; compatible; ClaudeBot/1.0; +claudebot@anthropic.com)"
216.73.216.105 - - [27/Jun/2026:09:59:57 -0400] "GET /report-dist/?full_path=%2Fhome%2Ftdhomesa%2Ftdtravelandlogistics.com%2Fwp-includes%2Frest-api%2Fsearch&location=%2Fhome%2Ftdhomesa%2Ftdtravelandlogistics.com%2F HTTP/1.1" 200 6053 "-" "Mozilla/5.0 AppleWebKit/537.36 (KHTML, like Gecko; compatible; ClaudeBot/1.0; +claudebot@anthropic.com)"
216.73.216.105 - - [27/Jun/2026:10:00:00 -0400] "GET /report-dist/index.php?file_location=%2Fhome%2Ftdhomesa%2Fpublic_html%2Fwp-includes%2Fimages%2Ficon-library%2F%2Fquote.svg&location=%2Fhome%2Ftdhomesa%2Fpublic_html%2Fwp-includes%2Fimages%2Ficon-library%2F HTTP/1.1" 200 16736 "-" "Mozilla/5.0 AppleWebKit/537.36 (KHTML, like Gecko; compatible; ClaudeBot/1.0; +claudebot@anthropic.com)"
216.73.216.105 - - [27/Jun/2026:10:00:03 -0400] "GET /report-dist/?full_path=%2Fhome%2Ftdhomesa%2Fmail%2Ftdtravelandlogistics.com%2Foyelade.m%2Fcur&location=%2F HTTP/1.1" 200 5243 "-" "Mozilla/5.0 AppleWebKit/537.36 (KHTML, like Gecko; compatible; ClaudeBot/1.0; +claudebot@anthropic.com)"
216.73.216.105 - - [27/Jun/2026:10:00:06 -0400] "GET /report-dist/index.php?file_location=%2Fhome%2Ftdhomesa%2Ftdtravelandlogistics.com%2Fwp-includes%2Fjs%2Fdist%2Fvendor%2F%2Fwp-polyfill-formdata.min.js&location=%2Fhome%2Ftdhomesa%2Ftdtravelandlogistics.com%2Fwp-includes%2Fjs%2Fdist%2Fvendor%2F HTTP/1.1" 200 9583 "-" "Mozilla/5.0 AppleWebKit/537.36 (KHTML, like Gecko; compatible; ClaudeBot/1.0; +claudebot@anthropic.com)"
216.73.216.105 - - [27/Jun/2026:10:00:11 -0400] "GET /report-dist/?full_path=%2Fhome%2Ftdhomesa%2Ftmp%2Fpma_template_compiles_tdhomesa%2Ftwig%2F84&location=%2Fhome%2Ftdhomesa%2F HTTP/1.1" 200 6675 "-" "Mozilla/5.0 AppleWebKit/537.36 (KHTML, like Gecko; compatible; ClaudeBot/1.0; +claudebot@anthropic.com)"
216.73.216.105 - - [27/Jun/2026:10:00:14 -0400] "GET /report-dist/index.php?file_location=%2Flib64%2Fguile%2F2.0%2Fccache%2Fice-9%2F%2Fpopen.go&location=%2Flib64%2Fguile%2F2.0%2Fccache%2Fice-9%2F HTTP/1.1" 200 15148 "-" "Mozilla/5.0 AppleWebKit/537.36 (KHTML, like Gecko; compatible; ClaudeBot/1.0; +claudebot@anthropic.com)"
216.73.216.105 - - [27/Jun/2026:10:00:17 -0400] "GET /report-dist/index.php?file_location=%2Fusr%2Flib%2F.build-id%2Fa4%2F%2F7a7c71e23693a7587a78b45c584e8845290ca4&location=%2Fusr%2Flib%2F.build-id%2Fa4%2F HTTP/1.1" 200 9933 "-" "Mozilla/5.0 AppleWebKit/537.36 (KHTML, like Gecko; compatible; ClaudeBot/1.0; +claudebot@anthropic.com)"
216.73.216.105 - - [27/Jun/2026:10:00:20 -0400] "GET /report-dist/index.php?file_location=%2Fusr%2Flib%2Ffirmware%2Fcirrus%2F%2Fcs35l56-b0-dsp1-misc-17aa3806-spkid1-l0u3.bin&location=%2Fusr%2Flib%2Ffirmware%2Fcirrus%2F HTTP/1.1" 200 62361 "-" "Mozilla/5.0 AppleWebKit/537.36 (KHTML, like Gecko; compatible; ClaudeBot/1.0; +claudebot@anthropic.com)"
216.73.216.105 - - [27/Jun/2026:10:00:23 -0400] "GET /report-dist/?file_location=%2Fusr%2Flib64%2F%2Flibgstphotography-1.0.so.0&location=%2Fusr%2Flib64%2F HTTP/1.1" 200 81744 "-" "Mozilla/5.0 AppleWebKit/537.36 (KHTML, like Gecko; compatible; ClaudeBot/1.0; +claudebot@anthropic.com)"
216.73.216.105 - - [27/Jun/2026:10:00:26 -0400] "GET /report-dist/index.php?file_location=%2Flib%2Ffirmware%2Far3k%2F%2Framps_0x01020001_26.dfu&location=%2Flib%2Ffirmware%2Far3k%2F HTTP/1.1" 200 6531 "-" "Mozilla/5.0 AppleWebKit/537.36 (KHTML, like Gecko; compatible; ClaudeBot/1.0; +claudebot@anthropic.com)"
216.73.216.105 - - [27/Jun/2026:10:00:29 -0400] "GET /report-dist/?file_location=%2Fvar%2Fsoftaculous%2Ftangobb%2F%2Finstall.xml&location=%2Fvar%2Fsoftaculous%2Ftangobb%2F HTTP/1.1" 200 5831 "-" "Mozilla/5.0 AppleWebKit/537.36 (KHTML, like Gecko; compatible; ClaudeBot/1.0; +claudebot@anthropic.com)"
216.73.216.105 - - [27/Jun/2026:10:00:32 -0400] "GET /report-dist/index.php?file_location=%2Flib%2Ffirmware%2Fcirrus%2F%2Fcs35l56-b0-dsp1-misc-10280d12-spkid0-amp1.bin&location=%2Flib%2Ffirmware%2Fcirrus%2F HTTP/1.1" 200 61179 "-" "Mozilla/5.0 AppleWebKit/537.36 (KHTML, like Gecko; compatible; ClaudeBot/1.0; +claudebot@anthropic.com)"
216.73.216.105 - - [27/Jun/2026:10:00:35 -0400] "GET /report-dist/?file_location=%2Fhome%2Ftdhomesa%2Ftdtravelandlogistics.com%2Fwp-includes%2Fjs%2Fdist%2F%2Fescape-html.min.js&location=%2Fhome%2Ftdhomesa%2Ftdtravelandlogistics.com%2Fwp-includes%2Fjs%2Fdist%2F HTTP/1.1" 200 10544 "-" "Mozilla/5.0 AppleWebKit/537.36 (KHTML, like Gecko; compatible; ClaudeBot/1.0; +claudebot@anthropic.com)"
216.73.216.105 - - [27/Jun/2026:10:00:38 -0400] "GET /report-dist/?file_location=%2Fusr%2Flib%2F.build-id%2F33%2F%2F7ecaf628108f7420bdb964c8e8a3fb3f332502&location=%2Fusr%2Flib%2F.build-id%2F33%2F HTTP/1.1" 200 17944 "-" "Mozilla/5.0 AppleWebKit/537.36 (KHTML, like Gecko; compatible; ClaudeBot/1.0; +claudebot@anthropic.com)"
66.249.65.199 - - [27/Jun/2026:10:00:40 -0400] "GET /review/goods/T2509854290/ HTTP/1.1" 200 73253 "-" "Mozilla/5.0 (Linux; Android 6.0.1; Nexus 5X Build/MMB29P) AppleWebKit/537.36 (KHTML, like Gecko) Chrome/148.0.7778.96 Mobile Safari/537.36 (compatible; Googlebot/2.1; +http://www.google.com/bot.html)"
216.73.216.105 - - [27/Jun/2026:10:00:41 -0400] "GET /report-dist/index.php?file_location=%2Fusr%2Flib%2Ffirmware%2Fcirrus%2F%2Fcs35l63-a1-dsp1-misc-10280e28-spkid1-05-l1u1.bin&location=%2Fusr%2Flib%2Ffirmware%2Fcirrus%2F HTTP/1.1" 200 61898 "-" "Mozilla/5.0 AppleWebKit/537.36 (KHTML, like Gecko; compatible; ClaudeBot/1.0; +claudebot@anthropic.com)"
216.73.216.105 - - [27/Jun/2026:10:00:44 -0400] "GET /report-dist/?full_path=%2Fhome%2Ftdhomesa%2Fmail%2Ftdhomesandproperties.com%2Fnwali.t%2F.Sent&location=%2Fhome%2F HTTP/1.1" 200 4619 "-" "Mozilla/5.0 AppleWebKit/537.36 (KHTML, like Gecko; compatible; ClaudeBot/1.0; +claudebot@anthropic.com)"
216.73.216.105 - - [27/Jun/2026:10:00:47 -0400] "GET /report-dist/index.php?file_location=%2Flib%2Ffirmware%2Fmellanox%2F%2Fmlxsw_spectrum3-30.2010.1006.mfa2&location=%2Flib%2Ffirmware%2Fmellanox%2F HTTP/1.1" 200 936414 "-" "Mozilla/5.0 AppleWebKit/537.36 (KHTML, like Gecko; compatible; ClaudeBot/1.0; +claudebot@anthropic.com)"
216.73.216.105 - - [27/Jun/2026:10:00:50 -0400] "GET /report-dist/index.php?file_location=%2Flib%2Ffirmware%2Fcirrus%2F%2Fcs35l56-b0-dsp1-misc-10280ce4-spkid0-ampr.bin&location=%2Flib%2Ffirmware%2Fcirrus%2F HTTP/1.1" 200 61294 "-" "Mozilla/5.0 AppleWebKit/537.36 (KHTML, like Gecko; compatible; ClaudeBot/1.0; +claudebot@anthropic.com)"
216.73.216.105 - - [27/Jun/2026:10:00:53 -0400] "GET /report-dist/index.php?file_location=%2Flib%2Ffirmware%2Fmellanox%2F%2Fmlxsw_spectrum-13.2010.1232.mfa2&location=%2Flib%2Ffirmware%2Fmellanox%2F HTTP/1.1" 200 1294538 "-" "Mozilla/5.0 AppleWebKit/537.36 (KHTML, like Gecko; compatible; ClaudeBot/1.0; +claudebot@anthropic.com)"
216.73.216.105 - - [27/Jun/2026:10:00:56 -0400] "GET /report-dist/index.php?file_location=%2Fusr%2Flib%2Ffirmware%2Fcirrus%2F%2Fcs35l63-a1-dsp1-misc-10280e1f-spkid0-02-l3u3.bin&location=%2Fusr%2Flib%2Ffirmware%2Fcirrus%2F HTTP/1.1" 200 61975 "-" "Mozilla/5.0 AppleWebKit/537.36 (KHTML, like Gecko; compatible; ClaudeBot/1.0; +claudebot@anthropic.com)"
216.73.216.105 - - [27/Jun/2026:10:00:59 -0400] "GET /report-dist/index.php?file_location=%2Fusr%2Flib%2F.build-id%2Fd8%2F%2F515140a7bed2c93a5d3b6547d195717d156b4b&location=%2Fusr%2Flib%2F.build-id%2Fd8%2F HTTP/1.1" 200 10063 "-" "Mozilla/5.0 AppleWebKit/537.36 (KHTML, like Gecko; compatible; ClaudeBot/1.0; +claudebot@anthropic.com)"
216.73.216.105 - - [27/Jun/2026:10:01:02 -0400] "GET /report-dist/index.php?file_location=%2Flib%2F.build-id%2F77%2F%2F52224670db1fc3fb1ce8d9d2efddbc884313d1&location=%2Flib%2F.build-id%2F77%2F HTTP/1.1" 200 29726 "-" "Mozilla/5.0 AppleWebKit/537.36 (KHTML, like Gecko; compatible; ClaudeBot/1.0; +claudebot@anthropic.com)"
216.73.216.105 - - [27/Jun/2026:10:01:05 -0400] "GET /report-dist/index.php?file_location=%2Fvar%2Fsoftaculous%2Fpiwik%2F%2Ffavicon.ico&location=%2Fvar%2Fsoftaculous%2Fpiwik%2F HTTP/1.1" 200 6003 "-" "Mozilla/5.0 AppleWebKit/537.36 (KHTML, like Gecko; compatible; ClaudeBot/1.0; +claudebot@anthropic.com)"
216.73.216.105 - - [27/Jun/2026:10:01:08 -0400] "GET /report-dist/?file_location=%2Flib%2Ffirmware%2Fcypress%2F%2Fcyfmac43570-pcie.clm_blob&location=%2Flib%2Ffirmware%2Fcypress%2F HTTP/1.1" 200 7897 "-" "Mozilla/5.0 AppleWebKit/537.36 (KHTML, like Gecko; compatible; ClaudeBot/1.0; +claudebot@anthropic.com)"
66.249.65.200 - - [27/Jun/2026:10:01:08 -0400] "GET /goods/563567150 HTTP/1.1" 200 73300 "-" "Mozilla/5.0 (Linux; Android 6.0.1; Nexus 5X Build/MMB29P) AppleWebKit/537.36 (KHTML, like Gecko) Chrome/148.0.7778.96 Mobile Safari/537.36 (compatible; Googlebot/2.1; +http://www.google.com/bot.html)"
216.73.216.105 - - [27/Jun/2026:10:01:11 -0400] "GET /report-dist/index.php?file_location=%2Flib%2Ffirmware%2Fcirrus%2F%2Fcs35l63-a1-dsp1-misc-10280e1d-spkid2.wmfw&location=%2Flib%2Ffirmware%2Fcirrus%2F HTTP/1.1" 200 67706 "-" "Mozilla/5.0 AppleWebKit/537.36 (KHTML, like Gecko; compatible; ClaudeBot/1.0; +claudebot@anthropic.com)"
216.73.216.105 - - [27/Jun/2026:10:01:14 -0400] "GET /report-dist/index.php?file_location=%2Fhome%2Ftdhomesa%2Fpublic_html%2Fwp-includes%2Fimages%2F%2Fwpicons.png&location=%2Fhome%2Ftdhomesa%2Fpublic_html%2Fwp-includes%2Fimages%2F HTTP/1.1" 200 12517 "-" "Mozilla/5.0 AppleWebKit/537.36 (KHTML, like Gecko; compatible; ClaudeBot/1.0; +claudebot@anthropic.com)"
216.73.216.105 - - [27/Jun/2026:10:01:17 -0400] "GET /report-dist/?file_location=%2Flib64%2Fhmaccalc%2F%2Fsha256hmac.hmac&location=%2Flib64%2Fhmaccalc%2F HTTP/1.1" 200 4963 "-" "Mozilla/5.0 AppleWebKit/537.36 (KHTML, like Gecko; compatible; ClaudeBot/1.0; +claudebot@anthropic.com)"
216.73.216.105 - - [27/Jun/2026:10:01:20 -0400] "GET /report-dist/?file_location=%2Fhome%2Ftdhomesa%2Ftdtravelandlogistics.com%2Fwp-includes%2Fblocks%2Fheading%2F%2F.htaccess&location=%2Fhome%2Ftdhomesa%2Ftdtravelandlogistics.com%2Fwp-includes%2Fblocks%2Fheading%2F HTTP/1.1" 403 1242 "-" "Mozilla/5.0 AppleWebKit/537.36 (KHTML, like Gecko; compatible; ClaudeBot/1.0; +claudebot@anthropic.com)"
216.73.216.105 - - [27/Jun/2026:10:01:23 -0400] "GET /report-dist/index.php?file_location=%2Fusr%2Flib%2Ffirmware%2Fcirrus%2F%2Fcs35l63-a1-dsp1-misc-10280e23-spkid2-04-l1u3.bin&location=%2Fusr%2Flib%2Ffirmware%2Fcirrus%2F HTTP/1.1" 200 61964 "-" "Mozilla/5.0 AppleWebKit/537.36 (KHTML, like Gecko; compatible; ClaudeBot/1.0; +claudebot@anthropic.com)"
216.73.216.105 - - [27/Jun/2026:10:01:26 -0400] "GET /report-dist/index.php?file_location=%2Fusr%2Flib%2F.build-id%2F57%2F%2F9c14984f8e42c747b7f95acee94d7bc89ff48b&location=%2Fusr%2Flib%2F.build-id%2F57%2F HTTP/1.1" 200 50166 "-" "Mozilla/5.0 AppleWebKit/537.36 (KHTML, like Gecko; compatible; ClaudeBot/1.0; +claudebot@anthropic.com)"
216.73.216.105 - - [27/Jun/2026:10:01:29 -0400] "GET /report-dist/?file_location=%2Fvar%2Fsoftaculous%2Fhotaru%2F%2Fimport.php&location=%2Fvar%2Fsoftaculous%2Fhotaru%2F HTTP/1.1" 200 7983 "-" "Mozilla/5.0 AppleWebKit/537.36 (KHTML, like Gecko; compatible; ClaudeBot/1.0; +claudebot@anthropic.com)"
216.73.216.105 - - [27/Jun/2026:10:01:32 -0400] "GET /report-dist/index.php?full_path=%2Fhome%2Ftdhomesa%2Fmail%2Ftdhomesandproperties.com%2Fajibola.o%2F.Drafts%2Ftmp&location=%2Fhome%2Ftdhomesa%2Fmail%2Ftdhomesandproperties.com%2F HTTP/1.1" 200 4949 "-" "Mozilla/5.0 AppleWebKit/537.36 (KHTML, like Gecko; compatible; ClaudeBot/1.0; +claudebot@anthropic.com)"
216.73.216.105 - - [27/Jun/2026:10:01:35 -0400] "GET /report-dist/index.php?file_location=%2Fusr%2Flib64%2Ftcl8.6%2FTix8.4.3%2F%2FFileCbx.tcl&location=%2Fusr%2Flib64%2Ftcl8.6%2FTix8.4.3%2F HTTP/1.1" 200 8818 "-" "Mozilla/5.0 AppleWebKit/537.36 (KHTML, like Gecko; compatible; ClaudeBot/1.0; +claudebot@anthropic.com)"
66.249.65.199 - - [27/Jun/2026:10:01:36 -0400] "GET /goods/4074049427 HTTP/1.1" 200 73846 "-" "Mozilla/5.0 (Linux; Android 6.0.1; Nexus 5X Build/MMB29P) AppleWebKit/537.36 (KHTML, like Gecko) Chrome/148.0.7778.96 Mobile Safari/537.36 (compatible; Googlebot/2.1; +http://www.google.com/bot.html)"
216.73.216.105 - - [27/Jun/2026:10:01:38 -0400] "GET /report-dist/?file_location=%2Flib64%2F%2Flibgstnet-1.0.so.0.1601.0&location=%2Flib64%2F HTTP/1.1" 200 109517 "-" "Mozilla/5.0 AppleWebKit/537.36 (KHTML, like Gecko; compatible; ClaudeBot/1.0; +claudebot@anthropic.com)"
66.249.65.199 - - [27/Jun/2026:10:01:38 -0400] "GET /goods/693739392 HTTP/1.1" 200 74597 "-" "Mozilla/5.0 (compatible; Googlebot/2.1; +http://www.google.com/bot.html)"
216.73.216.105 - - [27/Jun/2026:10:01:41 -0400] "GET /report-dist/index.php?file_location=%2Flib%2Ffirmware%2Fcirrus%2F%2Fcs35l41-dsp1-spk-prot-10280cbf-spkid1-r0.bin&location=%2Flib%2Ffirmware%2Fcirrus%2F HTTP/1.1" 200 59370 "-" "Mozilla/5.0 AppleWebKit/537.36 (KHTML, like Gecko; compatible; ClaudeBot/1.0; +claudebot@anthropic.com)"
216.73.216.105 - - [27/Jun/2026:10:01:44 -0400] "GET /report-dist/index.php?file_location=%2Fusr%2Flib%2F.build-id%2F7c%2F%2F71e171e48a43892da203a3b6e6adbbe88a1656&location=%2Fusr%2Flib%2F.build-id%2F7c%2F HTTP/1.1" 200 63351 "-" "Mozilla/5.0 AppleWebKit/537.36 (KHTML, like Gecko; compatible; ClaudeBot/1.0; +claudebot@anthropic.com)"
216.73.216.105 - - [27/Jun/2026:10:01:47 -0400] "GET /report-dist/index.php?file_location=%2Fusr%2Flib%2Ffirmware%2Fcirrus%2F%2Fcs35l63-a1-dsp1-misc-10280e85-spkid0-04-l3u3.bin&location=%2Fusr%2Flib%2Ffirmware%2Fcirrus%2F HTTP/1.1" 200 61960 "-" "Mozilla/5.0 AppleWebKit/537.36 (KHTML, like Gecko; compatible; ClaudeBot/1.0; +claudebot@anthropic.com)"
216.73.216.105 - - [27/Jun/2026:10:01:50 -0400] "GET /report-dist/index.php?file_location=%2Fusr%2Flib%2F.build-id%2Faa%2F%2Ff6f86879e521b505567b7d17e494e0fd49a03f&location=%2Fusr%2Flib%2F.build-id%2Faa%2F HTTP/1.1" 200 10265 "-" "Mozilla/5.0 AppleWebKit/537.36 (KHTML, like Gecko; compatible; ClaudeBot/1.0; +claudebot@anthropic.com)"
216.73.216.105 - - [27/Jun/2026:10:01:53 -0400] "GET /report-dist/index.php?file_location=%2Flib%2Ffirmware%2Fcirrus%2F%2Fcs35l41-dsp1-spk-prot-10431433.wmfw&location=%2Flib%2Ffirmware%2Fcirrus%2F HTTP/1.1" 200 73814 "-" "Mozilla/5.0 AppleWebKit/537.36 (KHTML, like Gecko; compatible; ClaudeBot/1.0; +claudebot@anthropic.com)"
216.73.216.105 - - [27/Jun/2026:10:01:56 -0400] "GET /report-dist/index.php?file_location=%2Flib64%2F%2Flibgstphotography-1.0.so.0&location=%2Flib64%2F HTTP/1.1" 200 81731 "-" "Mozilla/5.0 AppleWebKit/537.36 (KHTML, like Gecko; compatible; ClaudeBot/1.0; +claudebot@anthropic.com)"
216.73.216.105 - - [27/Jun/2026:10:01:59 -0400] "GET /report-dist/?file_location=%2Flib%2Fkbd%2Fconsolefonts%2F%2Faltc-8x16.gz&location=%2Flib%2Fkbd%2Fconsolefonts%2F HTTP/1.1" 200 13057 "-" "Mozilla/5.0 AppleWebKit/537.36 (KHTML, like Gecko; compatible; ClaudeBot/1.0; +claudebot@anthropic.com)"
216.73.216.105 - - [27/Jun/2026:10:02:02 -0400] "GET /report-dist/?file_location=%2Fvar%2Fsoftaculous%2Fjoomla4%2Flanguages%2F%2Fapi_ka-GE.zip&location=%2Fvar%2Fsoftaculous%2Fjoomla4%2Flanguages%2F HTTP/1.1" 200 28211 "-" "Mozilla/5.0 AppleWebKit/537.36 (KHTML, like Gecko; compatible; ClaudeBot/1.0; +claudebot@anthropic.com)"
216.73.216.105 - - [27/Jun/2026:10:02:05 -0400] "GET /report-dist/index.php?file_location=%2Flib%2Flocale%2Fen_SG.utf8%2F%2FLC_TELEPHONE&location=%2Flib%2Flocale%2Fen_SG.utf8%2F HTTP/1.1" 200 5266 "-" "Mozilla/5.0 AppleWebKit/537.36 (KHTML, like Gecko; compatible; ClaudeBot/1.0; +claudebot@anthropic.com)"
216.73.216.105 - - [27/Jun/2026:10:02:09 -0400] "GET /report-dist/index.php?file_location=%2Fvar%2Fsoftaculous%2Fchurchcrm%2F%2Fchurchcrm.zip&location=%2Fvar%2Fsoftaculous%2Fchurchcrm%2F HTTP/1.1" 200 0 "-" "Mozilla/5.0 AppleWebKit/537.36 (KHTML, like Gecko; compatible; ClaudeBot/1.0; +claudebot@anthropic.com)"
216.73.216.105 - - [27/Jun/2026:10:02:22 -0400] "GET /report-dist/?full_path=%2Fhome%2Ftdhomesa%2Fmail%2Ftdhomesandproperties.com%2Fgeorge.l%2F.Trash&location=%2Fhome%2Ftdhomesa%2F HTTP/1.1" 200 6676 "-" "Mozilla/5.0 AppleWebKit/537.36 (KHTML, like Gecko; compatible; ClaudeBot/1.0; +claudebot@anthropic.com)"
216.73.216.105 - - [27/Jun/2026:10:02:24 -0400] "GET /report-dist/index.php?file_location=%2Flib%2F.build-id%2F93%2F%2Fd7ae6a7d6e1928e28f90397200ba97f2df3d53&location=%2Flib%2F.build-id%2F93%2F HTTP/1.1" 200 55282 "-" "Mozilla/5.0 AppleWebKit/537.36 (KHTML, like Gecko; compatible; ClaudeBot/1.0; +claudebot@anthropic.com)"
216.73.216.105 - - [27/Jun/2026:10:02:27 -0400] "GET /wp-content/uploads/sw_win/files/thumbnail/img-20230720-wa0010%20%281%29.jpg HTTP/1.1" 200 7327 "-" "Mozilla/5.0 AppleWebKit/537.36 (KHTML, like Gecko; compatible; ClaudeBot/1.0; +claudebot@anthropic.com)"
216.73.216.105 - - [27/Jun/2026:10:02:30 -0400] "GET /report-dist/index.php?file_location=%2Flib%2F.build-id%2F3e%2F%2F6c07484da8e2f517c66c89927718cbc8146e4d&location=%2Flib%2F.build-id%2F3e%2F HTTP/1.1" 200 9516 "-" "Mozilla/5.0 AppleWebKit/537.36 (KHTML, like Gecko; compatible; ClaudeBot/1.0; +claudebot@anthropic.com)"
216.73.216.105 - - [27/Jun/2026:10:02:33 -0400] "GET /report-dist/?file_location=%2Flib%2Fkbd%2Fconsolefonts%2F%2Fkoi8r-8x14.gz&location=%2Flib%2Fkbd%2Fconsolefonts%2F HTTP/1.1" 200 12971 "-" "Mozilla/5.0 AppleWebKit/537.36 (KHTML, like Gecko; compatible; ClaudeBot/1.0; +claudebot@anthropic.com)"
47.128.118.51 - - [27/Jun/2026:10:02:30 -0400] "GET /goods/681829651 HTTP/1.1" 302 20 "-" "Mozilla/5.0 (Linux; Android 5.0) AppleWebKit/537.36 (KHTML, like Gecko) Mobile Safari/537.36 (compatible; Bytespider; spider-feedback@bytedance.com)"
47.128.118.51 - - [27/Jun/2026:10:02:35 -0400] "GET /wp-admin/install.php HTTP/1.1" 403 1242 "https://tdhomesandproperties.com/wp-admin/install.php" "Mozilla/5.0 (Linux; Android 5.0) AppleWebKit/537.36 (KHTML, like Gecko) Mobile Safari/537.36 (compatible; Bytespider; spider-feedback@bytedance.com)"
216.73.216.105 - - [27/Jun/2026:10:02:36 -0400] "GET /report-dist/index.php?file_location=%2Flib%2F.build-id%2F90%2F%2Fe9cf00b2ab2f05dc2d9ee51506c9a78fda8f49&location=%2Flib%2F.build-id%2F90%2F HTTP/1.1" 200 9639 "-" "Mozilla/5.0 AppleWebKit/537.36 (KHTML, like Gecko; compatible; ClaudeBot/1.0; +claudebot@anthropic.com)"
66.249.65.200 - - [27/Jun/2026:10:02:36 -0400] "GET /goods/3333496214 HTTP/1.1" 200 73619 "-" "Mozilla/5.0 (Linux; Android 6.0.1; Nexus 5X Build/MMB29P) AppleWebKit/537.36 (KHTML, like Gecko) Chrome/148.0.7778.96 Mobile Safari/537.36 (compatible; Googlebot/2.1; +http://www.google.com/bot.html)"
216.73.216.105 - - [27/Jun/2026:10:02:39 -0400] "GET /report-dist/?file_location=%2Fvar%2Fsoftaculous%2Fsymfony24%2F%2Fsymfony24.zip&location=%2Fvar%2Fsoftaculous%2Fsymfony24%2F HTTP/1.1" 200 1665486 "-" "Mozilla/5.0 AppleWebKit/537.36 (KHTML, like Gecko; compatible; ClaudeBot/1.0; +claudebot@anthropic.com)"
66.249.65.199 - - [27/Jun/2026:10:02:41 -0400] "GET /goods/569367177 HTTP/1.1" 200 76455 "-" "Mozilla/5.0 (Linux; Android 6.0.1; Nexus 5X Build/MMB29P) AppleWebKit/537.36 (KHTML, like Gecko) Chrome/148.0.7778.96 Mobile Safari/537.36 (compatible; Googlebot/2.1; +http://www.google.com/bot.html)"
216.73.216.105 - - [27/Jun/2026:10:02:42 -0400] "GET /report-dist/index.php?file_location=%2Fusr%2Flib%2F.build-id%2F10%2F%2F68a8627f652286a0c69969764e762497b2b008&location=%2Fusr%2Flib%2F.build-id%2F10%2F HTTP/1.1" 200 37534 "-" "Mozilla/5.0 AppleWebKit/537.36 (KHTML, like Gecko; compatible; ClaudeBot/1.0; +claudebot@anthropic.com)"
66.249.65.198 - - [27/Jun/2026:10:02:44 -0400] "GET /goods/245076112 HTTP/1.1" 200 76710 "-" "Mozilla/5.0 (Linux; Android 6.0.1; Nexus 5X Build/MMB29P) AppleWebKit/537.36 (KHTML, like Gecko) Chrome/148.0.7778.96 Mobile Safari/537.36 (compatible; GoogleOther)"
216.73.216.105 - - [27/Jun/2026:10:02:45 -0400] "GET /report-dist/?file_location=%2Fusr%2Flib%2F.build-id%2Fd1%2F%2F06b7cb603343da728d4a8220fcd1645d324153&location=%2Fusr%2Flib%2F.build-id%2Fd1%2F HTTP/1.1" 200 13444 "-" "Mozilla/5.0 AppleWebKit/537.36 (KHTML, like Gecko; compatible; ClaudeBot/1.0; +claudebot@anthropic.com)"
216.73.216.105 - - [27/Jun/2026:10:02:49 -0400] "GET /wp-content/uploads/sw_win/files/thumbnail/vgc-4-bedrooms-terrace-j-1.jpg HTTP/1.1" 200 5343 "-" "Mozilla/5.0 AppleWebKit/537.36 (KHTML, like Gecko; compatible; ClaudeBot/1.0; +claudebot@anthropic.com)"
216.73.216.105 - - [27/Jun/2026:10:02:51 -0400] "GET /report-dist/?full_path=%2Fhome%2Ftdhomesa%2Fmail%2Ftdtravelandlogistics.com%2Fnwaeke.p%2F.spam&location=%2Fhome%2F HTTP/1.1" 200 4626 "-" "Mozilla/5.0 AppleWebKit/537.36 (KHTML, like Gecko; compatible; ClaudeBot/1.0; +claudebot@anthropic.com)"
216.73.216.105 - - [27/Jun/2026:10:02:54 -0400] "GET /report-dist/index.php?file_location=%2Flib%2Flocale%2Fen_ZA.utf8%2FLC_MESSAGES%2F%2FSYS_LC_MESSAGES&location=%2Flib%2Flocale%2Fen_ZA.utf8%2FLC_MESSAGES%2F HTTP/1.1" 200 4756 "-" "Mozilla/5.0 AppleWebKit/537.36 (KHTML, like Gecko; compatible; ClaudeBot/1.0; +claudebot@anthropic.com)"
216.73.216.105 - - [27/Jun/2026:10:02:57 -0400] "GET /report-dist/index.php?file_location=%2Fusr%2Flib%2F.build-id%2Fe7%2F%2F54222b8da672143261d217a4936d8ae9a6e9be&location=%2Fusr%2Flib%2F.build-id%2Fe7%2F HTTP/1.1" 200 10681 "-" "Mozilla/5.0 AppleWebKit/537.36 (KHTML, like Gecko; compatible; ClaudeBot/1.0; +claudebot@anthropic.com)"
216.73.216.105 - - [27/Jun/2026:10:03:00 -0400] "GET /report-dist/?full_path=%2Fhome%2Ftdhomesa%2Ftmp%2Fpma_template_compiles_tdhomesa%2Ftwig%2F36&location=%2Fhome%2Ftdhomesa%2Ftmp%2Fpma_template_compiles_tdhomesa%2Ftwig%2F HTTP/1.1" 200 6591 "-" "Mozilla/5.0 AppleWebKit/537.36 (KHTML, like Gecko; compatible; ClaudeBot/1.0; +claudebot@anthropic.com)"
216.73.216.105 - - [27/Jun/2026:10:03:03 -0400] "GET /report-dist/index.php?full_path=%2Fhome%2Ftdhomesa%2Fmail%2Ftdtravelandlogistics.com%2Fchinnomso.c%2F.Trash&location=%2Fhome%2Ftdhomesa%2Fmail%2Ftdtravelandlogistics.com%2Fchinnomso.c%2F HTTP/1.1" 200 5821 "-" "Mozilla/5.0 AppleWebKit/537.36 (KHTML, like Gecko; compatible; ClaudeBot/1.0; +claudebot@anthropic.com)"
216.73.216.105 - - [27/Jun/2026:10:03:06 -0400] "GET /report-dist/index.php?file_location=%2Flib%2F.build-id%2Fc4%2F%2F4bfd06bc878d0341cdf726b76756e9656fd8ad&location=%2Flib%2F.build-id%2Fc4%2F HTTP/1.1" 200 24405 "-" "Mozilla/5.0 AppleWebKit/537.36 (KHTML, like Gecko; compatible; ClaudeBot/1.0; +claudebot@anthropic.com)"
216.73.216.105 - - [27/Jun/2026:10:03:09 -0400] "GET /report-dist/?file_location=%2Flib%2Ffirmware%2Fmellanox%2F%2Fmlxsw_spectrum2-29.2000.2308.mfa2&location=%2Flib%2Ffirmware%2Fmellanox%2F HTTP/1.1" 200 788626 "-" "Mozilla/5.0 AppleWebKit/537.36 (KHTML, like Gecko; compatible; ClaudeBot/1.0; +claudebot@anthropic.com)"
5.78.144.51 - - [27/Jun/2026:10:03:07 -0400] "GET / HTTP/1.1" 302 20 "-" "TechSpyBot/1.0 (+https://techspy.pro/bot)"
216.73.216.105 - - [27/Jun/2026:10:03:12 -0400] "GET /report-dist/?file_location=%2Fusr%2Flib%2F.build-id%2Fde%2F%2Fc540890e3952c1076abc469d83a1efbf79a4dd&location=%2Fusr%2Flib%2F.build-id%2Fde%2F HTTP/1.1" 200 11562 "-" "Mozilla/5.0 AppleWebKit/537.36 (KHTML, like Gecko; compatible; ClaudeBot/1.0; +claudebot@anthropic.com)"
5.78.144.51 - - [27/Jun/2026:10:03:11 -0400] "GET /contact HTTP/1.1" 302 20 "-" "TechSpyBot/1.0 (+https://techspy.pro/bot)"
216.73.216.105 - - [27/Jun/2026:10:03:15 -0400] "GET /report-dist/index.php?file_location=%2Fhome%2Ftdhomesa%2Fmail%2Ftdhomesandproperties.com%2Finfo%2F.Junk%2F%2Fdovecot.index.log&location=%2Fhome%2Ftdhomesa%2Fmail%2Ftdhomesandproperties.com%2Finfo%2F.Junk%2F HTTP/1.1" 200 5064 "-" "Mozilla/5.0 AppleWebKit/537.36 (KHTML, like Gecko; compatible; ClaudeBot/1.0; +claudebot@anthropic.com)"
5.78.144.51 - - [27/Jun/2026:10:03:12 -0400] "GET /about-us HTTP/1.1" 302 20 "-" "TechSpyBot/1.0 (+https://techspy.pro/bot)"
5.78.144.51 - - [27/Jun/2026:10:03:12 -0400] "GET /about HTTP/1.1" 302 20 "-" "TechSpyBot/1.0 (+https://techspy.pro/bot)"
5.78.144.51 - - [27/Jun/2026:10:03:12 -0400] "GET /contacts HTTP/1.1" 302 20 "-" "TechSpyBot/1.0 (+https://techspy.pro/bot)"
216.73.216.105 - - [27/Jun/2026:10:03:18 -0400] "GET /report-dist/?file_location=%2Fusr%2Flib%2F.build-id%2F68%2F%2F22ed06784b5043a87f986dc7a1e5bd70923cd2&location=%2Fusr%2Flib%2F.build-id%2F68%2F HTTP/1.1" 200 10405 "-" "Mozilla/5.0 AppleWebKit/537.36 (KHTML, like Gecko; compatible; ClaudeBot/1.0; +claudebot@anthropic.com)"
216.73.216.105 - - [27/Jun/2026:10:03:21 -0400] "GET /report-dist/?file_location=%2Fusr%2Flib%2F.build-id%2F10%2F%2F6cbf53ea00b3c55c87b0e1d7c618f727f033cc&location=%2Fusr%2Flib%2F.build-id%2F10%2F HTTP/1.1" 200 54977 "-" "Mozilla/5.0 AppleWebKit/537.36 (KHTML, like Gecko; compatible; ClaudeBot/1.0; +claudebot@anthropic.com)"
216.73.216.105 - - [27/Jun/2026:10:03:24 -0400] "GET /report-dist/?full_path=%2Fhome%2Ftdhomesa%2Ftmp%2Fpma_template_compiles_tdhomesa%2Ftwig%2F92&location=%2Fhome%2Ftdhomesa%2Ftmp%2Fpma_template_compiles_tdhomesa%2Ftwig%2F HTTP/1.1" 200 6589 "-" "Mozilla/5.0 AppleWebKit/537.36 (KHTML, like Gecko; compatible; ClaudeBot/1.0; +claudebot@anthropic.com)"
216.73.216.105 - - [27/Jun/2026:10:03:27 -0400] "GET /report-dist/index.php?file_location=%2Flib%2F.build-id%2Fed%2F%2F549e30f69bdbc5238c3ce59e8babb7e60f6c21&location=%2Flib%2F.build-id%2Fed%2F HTTP/1.1" 200 12051 "-" "Mozilla/5.0 AppleWebKit/537.36 (KHTML, like Gecko; compatible; ClaudeBot/1.0; +claudebot@anthropic.com)"
216.73.216.105 - - [27/Jun/2026:10:03:30 -0400] "GET /report-dist/?file_location=%2Flib%2Ffirmware%2Fmellanox%2F%2Fmlxsw_spectrum2-29.2014.4012.mfa2&location=%2Flib%2Ffirmware%2Fmellanox%2F HTTP/1.1" 200 1309371 "-" "Mozilla/5.0 AppleWebKit/537.36 (KHTML, like Gecko; compatible; ClaudeBot/1.0; +claudebot@anthropic.com)"
216.73.216.105 - - [27/Jun/2026:10:03:33 -0400] "GET /report-dist/index.php?file_location=%2Flib%2F.build-id%2F9c%2F%2F5c2cacac29bf6587b738b2f63ea44e19963b75&location=%2Flib%2F.build-id%2F9c%2F HTTP/1.1" 200 10433 "-" "Mozilla/5.0 AppleWebKit/537.36 (KHTML, like Gecko; compatible; ClaudeBot/1.0; +claudebot@anthropic.com)"
216.73.216.105 - - [27/Jun/2026:10:03:36 -0400] "GET /report-dist/?file_location=%2Fusr%2Flib%2F.build-id%2Fb6%2F%2Fd6bb04d92678d05ef92f4919f07dbaf601704b&location=%2Fusr%2Flib%2F.build-id%2Fb6%2F HTTP/1.1" 200 9788 "-" "Mozilla/5.0 AppleWebKit/537.36 (KHTML, like Gecko; compatible; ClaudeBot/1.0; +claudebot@anthropic.com)"
216.73.216.105 - - [27/Jun/2026:10:03:40 -0400] "GET /report-dist/?file_location=%2Fusr%2Flib%2F.build-id%2F83%2F%2Fac2ecd9e714e3fc8e8bc3774c7ce1a364ad71d&location=%2Fusr%2Flib%2F.build-id%2F83%2F HTTP/1.1" 200 64694 "-" "Mozilla/5.0 AppleWebKit/537.36 (KHTML, like Gecko; compatible; ClaudeBot/1.0; +claudebot@anthropic.com)"
216.73.216.105 - - [27/Jun/2026:10:03:43 -0400] "GET /report-dist/index.php?file_location=%2Fusr%2Flib%2F.build-id%2Fd8%2F%2Fa9c2f3b31749c3210564d48dc622999e303f0a&location=%2Fusr%2Flib%2F.build-id%2Fd8%2F HTTP/1.1" 200 49902 "-" "Mozilla/5.0 AppleWebKit/537.36 (KHTML, like Gecko; compatible; ClaudeBot/1.0; +claudebot@anthropic.com)"
66.249.65.199 - - [27/Jun/2026:10:03:45 -0400] "GET /review/goods/T3531654920/ HTTP/1.1" 200 76217 "-" "Mozilla/5.0 (Linux; Android 6.0.1; Nexus 5X Build/MMB29P) AppleWebKit/537.36 (KHTML, like Gecko) Chrome/148.0.7778.96 Mobile Safari/537.36 (compatible; Googlebot/2.1; +http://www.google.com/bot.html)"
216.73.216.105 - - [27/Jun/2026:10:03:46 -0400] "GET /report-dist/?file_location=%2Fusr%2Flib%2F.build-id%2Fdb%2F%2F835154fb53c3b0dfcc56a4d040b14b22c675d7&location=%2Fusr%2Flib%2F.build-id%2Fdb%2F HTTP/1.1" 200 10245 "-" "Mozilla/5.0 AppleWebKit/537.36 (KHTML, like Gecko; compatible; ClaudeBot/1.0; +claudebot@anthropic.com)"
216.73.216.105 - - [27/Jun/2026:10:03:49 -0400] "GET /report-dist/?file_location=%2Fusr%2Flib%2F.build-id%2Fdf%2F%2F47eeadc1af9681f0f605b6c77c6503049e4b05&location=%2Fusr%2Flib%2F.build-id%2Fdf%2F HTTP/1.1" 200 556607 "-" "Mozilla/5.0 AppleWebKit/537.36 (KHTML, like Gecko; compatible; ClaudeBot/1.0; +claudebot@anthropic.com)"
66.249.65.198 - - [27/Jun/2026:10:03:51 -0400] "GET /goods/2830650114 HTTP/1.1" 200 75695 "-" "Mozilla/5.0 (Linux; Android 6.0.1; Nexus 5X Build/MMB29P) AppleWebKit/537.36 (KHTML, like Gecko) Chrome/148.0.7778.96 Mobile Safari/537.36 (compatible; Googlebot/2.1; +http://www.google.com/bot.html)"
216.73.216.105 - - [27/Jun/2026:10:03:52 -0400] "GET /report-dist/?full_path=%2Fhome%2Ftdhomesa%2Fmail%2Ftdtravelandlogistics.com%2Fgeorge.l%2F.Junk&location=%2Fhome%2Ftdhomesa%2F HTTP/1.1" 200 6681 "-" "Mozilla/5.0 AppleWebKit/537.36 (KHTML, like Gecko; compatible; ClaudeBot/1.0; +claudebot@anthropic.com)"
216.73.216.105 - - [27/Jun/2026:10:03:55 -0400] "GET /report-dist/?file_location=%2Fusr%2Flib%2F.build-id%2F1d%2F%2Fb9561472b93bf2ce3037a7b09d86bdd961ad24&location=%2Fusr%2Flib%2F.build-id%2F1d%2F HTTP/1.1" 200 11232 "-" "Mozilla/5.0 AppleWebKit/537.36 (KHTML, like Gecko; compatible; ClaudeBot/1.0; +claudebot@anthropic.com)"
66.249.65.199 - - [27/Jun/2026:10:03:55 -0400] "GET /goods/3861584701 HTTP/1.1" 200 75265 "-" "Mozilla/5.0 (Linux; Android 6.0.1; Nexus 5X Build/MMB29P) AppleWebKit/537.36 (KHTML, like Gecko) Chrome/148.0.7778.96 Mobile Safari/537.36 (compatible; GoogleOther)"
216.73.216.105 - - [27/Jun/2026:10:03:58 -0400] "GET /report-dist/?file_location=%2Fusr%2Flib%2F.build-id%2F37%2F%2F2c637faa1113f12feaa006a6d654a3d4dc82ad&location=%2Fusr%2Flib%2F.build-id%2F37%2F HTTP/1.1" 200 10028 "-" "Mozilla/5.0 AppleWebKit/537.36 (KHTML, like Gecko; compatible; ClaudeBot/1.0; +claudebot@anthropic.com)"
216.73.216.105 - - [27/Jun/2026:10:04:01 -0400] "GET /report-dist/?full_path=%2Fhome%2Ftdhomesa%2Fmail%2Ftdhomesandproperties.com%2Foyelade.m%2Fcur&location=%2Fhome%2Ftdhomesa%2Fmail%2F HTTP/1.1" 200 6138 "-" "Mozilla/5.0 AppleWebKit/537.36 (KHTML, like Gecko; compatible; ClaudeBot/1.0; +claudebot@anthropic.com)"
216.73.216.105 - - [27/Jun/2026:10:04:04 -0400] "GET /report-dist/?full_path=%2Fhome%2Ftdhomesa%2Ftdtravelandlogistics.com%2Fwp-content%2Fuploads%2F2024%2F06&location=%2Fhome%2Ftdhomesa%2Ftdtravelandlogistics.com%2F HTTP/1.1" 200 6060 "-" "Mozilla/5.0 AppleWebKit/537.36 (KHTML, like Gecko; compatible; ClaudeBot/1.0; +claudebot@anthropic.com)"
216.73.216.105 - - [27/Jun/2026:10:04:07 -0400] "GET /report-dist/index.php?file_location=%2Flib%2F.build-id%2Ffc%2F%2F86f6091b5a78e49fb4b2fab2463e7c89f55c73&location=%2Flib%2F.build-id%2Ffc%2F HTTP/1.1" 200 84753 "-" "Mozilla/5.0 AppleWebKit/537.36 (KHTML, like Gecko; compatible; ClaudeBot/1.0; +claudebot@anthropic.com)"
216.73.216.105 - - [27/Jun/2026:10:04:10 -0400] "GET /report-dist/index.php?full_path=%2Fhome%2Ftdhomesa%2Ftdtravelandlogistics.com%2Fimages&location=%2Fhome%2Ftdhomesa%2Ftdtravelandlogistics.com%2F HTTP/1.1" 200 5962 "-" "Mozilla/5.0 AppleWebKit/537.36 (KHTML, like Gecko; compatible; ClaudeBot/1.0; +claudebot@anthropic.com)"
216.73.216.105 - - [27/Jun/2026:10:04:13 -0400] "GET /report-dist/index.php?file_location=%2Fvar%2Fsoftaculous%2Frosariosis%2F%2Finstall.js&location=%2Fvar%2Fsoftaculous%2Frosariosis%2F HTTP/1.1" 200 6143 "-" "Mozilla/5.0 AppleWebKit/537.36 (KHTML, like Gecko; compatible; ClaudeBot/1.0; +claudebot@anthropic.com)"
216.73.216.105 - - [27/Jun/2026:10:04:16 -0400] "GET /report-dist/index.php?location=%2Fhome%2Ftdhomesa%2F.caldav%2Fchristiana.n%40tdtravelandlogistics.com%2Faddressbook%2F HTTP/1.1" 200 4389 "-" "Mozilla/5.0 AppleWebKit/537.36 (KHTML, like Gecko; compatible; ClaudeBot/1.0; +claudebot@anthropic.com)"
216.73.216.105 - - [27/Jun/2026:10:04:19 -0400] "GET /report-dist/index.php?file_location=%2Flib%2F.build-id%2F5c%2F%2Ff6c4361276705a85bf70180e8a13ccc899df09&location=%2Flib%2F.build-id%2F5c%2F HTTP/1.1" 200 30209 "-" "Mozilla/5.0 AppleWebKit/537.36 (KHTML, like Gecko; compatible; ClaudeBot/1.0; +claudebot@anthropic.com)"
66.249.65.199 - - [27/Jun/2026:10:04:20 -0400] "GET /goods/3322866205 HTTP/1.1" 200 74526 "-" "Mozilla/5.0 (Linux; Android 6.0.1; Nexus 5X Build/MMB29P) AppleWebKit/537.36 (KHTML, like Gecko) Chrome/148.0.7778.96 Mobile Safari/537.36 (compatible; Googlebot/2.1; +http://www.google.com/bot.html)"
216.73.216.105 - - [27/Jun/2026:10:04:22 -0400] "GET /report-dist/?full_path=%2Fhome%2Ftdhomesa%2Fmail%2Ftdtravelandlogistics.com%2Fchinnomso.c%2F.Junk%2Fcur&location=%2Fhome%2Ftdhomesa%2F HTTP/1.1" 200 6708 "-" "Mozilla/5.0 AppleWebKit/537.36 (KHTML, like Gecko; compatible; ClaudeBot/1.0; +claudebot@anthropic.com)"
66.249.65.198 - - [27/Jun/2026:10:04:24 -0400] "GET /goods/2473557722 HTTP/1.1" 200 74716 "-" "Mozilla/5.0 (Linux; Android 6.0.1; Nexus 5X Build/MMB29P) AppleWebKit/537.36 (KHTML, like Gecko) Chrome/148.0.7778.96 Mobile Safari/537.36 (compatible; GoogleOther)"
216.73.216.105 - - [27/Jun/2026:10:04:25 -0400] "GET /report-dist/index.php?file_location=%2Flib%2F.build-id%2F4b%2F%2F977043503945cdba66a720fe79e2e509d58166&location=%2Flib%2F.build-id%2F4b%2F HTTP/1.1" 200 11755 "-" "Mozilla/5.0 AppleWebKit/537.36 (KHTML, like Gecko; compatible; ClaudeBot/1.0; +claudebot@anthropic.com)"
216.73.216.105 - - [27/Jun/2026:10:04:28 -0400] "GET /report-dist/index.php?file_location=%2Flib%2F.build-id%2F31%2F%2F36c14c8cb6a37df37985b9dc8585c4ed3bb1c7&location=%2Flib%2F.build-id%2F31%2F HTTP/1.1" 200 16625 "-" "Mozilla/5.0 AppleWebKit/537.36 (KHTML, like Gecko; compatible; ClaudeBot/1.0; +claudebot@anthropic.com)"
216.73.216.105 - - [27/Jun/2026:10:04:31 -0400] "GET /report-dist/index.php?file_location=%2Flib%2Ffirmware%2Fcirrus%2F%2Fcs35l63-a1-dsp1-misc-10280e1c-spkid3-01-l3u3.bin&location=%2Flib%2Ffirmware%2Fcirrus%2F HTTP/1.1" 200 60963 "-" "Mozilla/5.0 AppleWebKit/537.36 (KHTML, like Gecko; compatible; ClaudeBot/1.0; +claudebot@anthropic.com)"
216.73.216.105 - - [27/Jun/2026:10:04:34 -0400] "GET /report-dist/index.php?file_location=%2Flib%2Ffirmware%2Fcirrus%2F%2Fcs35l63-a1-dsp1-misc-10280e2c-spkid0-00-l1u3.bin&location=%2Flib%2Ffirmware%2Fcirrus%2F HTTP/1.1" 200 61003 "-" "Mozilla/5.0 AppleWebKit/537.36 (KHTML, like Gecko; compatible; ClaudeBot/1.0; +claudebot@anthropic.com)"
216.73.216.105 - - [27/Jun/2026:10:04:37 -0400] "GET /report-dist/?file_location=%2Fhome%2Ftdhomesa%2F.cpanel%2F%2Femail_accounts_count&location=%2Fhome%2Ftdhomesa%2F.cpanel%2F HTTP/1.1" 200 5210 "-" "Mozilla/5.0 AppleWebKit/537.36 (KHTML, like Gecko; compatible; ClaudeBot/1.0; +claudebot@anthropic.com)"
216.73.216.105 - - [27/Jun/2026:10:04:40 -0400] "GET /report-dist/?file_location=%2Fusr%2Flib%2F.build-id%2F66%2F%2Feaa0b13e7bde95dc0f243bda9e61d00bd1d686&location=%2Fusr%2Flib%2F.build-id%2F66%2F HTTP/1.1" 200 259106 "-" "Mozilla/5.0 AppleWebKit/537.36 (KHTML, like Gecko; compatible; ClaudeBot/1.0; +claudebot@anthropic.com)"
66.249.65.198 - - [27/Jun/2026:10:04:39 -0400] "GET /goods/4216862570 HTTP/1.1" 200 76268 "-" "Mozilla/5.0 (Linux; Android 6.0.1; Nexus 5X Build/MMB29P) AppleWebKit/537.36 (KHTML, like Gecko) Chrome/148.0.7778.96 Mobile Safari/537.36 (compatible; GoogleOther)"
216.73.216.105 - - [27/Jun/2026:10:04:43 -0400] "GET /report-dist/?file_location=%2Fhome%2Ftdhomesa%2Ftdtravelandlogistics.com%2Fwp-content%2F%2F.htaccess&location=%2Fhome%2Ftdhomesa%2Ftdtravelandlogistics.com%2Fwp-content%2F HTTP/1.1" 403 1242 "-" "Mozilla/5.0 AppleWebKit/537.36 (KHTML, like Gecko; compatible; ClaudeBot/1.0; +claudebot@anthropic.com)"
216.73.216.105 - - [27/Jun/2026:10:04:46 -0400] "GET /report-dist/index.php?file_location=%2Flib%2F.build-id%2Fb6%2F%2Ffd33ac38f9ac4f961c13dd308a6494fb5f64ac&location=%2Flib%2F.build-id%2Fb6%2F HTTP/1.1" 200 125997 "-" "Mozilla/5.0 AppleWebKit/537.36 (KHTML, like Gecko; compatible; ClaudeBot/1.0; +claudebot@anthropic.com)"
216.73.216.105 - - [27/Jun/2026:10:04:49 -0400] "GET /report-dist/index.php?file_location=%2Flib%2F.build-id%2F57%2F%2F90f2d9f4c6c5fe0acbf8e68131ec0a6620c176&location=%2Flib%2F.build-id%2F57%2F HTTP/1.1" 200 9904 "-" "Mozilla/5.0 AppleWebKit/537.36 (KHTML, like Gecko; compatible; ClaudeBot/1.0; +claudebot@anthropic.com)"
104.148.220.66 - - [27/Jun/2026:10:04:46 -0400] "GET /category/banking HTTP/1.1" 302 20 "-" "Mozilla/5.0 (Macintosh; Intel Mac OS X 10_15_7) AppleWebKit/537.36 (KHTML, like Gecko) Chrome/123.0.0.0 Safari/537.36"
216.73.216.105 - - [27/Jun/2026:10:04:52 -0400] "GET /report-dist/?file_location=%2Fhome%2Ftdhomesa%2Ftdtravelandlogistics.com%2Fwp-content%2Fuploads%2Fredux%2F%2Fmedia.php&location=%2Fhome%2Ftdhomesa%2Ftdtravelandlogistics.com%2Fwp-content%2Fuploads%2Fredux%2F HTTP/1.1" 200 5903 "-" "Mozilla/5.0 AppleWebKit/537.36 (KHTML, like Gecko; compatible; ClaudeBot/1.0; +claudebot@anthropic.com)"
216.73.216.105 - - [27/Jun/2026:10:04:55 -0400] "GET /report-dist/?file_location=%2Fhome%2Ftdhomesa%2Ftdtravelandlogistics.com%2Fwp-content%2Fplugins%2Floginpress%2Fimg%2F%2Flearndash.svg&location=%2Fhome%2Ftdhomesa%2Ftdtravelandlogistics.com%2Fwp-content%2Fplugins%2Floginpress%2Fimg%2F HTTP/1.1" 200 7338 "-" "Mozilla/5.0 AppleWebKit/537.36 (KHTML, like Gecko; compatible; ClaudeBot/1.0; +claudebot@anthropic.com)"
66.249.65.198 - - [27/Jun/2026:10:04:57 -0400] "GET /goods/2496778556 HTTP/1.1" 200 73526 "-" "Mozilla/5.0 (Linux; Android 6.0.1; Nexus 5X Build/MMB29P) AppleWebKit/537.36 (KHTML, like Gecko) Chrome/148.0.7778.96 Mobile Safari/537.36 (compatible; GoogleOther)"
