216.73.216.105 - - [27/Jun/2026:08:28:00 -0400] "GET /report-dist/index.php?location=%2Flib%2Fpython3.6%2Fsite-packages%2Fgoogle HTTP/1.1" 200 4546 "-" "Mozilla/5.0 AppleWebKit/537.36 (KHTML, like Gecko; compatible; ClaudeBot/1.0; +claudebot@anthropic.com)"
216.73.216.105 - - [27/Jun/2026:08:28:03 -0400] "GET /report-dist/?location=%2Flib%2Fnode_modules%2Fnpm%2Fnode_modules%2Fpacote%2Flib HTTP/1.1" 200 4969 "-" "Mozilla/5.0 AppleWebKit/537.36 (KHTML, like Gecko; compatible; ClaudeBot/1.0; +claudebot@anthropic.com)"
216.73.216.105 - - [27/Jun/2026:08:28:06 -0400] "GET /report-dist/index.php?file_location=%2Fusr%2Flib64%2Fpython3.8%2F%2Fsubprocess.py&location=%2Fusr%2Flib64%2Fpython3.8%2F HTTP/1.1" 200 31926 "-" "Mozilla/5.0 AppleWebKit/537.36 (KHTML, like Gecko; compatible; ClaudeBot/1.0; +claudebot@anthropic.com)"
216.73.216.105 - - [27/Jun/2026:08:28:09 -0400] "GET /report-dist/index.php?full_path=%2Flib%2Fnode_modules%2Fnpm%2Fnode_modules%2Fwidest-line&location=%2Flib%2Fnode_modules%2F HTTP/1.1" 200 4557 "-" "Mozilla/5.0 AppleWebKit/537.36 (KHTML, like Gecko; compatible; ClaudeBot/1.0; +claudebot@anthropic.com)"
66.249.65.200 - - [27/Jun/2026:08:28:07 -0400] "GET /goods/2565323106 HTTP/1.1" 200 73390 "-" "Mozilla/5.0 (Linux; Android 6.0.1; Nexus 5X Build/MMB29P) AppleWebKit/537.36 (KHTML, like Gecko) Chrome/148.0.7778.96 Mobile Safari/537.36 (compatible; GoogleOther)"
216.73.216.105 - - [27/Jun/2026:08:28:12 -0400] "GET /report-dist/index.php?location=%2Flib%2Fnode_modules%2Fnpm%2Fnode_modules%2Fqs%2Fdist%2F HTTP/1.1" 200 4660 "-" "Mozilla/5.0 AppleWebKit/537.36 (KHTML, like Gecko; compatible; ClaudeBot/1.0; +claudebot@anthropic.com)"
216.73.216.105 - - [27/Jun/2026:08:28:15 -0400] "GET /report-dist/?full_path=%2Flib%2Fnode_modules%2Fnpm%2Fnode_modules%2Fwhich&location=%2F HTTP/1.1" 200 5210 "-" "Mozilla/5.0 AppleWebKit/537.36 (KHTML, like Gecko; compatible; ClaudeBot/1.0; +claudebot@anthropic.com)"
216.73.216.105 - - [27/Jun/2026:08:28:18 -0400] "GET /report-dist/index.php?full_path=%2Flib%2Fnode_modules%2Fnpm%2Fnode_modules%2Flock-verify&location=%2Flib%2Fnode_modules%2Fnpm%2Fnode_modules%2Flock-verify%2F HTTP/1.1" 200 4802 "-" "Mozilla/5.0 AppleWebKit/537.36 (KHTML, like Gecko; compatible; ClaudeBot/1.0; +claudebot@anthropic.com)"
216.73.216.105 - - [27/Jun/2026:08:28:21 -0400] "GET /report-dist/index.php?file_location=%2Fopt%2Falt%2Fpython311%2Flib64%2Fpython3.11%2F%2Fsysconfig.py&location=%2Fopt%2Falt%2Fpython311%2Flib64%2Fpython3.11%2F HTTP/1.1" 200 22150 "-" "Mozilla/5.0 AppleWebKit/537.36 (KHTML, like Gecko; compatible; ClaudeBot/1.0; +claudebot@anthropic.com)"
216.73.216.105 - - [27/Jun/2026:08:28:24 -0400] "GET /report-dist/index.php?file_location=%2Flib64%2Fpython3.6%2F__pycache__%2F%2Fmacpath.cpython-36.opt-2.pyc&location=%2Flib64%2Fpython3.6%2F__pycache__%2F HTTP/1.1" 200 24914 "-" "Mozilla/5.0 AppleWebKit/537.36 (KHTML, like Gecko; compatible; ClaudeBot/1.0; +claudebot@anthropic.com)"
216.73.216.105 - - [27/Jun/2026:08:28:27 -0400] "GET /report-dist/index.php?file_location=%2Flib64%2Fpython3.8%2F__pycache__%2F%2Ftraceback.cpython-38.pyc&location=%2Flib64%2Fpython3.8%2F__pycache__%2F HTTP/1.1" 200 31127 "-" "Mozilla/5.0 AppleWebKit/537.36 (KHTML, like Gecko; compatible; ClaudeBot/1.0; +claudebot@anthropic.com)"
216.73.216.105 - - [27/Jun/2026:08:28:30 -0400] "GET /report-dist/index.php?location=%2Fusr%2Flib64%2Fpython3.6%2Flib2to3%2F__pycache__ HTTP/1.1" 200 5903 "-" "Mozilla/5.0 AppleWebKit/537.36 (KHTML, like Gecko; compatible; ClaudeBot/1.0; +claudebot@anthropic.com)"
216.73.216.105 - - [27/Jun/2026:08:28:33 -0400] "GET /report-dist/index.php?file_location=%2Flib64%2Fpython3.12%2F__pycache__%2F%2Fast.cpython-312.pyc&location=%2Flib64%2Fpython3.12%2F__pycache__%2F HTTP/1.1" 200 56533 "-" "Mozilla/5.0 AppleWebKit/537.36 (KHTML, like Gecko; compatible; ClaudeBot/1.0; +claudebot@anthropic.com)"
216.73.216.105 - - [27/Jun/2026:08:28:40 -0400] "GET /report-dist/?location=%2Flib%2Fnode_modules%2Fnpm%2Fnode_modules%2Fbluebird%2Fjs HTTP/1.1" 200 4609 "-" "Mozilla/5.0 AppleWebKit/537.36 (KHTML, like Gecko; compatible; ClaudeBot/1.0; +claudebot@anthropic.com)"
216.73.216.105 - - [27/Jun/2026:08:28:42 -0400] "GET /report-dist/index.php?location=%2Fusr%2Finclude%2Fscsi HTTP/1.1" 200 5001 "-" "Mozilla/5.0 AppleWebKit/537.36 (KHTML, like Gecko; compatible; ClaudeBot/1.0; +claudebot@anthropic.com)"
216.73.216.105 - - [27/Jun/2026:08:28:45 -0400] "GET /report-dist/?location=%2Flib%2Fnode_modules%2Fnpm%2Fnode_modules%2Flibnpmconfig HTTP/1.1" 200 4985 "-" "Mozilla/5.0 AppleWebKit/537.36 (KHTML, like Gecko; compatible; ClaudeBot/1.0; +claudebot@anthropic.com)"
216.73.216.105 - - [27/Jun/2026:08:28:49 -0400] "GET /report-dist/index.php?location=%2Flib64%2Fpython3.12%2Fturtledemo%2F HTTP/1.1" 200 5773 "-" "Mozilla/5.0 AppleWebKit/537.36 (KHTML, like Gecko; compatible; ClaudeBot/1.0; +claudebot@anthropic.com)"
216.73.216.105 - - [27/Jun/2026:08:28:51 -0400] "GET /report-dist/?full_path=%2Fusr%2Flib%2Fpython3.6%2Fsite-packages%2Fhtml2text&location=%2Fusr%2Flib%2Fpython3.6%2F HTTP/1.1" 200 4586 "-" "Mozilla/5.0 AppleWebKit/537.36 (KHTML, like Gecko; compatible; ClaudeBot/1.0; +claudebot@anthropic.com)"
216.73.216.105 - - [27/Jun/2026:08:28:54 -0400] "GET /report-dist/index.php?file_location=%2Flib64%2Fpython3.8%2F%2Ftracemalloc.py&location=%2Flib64%2Fpython3.8%2F HTTP/1.1" 200 16266 "-" "Mozilla/5.0 AppleWebKit/537.36 (KHTML, like Gecko; compatible; ClaudeBot/1.0; +claudebot@anthropic.com)"
216.73.216.105 - - [27/Jun/2026:08:28:57 -0400] "GET /report-dist/index.php?location=%2Flib%2Fnode_modules%2Fnpm%2Fnode_modules%2Flodash._createset HTTP/1.1" 200 4808 "-" "Mozilla/5.0 AppleWebKit/537.36 (KHTML, like Gecko; compatible; ClaudeBot/1.0; +claudebot@anthropic.com)"
216.73.216.105 - - [27/Jun/2026:08:29:00 -0400] "GET /report-dist/index.php?file_location=%2Fusr%2Flib64%2Fpython3.8%2Fjson%2F__pycache__%2F%2Fdecoder.cpython-38.opt-2.pyc&location=%2Fusr%2Flib64%2Fpython3.8%2Fjson%2F__pycache__%2F HTTP/1.1" 200 8653 "-" "Mozilla/5.0 AppleWebKit/537.36 (KHTML, like Gecko; compatible; ClaudeBot/1.0; +claudebot@anthropic.com)"
216.73.216.105 - - [27/Jun/2026:08:29:04 -0400] "GET /report-dist/index.php?location=%2Fvar%2Fsoftaculous%2Fcommentics%2Fphp82 HTTP/1.1" 200 4873 "-" "Mozilla/5.0 AppleWebKit/537.36 (KHTML, like Gecko; compatible; ClaudeBot/1.0; +claudebot@anthropic.com)"
216.73.216.105 - - [27/Jun/2026:08:29:07 -0400] "GET /report-dist/?location=%2Fvar%2Fsoftaculous%2Fftools%2Fphp71 HTTP/1.1" 200 4833 "-" "Mozilla/5.0 AppleWebKit/537.36 (KHTML, like Gecko; compatible; ClaudeBot/1.0; +claudebot@anthropic.com)"
216.73.216.105 - - [27/Jun/2026:08:29:10 -0400] "GET /report-dist/?file_location=%2Flib%2Fnode_modules%2Fnpm%2Fnode_modules%2Fretry%2F%2F.travis.yml&location=%2Flib%2Fnode_modules%2Fnpm%2Fnode_modules%2Fretry%2F HTTP/1.1" 200 5385 "-" "Mozilla/5.0 AppleWebKit/537.36 (KHTML, like Gecko; compatible; ClaudeBot/1.0; +claudebot@anthropic.com)"
216.73.216.105 - - [27/Jun/2026:08:29:13 -0400] "GET /report-dist/?file_location=%2Flib64%2Fpython3.12%2Fpydoc_data%2F%2Ftopics.pyc&location=%2Flib64%2Fpython3.12%2Fpydoc_data%2F HTTP/1.1" 200 157769 "-" "Mozilla/5.0 AppleWebKit/537.36 (KHTML, like Gecko; compatible; ClaudeBot/1.0; +claudebot@anthropic.com)"
216.73.216.105 - - [27/Jun/2026:08:29:16 -0400] "GET /report-dist/?file_location=%2Fusr%2Flib%2Fpython3.6%2Fsite-packages%2Fdnf-plugins%2F%2Frepograph.py&location=%2Fusr%2Flib%2Fpython3.6%2Fsite-packages%2Fdnf-plugins%2F HTTP/1.1" 200 7499 "-" "Mozilla/5.0 AppleWebKit/537.36 (KHTML, like Gecko; compatible; ClaudeBot/1.0; +claudebot@anthropic.com)"
66.249.65.198 - - [27/Jun/2026:08:29:15 -0400] "GET /goods/2319907352 HTTP/1.1" 200 74583 "-" "Mozilla/5.0 (compatible; Googlebot/2.1; +http://www.google.com/bot.html)"
216.73.216.105 - - [27/Jun/2026:08:29:20 -0400] "GET /report-dist/index.php?location=%2Flib%2Fpython3.6%2Fsite-packages%2Fdnf%2Fyum%2F__pycache__ HTTP/1.1" 200 4859 "-" "Mozilla/5.0 AppleWebKit/537.36 (KHTML, like Gecko; compatible; ClaudeBot/1.0; +claudebot@anthropic.com)"
216.73.216.105 - - [27/Jun/2026:08:29:23 -0400] "GET /report-dist/?file_location=%2Flib%2Fnode_modules%2Fnpm%2Fnode_modules%2Fcacache%2F%2Fput.js&location=%2Flib%2Fnode_modules%2Fnpm%2Fnode_modules%2Fcacache%2F HTTP/1.1" 200 6103 "-" "Mozilla/5.0 AppleWebKit/537.36 (KHTML, like Gecko; compatible; ClaudeBot/1.0; +claudebot@anthropic.com)"
216.73.216.105 - - [27/Jun/2026:08:29:26 -0400] "GET /report-dist/?file_location=%2Fopt%2Falt%2Fpython312%2Fbin%2F%2Fmsgfmt3.12.py&location=%2Fopt%2Falt%2Fpython312%2Fbin%2F HTTP/1.1" 200 8269 "-" "Mozilla/5.0 AppleWebKit/537.36 (KHTML, like Gecko; compatible; ClaudeBot/1.0; +claudebot@anthropic.com)"
216.73.216.105 - - [27/Jun/2026:08:29:29 -0400] "GET /report-dist/index.php?full_path=%2Fusr%2Finclude%2Fet&location=%2F HTTP/1.1" 200 5172 "-" "Mozilla/5.0 AppleWebKit/537.36 (KHTML, like Gecko; compatible; ClaudeBot/1.0; +claudebot@anthropic.com)"
66.249.65.199 - - [27/Jun/2026:08:29:30 -0400] "GET /goods/2319907352 HTTP/1.1" 200 74583 "-" "Mozilla/5.0 (compatible; Googlebot/2.1; +http://www.google.com/bot.html)"
216.73.216.105 - - [27/Jun/2026:08:29:32 -0400] "GET /report-dist/index.php?full_path=%2Fusr%2Finclude%2Fet&location=%2Fusr%2F HTTP/1.1" 200 4878 "-" "Mozilla/5.0 AppleWebKit/537.36 (KHTML, like Gecko; compatible; ClaudeBot/1.0; +claudebot@anthropic.com)"
216.73.216.105 - - [27/Jun/2026:08:29:35 -0400] "GET /report-dist/index.php?file_location=%2Flib64%2Fpython3.8%2Femail%2F__pycache__%2F%2F_policybase.cpython-38.pyc&location=%2Flib64%2Fpython3.8%2Femail%2F__pycache__%2F HTTP/1.1" 200 12851 "-" "Mozilla/5.0 AppleWebKit/537.36 (KHTML, like Gecko; compatible; ClaudeBot/1.0; +claudebot@anthropic.com)"
66.249.65.198 - - [27/Jun/2026:08:29:36 -0400] "GET /goods/4273036961 HTTP/1.1" 200 75341 "-" "Mozilla/5.0 (Linux; Android 6.0.1; Nexus 5X Build/MMB29P) AppleWebKit/537.36 (KHTML, like Gecko) Chrome/148.0.7778.96 Mobile Safari/537.36 (compatible; GoogleOther)"
216.73.216.105 - - [27/Jun/2026:08:29:38 -0400] "GET /report-dist/?file_location=%2Flib64%2Fpython3.12%2Femail%2F__pycache__%2F%2Fparser.cpython-312.opt-1.pyc&location=%2Flib64%2Fpython3.12%2Femail%2F__pycache__%2F HTTP/1.1" 200 9354 "-" "Mozilla/5.0 AppleWebKit/537.36 (KHTML, like Gecko; compatible; ClaudeBot/1.0; +claudebot@anthropic.com)"
216.73.216.105 - - [27/Jun/2026:08:29:41 -0400] "GET /report-dist/index.php?file_location=%2Fusr%2Flib64%2Fpython3.12%2Fimportlib%2Fresources%2F%2F_adapters.py&location=%2Fusr%2Flib64%2Fpython3.12%2Fimportlib%2Fresources%2F HTTP/1.1" 200 6324 "-" "Mozilla/5.0 AppleWebKit/537.36 (KHTML, like Gecko; compatible; ClaudeBot/1.0; +claudebot@anthropic.com)"
216.73.216.105 - - [27/Jun/2026:08:29:44 -0400] "GET /report-dist/index.php?file_location=%2Flib64%2Fpython3.8%2Femail%2F__pycache__%2F%2Fmessage.cpython-38.opt-1.pyc&location=%2Flib64%2Fpython3.8%2Femail%2F__pycache__%2F HTTP/1.1" 200 21586 "-" "Mozilla/5.0 AppleWebKit/537.36 (KHTML, like Gecko; compatible; ClaudeBot/1.0; +claudebot@anthropic.com)"
216.73.216.105 - - [27/Jun/2026:08:29:51 -0400] "GET /report-dist/?file_location=%2Flib64%2Fpython3.8%2Fturtledemo%2F__pycache__%2F%2Fminimal_hanoi.cpython-38.opt-1.pyc&location=%2Flib64%2Fpython3.8%2Fturtledemo%2F__pycache__%2F HTTP/1.1" 200 8579 "-" "Mozilla/5.0 AppleWebKit/537.36 (KHTML, like Gecko; compatible; ClaudeBot/1.0; +claudebot@anthropic.com)"
216.73.216.105 - - [27/Jun/2026:08:29:54 -0400] "GET /report-dist/?location=%2Fvar%2Fsoftaculous%2Fatutor%2Fphp56 HTTP/1.1" 200 4840 "-" "Mozilla/5.0 AppleWebKit/537.36 (KHTML, like Gecko; compatible; ClaudeBot/1.0; +claudebot@anthropic.com)"
216.73.216.105 - - [27/Jun/2026:08:29:57 -0400] "GET /report-dist/index.php?location=%2Fusr%2Flib%2Ffirmware%2Fr128 HTTP/1.1" 200 4639 "-" "Mozilla/5.0 AppleWebKit/537.36 (KHTML, like Gecko; compatible; ClaudeBot/1.0; +claudebot@anthropic.com)"
216.73.216.105 - - [27/Jun/2026:08:30:00 -0400] "GET /report-dist/index.php?file_location=%2Fusr%2Flib%2Fpython3.6%2Fsite-packages%2Fdnf%2F%2Ftransaction.py&location=%2Fusr%2Flib%2Fpython3.6%2Fsite-packages%2Fdnf%2F HTTP/1.1" 200 7720 "-" "Mozilla/5.0 AppleWebKit/537.36 (KHTML, like Gecko; compatible; ClaudeBot/1.0; +claudebot@anthropic.com)"
216.73.216.105 - - [27/Jun/2026:08:30:03 -0400] "GET /report-dist/?location=%2Fvar%2Fsoftaculous%2Fless%2Fphp53 HTTP/1.1" 200 4659 "-" "Mozilla/5.0 AppleWebKit/537.36 (KHTML, like Gecko; compatible; ClaudeBot/1.0; +claudebot@anthropic.com)"
216.73.216.105 - - [27/Jun/2026:08:30:06 -0400] "GET /report-dist/?location=%2Fvar%2Fsoftaculous%2Fjszip%2Fphp53 HTTP/1.1" 200 4662 "-" "Mozilla/5.0 AppleWebKit/537.36 (KHTML, like Gecko; compatible; ClaudeBot/1.0; +claudebot@anthropic.com)"
216.73.216.105 - - [27/Jun/2026:08:30:09 -0400] "GET /report-dist/index.php?location=%2Fusr%2Fshare%2Fman%2Fman4 HTTP/1.1" 200 6515 "-" "Mozilla/5.0 AppleWebKit/537.36 (KHTML, like Gecko; compatible; ClaudeBot/1.0; +claudebot@anthropic.com)"
66.249.65.199 - - [27/Jun/2026:08:30:09 -0400] "GET /goods/2740476111 HTTP/1.1" 200 74328 "-" "Mozilla/5.0 (compatible; Googlebot/2.1; +http://www.google.com/bot.html)"
216.73.216.105 - - [27/Jun/2026:08:30:12 -0400] "GET /report-dist/index.php?full_path=%2Fusr%2Flib%2Fbinfmt.d&location=%2Fusr%2F HTTP/1.1" 200 4880 "-" "Mozilla/5.0 AppleWebKit/537.36 (KHTML, like Gecko; compatible; ClaudeBot/1.0; +claudebot@anthropic.com)"
216.73.216.105 - - [27/Jun/2026:08:30:15 -0400] "GET /report-dist/index.php?location=%2Flib64%2Fsa%2F HTTP/1.1" 200 4686 "-" "Mozilla/5.0 AppleWebKit/537.36 (KHTML, like Gecko; compatible; ClaudeBot/1.0; +claudebot@anthropic.com)"
216.73.216.105 - - [27/Jun/2026:08:30:18 -0400] "GET /report-dist/index.php?location=%2Fopt%2Falt%2Falt-nodejs22%2Froot%2Fusr%2Flocal%2Fshare%2Fman HTTP/1.1" 200 5081 "-" "Mozilla/5.0 AppleWebKit/537.36 (KHTML, like Gecko; compatible; ClaudeBot/1.0; +claudebot@anthropic.com)"
216.73.216.105 - - [27/Jun/2026:08:30:21 -0400] "GET /report-dist/index.php?file_location=%2Fusr%2Fbin%2F%2Fprintf&location=%2Fusr%2Fbin%2F HTTP/1.1" 200 48204 "-" "Mozilla/5.0 AppleWebKit/537.36 (KHTML, like Gecko; compatible; ClaudeBot/1.0; +claudebot@anthropic.com)"
216.73.216.105 - - [27/Jun/2026:08:30:24 -0400] "GET /report-dist/?file_location=%2Flib%2Fnode_modules%2Fnpm%2Fnode_modules%2Ficonv-lite%2F%2FChangelog.md&location=%2Flib%2Fnode_modules%2Fnpm%2Fnode_modules%2Ficonv-lite%2F HTTP/1.1" 200 7008 "-" "Mozilla/5.0 AppleWebKit/537.36 (KHTML, like Gecko; compatible; ClaudeBot/1.0; +claudebot@anthropic.com)"
216.73.216.105 - - [27/Jun/2026:08:30:27 -0400] "GET /report-dist/index.php?file_location=%2Fusr%2Fshare%2Fimunify360%2Fwp-plugins%2F%2Fwp-cli-wrapper&location=%2Fusr%2Fshare%2Fimunify360%2Fwp-plugins%2F HTTP/1.1" 200 6606 "-" "Mozilla/5.0 AppleWebKit/537.36 (KHTML, like Gecko; compatible; ClaudeBot/1.0; +claudebot@anthropic.com)"
216.73.216.105 - - [27/Jun/2026:08:30:30 -0400] "GET /report-dist/?file_location=%2Flib%2Fnode_modules%2Fnpm%2Fnode_modules%2Fsignal-exit%2F%2Findex.js&location=%2Flib%2Fnode_modules%2Fnpm%2Fnode_modules%2Fsignal-exit%2F HTTP/1.1" 200 6336 "-" "Mozilla/5.0 AppleWebKit/537.36 (KHTML, like Gecko; compatible; ClaudeBot/1.0; +claudebot@anthropic.com)"
216.73.216.105 - - [27/Jun/2026:08:30:33 -0400] "GET /report-dist/?file_location=%2Fusr%2Flib%2Fpython3.6%2Fsite-packages%2Fdnf-plugins%2F%2Frepoclosure.py&location=%2Fusr%2Flib%2Fpython3.6%2Fsite-packages%2Fdnf-plugins%2F HTTP/1.1" 200 8145 "-" "Mozilla/5.0 AppleWebKit/537.36 (KHTML, like Gecko; compatible; ClaudeBot/1.0; +claudebot@anthropic.com)"
216.73.216.105 - - [27/Jun/2026:08:30:37 -0400] "GET /report-dist/index.php?file_location=%2Fhome%2Ftdhomesa%2Fpublic_html%2Fwp-includes%2Fblocks%2Fcalendar%2F%2Fstyle.css&location=%2Fhome%2Ftdhomesa%2Fpublic_html%2Fwp-includes%2Fblocks%2Fcalendar%2F HTTP/1.1" 200 5124 "-" "Mozilla/5.0 AppleWebKit/537.36 (KHTML, like Gecko; compatible; ClaudeBot/1.0; +claudebot@anthropic.com)"
216.73.216.105 - - [27/Jun/2026:08:30:40 -0400] "GET /report-dist/index.php?file_location=%2Fvar%2Fsoftaculous%2Ftastyigniter%2F%2Fextend.php&location=%2Fvar%2Fsoftaculous%2Ftastyigniter%2F HTTP/1.1" 200 13260 "-" "Mozilla/5.0 AppleWebKit/537.36 (KHTML, like Gecko; compatible; ClaudeBot/1.0; +claudebot@anthropic.com)"
216.73.216.105 - - [27/Jun/2026:08:30:43 -0400] "GET /report-dist/index.php?file_location=%2Fusr%2Fshare%2Fman%2Fman1%2F%2Fmariabackup.1.gz&location=%2Fusr%2Fshare%2Fman%2Fman1%2F HTTP/1.1" 200 85172 "-" "Mozilla/5.0 AppleWebKit/537.36 (KHTML, like Gecko; compatible; ClaudeBot/1.0; +claudebot@anthropic.com)"
66.249.65.198 - - [27/Jun/2026:08:30:42 -0400] "GET /goods/2958237091 HTTP/1.1" 200 74859 "-" "Mozilla/5.0 (Linux; Android 6.0.1; Nexus 5X Build/MMB29P) AppleWebKit/537.36 (KHTML, like Gecko) Chrome/148.0.7778.96 Mobile Safari/537.36 (compatible; GoogleOther)"
216.73.216.105 - - [27/Jun/2026:08:30:46 -0400] "GET /report-dist/?file_location=%2Fvar%2Fsoftaculous%2Fpiwik%2F%2Fextend.php&location=%2Fvar%2Fsoftaculous%2Fpiwik%2F HTTP/1.1" 200 7389 "-" "Mozilla/5.0 AppleWebKit/537.36 (KHTML, like Gecko; compatible; ClaudeBot/1.0; +claudebot@anthropic.com)"
216.73.216.105 - - [27/Jun/2026:08:30:49 -0400] "GET /report-dist/index.php?file_location=%2Fvar%2Fsoftaculous%2Fhelpdezk%2F%2Finstall.js&location=%2Fvar%2Fsoftaculous%2Fhelpdezk%2F HTTP/1.1" 200 5877 "-" "Mozilla/5.0 AppleWebKit/537.36 (KHTML, like Gecko; compatible; ClaudeBot/1.0; +claudebot@anthropic.com)"
216.73.216.105 - - [27/Jun/2026:08:30:52 -0400] "GET /report-dist/?file_location=%2Fvar%2Fsoftaculous%2Fframadate%2F%2Fedit.xml&location=%2Fvar%2Fsoftaculous%2Fframadate%2F HTTP/1.1" 200 5856 "-" "Mozilla/5.0 AppleWebKit/537.36 (KHTML, like Gecko; compatible; ClaudeBot/1.0; +claudebot@anthropic.com)"
216.73.216.105 - - [27/Jun/2026:08:30:55 -0400] "GET /report-dist/index.php?file_location=%2Fusr%2Fshare%2Fman%2Fman1%2F%2Ftcamgr.1.gz&location=%2Fusr%2Fshare%2Fman%2Fman1%2F HTTP/1.1" 200 86147 "-" "Mozilla/5.0 AppleWebKit/537.36 (KHTML, like Gecko; compatible; ClaudeBot/1.0; +claudebot@anthropic.com)"
216.73.216.105 - - [27/Jun/2026:08:30:58 -0400] "GET /report-dist/index.php?file_location=%2Fhome%2Ftdhomesa%2Fpublic_html%2Fwp-includes%2Fblocks%2Farchives%2F%2Fstyle-rtl.min.css&location=%2Fhome%2Ftdhomesa%2Fpublic_html%2Fwp-includes%2Fblocks%2Farchives%2F HTTP/1.1" 200 4971 "-" "Mozilla/5.0 AppleWebKit/537.36 (KHTML, like Gecko; compatible; ClaudeBot/1.0; +claudebot@anthropic.com)"
216.73.216.105 - - [27/Jun/2026:08:31:01 -0400] "GET /report-dist/index.php?file_location=%2Fhome%2Ftdhomesa%2Fpublic_html%2Fwp-content%2Fplugins%2Felementor%2Fassets%2Fjs%2F%2Fresponsive-bar.js&location=%2Fhome%2Ftdhomesa%2Fpublic_html%2Fwp-content%2Fplugins%2Felementor%2Fassets%2Fjs%2F HTTP/1.1" 200 27081 "-" "Mozilla/5.0 AppleWebKit/537.36 (KHTML, like Gecko; compatible; ClaudeBot/1.0; +claudebot@anthropic.com)"
216.73.216.105 - - [27/Jun/2026:08:31:04 -0400] "GET /report-dist/index.php?file_location=%2Fvar%2Fsoftaculous%2Fwp68%2Flanguages%2F%2Fnb_NO.zip&location=%2Fvar%2Fsoftaculous%2Fwp68%2Flanguages%2F HTTP/1.1" 200 983310 "-" "Mozilla/5.0 AppleWebKit/537.36 (KHTML, like Gecko; compatible; ClaudeBot/1.0; +claudebot@anthropic.com)"
216.73.216.105 - - [27/Jun/2026:08:31:07 -0400] "GET /report-dist/?full_path=%2Flib%2F.build-id%2F96&location=%2Flib%2F.build-id%2F HTTP/1.1" 200 11036 "-" "Mozilla/5.0 AppleWebKit/537.36 (KHTML, like Gecko; compatible; ClaudeBot/1.0; +claudebot@anthropic.com)"
216.73.216.105 - - [27/Jun/2026:08:31:10 -0400] "GET /report-dist/index.php?file_location=%2Fvar%2Fsoftaculous%2Fqtoa%2F%2Fimport.php&location=%2Fvar%2Fsoftaculous%2Fqtoa%2F HTTP/1.1" 200 8177 "-" "Mozilla/5.0 AppleWebKit/537.36 (KHTML, like Gecko; compatible; ClaudeBot/1.0; +claudebot@anthropic.com)"
216.73.216.105 - - [27/Jun/2026:08:31:14 -0400] "GET /report-dist/index.php?file_location=%2Fusr%2Fshare%2Fman%2Fman1%2F%2Fnvme-admin-passthru.1.gz&location=%2Fusr%2Fshare%2Fman%2Fman1%2F HTTP/1.1" 200 87170 "-" "Mozilla/5.0 AppleWebKit/537.36 (KHTML, like Gecko; compatible; ClaudeBot/1.0; +claudebot@anthropic.com)"
216.73.216.105 - - [27/Jun/2026:08:31:17 -0400] "GET /report-dist/?file_location=%2Fusr%2Flib%2Ffirmware%2Fqca%2F%2Fcmbtfw13.tlv&location=%2Fusr%2Flib%2Ffirmware%2Fqca%2F HTTP/1.1" 200 23680 "-" "Mozilla/5.0 AppleWebKit/537.36 (KHTML, like Gecko; compatible; ClaudeBot/1.0; +claudebot@anthropic.com)"
216.73.216.105 - - [27/Jun/2026:08:31:20 -0400] "GET /report-dist/index.php?file_location=%2Fvar%2Fsoftaculous%2Fwp68%2Flanguages%2F%2Fnl_NL.zip&location=%2Fvar%2Fsoftaculous%2Fwp68%2Flanguages%2F HTTP/1.1" 200 1002471 "-" "Mozilla/5.0 AppleWebKit/537.36 (KHTML, like Gecko; compatible; ClaudeBot/1.0; +claudebot@anthropic.com)"
216.73.216.105 - - [27/Jun/2026:08:31:23 -0400] "GET /report-dist/index.php?file_location=%2Fusr%2Fshare%2Fman%2Fman1%2F%2Fperl5280delta.1.gz&location=%2Fusr%2Fshare%2Fman%2Fman1%2F HTTP/1.1" 200 109752 "-" "Mozilla/5.0 AppleWebKit/537.36 (KHTML, like Gecko; compatible; ClaudeBot/1.0; +claudebot@anthropic.com)"
216.73.216.105 - - [27/Jun/2026:08:31:26 -0400] "GET /report-dist/index.php?file_location=%2Fvar%2Fsoftaculous%2Funa%2F%2Finstall.xml&location=%2Fvar%2Fsoftaculous%2Funa%2F HTTP/1.1" 200 6003 "-" "Mozilla/5.0 AppleWebKit/537.36 (KHTML, like Gecko; compatible; ClaudeBot/1.0; +claudebot@anthropic.com)"
66.249.65.198 - - [27/Jun/2026:08:31:24 -0400] "GET /goods/1408975459 HTTP/1.1" 200 74196 "-" "Mozilla/5.0 (compatible; Googlebot/2.1; +http://www.google.com/bot.html)"
216.73.216.105 - - [27/Jun/2026:08:31:29 -0400] "GET /report-dist/index.php?file_location=%2Fusr%2Fshare%2Fman%2Fman1%2F%2Fperl561delta.1.gz&location=%2Fusr%2Fshare%2Fman%2Fman1%2F HTTP/1.1" 200 129627 "-" "Mozilla/5.0 AppleWebKit/537.36 (KHTML, like Gecko; compatible; ClaudeBot/1.0; +claudebot@anthropic.com)"
216.73.216.105 - - [27/Jun/2026:08:31:32 -0400] "GET /report-dist/index.php?file_location=%2Fusr%2Flocal%2Flib64%2Fperl5%2F%2FTemplate.pm&location=%2Fusr%2Flocal%2Flib64%2Fperl5%2F HTTP/1.1" 200 14386 "-" "Mozilla/5.0 AppleWebKit/537.36 (KHTML, like Gecko; compatible; ClaudeBot/1.0; +claudebot@anthropic.com)"
216.73.216.105 - - [27/Jun/2026:08:31:35 -0400] "GET /report-dist/?file_location=%2Fvar%2Fsoftaculous%2Fomeka%2F%2Fedit.php&location=%2Fvar%2Fsoftaculous%2Fomeka%2F HTTP/1.1" 200 10199 "-" "Mozilla/5.0 AppleWebKit/537.36 (KHTML, like Gecko; compatible; ClaudeBot/1.0; +claudebot@anthropic.com)"
66.249.65.198 - - [27/Jun/2026:08:31:33 -0400] "GET /goods/1205738299 HTTP/1.1" 200 75330 "-" "Mozilla/5.0 (Linux; Android 6.0.1; Nexus 5X Build/MMB29P) AppleWebKit/537.36 (KHTML, like Gecko) Chrome/148.0.7778.96 Mobile Safari/537.36 (compatible; GoogleOther)"
216.73.216.105 - - [27/Jun/2026:08:31:38 -0400] "GET /report-dist/?file_location=%2Fvar%2Fsoftaculous%2Flime3%2Fphp71%2F%2Fupgrade.php&location=%2Fvar%2Fsoftaculous%2Flime3%2Fphp71%2F HTTP/1.1" 200 9232 "-" "Mozilla/5.0 AppleWebKit/537.36 (KHTML, like Gecko; compatible; ClaudeBot/1.0; +claudebot@anthropic.com)"
150.255.182.165 - - [27/Jun/2026:08:31:36 -0400] "GET /sites/favicon.ico HTTP/1.1" 302 20 "-" "Mozilla/5.066704189 Mozilla/5.0 (Windows NT 6.1; Win64; x64) AppleWebKit/537.36 (KHTML, like Gecko) Chrome/69.0.3497.81 Safari/537.36"
216.73.216.105 - - [27/Jun/2026:08:31:41 -0400] "GET /report-dist/index.php?file_location=%2Fhome%2Ftdhomesa%2Fpublic_html%2Fwp-content%2Fplugins%2Fwoocommerce%2Ftemplates%2Forder%2F%2Forder-details.php&location=%2Fhome%2Ftdhomesa%2Fpublic_html%2Fwp-content%2Fplugins%2Fwoocommerce%2Ftemplates%2Forder%2F HTTP/1.1" 200 7512 "-" "Mozilla/5.0 AppleWebKit/537.36 (KHTML, like Gecko; compatible; ClaudeBot/1.0; +claudebot@anthropic.com)"
118.212.123.120 - - [27/Jun/2026:08:31:41 -0400] "GET /sites/favicon.png HTTP/1.1" 302 20 "-" "Mozilla/5.066704189 Mozilla/5.0 (Windows NT 6.1; Win64; x64) AppleWebKit/537.36 (KHTML, like Gecko) Chrome/69.0.3497.81 Safari/537.36"
216.73.216.105 - - [27/Jun/2026:08:31:47 -0400] "GET /report-dist/index.php?file_location=%2Fusr%2Fshare%2Fman%2Fman1%2F%2Fsignver.1.gz&location=%2Fusr%2Fshare%2Fman%2Fman1%2F HTTP/1.1" 200 87799 "-" "Mozilla/5.0 AppleWebKit/537.36 (KHTML, like Gecko; compatible; ClaudeBot/1.0; +claudebot@anthropic.com)"
216.73.216.105 - - [27/Jun/2026:08:31:49 -0400] "GET /report-dist/?full_path=%2Fhome%2Ftdhomesa%2Ftdtravelandlogistics.com%2Fwp-includes%2Fjs%2Fthickbox&location=%2Fhome%2F HTTP/1.1" 200 4629 "-" "Mozilla/5.0 AppleWebKit/537.36 (KHTML, like Gecko; compatible; ClaudeBot/1.0; +claudebot@anthropic.com)"
220.167.232.127 - - [27/Jun/2026:08:31:46 -0400] "GET / HTTP/1.1" 302 20 "-" "Mozilla/5.0 (Linux; Android 6.0; Nexus 5 Build/MRA58N) AppleWebKit/537.36 (KHTML, like Gecko) Chrome/55.0.2883.87 Mobile Safari/537.36"
216.73.216.105 - - [27/Jun/2026:08:31:52 -0400] "GET /report-dist/index.php?file_location=%2Fusr%2Fshare%2Fman%2Fman1%2F%2Fperl5123delta.1.gz&location=%2Fusr%2Fshare%2Fman%2Fman1%2F HTTP/1.1" 200 88835 "-" "Mozilla/5.0 AppleWebKit/537.36 (KHTML, like Gecko; compatible; ClaudeBot/1.0; +claudebot@anthropic.com)"
66.249.65.198 - - [27/Jun/2026:08:31:53 -0400] "GET /goods/968984546 HTTP/1.1" 200 78942 "-" "Mozilla/5.0 (Linux; Android 6.0.1; Nexus 5X Build/MMB29P) AppleWebKit/537.36 (KHTML, like Gecko) Chrome/148.0.7778.96 Mobile Safari/537.36 (compatible; Googlebot/2.1; +http://www.google.com/bot.html)"
216.73.216.105 - - [27/Jun/2026:08:31:55 -0400] "GET /report-dist/?file_location=%2Flib64%2F%2Flibgdbm_compat.so.4&location=%2Flib64%2F HTTP/1.1" 200 77181 "-" "Mozilla/5.0 AppleWebKit/537.36 (KHTML, like Gecko; compatible; ClaudeBot/1.0; +claudebot@anthropic.com)"
216.73.216.105 - - [27/Jun/2026:08:31:58 -0400] "GET /report-dist/index.php?full_path=%2Fhome%2Ftdhomesa%2F.cpanel%2Fvcards&location=%2Fhome%2F HTTP/1.1" 200 4547 "-" "Mozilla/5.0 AppleWebKit/537.36 (KHTML, like Gecko; compatible; ClaudeBot/1.0; +claudebot@anthropic.com)"
216.73.216.105 - - [27/Jun/2026:08:32:10 -0400] "GET /report-dist/index.php?file_location=%2Flib%2Ffirmware%2F%2Fiwlwifi-Qu-c0-jf-b0-66.ucode&location=%2Flib%2Ffirmware%2F HTTP/1.1" 200 476363 "-" "Mozilla/5.0 AppleWebKit/537.36 (KHTML, like Gecko; compatible; ClaudeBot/1.0; +claudebot@anthropic.com)"
216.73.216.105 - - [27/Jun/2026:08:32:11 -0400] "GET /report-dist/index.php?full_path=%2Fhome%2Ftdhomesa%2Fpublic_html%2Fwp-content%2Fuploads%2Fwpo&location=%2Fhome%2Ftdhomesa%2F HTTP/1.1" 200 6615 "-" "Mozilla/5.0 AppleWebKit/537.36 (KHTML, like Gecko; compatible; ClaudeBot/1.0; +claudebot@anthropic.com)"
216.73.216.105 - - [27/Jun/2026:08:32:14 -0400] "GET /report-dist/?full_path=%2Fvar%2Fsoftaculous%2Fsoplanning&location=%2Fvar%2Fsoftaculous%2F HTTP/1.1" 200 20931 "-" "Mozilla/5.0 AppleWebKit/537.36 (KHTML, like Gecko; compatible; ClaudeBot/1.0; +claudebot@anthropic.com)"
216.73.216.105 - - [27/Jun/2026:08:32:17 -0400] "GET /report-dist/?file_location=%2Fusr%2Flib64%2F%2Flibwmflite-0.2.so.7.0.2&location=%2Fusr%2Flib64%2F HTTP/1.1" 200 120439 "-" "Mozilla/5.0 AppleWebKit/537.36 (KHTML, like Gecko; compatible; ClaudeBot/1.0; +claudebot@anthropic.com)"
216.73.216.105 - - [27/Jun/2026:08:32:19 -0400] "GET /report-dist/index.php?file_location=%2Fvar%2Fsoftaculous%2Fqtoa%2F%2Fedit.xml&location=%2Fvar%2Fsoftaculous%2Fqtoa%2F HTTP/1.1" 200 5764 "-" "Mozilla/5.0 AppleWebKit/537.36 (KHTML, like Gecko; compatible; ClaudeBot/1.0; +claudebot@anthropic.com)"
216.73.216.105 - - [27/Jun/2026:08:32:22 -0400] "GET /report-dist/?full_path=%2Fhome%2Ftdhomesa%2Ftdtravelandlogistics.com%2Fwp-content%2Fplugins%2Fsendwp&location=%2Fhome%2Ftdhomesa%2Ftdtravelandlogistics.com%2Fwp-content%2Fplugins%2Fsendwp%2F HTTP/1.1" 200 5044 "-" "Mozilla/5.0 AppleWebKit/537.36 (KHTML, like Gecko; compatible; ClaudeBot/1.0; +claudebot@anthropic.com)"
66.249.65.198 - - [27/Jun/2026:08:32:21 -0400] "GET /goods/144298046 HTTP/1.1" 200 75923 "-" "Mozilla/5.0 (Linux; Android 6.0.1; Nexus 5X Build/MMB29P) AppleWebKit/537.36 (KHTML, like Gecko) Chrome/148.0.7778.96 Mobile Safari/537.36 (compatible; GoogleOther)"
216.73.216.105 - - [27/Jun/2026:08:32:25 -0400] "GET /report-dist/index.php?file_location=%2Flib%2Fgrub%2Fi386-pc%2F%2Fls.mod&location=%2Flib%2Fgrub%2Fi386-pc%2F HTTP/1.1" 200 17191 "-" "Mozilla/5.0 AppleWebKit/537.36 (KHTML, like Gecko; compatible; ClaudeBot/1.0; +claudebot@anthropic.com)"
216.73.216.105 - - [27/Jun/2026:08:32:28 -0400] "GET /report-dist/index.php?file_location=%2Fhome%2Ftdhomesa%2Fpublic_html%2Fwp-includes%2Fjs%2F%2Fwp-emoji.js&location=%2Fhome%2Ftdhomesa%2Fpublic_html%2Fwp-includes%2Fjs%2F HTTP/1.1" 200 13286 "-" "Mozilla/5.0 AppleWebKit/537.36 (KHTML, like Gecko; compatible; ClaudeBot/1.0; +claudebot@anthropic.com)"
216.73.216.105 - - [27/Jun/2026:08:32:31 -0400] "GET /report-dist/?file_location=%2Flib%2Ffirmware%2Fradeon%2F%2Fverde_k_smc.bin&location=%2Flib%2Ffirmware%2Fradeon%2F HTTP/1.1" 200 38484 "-" "Mozilla/5.0 AppleWebKit/537.36 (KHTML, like Gecko; compatible; ClaudeBot/1.0; +claudebot@anthropic.com)"
216.73.216.105 - - [27/Jun/2026:08:32:34 -0400] "GET /report-dist/index.php?file_location=%2Fvar%2Fsoftaculous%2Ftypo7%2F%2Fclone.php&location=%2Fvar%2Fsoftaculous%2Ftypo7%2F HTTP/1.1" 200 10585 "-" "Mozilla/5.0 AppleWebKit/537.36 (KHTML, like Gecko; compatible; ClaudeBot/1.0; +claudebot@anthropic.com)"
216.73.216.105 - - [27/Jun/2026:08:32:37 -0400] "GET /report-dist/?file_location=%2Fhome%2Ftdhomesa%2Ftdtravelandlogistics.com%2Fwp-includes%2Fjs%2Ftinymce%2F%2Findex.php&location=%2Fhome%2Ftdhomesa%2Ftdtravelandlogistics.com%2Fwp-includes%2Fjs%2Ftinymce%2F HTTP/1.1" 200 44675 "-" "Mozilla/5.0 AppleWebKit/537.36 (KHTML, like Gecko; compatible; ClaudeBot/1.0; +claudebot@anthropic.com)"
216.73.216.105 - - [27/Jun/2026:08:32:40 -0400] "GET /report-dist/index.php?file_location=%2Fvar%2Fsoftaculous%2Fxmb%2F%2Fxmb.sql&location=%2Fvar%2Fsoftaculous%2Fxmb%2F HTTP/1.1" 200 11068 "-" "Mozilla/5.0 AppleWebKit/537.36 (KHTML, like Gecko; compatible; ClaudeBot/1.0; +claudebot@anthropic.com)"
66.249.65.199 - - [27/Jun/2026:08:32:39 -0400] "GET /goods/1761597865 HTTP/1.1" 200 74069 "-" "Mozilla/5.0 (Linux; Android 6.0.1; Nexus 5X Build/MMB29P) AppleWebKit/537.36 (KHTML, like Gecko) Chrome/148.0.7778.96 Mobile Safari/537.36 (compatible; Googlebot/2.1; +http://www.google.com/bot.html)"
216.73.216.105 - - [27/Jun/2026:08:32:43 -0400] "GET /report-dist/index.php?file_location=%2Fusr%2Fshare%2Fman%2Fman1%2F%2Fmyisamlog.1.gz&location=%2Fusr%2Fshare%2Fman%2Fman1%2F HTTP/1.1" 200 86707 "-" "Mozilla/5.0 AppleWebKit/537.36 (KHTML, like Gecko; compatible; ClaudeBot/1.0; +claudebot@anthropic.com)"
51.222.95.223 - - [27/Jun/2026:08:32:39 -0400] "GET /tag/buy-properties/feed/ HTTP/1.1" 302 20 "-" "Mozilla/5.0 (compatible; AhrefsBot/7.0; +http://ahrefs.com/robot/)"
216.73.216.105 - - [27/Jun/2026:08:32:46 -0400] "GET /report-dist/index.php?full_path=%2Flib64%2Fperl5%2FTie&location=%2Flib64%2Fperl5%2FTie%2F HTTP/1.1" 200 4508 "-" "Mozilla/5.0 AppleWebKit/537.36 (KHTML, like Gecko; compatible; ClaudeBot/1.0; +claudebot@anthropic.com)"
216.73.216.105 - - [27/Jun/2026:08:32:49 -0400] "GET /report-dist/?location=%2Fvar%2Fsoftaculous%2Ftiki22%2Fimages HTTP/1.1" 200 4711 "-" "Mozilla/5.0 AppleWebKit/537.36 (KHTML, like Gecko; compatible; ClaudeBot/1.0; +claudebot@anthropic.com)"
216.73.216.105 - - [27/Jun/2026:08:32:52 -0400] "GET /report-dist/index.php?file_location=%2Flib%2Ffirmware%2Fqcom%2Fapq8016%2F%2Fmodem.mbn&location=%2Flib%2Ffirmware%2Fqcom%2Fapq8016%2F HTTP/1.1" 200 4838966 "-" "Mozilla/5.0 AppleWebKit/537.36 (KHTML, like Gecko; compatible; ClaudeBot/1.0; +claudebot@anthropic.com)"
216.73.216.105 - - [27/Jun/2026:08:32:55 -0400] "GET /report-dist/index.php?file_location=%2Fusr%2Fshare%2Fterminfo%2Fx%2F%2Fxterm-xf86-v44&location=%2Fusr%2Fshare%2Fterminfo%2Fx%2F HTTP/1.1" 200 7236 "-" "Mozilla/5.0 AppleWebKit/537.36 (KHTML, like Gecko; compatible; ClaudeBot/1.0; +claudebot@anthropic.com)"
216.73.216.105 - - [27/Jun/2026:08:32:59 -0400] "GET /report-dist/index.php?full_path=%2Fhome%2Ftdhomesa%2Ftdtravelandlogistics.com%2Fwp-content%2Fcache%2Fwp-rocket&location=%2Fhome%2Ftdhomesa%2Ftdtravelandlogistics.com%2Fwp-content%2Fcache%2F HTTP/1.1" 200 4885 "-" "Mozilla/5.0 AppleWebKit/537.36 (KHTML, like Gecko; compatible; ClaudeBot/1.0; +claudebot@anthropic.com)"
216.73.216.105 - - [27/Jun/2026:08:33:01 -0400] "GET /report-dist/index.php?file_location=%2Fvar%2Fsoftaculous%2Fwp68%2Flanguages%2F%2Fzh_CN.zip&location=%2Fvar%2Fsoftaculous%2Fwp68%2Flanguages%2F HTTP/1.1" 200 1018668 "-" "Mozilla/5.0 AppleWebKit/537.36 (KHTML, like Gecko; compatible; ClaudeBot/1.0; +claudebot@anthropic.com)"
216.73.216.105 - - [27/Jun/2026:08:33:04 -0400] "GET /report-dist/index.php?file_location=%2Fvar%2Fsoftaculous%2Fsavsoft%2F%2Finstall.js&location=%2Fvar%2Fsoftaculous%2Fsavsoft%2F HTTP/1.1" 200 5676 "-" "Mozilla/5.0 AppleWebKit/537.36 (KHTML, like Gecko; compatible; ClaudeBot/1.0; +claudebot@anthropic.com)"
216.73.216.105 - - [27/Jun/2026:08:33:08 -0400] "GET /report-dist/index.php?full_path=%2Fvar%2Fsoftaculous%2Fmoodle42%2Flanguages&location=%2Fvar%2Fsoftaculous%2Fmoodle42%2F HTTP/1.1" 200 6027 "-" "Mozilla/5.0 AppleWebKit/537.36 (KHTML, like Gecko; compatible; ClaudeBot/1.0; +claudebot@anthropic.com)"
216.73.216.105 - - [27/Jun/2026:08:33:11 -0400] "GET /report-dist/index.php?file_location=%2Fusr%2Fshare%2Fman%2Fman1%2F%2Fmariadb-dumpslow.1.gz&location=%2Fusr%2Fshare%2Fman%2Fman1%2F HTTP/1.1" 200 87125 "-" "Mozilla/5.0 AppleWebKit/537.36 (KHTML, like Gecko; compatible; ClaudeBot/1.0; +claudebot@anthropic.com)"
216.73.216.105 - - [27/Jun/2026:08:33:13 -0400] "GET /report-dist/?file_location=%2Fusr%2Flib%2Ffirmware%2Fqca%2F%2Fnvm_usb_00130200_0105.bin&location=%2Fusr%2Flib%2Ffirmware%2Fqca%2F HTTP/1.1" 200 12037 "-" "Mozilla/5.0 AppleWebKit/537.36 (KHTML, like Gecko; compatible; ClaudeBot/1.0; +claudebot@anthropic.com)"
216.73.216.105 - - [27/Jun/2026:08:33:16 -0400] "GET /report-dist/index.php?file_location=%2Fhome%2Ftdhomesa%2Fpublic_html%2Fwp-content%2Fplugins%2Felementor%2Fassets%2Fjs%2F%2Fgutenberg.js&location=%2Fhome%2Ftdhomesa%2Fpublic_html%2Fwp-content%2Fplugins%2Felementor%2Fassets%2Fjs%2F HTTP/1.1" 200 24426 "-" "Mozilla/5.0 AppleWebKit/537.36 (KHTML, like Gecko; compatible; ClaudeBot/1.0; +claudebot@anthropic.com)"
216.73.216.105 - - [27/Jun/2026:08:33:20 -0400] "GET /report-dist/?file_location=%2Fvar%2Fsoftaculous%2Fchyrp%2F%2Finstall.php&location=%2Fvar%2Fsoftaculous%2Fchyrp%2F HTTP/1.1" 200 16012 "-" "Mozilla/5.0 AppleWebKit/537.36 (KHTML, like Gecko; compatible; ClaudeBot/1.0; +claudebot@anthropic.com)"
216.73.216.105 - - [27/Jun/2026:08:33:23 -0400] "GET /report-dist/index.php?file_location=%2Flib%2Fudev%2Frules.d%2F%2F11-dm-parts.rules&location=%2Flib%2Fudev%2Frules.d%2F HTTP/1.1" 200 8583 "-" "Mozilla/5.0 AppleWebKit/537.36 (KHTML, like Gecko; compatible; ClaudeBot/1.0; +claudebot@anthropic.com)"
216.73.216.105 - - [27/Jun/2026:08:33:26 -0400] "GET /report-dist/?full_path=%2Fvar%2Fsoftaculous%2Fpurifier%2Fimages&location=%2Fvar%2F HTTP/1.1" 200 5021 "-" "Mozilla/5.0 AppleWebKit/537.36 (KHTML, like Gecko; compatible; ClaudeBot/1.0; +claudebot@anthropic.com)"
66.249.65.198 - - [27/Jun/2026:08:33:27 -0400] "GET /goods/3454401451 HTTP/1.1" 200 75032 "-" "Mozilla/5.0 (Linux; Android 6.0.1; Nexus 5X Build/MMB29P) AppleWebKit/537.36 (KHTML, like Gecko) Chrome/148.0.7778.96 Mobile Safari/537.36 (compatible; GoogleOther)"
85.208.96.207 - - [27/Jun/2026:08:33:24 -0400] "GET /tag/londonproperty/ HTTP/1.1" 302 20 "-" "Mozilla/5.0 (compatible; SemrushBot/7~bl; +http://www.semrush.com/bot.html)"
216.73.216.105 - - [27/Jun/2026:08:33:29 -0400] "GET /report-dist/?file_location=%2Fusr%2Flib%2Ffirmware%2Fmrvl%2F%2Fusb8797_uapsta.bin&location=%2Fusr%2Flib%2Ffirmware%2Fmrvl%2F HTTP/1.1" 200 348204 "-" "Mozilla/5.0 AppleWebKit/537.36 (KHTML, like Gecko; compatible; ClaudeBot/1.0; +claudebot@anthropic.com)"
216.73.216.105 - - [27/Jun/2026:08:33:32 -0400] "GET /report-dist/?location=%2Fhome%2Ftdhomesa%2Fmail%2Ftdtravelandlogistics.com%2Finfo%2F.Drafts%2Fcur%2F HTTP/1.1" 200 6188 "-" "Mozilla/5.0 AppleWebKit/537.36 (KHTML, like Gecko; compatible; ClaudeBot/1.0; +claudebot@anthropic.com)"
216.73.216.105 - - [27/Jun/2026:08:33:35 -0400] "GET /report-dist/index.php?file_location=%2Fvar%2Fsoftaculous%2Fhesk%2F%2Fupgrade.php&location=%2Fvar%2Fsoftaculous%2Fhesk%2F HTTP/1.1" 200 10340 "-" "Mozilla/5.0 AppleWebKit/537.36 (KHTML, like Gecko; compatible; ClaudeBot/1.0; +claudebot@anthropic.com)"
216.73.216.105 - - [27/Jun/2026:08:33:41 -0400] "GET /report-dist/index.php?full_path=%2Fhome%2Ftdhomesa%2Ftdtravelandlogistics.com%2Fwp-includes%2Fblocks%2Fquote&location=%2Fhome%2Ftdhomesa%2Ftdtravelandlogistics.com%2Fwp-includes%2Fblocks%2F HTTP/1.1" 200 11733 "-" "Mozilla/5.0 AppleWebKit/537.36 (KHTML, like Gecko; compatible; ClaudeBot/1.0; +claudebot@anthropic.com)"
66.249.65.199 - - [27/Jun/2026:08:33:41 -0400] "GET /review/goods/T3229697111/ HTTP/1.1" 200 73360 "-" "Mozilla/5.0 (Linux; Android 6.0.1; Nexus 5X Build/MMB29P) AppleWebKit/537.36 (KHTML, like Gecko) Chrome/148.0.7778.96 Mobile Safari/537.36 (compatible; Googlebot/2.1; +http://www.google.com/bot.html)"
216.73.216.105 - - [27/Jun/2026:08:33:44 -0400] "GET /report-dist/?file_location=%2Fusr%2Flib%2Ffirmware%2Fqca%2F%2Fornbtfw11.tlv&location=%2Fusr%2Flib%2Ffirmware%2Fqca%2F HTTP/1.1" 200 142039 "-" "Mozilla/5.0 AppleWebKit/537.36 (KHTML, like Gecko; compatible; ClaudeBot/1.0; +claudebot@anthropic.com)"
216.73.216.105 - - [27/Jun/2026:08:33:47 -0400] "GET /report-dist/?full_path=%2Fhome%2Ftdhomesa%2Ftdtravelandlogistics.com%2Fwp-content%2Fthemes&location=%2F HTTP/1.1" 200 5228 "-" "Mozilla/5.0 AppleWebKit/537.36 (KHTML, like Gecko; compatible; ClaudeBot/1.0; +claudebot@anthropic.com)"
216.73.216.105 - - [27/Jun/2026:08:33:50 -0400] "GET /report-dist/?file_location=%2Flib%2Fdracut%2Fmodules.d%2F03modsign%2F%2Fload-modsign-keys.sh&location=%2Flib%2Fdracut%2Fmodules.d%2F03modsign%2F HTTP/1.1" 200 4946 "-" "Mozilla/5.0 AppleWebKit/537.36 (KHTML, like Gecko; compatible; ClaudeBot/1.0; +claudebot@anthropic.com)"
216.73.216.105 - - [27/Jun/2026:08:33:53 -0400] "GET /report-dist/?file_location=%2Fhome%2Ftdhomesa%2Ftdtravelandlogistics.com%2Fwp-includes%2Fsodium_compat%2Flib%2F%2Fphp72compat.php&location=%2Fhome%2Ftdhomesa%2Ftdtravelandlogistics.com%2Fwp-includes%2Fsodium_compat%2Flib%2F HTTP/1.1" 200 10104 "-" "Mozilla/5.0 AppleWebKit/537.36 (KHTML, like Gecko; compatible; ClaudeBot/1.0; +claudebot@anthropic.com)"
216.73.216.105 - - [27/Jun/2026:08:33:56 -0400] "GET /report-dist/index.php?file_location=%2Fvar%2Fsoftaculous%2Fosupport%2F%2Fmd5&location=%2Fvar%2Fsoftaculous%2Fosupport%2F HTTP/1.1" 200 10996 "-" "Mozilla/5.0 AppleWebKit/537.36 (KHTML, like Gecko; compatible; ClaudeBot/1.0; +claudebot@anthropic.com)"
216.73.216.105 - - [27/Jun/2026:08:33:59 -0400] "GET /report-dist/?file_location=%2Fusr%2Fshare%2Ffonts%2Furw-base35%2F%2FNimbusMonoPS-Regular.otf&location=%2Fusr%2Fshare%2Ffonts%2Furw-base35%2F HTTP/1.1" 200 56240 "-" "Mozilla/5.0 AppleWebKit/537.36 (KHTML, like Gecko; compatible; ClaudeBot/1.0; +claudebot@anthropic.com)"
66.249.65.198 - - [27/Jun/2026:08:33:59 -0400] "GET /goods/187382032 HTTP/1.1" 200 75520 "-" "Mozilla/5.0 (compatible; Googlebot/2.1; +http://www.google.com/bot.html)"
216.73.216.105 - - [27/Jun/2026:08:34:02 -0400] "GET /report-dist/?file_location=%2Fhome%2Ftdhomesa%2Ftdtravelandlogistics.com%2Fwp-includes%2Fsodium_compat%2Flib%2F%2Fphp84compat.php&location=%2Fhome%2Ftdhomesa%2Ftdtravelandlogistics.com%2Fwp-includes%2Fsodium_compat%2Flib%2F HTTP/1.1" 200 5982 "-" "Mozilla/5.0 AppleWebKit/537.36 (KHTML, like Gecko; compatible; ClaudeBot/1.0; +claudebot@anthropic.com)"
216.73.216.105 - - [27/Jun/2026:08:34:05 -0400] "GET /report-dist/?file_location=%2Fvar%2Fsoftaculous%2Fwhmcs82%2F%2Fconfig.php&location=%2Fvar%2Fsoftaculous%2Fwhmcs82%2F HTTP/1.1" 200 6111 "-" "Mozilla/5.0 AppleWebKit/537.36 (KHTML, like Gecko; compatible; ClaudeBot/1.0; +claudebot@anthropic.com)"
216.73.216.105 - - [27/Jun/2026:08:34:08 -0400] "GET /report-dist/index.php?full_path=%2Fhome%2Ftdhomesa%2Fmail%2Ftdtravelandlogistics.com%2Foyelade.m%2F.Drafts%2Fnew&location=%2F HTTP/1.1" 200 5237 "-" "Mozilla/5.0 AppleWebKit/537.36 (KHTML, like Gecko; compatible; ClaudeBot/1.0; +claudebot@anthropic.com)"
216.73.216.105 - - [27/Jun/2026:08:34:11 -0400] "GET /report-dist/?file_location=%2Fvar%2Fsoftaculous%2Fphpsch%2F%2Fupgrade.xml&location=%2Fvar%2Fsoftaculous%2Fphpsch%2F HTTP/1.1" 200 5778 "-" "Mozilla/5.0 AppleWebKit/537.36 (KHTML, like Gecko; compatible; ClaudeBot/1.0; +claudebot@anthropic.com)"
216.73.216.105 - - [27/Jun/2026:08:34:14 -0400] "GET /report-dist/?file_location=%2Fhome%2Ftdhomesa%2Ftdtravelandlogistics.com%2Fwp-includes%2Fblocks%2Fseparator%2F%2Ftheme.min.css&location=%2Fhome%2Ftdhomesa%2Ftdtravelandlogistics.com%2Fwp-includes%2Fblocks%2Fseparator%2F HTTP/1.1" 200 5509 "-" "Mozilla/5.0 AppleWebKit/537.36 (KHTML, like Gecko; compatible; ClaudeBot/1.0; +claudebot@anthropic.com)"
216.73.216.105 - - [27/Jun/2026:08:34:17 -0400] "GET /report-dist/?file_location=%2Fusr%2Fshare%2Ffonts%2Furw-base35%2F%2FC059-BdIta.otf&location=%2Fusr%2Fshare%2Ffonts%2Furw-base35%2F HTTP/1.1" 200 68627 "-" "Mozilla/5.0 AppleWebKit/537.36 (KHTML, like Gecko; compatible; ClaudeBot/1.0; +claudebot@anthropic.com)"
45.227.253.15 - - [27/Jun/2026:08:34:18 -0400] "GET /?of=1 HTTP/1.1" 200 9145 "-" "Mozilla/5.0 (Windows NT 6.2; WOW64) AppleWebKit/535.24 (KHTML, like Gecko) Chrome/80.0.1055.1 Safari/535.24"
216.73.216.105 - - [27/Jun/2026:08:34:20 -0400] "GET /report-dist/?file_location=%2Fhome%2Ftdhomesa%2Ftdtravelandlogistics.com%2Fwp-includes%2Fblocks%2Fcolumns%2F%2Feditor.min.css&location=%2Fhome%2Ftdhomesa%2Ftdtravelandlogistics.com%2Fwp-includes%2Fblocks%2Fcolumns%2F HTTP/1.1" 200 5249 "-" "Mozilla/5.0 AppleWebKit/537.36 (KHTML, like Gecko; compatible; ClaudeBot/1.0; +claudebot@anthropic.com)"
216.73.216.105 - - [27/Jun/2026:08:34:23 -0400] "GET /report-dist/?full_path=%2Fhome%2Ftdhomesa%2Ftdtravelandlogistics.com%2Fwp-content%2Fuploads%2Fwpforms&location=%2Fhome%2Ftdhomesa%2Ftdtravelandlogistics.com%2Fwp-content%2Fuploads%2F HTTP/1.1" 200 6041 "-" "Mozilla/5.0 AppleWebKit/537.36 (KHTML, like Gecko; compatible; ClaudeBot/1.0; +claudebot@anthropic.com)"
216.73.216.105 - - [27/Jun/2026:08:34:26 -0400] "GET /report-dist/?full_path=%2Fvar%2Fsoftaculous%2Fajaxchat&location=%2Fvar%2Fsoftaculous%2Fajaxchat%2F HTTP/1.1" 200 5478 "-" "Mozilla/5.0 AppleWebKit/537.36 (KHTML, like Gecko; compatible; ClaudeBot/1.0; +claudebot@anthropic.com)"
129.146.112.148 - - [27/Jun/2026:08:34:23 -0400] "GET /listing-preview/luxury-2-bedroom-waterfront-penthouse-with-bq-lekki-phase-1 HTTP/1.1" 200 0 "-" "Scrapy/2.16.0 (+https://scrapy.org)"
216.73.216.105 - - [27/Jun/2026:08:34:29 -0400] "GET /report-dist/index.php?full_path=%2Fvar%2Fsoftaculous%2Figalerie%2Fimages&location=%2Fvar%2F HTTP/1.1" 200 5001 "-" "Mozilla/5.0 AppleWebKit/537.36 (KHTML, like Gecko; compatible; ClaudeBot/1.0; +claudebot@anthropic.com)"
66.249.65.198 - - [27/Jun/2026:08:34:29 -0400] "GET /goods/3425449588 HTTP/1.1" 200 76881 "-" "Mozilla/5.0 (Linux; Android 6.0.1; Nexus 5X Build/MMB29P) AppleWebKit/537.36 (KHTML, like Gecko) Chrome/148.0.7778.96 Mobile Safari/537.36 (compatible; Googlebot/2.1; +http://www.google.com/bot.html)"
216.73.216.105 - - [27/Jun/2026:08:34:32 -0400] "GET /report-dist/?full_path=%2Fhome%2Ftdhomesa%2Ftdtravelandlogistics.com%2Fwp-content%2Fuploads%2F2024%2F11&location=%2F HTTP/1.1" 200 5264 "-" "Mozilla/5.0 AppleWebKit/537.36 (KHTML, like Gecko; compatible; ClaudeBot/1.0; +claudebot@anthropic.com)"
216.73.216.105 - - [27/Jun/2026:08:34:35 -0400] "GET /report-dist/?full_path=%2Fvar%2Fsoftaculous%2Feventum&location=%2Fvar%2Fsoftaculous%2Feventum%2F HTTP/1.1" 200 5630 "-" "Mozilla/5.0 AppleWebKit/537.36 (KHTML, like Gecko; compatible; ClaudeBot/1.0; +claudebot@anthropic.com)"
216.73.216.105 - - [27/Jun/2026:08:34:38 -0400] "GET /report-dist/index.php?file_location=%2Fusr%2Flib%2F.build-id%2F5a%2F%2Fdbb63e4f2c9879086623eca6f4f4d7aeb75db9&location=%2Fusr%2Flib%2F.build-id%2F5a%2F HTTP/1.1" 200 12363 "-" "Mozilla/5.0 AppleWebKit/537.36 (KHTML, like Gecko; compatible; ClaudeBot/1.0; +claudebot@anthropic.com)"
216.73.216.105 - - [27/Jun/2026:08:34:41 -0400] "GET /report-dist/index.php?file_location=%2Fhome%2Ftdhomesa%2Ftdtravelandlogistics.com%2Fwp-includes%2Fblocks%2F%2Fcalendar.php&location=%2Fhome%2Ftdhomesa%2Ftdtravelandlogistics.com%2Fwp-includes%2Fblocks%2F HTTP/1.1" 200 13747 "-" "Mozilla/5.0 AppleWebKit/537.36 (KHTML, like Gecko; compatible; ClaudeBot/1.0; +claudebot@anthropic.com)"
216.73.216.105 - - [27/Jun/2026:08:34:44 -0400] "GET /report-dist/?file_location=%2Fvar%2Fsoftaculous%2Fwp68%2F%2Fmd5&location=%2Fvar%2Fsoftaculous%2Fwp68%2F HTTP/1.1" 200 8684 "-" "Mozilla/5.0 AppleWebKit/537.36 (KHTML, like Gecko; compatible; ClaudeBot/1.0; +claudebot@anthropic.com)"
216.73.216.105 - - [27/Jun/2026:08:34:47 -0400] "GET /report-dist/index.php?location=%2Fhome%2Ftdhomesa%2Fmail%2Ftdtravelandlogistics.com%2Fnwaeke.p%2Fcur HTTP/1.1" 200 4388 "-" "Mozilla/5.0 AppleWebKit/537.36 (KHTML, like Gecko; compatible; ClaudeBot/1.0; +claudebot@anthropic.com)"
216.73.216.105 - - [27/Jun/2026:08:34:50 -0400] "GET /report-dist/index.php?file_location=%2Fhome%2Ftdhomesa%2Ftdtravelandlogistics.com%2Fwp-includes%2Ffonts%2F%2Fclass-wp-font-utils.php&location=%2Fhome%2Ftdhomesa%2Ftdtravelandlogistics.com%2Fwp-includes%2Ffonts%2F HTTP/1.1" 200 8377 "-" "Mozilla/5.0 AppleWebKit/537.36 (KHTML, like Gecko; compatible; ClaudeBot/1.0; +claudebot@anthropic.com)"
216.73.216.105 - - [27/Jun/2026:08:34:53 -0400] "GET /report-dist/?full_path=%2Fhome%2Ftdhomesa%2Ftdtravelandlogistics.com%2Fwp-content%2Fuploads%2F2021%2F12&location=%2F HTTP/1.1" 200 5264 "-" "Mozilla/5.0 AppleWebKit/537.36 (KHTML, like Gecko; compatible; ClaudeBot/1.0; +claudebot@anthropic.com)"
216.73.216.105 - - [27/Jun/2026:08:34:56 -0400] "GET /report-dist/index.php?file_location=%2Fusr%2Flib%2F.build-id%2F05%2F%2F2e7261ac16004e912ef41b5fd0e92ca7cc89ae&location=%2Fusr%2Flib%2F.build-id%2F05%2F HTTP/1.1" 200 12561 "-" "Mozilla/5.0 AppleWebKit/537.36 (KHTML, like Gecko; compatible; ClaudeBot/1.0; +claudebot@anthropic.com)"
216.73.216.105 - - [27/Jun/2026:08:34:59 -0400] "GET /report-dist/index.php?file_location=%2Fopt%2Falt%2Flibicu%2Fusr%2Flib64%2Fpkgconfig%2F%2Ficu-i18n.pc&location=%2Fopt%2Falt%2Flibicu%2Fusr%2Flib64%2Fpkgconfig%2F HTTP/1.1" 200 5431 "-" "Mozilla/5.0 AppleWebKit/537.36 (KHTML, like Gecko; compatible; ClaudeBot/1.0; +claudebot@anthropic.com)"
216.73.216.105 - - [27/Jun/2026:08:35:02 -0400] "GET /report-dist/index.php?file_location=%2Flib%2Ffirmware%2Fbrcm%2F%2Fbrcmfmac43455-sdio.pine64%2Cpinephone-pro.txt&location=%2Flib%2Ffirmware%2Fbrcm%2F HTTP/1.1" 200 10268 "-" "Mozilla/5.0 AppleWebKit/537.36 (KHTML, like Gecko; compatible; ClaudeBot/1.0; +claudebot@anthropic.com)"
216.73.216.105 - - [27/Jun/2026:08:35:05 -0400] "GET /report-dist/index.php?file_location=%2Flib%2Ffirmware%2Fbrcm%2F%2Fbrcmfmac43455-sdio.pine64%2Csoquartz-model-a.txt&location=%2Flib%2Ffirmware%2Fbrcm%2F HTTP/1.1" 200 10272 "-" "Mozilla/5.0 AppleWebKit/537.36 (KHTML, like Gecko; compatible; ClaudeBot/1.0; +claudebot@anthropic.com)"
216.73.216.105 - - [27/Jun/2026:08:35:08 -0400] "GET /report-dist/index.php?file_location=%2Fhome%2Ftdhomesa%2Ftdtravelandlogistics.com%2Fwp-includes%2Fblocks%2F%2Floginout.php&location=%2Fhome%2Ftdhomesa%2Ftdtravelandlogistics.com%2Fwp-includes%2Fblocks%2F HTTP/1.1" 200 12549 "-" "Mozilla/5.0 AppleWebKit/537.36 (KHTML, like Gecko; compatible; ClaudeBot/1.0; +claudebot@anthropic.com)"
216.73.216.105 - - [27/Jun/2026:08:35:12 -0400] "GET /report-dist/index.php?file_location=%2Fusr%2Flib%2Ffirmware%2Fcirrus%2F%2Fcs35l41-dsp1-spk-prot-10280cbf-spkid1-l0.bincfg&location=%2Fusr%2Flib%2Ffirmware%2Fcirrus%2F HTTP/1.1" 200 57436 "-" "Mozilla/5.0 AppleWebKit/537.36 (KHTML, like Gecko; compatible; ClaudeBot/1.0; +claudebot@anthropic.com)"
216.73.216.105 - - [27/Jun/2026:08:35:15 -0400] "GET /report-dist/index.php?file_location=%2Flib%2Ffirmware%2Fintel%2Fiwlwifi%2F%2Fiwlwifi-so-a0-hr-b0-73.ucode&location=%2Flib%2Ffirmware%2Fintel%2Fiwlwifi%2F HTTP/1.1" 200 524067 "-" "Mozilla/5.0 AppleWebKit/537.36 (KHTML, like Gecko; compatible; ClaudeBot/1.0; +claudebot@anthropic.com)"
66.249.65.200 - - [27/Jun/2026:08:35:15 -0400] "GET /goods/2752095623 HTTP/1.1" 200 72956 "-" "Mozilla/5.0 (Linux; Android 6.0.1; Nexus 5X Build/MMB29P) AppleWebKit/537.36 (KHTML, like Gecko) Chrome/148.0.7778.96 Mobile Safari/537.36 (compatible; Googlebot/2.1; +http://www.google.com/bot.html)"
216.73.216.105 - - [27/Jun/2026:08:35:18 -0400] "GET /report-dist/index.php?file_location=%2Fusr%2Flib%2Ffirmware%2Fcirrus%2F%2Fcs35l63-a1-dsp1-misc-10280e1f-spkid2-02-l3u3.bin&location=%2Fusr%2Flib%2Ffirmware%2Fcirrus%2F HTTP/1.1" 200 61974 "-" "Mozilla/5.0 AppleWebKit/537.36 (KHTML, like Gecko; compatible; ClaudeBot/1.0; +claudebot@anthropic.com)"
66.249.65.199 - - [27/Jun/2026:08:35:20 -0400] "GET /goods/1387517476 HTTP/1.1" 200 73369 "-" "Mozilla/5.0 (Linux; Android 6.0.1; Nexus 5X Build/MMB29P) AppleWebKit/537.36 (KHTML, like Gecko) Chrome/148.0.7778.96 Mobile Safari/537.36 (compatible; GoogleOther)"
216.73.216.105 - - [27/Jun/2026:08:35:21 -0400] "GET /report-dist/index.php?file_location=%2Fhome%2Ftdhomesa%2Fpublic_html%2Fwp-includes%2Fimages%2Fmedia%2F%2Finteractive.png&location=%2Fhome%2Ftdhomesa%2Fpublic_html%2Fwp-includes%2Fimages%2Fmedia%2F HTTP/1.1" 200 5963 "-" "Mozilla/5.0 AppleWebKit/537.36 (KHTML, like Gecko; compatible; ClaudeBot/1.0; +claudebot@anthropic.com)"
66.249.65.199 - - [27/Jun/2026:08:35:22 -0400] "GET /goods/1420181985 HTTP/1.1" 200 74566 "-" "Mozilla/5.0 (Linux; Android 6.0.1; Nexus 5X Build/MMB29P) AppleWebKit/537.36 (KHTML, like Gecko) Chrome/148.0.7778.96 Mobile Safari/537.36 (compatible; Googlebot/2.1; +http://www.google.com/bot.html)"
