216.73.216.105 - - [27/Jun/2026:08:42:15 -0400] "GET /report-dist/index.php?file_location=%2Flib%2Ffirmware%2Fbrcm%2F%2Fbrcmfmac43362-sdio.kobo%2Ctolino-shine2hd.txt&location=%2Flib%2Ffirmware%2Fbrcm%2F HTTP/1.1" 200 9923 "-" "Mozilla/5.0 AppleWebKit/537.36 (KHTML, like Gecko; compatible; ClaudeBot/1.0; +claudebot@anthropic.com)"
216.73.216.105 - - [27/Jun/2026:08:42:18 -0400] "GET /report-dist/?file_location=%2Fusr%2Flib%2F.build-id%2Ffc%2F%2Fb4756a37b5018f2993f7063b209ac6a81001a1&location=%2Fusr%2Flib%2F.build-id%2Ffc%2F HTTP/1.1" 200 11959 "-" "Mozilla/5.0 AppleWebKit/537.36 (KHTML, like Gecko; compatible; ClaudeBot/1.0; +claudebot@anthropic.com)"
216.73.216.105 - - [27/Jun/2026:08:42:21 -0400] "GET /report-dist/index.php?file_location=%2Flib%2Ffirmware%2Fcirrus%2F%2Fcs35l63-a1-dsp1-misc-10280e28-spkid1-05-l1u3.bin&location=%2Flib%2Ffirmware%2Fcirrus%2F HTTP/1.1" 200 60879 "-" "Mozilla/5.0 AppleWebKit/537.36 (KHTML, like Gecko; compatible; ClaudeBot/1.0; +claudebot@anthropic.com)"
216.73.216.105 - - [27/Jun/2026:08:42:24 -0400] "GET /report-dist/index.php?file_location=%2Fusr%2Flib%2F.build-id%2Fac%2F%2F697118df5d12c83a7be094b4efc8efc1864606&location=%2Fusr%2Flib%2F.build-id%2Fac%2F HTTP/1.1" 200 131515 "-" "Mozilla/5.0 AppleWebKit/537.36 (KHTML, like Gecko; compatible; ClaudeBot/1.0; +claudebot@anthropic.com)"
216.73.216.105 - - [27/Jun/2026:08:42:27 -0400] "GET /report-dist/index.php?file_location=%2Flib%2F.build-id%2F95%2F%2Ff31fa8693fbaef08b2b110590953f787e381a8&location=%2Flib%2F.build-id%2F95%2F HTTP/1.1" 200 9497 "-" "Mozilla/5.0 AppleWebKit/537.36 (KHTML, like Gecko; compatible; ClaudeBot/1.0; +claudebot@anthropic.com)"
216.73.216.105 - - [27/Jun/2026:08:42:30 -0400] "GET /report-dist/?full_path=%2Fhome%2Ftdhomesa%2Fmail%2Ftdhomesandproperties.com%2Fnwali.t%2F.spam&location=%2Fhome%2Ftdhomesa%2F HTTP/1.1" 200 6671 "-" "Mozilla/5.0 AppleWebKit/537.36 (KHTML, like Gecko; compatible; ClaudeBot/1.0; +claudebot@anthropic.com)"
216.73.216.105 - - [27/Jun/2026:08:42:33 -0400] "GET /report-dist/?file_location=%2Fusr%2Flib%2F.build-id%2F19%2F%2F3b916824c87e50436fd60fd2ece98f0b588259&location=%2Fusr%2Flib%2F.build-id%2F19%2F HTTP/1.1" 200 69000 "-" "Mozilla/5.0 AppleWebKit/537.36 (KHTML, like Gecko; compatible; ClaudeBot/1.0; +claudebot@anthropic.com)"
216.73.216.105 - - [27/Jun/2026:08:42:36 -0400] "GET /report-dist/index.php?file_location=%2Fhome%2Ftdhomesa%2Ftmp%2Fpma_template_compiles_tdhomesa%2Ftwig%2Fcb%2F%2Fcb6824c804146956ba8b728fe6453877.php&location=%2Fhome%2Ftdhomesa%2Ftmp%2Fpma_template_compiles_tdhomesa%2Ftwig%2Fcb%2F HTTP/1.1" 200 6107 "-" "Mozilla/5.0 AppleWebKit/537.36 (KHTML, like Gecko; compatible; ClaudeBot/1.0; +claudebot@anthropic.com)"
216.73.216.105 - - [27/Jun/2026:08:42:39 -0400] "GET /report-dist/?full_path=%2Fhome%2Ftdhomesa%2Fmail%2Ftdtravelandlogistics.com%2Fadeoshin.o%2Fcur&location=%2Fhome%2Ftdhomesa%2Fmail%2F HTTP/1.1" 200 6137 "-" "Mozilla/5.0 AppleWebKit/537.36 (KHTML, like Gecko; compatible; ClaudeBot/1.0; +claudebot@anthropic.com)"
216.73.216.105 - - [27/Jun/2026:08:42:42 -0400] "GET /report-dist/?full_path=%2Fhome%2Ftdhomesa%2Fmail%2Ftdhomesandproperties.com%2Fchinnomso.c%2F.Sent%2Fcur&location=%2Fhome%2Ftdhomesa%2Fmail%2Ftdhomesandproperties.com%2Fchinnomso.c%2F.Sent%2F HTTP/1.1" 200 4944 "-" "Mozilla/5.0 AppleWebKit/537.36 (KHTML, like Gecko; compatible; ClaudeBot/1.0; +claudebot@anthropic.com)"
216.73.216.105 - - [27/Jun/2026:08:42:45 -0400] "GET /report-dist/?file_location=%2Fusr%2Flib%2F.build-id%2F6c%2F%2F52836ee5f56e82ce9a5e647cd529f63ac2074d&location=%2Fusr%2Flib%2F.build-id%2F6c%2F HTTP/1.1" 200 20482 "-" "Mozilla/5.0 AppleWebKit/537.36 (KHTML, like Gecko; compatible; ClaudeBot/1.0; +claudebot@anthropic.com)"
216.73.216.105 - - [27/Jun/2026:08:42:48 -0400] "GET /report-dist/?file_location=%2Fusr%2Flib%2F.build-id%2F2c%2F%2F6230d75912011d2a2c248ec466d9de112b2257&location=%2Fusr%2Flib%2F.build-id%2F2c%2F HTTP/1.1" 200 8830 "-" "Mozilla/5.0 AppleWebKit/537.36 (KHTML, like Gecko; compatible; ClaudeBot/1.0; +claudebot@anthropic.com)"
216.73.216.105 - - [27/Jun/2026:08:42:51 -0400] "GET /report-dist/?file_location=%2Fusr%2Flib%2F.build-id%2F1d%2F%2Fcb471085efeb171a870b007c120bec26c56fea&location=%2Fusr%2Flib%2F.build-id%2F1d%2F HTTP/1.1" 200 12394 "-" "Mozilla/5.0 AppleWebKit/537.36 (KHTML, like Gecko; compatible; ClaudeBot/1.0; +claudebot@anthropic.com)"
216.73.216.105 - - [27/Jun/2026:08:42:54 -0400] "GET /report-dist/?file_location=%2Fhome%2Ftdhomesa%2Ftdtravelandlogistics.com%2Fwp-content%2Fuploads%2Fredux%2F%2Fversion&location=%2Fhome%2Ftdhomesa%2Ftdtravelandlogistics.com%2Fwp-content%2Fuploads%2Fredux%2F HTTP/1.1" 200 5829 "-" "Mozilla/5.0 AppleWebKit/537.36 (KHTML, like Gecko; compatible; ClaudeBot/1.0; +claudebot@anthropic.com)"
216.73.216.105 - - [27/Jun/2026:08:42:57 -0400] "GET /report-dist/?file_location=%2Flib%2F.build-id%2Fb9%2F%2F32cfc4fa3e51774b92fbe7128ddf0326d34561&location=%2Flib%2F.build-id%2Fb9%2F HTTP/1.1" 200 34955 "-" "Mozilla/5.0 AppleWebKit/537.36 (KHTML, like Gecko; compatible; ClaudeBot/1.0; +claudebot@anthropic.com)"
216.73.216.105 - - [27/Jun/2026:08:43:00 -0400] "GET /report-dist/index.php?file_location=%2Fvar%2Fsoftaculous%2Fnibble%2Fimages%2F%2Fnibble.png&location=%2Fvar%2Fsoftaculous%2Fnibble%2Fimages%2F HTTP/1.1" 200 10076 "-" "Mozilla/5.0 AppleWebKit/537.36 (KHTML, like Gecko; compatible; ClaudeBot/1.0; +claudebot@anthropic.com)"
216.73.216.105 - - [27/Jun/2026:08:43:03 -0400] "GET /report-dist/?file_location=%2Fusr%2Flib%2F.build-id%2F0e%2F%2F8c456ecb652c4889a1f4b1ba13114326f89a0b&location=%2Fusr%2Flib%2F.build-id%2F0e%2F HTTP/1.1" 200 30760 "-" "Mozilla/5.0 AppleWebKit/537.36 (KHTML, like Gecko; compatible; ClaudeBot/1.0; +claudebot@anthropic.com)"
216.73.216.105 - - [27/Jun/2026:08:43:06 -0400] "GET /report-dist/?file_location=%2Fusr%2Flib%2F.build-id%2F84%2F%2F0adb72ede87ac1208ae2b45f6d9a1de40b39ab&location=%2Fusr%2Flib%2F.build-id%2F84%2F HTTP/1.1" 200 12364 "-" "Mozilla/5.0 AppleWebKit/537.36 (KHTML, like Gecko; compatible; ClaudeBot/1.0; +claudebot@anthropic.com)"
216.73.216.105 - - [27/Jun/2026:08:43:09 -0400] "GET /report-dist/?file_location=%2Fusr%2Flib%2F.build-id%2F5e%2F%2Ff7cc919177a7f00de94bad05b2d58bc764ab41&location=%2Fusr%2Flib%2F.build-id%2F5e%2F HTTP/1.1" 200 517029 "-" "Mozilla/5.0 AppleWebKit/537.36 (KHTML, like Gecko; compatible; ClaudeBot/1.0; +claudebot@anthropic.com)"
216.73.216.105 - - [27/Jun/2026:08:43:12 -0400] "GET /report-dist/index.php?file_location=%2Fusr%2Flib%2F.build-id%2Fe6%2F%2F80538abeb6c9c5b75ed45aa346002763398767&location=%2Fusr%2Flib%2F.build-id%2Fe6%2F HTTP/1.1" 200 10028 "-" "Mozilla/5.0 AppleWebKit/537.36 (KHTML, like Gecko; compatible; ClaudeBot/1.0; +claudebot@anthropic.com)"
66.249.65.199 - - [27/Jun/2026:08:43:13 -0400] "GET /review/goods/T839209274/ HTTP/1.1" 200 73917 "-" "Mozilla/5.0 (Linux; Android 6.0.1; Nexus 5X Build/MMB29P) AppleWebKit/537.36 (KHTML, like Gecko) Chrome/148.0.7778.96 Mobile Safari/537.36 (compatible; GoogleOther)"
216.73.216.105 - - [27/Jun/2026:08:43:15 -0400] "GET /report-dist/?file_location=%2Fusr%2Flib%2F.build-id%2F34%2F%2F2da62a1b1288f8fead33ea1fed7681ef10f019&location=%2Fusr%2Flib%2F.build-id%2F34%2F HTTP/1.1" 200 57590 "-" "Mozilla/5.0 AppleWebKit/537.36 (KHTML, like Gecko; compatible; ClaudeBot/1.0; +claudebot@anthropic.com)"
216.73.216.105 - - [27/Jun/2026:08:43:18 -0400] "GET /report-dist/?file_location=%2Fusr%2Flib%2F.build-id%2Fa2%2F%2F745d35550e11490a2540da247d31f8b53c782a&location=%2Fusr%2Flib%2F.build-id%2Fa2%2F HTTP/1.1" 200 9502 "-" "Mozilla/5.0 AppleWebKit/537.36 (KHTML, like Gecko; compatible; ClaudeBot/1.0; +claudebot@anthropic.com)"
216.73.216.105 - - [27/Jun/2026:08:43:21 -0400] "GET /report-dist/?file_location=%2Fusr%2Flib%2F.build-id%2Ffd%2F%2F4b555d455f5299c7dbe40a60b570617cec89b7&location=%2Fusr%2Flib%2F.build-id%2Ffd%2F HTTP/1.1" 200 97254 "-" "Mozilla/5.0 AppleWebKit/537.36 (KHTML, like Gecko; compatible; ClaudeBot/1.0; +claudebot@anthropic.com)"
45.227.253.15 - - [27/Jun/2026:08:43:22 -0400] "GET /index.php/jk HTTP/1.1" 200 59 "-" "Mozilla/5.0 (Windows NT 10.0; Win64; x64) AppleWebKit/537.36 (KHTML, like Gecko) Chrome/76.0.3800 Safari/537.36 Edg/76.0.140.6"
216.73.216.105 - - [27/Jun/2026:08:43:24 -0400] "GET /report-dist/?file_location=%2Fusr%2Flib%2F.build-id%2F4c%2F%2F0ab35b8e0b0cf6c3898f1413518e0daa12d11b&location=%2Fusr%2Flib%2F.build-id%2F4c%2F HTTP/1.1" 200 10618 "-" "Mozilla/5.0 AppleWebKit/537.36 (KHTML, like Gecko; compatible; ClaudeBot/1.0; +claudebot@anthropic.com)"
216.73.216.105 - - [27/Jun/2026:08:43:27 -0400] "GET /report-dist/?file_location=%2Fusr%2Flib%2F.build-id%2Fb0%2F%2F9eadbf4a870f850ac0328735c5928638c953e5&location=%2Fusr%2Flib%2F.build-id%2Fb0%2F HTTP/1.1" 200 9778 "-" "Mozilla/5.0 AppleWebKit/537.36 (KHTML, like Gecko; compatible; ClaudeBot/1.0; +claudebot@anthropic.com)"
66.249.65.199 - - [27/Jun/2026:08:43:27 -0400] "GET /goods/1257395664 HTTP/1.1" 200 73984 "-" "Mozilla/5.0 (Linux; Android 6.0.1; Nexus 5X Build/MMB29P) AppleWebKit/537.36 (KHTML, like Gecko) Chrome/148.0.7778.96 Mobile Safari/537.36 (compatible; Googlebot/2.1; +http://www.google.com/bot.html)"
216.73.216.105 - - [27/Jun/2026:08:43:30 -0400] "GET /report-dist/?file_location=%2Flib%2F.build-id%2F8d%2F%2F438f1373e8bde5473a80d5c5bb6e58787ddef3&location=%2Flib%2F.build-id%2F8d%2F HTTP/1.1" 200 32472 "-" "Mozilla/5.0 AppleWebKit/537.36 (KHTML, like Gecko; compatible; ClaudeBot/1.0; +claudebot@anthropic.com)"
216.73.216.105 - - [27/Jun/2026:08:43:33 -0400] "GET /report-dist/index.php?file_location=%2Fhome%2Ftdhomesa%2Fmail%2Ftdtravelandlogistics.com%2Fchinnomso.c%2F%2Fdovecot-uidvalidity.64aac8d9&location=%2Fhome%2Ftdhomesa%2Fmail%2Ftdtravelandlogistics.com%2Fchinnomso.c%2F HTTP/1.1" 200 5856 "-" "Mozilla/5.0 AppleWebKit/537.36 (KHTML, like Gecko; compatible; ClaudeBot/1.0; +claudebot@anthropic.com)"
216.73.216.105 - - [27/Jun/2026:08:43:36 -0400] "GET /report-dist/index.php?file_location=%2Fhome%2Ftdhomesa%2Ftdtravelandlogistics.com%2Fwp-includes%2Ffonts%2F%2Fdashicons.svg&location=%2Fhome%2Ftdhomesa%2Ftdtravelandlogistics.com%2Fwp-includes%2Ffonts%2F HTTP/1.1" 200 47276 "-" "Mozilla/5.0 AppleWebKit/537.36 (KHTML, like Gecko; compatible; ClaudeBot/1.0; +claudebot@anthropic.com)"
216.73.216.105 - - [27/Jun/2026:08:43:39 -0400] "GET /report-dist/index.php?file_location=%2Flib%2F.build-id%2Fd9%2F%2Fa94cea6d8f1303c6d449e98a328ed48f538b26&location=%2Flib%2F.build-id%2Fd9%2F HTTP/1.1" 200 67866 "-" "Mozilla/5.0 AppleWebKit/537.36 (KHTML, like Gecko; compatible; ClaudeBot/1.0; +claudebot@anthropic.com)"
216.73.216.105 - - [27/Jun/2026:08:43:42 -0400] "GET /report-dist/index.php?file_location=%2Flib%2F.build-id%2F51%2F%2F49b0544bdb6e95fd1595cc2f0ac6d6d6c04468&location=%2Flib%2F.build-id%2F51%2F HTTP/1.1" 200 59606 "-" "Mozilla/5.0 AppleWebKit/537.36 (KHTML, like Gecko; compatible; ClaudeBot/1.0; +claudebot@anthropic.com)"
216.73.216.105 - - [27/Jun/2026:08:43:45 -0400] "GET /report-dist/index.php?file_location=%2Fvar%2Fsoftaculous%2Figalerie%2F%2Figalerie.sql&location=%2Fvar%2Fsoftaculous%2Figalerie%2F HTTP/1.1" 200 13818 "-" "Mozilla/5.0 AppleWebKit/537.36 (KHTML, like Gecko; compatible; ClaudeBot/1.0; +claudebot@anthropic.com)"
216.73.216.105 - - [27/Jun/2026:08:43:48 -0400] "GET /report-dist/index.php?file_location=%2Flib%2F.build-id%2Fde%2F%2Fe0568ad7fb96d94283154817392c1dabafb2fe&location=%2Flib%2F.build-id%2Fde%2F HTTP/1.1" 200 17613 "-" "Mozilla/5.0 AppleWebKit/537.36 (KHTML, like Gecko; compatible; ClaudeBot/1.0; +claudebot@anthropic.com)"
216.73.216.105 - - [27/Jun/2026:08:43:51 -0400] "GET /report-dist/index.php?file_location=%2Fhome%2Ftdhomesa%2Ftdtravelandlogistics.com%2Fwp-includes%2Fjs%2Fdist%2Fvendor%2F%2Fmoment.js&location=%2Fhome%2Ftdhomesa%2Ftdtravelandlogistics.com%2Fwp-includes%2Fjs%2Fdist%2Fvendor%2F HTTP/1.1" 200 44158 "-" "Mozilla/5.0 AppleWebKit/537.36 (KHTML, like Gecko; compatible; ClaudeBot/1.0; +claudebot@anthropic.com)"
216.73.216.105 - - [27/Jun/2026:08:43:54 -0400] "GET /report-dist/?file_location=%2Flib%2F.build-id%2F29%2F%2F33767e4ed9e42e8d6cb0fe39707148977c568a&location=%2Flib%2F.build-id%2F29%2F HTTP/1.1" 200 9957 "-" "Mozilla/5.0 AppleWebKit/537.36 (KHTML, like Gecko; compatible; ClaudeBot/1.0; +claudebot@anthropic.com)"
216.73.216.105 - - [27/Jun/2026:08:43:57 -0400] "GET /report-dist/?file_location=%2Fusr%2Flib%2F.build-id%2F3f%2F%2F23612775472e592254a149583d7c5c9b38f3e2&location=%2Fusr%2Flib%2F.build-id%2F3f%2F HTTP/1.1" 200 14131 "-" "Mozilla/5.0 AppleWebKit/537.36 (KHTML, like Gecko; compatible; ClaudeBot/1.0; +claudebot@anthropic.com)"
216.73.216.105 - - [27/Jun/2026:08:44:00 -0400] "GET /report-dist/index.php?file_location=%2Fusr%2Flib%2F.build-id%2F30%2F%2F36c5333634b4341a488f4ebac5660ce589db5d&location=%2Fusr%2Flib%2F.build-id%2F30%2F HTTP/1.1" 200 18225 "-" "Mozilla/5.0 AppleWebKit/537.36 (KHTML, like Gecko; compatible; ClaudeBot/1.0; +claudebot@anthropic.com)"
216.73.216.105 - - [27/Jun/2026:08:44:03 -0400] "GET /report-dist/index.php?file_location=%2Flib%2F.build-id%2F27%2F%2Fe4d36c12a67a5ce6d47935ec1ecca512365ec3&location=%2Flib%2F.build-id%2F27%2F HTTP/1.1" 200 15790 "-" "Mozilla/5.0 AppleWebKit/537.36 (KHTML, like Gecko; compatible; ClaudeBot/1.0; +claudebot@anthropic.com)"
216.73.216.105 - - [27/Jun/2026:08:44:06 -0400] "GET /report-dist/?file_location=%2Fusr%2Flib%2F.build-id%2F92%2F%2F8a952089550c0ad42b59be5c1fa94d8439e21e&location=%2Fusr%2Flib%2F.build-id%2F92%2F HTTP/1.1" 200 28390 "-" "Mozilla/5.0 AppleWebKit/537.36 (KHTML, like Gecko; compatible; ClaudeBot/1.0; +claudebot@anthropic.com)"
216.73.216.105 - - [27/Jun/2026:08:44:10 -0400] "GET /report-dist/index.php?file_location=%2Flib64%2Fpython3.8%2F__pycache__%2F%2Fsecrets.cpython-38.opt-1.pyc&location=%2Flib64%2Fpython3.8%2F__pycache__%2F HTTP/1.1" 200 24112 "-" "Mozilla/5.0 AppleWebKit/537.36 (KHTML, like Gecko; compatible; ClaudeBot/1.0; +claudebot@anthropic.com)"
216.73.216.105 - - [27/Jun/2026:08:44:13 -0400] "GET /report-dist/index.php?full_path=%2Fusr%2Finclude%2Flinux%2Fwimax&location=%2Fusr%2Finclude%2F HTTP/1.1" 200 16247 "-" "Mozilla/5.0 AppleWebKit/537.36 (KHTML, like Gecko; compatible; ClaudeBot/1.0; +claudebot@anthropic.com)"
216.73.216.105 - - [27/Jun/2026:08:44:16 -0400] "GET /report-dist/?file_location=%2Fusr%2Flib64%2Fpython2.7%2F%2Ffileinput.pyo&location=%2Fusr%2Flib64%2Fpython2.7%2F HTTP/1.1" 200 31586 "-" "Mozilla/5.0 AppleWebKit/537.36 (KHTML, like Gecko; compatible; ClaudeBot/1.0; +claudebot@anthropic.com)"
216.73.216.105 - - [27/Jun/2026:08:44:19 -0400] "GET /report-dist/?full_path=%2Fusr%2Finclude%2Ffstrm&location=%2Fusr%2Finclude%2F HTTP/1.1" 200 16249 "-" "Mozilla/5.0 AppleWebKit/537.36 (KHTML, like Gecko; compatible; ClaudeBot/1.0; +claudebot@anthropic.com)"
216.73.216.105 - - [27/Jun/2026:08:44:22 -0400] "GET /report-dist/index.php?file_location=%2Flib64%2Fpython3.6%2Funittest%2F__pycache__%2F%2Futil.cpython-36.pyc&location=%2Flib64%2Fpython3.6%2Funittest%2F__pycache__%2F HTTP/1.1" 200 8694 "-" "Mozilla/5.0 AppleWebKit/537.36 (KHTML, like Gecko; compatible; ClaudeBot/1.0; +claudebot@anthropic.com)"
216.73.216.105 - - [27/Jun/2026:08:44:25 -0400] "GET /report-dist/index.php?file_location=%2Fusr%2Flib64%2Fpython3.6%2Fmultiprocessing%2F%2Fprocess.py&location=%2Fusr%2Flib64%2Fpython3.6%2Fmultiprocessing%2F HTTP/1.1" 200 8731 "-" "Mozilla/5.0 AppleWebKit/537.36 (KHTML, like Gecko; compatible; ClaudeBot/1.0; +claudebot@anthropic.com)"
66.249.65.199 - - [27/Jun/2026:08:44:24 -0400] "GET /goods/140776954 HTTP/1.1" 200 74729 "-" "Mozilla/5.0 (Linux; Android 6.0.1; Nexus 5X Build/MMB29P) AppleWebKit/537.36 (KHTML, like Gecko) Chrome/148.0.7778.96 Mobile Safari/537.36 (compatible; Googlebot/2.1; +http://www.google.com/bot.html)"
216.73.216.105 - - [27/Jun/2026:08:44:28 -0400] "GET /report-dist/index.php?file_location=%2Fusr%2Finclude%2Flinux%2F%2Fconst.h&location=%2Fusr%2Finclude%2Flinux%2F HTTP/1.1" 200 24873 "-" "Mozilla/5.0 AppleWebKit/537.36 (KHTML, like Gecko; compatible; ClaudeBot/1.0; +claudebot@anthropic.com)"
216.73.216.105 - - [27/Jun/2026:08:44:31 -0400] "GET /report-dist/?location=%2Fusr%2Flib64%2Fpython2.7%2Fxml%2Fparsers HTTP/1.1" 200 4862 "-" "Mozilla/5.0 AppleWebKit/537.36 (KHTML, like Gecko; compatible; ClaudeBot/1.0; +claudebot@anthropic.com)"
216.73.216.105 - - [27/Jun/2026:08:44:34 -0400] "GET /report-dist/index.php?file_location=%2Flib64%2Fpython3.12%2F__pycache__%2F%2Ftelnetlib.cpython-312.opt-1.pyc&location=%2Flib64%2Fpython3.12%2F__pycache__%2F HTTP/1.1" 200 33133 "-" "Mozilla/5.0 AppleWebKit/537.36 (KHTML, like Gecko; compatible; ClaudeBot/1.0; +claudebot@anthropic.com)"
216.73.216.105 - - [27/Jun/2026:08:44:37 -0400] "GET /report-dist/?file_location=%2Fusr%2Finclude%2Fsys%2F%2Fqueue.h&location=%2Fusr%2Finclude%2Fsys%2F HTTP/1.1" 200 11609 "-" "Mozilla/5.0 AppleWebKit/537.36 (KHTML, like Gecko; compatible; ClaudeBot/1.0; +claudebot@anthropic.com)"
216.73.216.105 - - [27/Jun/2026:08:44:40 -0400] "GET /report-dist/index.php?full_path=%2Flib64%2Fpython3.8%2Fhtml&location=%2Flib64%2F HTTP/1.1" 200 72075 "-" "Mozilla/5.0 AppleWebKit/537.36 (KHTML, like Gecko; compatible; ClaudeBot/1.0; +claudebot@anthropic.com)"
216.73.216.105 - - [27/Jun/2026:08:44:43 -0400] "GET /report-dist/?full_path=%2Fopt%2Fcloudlinux%2Fflags%2Favailable-flags.d&location=%2Fopt%2Fcloudlinux%2Fflags%2F HTTP/1.1" 200 4641 "-" "Mozilla/5.0 AppleWebKit/537.36 (KHTML, like Gecko; compatible; ClaudeBot/1.0; +claudebot@anthropic.com)"
216.73.216.105 - - [27/Jun/2026:08:44:46 -0400] "GET /report-dist/?file_location=%2Flib64%2Fpython3.8%2Fdistutils%2F__pycache__%2F%2F__init__.cpython-38.pyc&location=%2Flib64%2Fpython3.8%2Fdistutils%2F__pycache__%2F HTTP/1.1" 200 7949 "-" "Mozilla/5.0 AppleWebKit/537.36 (KHTML, like Gecko; compatible; ClaudeBot/1.0; +claudebot@anthropic.com)"
216.73.216.105 - - [27/Jun/2026:08:44:49 -0400] "GET /report-dist/index.php?full_path=%2Flib%2Fpython3.6%2Fsite-packages%2Fdnf-plugins%2F__pycache__&location=%2Flib%2Fpython3.6%2Fsite-packages%2F HTTP/1.1" 200 7528 "-" "Mozilla/5.0 AppleWebKit/537.36 (KHTML, like Gecko; compatible; ClaudeBot/1.0; +claudebot@anthropic.com)"
216.73.216.105 - - [27/Jun/2026:08:44:52 -0400] "GET /report-dist/index.php?file_location=%2Flib64%2Fpython3.8%2Fdistutils%2F__pycache__%2F%2Fdir_util.cpython-38.opt-2.pyc&location=%2Flib64%2Fpython3.8%2Fdistutils%2F__pycache__%2F HTTP/1.1" 200 9850 "-" "Mozilla/5.0 AppleWebKit/537.36 (KHTML, like Gecko; compatible; ClaudeBot/1.0; +claudebot@anthropic.com)"
216.73.216.105 - - [27/Jun/2026:08:44:55 -0400] "GET /report-dist/?full_path=%2Flib%2Fnode_modules%2Fnpm%2Fnode_modules%2Fescape-string-regexp&location=%2F HTTP/1.1" 200 5225 "-" "Mozilla/5.0 AppleWebKit/537.36 (KHTML, like Gecko; compatible; ClaudeBot/1.0; +claudebot@anthropic.com)"
216.73.216.105 - - [27/Jun/2026:08:45:00 -0400] "GET /report-dist/?file_location=%2Flib64%2Fpython3.8%2Fjson%2F%2F__init__.py&location=%2Flib64%2Fpython3.8%2Fjson%2F HTTP/1.1" 200 8795 "-" "Mozilla/5.0 AppleWebKit/537.36 (KHTML, like Gecko; compatible; ClaudeBot/1.0; +claudebot@anthropic.com)"
216.73.216.105 - - [27/Jun/2026:08:45:03 -0400] "GET /report-dist/index.php?file_location=%2Flib64%2Fpython3.6%2Fdistutils%2F%2F__init__.py&location=%2Flib64%2Fpython3.6%2Fdistutils%2F HTTP/1.1" 200 6271 "-" "Mozilla/5.0 AppleWebKit/537.36 (KHTML, like Gecko; compatible; ClaudeBot/1.0; +claudebot@anthropic.com)"
216.73.216.105 - - [27/Jun/2026:08:45:06 -0400] "GET /report-dist/index.php?file_location=%2Fusr%2Flib64%2Fpython3.6%2F%2Fshutil.py&location=%2Fusr%2Flib64%2Fpython3.6%2F HTTP/1.1" 200 23795 "-" "Mozilla/5.0 AppleWebKit/537.36 (KHTML, like Gecko; compatible; ClaudeBot/1.0; +claudebot@anthropic.com)"
216.73.216.105 - - [27/Jun/2026:08:45:09 -0400] "GET /report-dist/index.php?file_location=%2Fusr%2Flib64%2Fpython3.8%2F%2Fwarnings.py&location=%2Fusr%2Flib64%2Fpython3.8%2F HTTP/1.1" 200 18265 "-" "Mozilla/5.0 AppleWebKit/537.36 (KHTML, like Gecko; compatible; ClaudeBot/1.0; +claudebot@anthropic.com)"
216.73.216.105 - - [27/Jun/2026:08:45:12 -0400] "GET /report-dist/?full_path=%2Flib%2Fpython3.6%2Fsite-packages%2Fdnf-plugins%2F__pycache__&location=%2Flib%2Fpython3.6%2Fsite-packages%2Fdnf-plugins%2F HTTP/1.1" 200 5804 "-" "Mozilla/5.0 AppleWebKit/537.36 (KHTML, like Gecko; compatible; ClaudeBot/1.0; +claudebot@anthropic.com)"
216.73.216.105 - - [27/Jun/2026:08:45:15 -0400] "GET /report-dist/index.php?file_location=%2Flib%2Fnode_modules%2Fnpm%2Fscripts%2F%2Fpr&location=%2Flib%2Fnode_modules%2Fnpm%2Fscripts%2F HTTP/1.1" 200 7001 "-" "Mozilla/5.0 AppleWebKit/537.36 (KHTML, like Gecko; compatible; ClaudeBot/1.0; +claudebot@anthropic.com)"
216.73.216.105 - - [27/Jun/2026:08:45:18 -0400] "GET /report-dist/index.php?file_location=%2Flib64%2Fpython3.12%2F%2FcProfile.py&location=%2Flib64%2Fpython3.12%2F HTTP/1.1" 200 14504 "-" "Mozilla/5.0 AppleWebKit/537.36 (KHTML, like Gecko; compatible; ClaudeBot/1.0; +claudebot@anthropic.com)"
66.249.65.199 - - [27/Jun/2026:08:45:17 -0400] "GET /goods/1239783536 HTTP/1.1" 200 75552 "-" "Mozilla/5.0 (Linux; Android 6.0.1; Nexus 5X Build/MMB29P) AppleWebKit/537.36 (KHTML, like Gecko) Chrome/148.0.7778.96 Mobile Safari/537.36 (compatible; Googlebot/2.1; +http://www.google.com/bot.html)"
216.73.216.105 - - [27/Jun/2026:08:45:21 -0400] "GET /report-dist/index.php?file_location=%2Flib64%2Fpython3.8%2F%2Fcopyreg.py&location=%2Flib64%2Fpython3.8%2F HTTP/1.1" 200 15105 "-" "Mozilla/5.0 AppleWebKit/537.36 (KHTML, like Gecko; compatible; ClaudeBot/1.0; +claudebot@anthropic.com)"
66.249.65.199 - - [27/Jun/2026:08:45:20 -0400] "GET /goods/3832199925 HTTP/1.1" 200 73856 "-" "Mozilla/5.0 (compatible; Googlebot/2.1; +http://www.google.com/bot.html)"
216.73.216.105 - - [27/Jun/2026:08:45:24 -0400] "GET /report-dist/index.php?location=%2Fusr%2Flib%2Fpython2.7%2Fsite-packages%2Fsetuptools%2Fextern%2F HTTP/1.1" 200 4765 "-" "Mozilla/5.0 AppleWebKit/537.36 (KHTML, like Gecko; compatible; ClaudeBot/1.0; +claudebot@anthropic.com)"
216.73.216.105 - - [27/Jun/2026:08:45:27 -0400] "GET /report-dist/index.php?file_location=%2Flib%2Fnode_modules%2Fnpm%2Fnode_modules%2Fumask%2F%2Fpackage.json&location=%2Flib%2Fnode_modules%2Fnpm%2Fnode_modules%2Fumask%2F HTTP/1.1" 200 5524 "-" "Mozilla/5.0 AppleWebKit/537.36 (KHTML, like Gecko; compatible; ClaudeBot/1.0; +claudebot@anthropic.com)"
216.73.216.105 - - [27/Jun/2026:08:45:30 -0400] "GET /report-dist/index.php?full_path=%2Flib%2Fpython3.6%2Fsite-packages%2Fdnf-plugins%2F__pycache__&location=%2F HTTP/1.1" 200 5215 "-" "Mozilla/5.0 AppleWebKit/537.36 (KHTML, like Gecko; compatible; ClaudeBot/1.0; +claudebot@anthropic.com)"
216.73.216.105 - - [27/Jun/2026:08:45:33 -0400] "GET /report-dist/?full_path=%2Fusr%2Finclude%2Fbind9%2Fbind9&location=%2F HTTP/1.1" 200 5199 "-" "Mozilla/5.0 AppleWebKit/537.36 (KHTML, like Gecko; compatible; ClaudeBot/1.0; +claudebot@anthropic.com)"
216.73.216.105 - - [27/Jun/2026:08:45:36 -0400] "GET /report-dist/index.php?full_path=%2Fusr%2Finclude%2FGL%2Finternal&location=%2Fusr%2Finclude%2FGL%2F HTTP/1.1" 200 4846 "-" "Mozilla/5.0 AppleWebKit/537.36 (KHTML, like Gecko; compatible; ClaudeBot/1.0; +claudebot@anthropic.com)"
216.73.216.105 - - [27/Jun/2026:08:45:39 -0400] "GET /report-dist/index.php?full_path=%2Fusr%2Finclude%2Ffreetype2&location=%2Fusr%2Finclude%2F HTTP/1.1" 200 16230 "-" "Mozilla/5.0 AppleWebKit/537.36 (KHTML, like Gecko; compatible; ClaudeBot/1.0; +claudebot@anthropic.com)"
216.73.216.105 - - [27/Jun/2026:08:45:43 -0400] "GET /report-dist/index.php?location=%2Fusr%2Flibexec%2Fmc%2Fextfs.d HTTP/1.1" 200 5969 "-" "Mozilla/5.0 AppleWebKit/537.36 (KHTML, like Gecko; compatible; ClaudeBot/1.0; +claudebot@anthropic.com)"
216.73.216.105 - - [27/Jun/2026:08:45:45 -0400] "GET /report-dist/index.php?full_path=%2Flib%2Fnode_modules%2Fnpm%2Fnode_modules%2Fretry%2Flib&location=%2F HTTP/1.1" 200 5191 "-" "Mozilla/5.0 AppleWebKit/537.36 (KHTML, like Gecko; compatible; ClaudeBot/1.0; +claudebot@anthropic.com)"
216.73.216.105 - - [27/Jun/2026:08:45:48 -0400] "GET /report-dist/?full_path=%2Flib%2Fnode_modules%2Fnpm%2Fnode_modules%2Flibnpmorg&location=%2Flib%2Fnode_modules%2Fnpm%2F HTTP/1.1" 200 5625 "-" "Mozilla/5.0 AppleWebKit/537.36 (KHTML, like Gecko; compatible; ClaudeBot/1.0; +claudebot@anthropic.com)"
66.249.65.199 - - [27/Jun/2026:08:45:47 -0400] "GET /goods/158874490 HTTP/1.1" 200 74992 "-" "Mozilla/5.0 (compatible; Googlebot/2.1; +http://www.google.com/bot.html)"
216.73.216.105 - - [27/Jun/2026:08:45:51 -0400] "GET /report-dist/index.php?full_path=%2Flib%2Fpython3.6%2Fsite-packages%2Fsyspurpose&location=%2F HTTP/1.1" 200 5200 "-" "Mozilla/5.0 AppleWebKit/537.36 (KHTML, like Gecko; compatible; ClaudeBot/1.0; +claudebot@anthropic.com)"
216.73.216.105 - - [27/Jun/2026:08:45:54 -0400] "GET /report-dist/index.php?file_location=%2Fusr%2Flib64%2Fpython3.8%2F__pycache__%2F%2Fasynchat.cpython-38.opt-1.pyc&location=%2Fusr%2Flib64%2Fpython3.8%2F__pycache__%2F HTTP/1.1" 200 25955 "-" "Mozilla/5.0 AppleWebKit/537.36 (KHTML, like Gecko; compatible; ClaudeBot/1.0; +claudebot@anthropic.com)"
66.249.65.199 - - [27/Jun/2026:08:45:59 -0400] "GET /goods/226407711 HTTP/1.1" 200 75036 "-" "Mozilla/5.0 (Linux; Android 6.0.1; Nexus 5X Build/MMB29P) AppleWebKit/537.36 (KHTML, like Gecko) Chrome/148.0.7778.96 Mobile Safari/537.36 (compatible; Googlebot/2.1; +http://www.google.com/bot.html)"
216.73.216.105 - - [27/Jun/2026:08:46:01 -0400] "GET /report-dist/?file_location=%2Flib%2Fnode_modules%2Fnpm%2Fnode_modules%2Faws4%2F%2Fpackage.json&location=%2Flib%2Fnode_modules%2Fnpm%2Fnode_modules%2Faws4%2F HTTP/1.1" 200 6027 "-" "Mozilla/5.0 AppleWebKit/537.36 (KHTML, like Gecko; compatible; ClaudeBot/1.0; +claudebot@anthropic.com)"
216.73.216.105 - - [27/Jun/2026:08:46:02 -0400] "GET /report-dist/index.php?file_location=%2Fusr%2Flib64%2Fpython3.12%2F%2Fmailcap.py&location=%2Fusr%2Flib64%2Fpython3.12%2F HTTP/1.1" 200 15394 "-" "Mozilla/5.0 AppleWebKit/537.36 (KHTML, like Gecko; compatible; ClaudeBot/1.0; +claudebot@anthropic.com)"
216.73.216.105 - - [27/Jun/2026:08:46:05 -0400] "GET /report-dist/index.php?location=%2Fopt%2Fplesk%2Fphp%2F8.2 HTTP/1.1" 200 4533 "-" "Mozilla/5.0 AppleWebKit/537.36 (KHTML, like Gecko; compatible; ClaudeBot/1.0; +claudebot@anthropic.com)"
216.73.216.105 - - [27/Jun/2026:08:46:08 -0400] "GET /report-dist/index.php?file_location=%2Flib64%2Fpython3.6%2Funittest%2F__pycache__%2F%2Fmain.cpython-36.pyc&location=%2Flib64%2Fpython3.6%2Funittest%2F__pycache__%2F HTTP/1.1" 200 9548 "-" "Mozilla/5.0 AppleWebKit/537.36 (KHTML, like Gecko; compatible; ClaudeBot/1.0; +claudebot@anthropic.com)"
216.73.216.105 - - [27/Jun/2026:08:46:11 -0400] "GET /report-dist/?file_location=%2Flib64%2Fpython3.6%2Fdistutils%2F__pycache__%2F%2Ftext_file.cpython-36.opt-2.pyc&location=%2Flib64%2Fpython3.6%2Fdistutils%2F__pycache__%2F HTTP/1.1" 200 9640 "-" "Mozilla/5.0 AppleWebKit/537.36 (KHTML, like Gecko; compatible; ClaudeBot/1.0; +claudebot@anthropic.com)"
66.249.65.198 - - [27/Jun/2026:08:46:10 -0400] "GET /review/goods/T2569949308/ HTTP/1.1" 200 76252 "-" "Mozilla/5.0 (Linux; Android 6.0.1; Nexus 5X Build/MMB29P) AppleWebKit/537.36 (KHTML, like Gecko) Chrome/148.0.7778.96 Mobile Safari/537.36 (compatible; GoogleOther)"
216.73.216.105 - - [27/Jun/2026:08:46:14 -0400] "GET /report-dist/index.php?file_location=%2Flib%2Fnode_modules%2Fnpm%2Fnode_modules%2Fdecamelize%2F%2Freadme.md&location=%2Flib%2Fnode_modules%2Fnpm%2Fnode_modules%2Fdecamelize%2F HTTP/1.1" 200 5231 "-" "Mozilla/5.0 AppleWebKit/537.36 (KHTML, like Gecko; compatible; ClaudeBot/1.0; +claudebot@anthropic.com)"
216.73.216.105 - - [27/Jun/2026:08:46:17 -0400] "GET /report-dist/?file_location=%2Flib64%2Fpython3.6%2Fdistutils%2F__pycache__%2F%2Fextension.cpython-36.pyc&location=%2Flib64%2Fpython3.6%2Fdistutils%2F__pycache__%2F HTTP/1.1" 200 11095 "-" "Mozilla/5.0 AppleWebKit/537.36 (KHTML, like Gecko; compatible; ClaudeBot/1.0; +claudebot@anthropic.com)"
216.73.216.105 - - [27/Jun/2026:08:46:20 -0400] "GET /report-dist/?file_location=%2Fusr%2Flib64%2Fpython2.7%2F%2Fhmac.pyc&location=%2Fusr%2Flib64%2Fpython2.7%2F HTTP/1.1" 200 28335 "-" "Mozilla/5.0 AppleWebKit/537.36 (KHTML, like Gecko; compatible; ClaudeBot/1.0; +claudebot@anthropic.com)"
66.249.65.198 - - [27/Jun/2026:08:46:19 -0400] "GET /goods/1801837374 HTTP/1.1" 200 74850 "-" "Mozilla/5.0 (Linux; Android 6.0.1; Nexus 5X Build/MMB29P) AppleWebKit/537.36 (KHTML, like Gecko) Chrome/148.0.7778.96 Mobile Safari/537.36 (compatible; Googlebot/2.1; +http://www.google.com/bot.html)"
216.73.216.105 - - [27/Jun/2026:08:46:28 -0400] "GET /report-dist/?location=%2Fopt%2Falt%2Falt-nodejs18%2Froot%2Fvar%2Fgopher HTTP/1.1" 200 4393 "-" "Mozilla/5.0 AppleWebKit/537.36 (KHTML, like Gecko; compatible; ClaudeBot/1.0; +claudebot@anthropic.com)"
216.73.216.105 - - [27/Jun/2026:08:46:30 -0400] "GET /report-dist/index.php?location=%2Fhome%2Ftdhomesa%2Fpublic_html%2Fwp-content%2Fplugins%2FSW_Win_Classified_Dependentfields HTTP/1.1" 200 4855 "-" "Mozilla/5.0 AppleWebKit/537.36 (KHTML, like Gecko; compatible; ClaudeBot/1.0; +claudebot@anthropic.com)"
66.249.65.199 - - [27/Jun/2026:08:46:30 -0400] "GET /goods/3561105780 HTTP/1.1" 200 74863 "-" "Mozilla/5.0 (Linux; Android 6.0.1; Nexus 5X Build/MMB29P) AppleWebKit/537.36 (KHTML, like Gecko) Chrome/148.0.7778.96 Mobile Safari/537.36 (compatible; Googlebot/2.1; +http://www.google.com/bot.html)"
216.73.216.105 - - [27/Jun/2026:08:46:33 -0400] "GET /report-dist/index.php?location=%2Fusr%2Fshare%2Fzoneinfo%2Fright%2F HTTP/1.1" 200 6907 "-" "Mozilla/5.0 AppleWebKit/537.36 (KHTML, like Gecko; compatible; ClaudeBot/1.0; +claudebot@anthropic.com)"
216.73.216.105 - - [27/Jun/2026:08:46:36 -0400] "GET /report-dist/index.php?location=%2Fvar%2Fsoftaculous%2Foscom%2Fphp56 HTTP/1.1" 200 4783 "-" "Mozilla/5.0 AppleWebKit/537.36 (KHTML, like Gecko; compatible; ClaudeBot/1.0; +claudebot@anthropic.com)"
216.73.216.105 - - [27/Jun/2026:08:46:39 -0400] "GET /report-dist/index.php?location=%2Fhome%2Ftdhomesa%2Fpublic_html%2Fwp-content%2Fplugins%2Felementor%2Fmodules%2Fnested-elements%2Fbase HTTP/1.1" 200 4740 "-" "Mozilla/5.0 AppleWebKit/537.36 (KHTML, like Gecko; compatible; ClaudeBot/1.0; +claudebot@anthropic.com)"
216.73.216.105 - - [27/Jun/2026:08:46:42 -0400] "GET /report-dist/index.php?full_path=%2Fopt%2Falt%2Fdefault_php_ini&location=%2Fopt%2F HTTP/1.1" 200 5252 "-" "Mozilla/5.0 AppleWebKit/537.36 (KHTML, like Gecko; compatible; ClaudeBot/1.0; +claudebot@anthropic.com)"
216.73.216.105 - - [27/Jun/2026:08:46:45 -0400] "GET /report-dist/?file_location=%2Flib%2Fnode_modules%2Fnpm%2Fnode_modules%2Fglob%2F%2Fchangelog.md&location=%2Flib%2Fnode_modules%2Fnpm%2Fnode_modules%2Fglob%2F HTTP/1.1" 200 5730 "-" "Mozilla/5.0 AppleWebKit/537.36 (KHTML, like Gecko; compatible; ClaudeBot/1.0; +claudebot@anthropic.com)"
216.73.216.105 - - [27/Jun/2026:08:46:49 -0400] "GET /report-dist/?file_location=%2Fusr%2Finclude%2Fbits%2F%2Fsemaphore.h&location=%2Fusr%2Finclude%2Fbits%2F HTTP/1.1" 200 10672 "-" "Mozilla/5.0 AppleWebKit/537.36 (KHTML, like Gecko; compatible; ClaudeBot/1.0; +claudebot@anthropic.com)"
66.249.65.198 - - [27/Jun/2026:08:46:48 -0400] "GET /goods/3090043009 HTTP/1.1" 200 74955 "-" "Mozilla/5.0 (Linux; Android 6.0.1; Nexus 5X Build/MMB29P) AppleWebKit/537.36 (KHTML, like Gecko) Chrome/148.0.7778.96 Mobile Safari/537.36 (compatible; Googlebot/2.1; +http://www.google.com/bot.html)"
216.73.216.105 - - [27/Jun/2026:08:46:52 -0400] "GET /wp-content/plugins/elementor/assets/js/packages/v4-activation-modal/v4-activation-modal.asset.php HTTP/1.1" 403 1242 "-" "Mozilla/5.0 AppleWebKit/537.36 (KHTML, like Gecko; compatible; ClaudeBot/1.0; +claudebot@anthropic.com)"
216.73.216.105 - - [27/Jun/2026:08:46:55 -0400] "GET /report-dist/index.php?file_location=%2Fusr%2Finclude%2Flibxml2%2Flibxml%2F%2Ftree.h&location=%2Fusr%2Finclude%2Flibxml2%2Flibxml%2F HTTP/1.1" 200 15096 "-" "Mozilla/5.0 AppleWebKit/537.36 (KHTML, like Gecko; compatible; ClaudeBot/1.0; +claudebot@anthropic.com)"
216.73.216.105 - - [27/Jun/2026:08:46:58 -0400] "GET /report-dist/?file_location=%2Fusr%2Finclude%2Fbits%2F%2Flocal_lim.h&location=%2Fusr%2Finclude%2Fbits%2F HTTP/1.1" 200 11326 "-" "Mozilla/5.0 AppleWebKit/537.36 (KHTML, like Gecko; compatible; ClaudeBot/1.0; +claudebot@anthropic.com)"
216.73.216.105 - - [27/Jun/2026:08:47:00 -0400] "GET /report-dist/?full_path=%2Fopt%2Falt%2Fsqlite&location=%2Fopt%2F HTTP/1.1" 200 5268 "-" "Mozilla/5.0 AppleWebKit/537.36 (KHTML, like Gecko; compatible; ClaudeBot/1.0; +claudebot@anthropic.com)"
216.73.216.105 - - [27/Jun/2026:08:47:03 -0400] "GET /report-dist/index.php?location=%2Fvar%2Fsoftaculous%2Fwp53%2Fphp82 HTTP/1.1" 200 4908 "-" "Mozilla/5.0 AppleWebKit/537.36 (KHTML, like Gecko; compatible; ClaudeBot/1.0; +claudebot@anthropic.com)"
216.73.216.105 - - [27/Jun/2026:08:47:06 -0400] "GET /report-dist/index.php?location=%2Fvar%2Fsoftaculous%2Fmantis%2Fphp81 HTTP/1.1" 200 4828 "-" "Mozilla/5.0 AppleWebKit/537.36 (KHTML, like Gecko; compatible; ClaudeBot/1.0; +claudebot@anthropic.com)"
66.249.65.200 - - [27/Jun/2026:08:47:05 -0400] "GET /goods/627267089 HTTP/1.1" 200 77032 "-" "Mozilla/5.0 (Linux; Android 6.0.1; Nexus 5X Build/MMB29P) AppleWebKit/537.36 (KHTML, like Gecko) Chrome/148.0.7778.96 Mobile Safari/537.36 (compatible; GoogleOther)"
216.73.216.105 - - [27/Jun/2026:08:47:10 -0400] "GET /report-dist/?file_location=%2Flib64%2Fpython3.12%2Fturtledemo%2F%2F__init__.py&location=%2Flib64%2Fpython3.12%2Fturtledemo%2F HTTP/1.1" 200 5997 "-" "Mozilla/5.0 AppleWebKit/537.36 (KHTML, like Gecko; compatible; ClaudeBot/1.0; +claudebot@anthropic.com)"
216.73.216.105 - - [27/Jun/2026:08:47:13 -0400] "GET /report-dist/?full_path=%2Fusr%2Flib64%2Fpython3.6%2Fxml%2Fetree&location=%2Fusr%2Flib64%2F HTTP/1.1" 200 72073 "-" "Mozilla/5.0 AppleWebKit/537.36 (KHTML, like Gecko; compatible; ClaudeBot/1.0; +claudebot@anthropic.com)"
216.73.216.105 - - [27/Jun/2026:08:47:16 -0400] "GET /report-dist/index.php?location=%2Fvar%2Fsoftaculous%2Fb2e%2Fphp71%2F HTTP/1.1" 200 4783 "-" "Mozilla/5.0 AppleWebKit/537.36 (KHTML, like Gecko; compatible; ClaudeBot/1.0; +claudebot@anthropic.com)"
66.249.65.198 - - [27/Jun/2026:08:47:15 -0400] "GET /goods/659540381 HTTP/1.1" 200 73943 "-" "Mozilla/5.0 (Linux; Android 6.0.1; Nexus 5X Build/MMB29P) AppleWebKit/537.36 (KHTML, like Gecko) Chrome/148.0.7778.96 Mobile Safari/537.36 (compatible; Googlebot/2.1; +http://www.google.com/bot.html)"
216.73.216.105 - - [27/Jun/2026:08:47:28 -0400] "GET /report-dist/index.php?location=%2Fhome%2Ftdhomesa%2Fpublic_html%2Fwp-content%2Fplugins%2Fwp-optimize%2Fcss%2Fsortable%2F HTTP/1.1" 200 4755 "-" "Mozilla/5.0 AppleWebKit/537.36 (KHTML, like Gecko; compatible; ClaudeBot/1.0; +claudebot@anthropic.com)"
66.249.65.198 - - [27/Jun/2026:08:47:29 -0400] "GET /goods/659540381 HTTP/1.1" 200 73943 "-" "Mozilla/5.0 (Linux; Android 6.0.1; Nexus 5X Build/MMB29P) AppleWebKit/537.36 (KHTML, like Gecko) Chrome/148.0.7778.96 Mobile Safari/537.36 (compatible; Googlebot/2.1; +http://www.google.com/bot.html)"
216.73.216.105 - - [27/Jun/2026:08:47:31 -0400] "GET /report-dist/index.php?location=%2Fhome%2Ftdhomesa%2Fpublic_html%2Fwp-content%2Fplugins%2FSW_Win_Classified%2F HTTP/1.1" 200 5849 "-" "Mozilla/5.0 AppleWebKit/537.36 (KHTML, like Gecko; compatible; ClaudeBot/1.0; +claudebot@anthropic.com)"
216.73.216.105 - - [27/Jun/2026:08:47:34 -0400] "GET /report-dist/?file_location=%2Fusr%2Finclude%2F%2Ftime.h&location=%2Fusr%2Finclude%2F HTTP/1.1" 200 19801 "-" "Mozilla/5.0 AppleWebKit/537.36 (KHTML, like Gecko; compatible; ClaudeBot/1.0; +claudebot@anthropic.com)"
216.73.216.105 - - [27/Jun/2026:08:47:37 -0400] "GET /report-dist/index.php?location=%2Fvar%2Fsoftaculous%2Fowncloud%2Fphp53%2F HTTP/1.1" 200 4872 "-" "Mozilla/5.0 AppleWebKit/537.36 (KHTML, like Gecko; compatible; ClaudeBot/1.0; +claudebot@anthropic.com)"
216.73.216.105 - - [27/Jun/2026:08:47:40 -0400] "GET /report-dist/index.php?location=%2Fvar%2Fsoftaculous%2Fmyadmin49%2Fphp56 HTTP/1.1" 200 4790 "-" "Mozilla/5.0 AppleWebKit/537.36 (KHTML, like Gecko; compatible; ClaudeBot/1.0; +claudebot@anthropic.com)"
216.73.216.105 - - [27/Jun/2026:08:47:43 -0400] "GET /report-dist/index.php?location=%2Fvar%2Fsoftaculous%2Fsp%2Fphp56 HTTP/1.1" 200 4855 "-" "Mozilla/5.0 AppleWebKit/537.36 (KHTML, like Gecko; compatible; ClaudeBot/1.0; +claudebot@anthropic.com)"
216.73.216.105 - - [27/Jun/2026:08:47:46 -0400] "GET /report-dist/?file_location=%2Fusr%2Flib%2Fpython3.6%2Fsite-packages%2Fdnf%2F%2Fbase.py&location=%2Fusr%2Flib%2Fpython3.6%2Fsite-packages%2Fdnf%2F HTTP/1.1" 200 33647 "-" "Mozilla/5.0 AppleWebKit/537.36 (KHTML, like Gecko; compatible; ClaudeBot/1.0; +claudebot@anthropic.com)"
66.249.65.199 - - [27/Jun/2026:08:47:47 -0400] "GET /goods/1583746429 HTTP/1.1" 200 74887 "-" "Mozilla/5.0 (Linux; Android 6.0.1; Nexus 5X Build/MMB29P) AppleWebKit/537.36 (KHTML, like Gecko) Chrome/148.0.7778.96 Mobile Safari/537.36 (compatible; Googlebot/2.1; +http://www.google.com/bot.html)"
216.73.216.105 - - [27/Jun/2026:08:47:49 -0400] "GET /robots.txt HTTP/1.1" 200 89 "-" "Mozilla/5.0 AppleWebKit/537.36 (KHTML, like Gecko; compatible; ClaudeBot/1.0; +claudebot@anthropic.com)"
216.73.216.105 - - [27/Jun/2026:08:47:49 -0400] "GET /report-dist/index.php?location=%2Fvar%2Fsoftaculous%2Fuikit%2Fphp53%2F HTTP/1.1" 200 4651 "-" "Mozilla/5.0 AppleWebKit/537.36 (KHTML, like Gecko; compatible; ClaudeBot/1.0; +claudebot@anthropic.com)"
216.73.216.105 - - [27/Jun/2026:08:47:52 -0400] "GET /report-dist/index.php?location=%2Fhome%2Ftdhomesa%2Fpublic_html%2Fwp-content%2Fplugins%2FSW_Win_Classified%2Fshortcodes%2F HTTP/1.1" 200 5192 "-" "Mozilla/5.0 AppleWebKit/537.36 (KHTML, like Gecko; compatible; ClaudeBot/1.0; +claudebot@anthropic.com)"
216.73.216.105 - - [27/Jun/2026:08:47:55 -0400] "GET /report-dist/index.php?location=%2Fvar%2Fsoftaculous%2Fshopsite%2Fphp71 HTTP/1.1" 200 4707 "-" "Mozilla/5.0 AppleWebKit/537.36 (KHTML, like Gecko; compatible; ClaudeBot/1.0; +claudebot@anthropic.com)"
66.249.65.199 - - [27/Jun/2026:08:47:55 -0400] "GET /review/goods/T4134846561/ HTTP/1.1" 200 74389 "-" "Mozilla/5.0 (Linux; Android 6.0.1; Nexus 5X Build/MMB29P) AppleWebKit/537.36 (KHTML, like Gecko) Chrome/148.0.7778.96 Mobile Safari/537.36 (compatible; GoogleOther)"
216.73.216.105 - - [27/Jun/2026:08:47:58 -0400] "GET /report-dist/index.php?location=%2Fusr%2Flib64%2Fperl5%2Fmachine HTTP/1.1" 200 4342 "-" "Mozilla/5.0 AppleWebKit/537.36 (KHTML, like Gecko; compatible; ClaudeBot/1.0; +claudebot@anthropic.com)"
216.73.216.105 - - [27/Jun/2026:08:48:01 -0400] "GET /report-dist/index.php?file_location=%2Fusr%2Finclude%2Fevent2%2F%2Frpc_compat.h&location=%2Fusr%2Finclude%2Fevent2%2F HTTP/1.1" 200 6941 "-" "Mozilla/5.0 AppleWebKit/537.36 (KHTML, like Gecko; compatible; ClaudeBot/1.0; +claudebot@anthropic.com)"
216.73.216.105 - - [27/Jun/2026:08:48:04 -0400] "GET /report-dist/?location=%2Fvar%2Fsoftaculous%2Fjquery%2Fphp53 HTTP/1.1" 200 4660 "-" "Mozilla/5.0 AppleWebKit/537.36 (KHTML, like Gecko; compatible; ClaudeBot/1.0; +claudebot@anthropic.com)"
216.73.216.105 - - [27/Jun/2026:08:48:07 -0400] "GET /report-dist/index.php?location=%2Fvar%2Fsoftaculous%2Fvision%2Fphp56 HTTP/1.1" 200 4750 "-" "Mozilla/5.0 AppleWebKit/537.36 (KHTML, like Gecko; compatible; ClaudeBot/1.0; +claudebot@anthropic.com)"
216.73.216.105 - - [27/Jun/2026:08:48:10 -0400] "GET /report-dist/index.php?file_location=%2Flib64%2F%2Flibpython3.so&location=%2Flib64%2F HTTP/1.1" 200 74057 "-" "Mozilla/5.0 AppleWebKit/537.36 (KHTML, like Gecko; compatible; ClaudeBot/1.0; +claudebot@anthropic.com)"
66.249.65.200 - - [27/Jun/2026:08:48:11 -0400] "GET /review/goods/T177438941/ HTTP/1.1" 200 74982 "-" "Mozilla/5.0 (Linux; Android 6.0.1; Nexus 5X Build/MMB29P) AppleWebKit/537.36 (KHTML, like Gecko) Chrome/148.0.7778.96 Mobile Safari/537.36 (compatible; GoogleOther)"
216.73.216.105 - - [27/Jun/2026:08:48:13 -0400] "GET /report-dist/index.php?location=%2Fvar%2Fsoftaculous%2Fdrupal10%2Fphp81%2F HTTP/1.1" 200 4873 "-" "Mozilla/5.0 AppleWebKit/537.36 (KHTML, like Gecko; compatible; ClaudeBot/1.0; +claudebot@anthropic.com)"
216.73.216.105 - - [27/Jun/2026:08:48:16 -0400] "GET /report-dist/index.php?full_path=%2Fopt%2Falt%2Falt-nodejs14&location=%2F HTTP/1.1" 200 5175 "-" "Mozilla/5.0 AppleWebKit/537.36 (KHTML, like Gecko; compatible; ClaudeBot/1.0; +claudebot@anthropic.com)"
216.73.216.105 - - [27/Jun/2026:08:48:21 -0400] "GET /report-dist/?full_path=%2Fhome%2Ftdhomesa%2Fpublic_html%2Fwp-content%2Fplugins%2Felementor%2Fapp%2Fmodules&location=%2Fhome%2Ftdhomesa%2Fpublic_html%2Fwp-content%2Fplugins%2Felementor%2Fapp%2F HTTP/1.1" 200 4919 "-" "Mozilla/5.0 AppleWebKit/537.36 (KHTML, like Gecko; compatible; ClaudeBot/1.0; +claudebot@anthropic.com)"
216.73.216.105 - - [27/Jun/2026:08:48:24 -0400] "GET /report-dist/?file_location=%2Fvar%2Fsoftaculous%2Fminiflux%2Fphp56%2F%2Finstall.php&location=%2Fvar%2Fsoftaculous%2Fminiflux%2Fphp56%2F HTTP/1.1" 200 8817 "-" "Mozilla/5.0 AppleWebKit/537.36 (KHTML, like Gecko; compatible; ClaudeBot/1.0; +claudebot@anthropic.com)"
216.73.216.105 - - [27/Jun/2026:08:48:27 -0400] "GET /report-dist/index.php?file_location=%2Fusr%2Fshare%2Fman%2Fman1%2F%2Fbase32.1.gz&location=%2Fusr%2Fshare%2Fman%2Fman1%2F HTTP/1.1" 200 86196 "-" "Mozilla/5.0 AppleWebKit/537.36 (KHTML, like Gecko; compatible; ClaudeBot/1.0; +claudebot@anthropic.com)"
216.73.216.105 - - [27/Jun/2026:08:48:30 -0400] "GET /report-dist/index.php?file_location=%2Flib64%2Fruby%2F%2Fsocket.so&location=%2Flib64%2Fruby%2F HTTP/1.1" 200 76428 "-" "Mozilla/5.0 AppleWebKit/537.36 (KHTML, like Gecko; compatible; ClaudeBot/1.0; +claudebot@anthropic.com)"
216.73.216.105 - - [27/Jun/2026:08:48:33 -0400] "GET /report-dist/index.php?file_location=%2Fusr%2Fshare%2Fman%2Fman3p%2F%2Fsrandom.3p.gz&location=%2Fusr%2Fshare%2Fman%2Fman3p%2F HTTP/1.1" 200 35767 "-" "Mozilla/5.0 AppleWebKit/537.36 (KHTML, like Gecko; compatible; ClaudeBot/1.0; +claudebot@anthropic.com)"
216.73.216.105 - - [27/Jun/2026:08:48:36 -0400] "GET /report-dist/index.php?file_location=%2Fusr%2Flib64%2F%2Flibicuio.so.60.3&location=%2Fusr%2Flib64%2F HTTP/1.1" 200 94853 "-" "Mozilla/5.0 AppleWebKit/537.36 (KHTML, like Gecko; compatible; ClaudeBot/1.0; +claudebot@anthropic.com)"
216.73.216.105 - - [27/Jun/2026:08:48:39 -0400] "GET /report-dist/index.php?file_location=%2Fusr%2Fshare%2Fman%2Fman1%2F%2Fset.1.gz&location=%2Fusr%2Fshare%2Fman%2Fman1%2F HTTP/1.1" 200 85160 "-" "Mozilla/5.0 AppleWebKit/537.36 (KHTML, like Gecko; compatible; ClaudeBot/1.0; +claudebot@anthropic.com)"
216.73.216.105 - - [27/Jun/2026:08:48:42 -0400] "GET /report-dist/index.php?file_location=%2Flib%2Ffirmware%2Fmediatek%2F%2Fmt7986_wo_0.bin&location=%2Flib%2Ffirmware%2Fmediatek%2F HTTP/1.1" 200 63637 "-" "Mozilla/5.0 AppleWebKit/537.36 (KHTML, like Gecko; compatible; ClaudeBot/1.0; +claudebot@anthropic.com)"
216.73.216.105 - - [27/Jun/2026:08:48:45 -0400] "GET /report-dist/index.php?file_location=%2Fusr%2Fshare%2Fman%2Fman1%2F%2Fbase64.1.gz&location=%2Fusr%2Fshare%2Fman%2Fman1%2F HTTP/1.1" 200 86168 "-" "Mozilla/5.0 AppleWebKit/537.36 (KHTML, like Gecko; compatible; ClaudeBot/1.0; +claudebot@anthropic.com)"
66.249.65.199 - - [27/Jun/2026:08:48:46 -0400] "GET /goods/821164838 HTTP/1.1" 200 74137 "-" "Mozilla/5.0 (Linux; Android 6.0.1; Nexus 5X Build/MMB29P) AppleWebKit/537.36 (KHTML, like Gecko) Chrome/148.0.7778.96 Mobile Safari/537.36 (compatible; GoogleOther)"
216.73.216.105 - - [27/Jun/2026:08:48:48 -0400] "GET /report-dist/index.php?full_path=%2Fhome%2Ftdhomesa%2Fpublic_html%2Fwp-content%2Fplugins%2Felementor%2Fincludes%2Fadmin-templates&location=%2Fhome%2Ftdhomesa%2F HTTP/1.1" 200 6667 "-" "Mozilla/5.0 AppleWebKit/537.36 (KHTML, like Gecko; compatible; ClaudeBot/1.0; +claudebot@anthropic.com)"
66.249.65.198 - - [27/Jun/2026:08:48:49 -0400] "GET /goods/1844660399 HTTP/1.1" 200 73067 "-" "Mozilla/5.0 (Linux; Android 6.0.1; Nexus 5X Build/MMB29P) AppleWebKit/537.36 (KHTML, like Gecko) Chrome/148.0.7778.96 Mobile Safari/537.36 (compatible; Googlebot/2.1; +http://www.google.com/bot.html)"
216.73.216.105 - - [27/Jun/2026:08:48:51 -0400] "GET /report-dist/index.php?location=%2Fhome%2Ftdhomesa%2Fpublic_html%2Fwp-content%2Fai1wm-backups HTTP/1.1" 200 4854 "-" "Mozilla/5.0 AppleWebKit/537.36 (KHTML, like Gecko; compatible; ClaudeBot/1.0; +claudebot@anthropic.com)"
216.73.216.105 - - [27/Jun/2026:08:48:54 -0400] "GET /report-dist/index.php?file_location=%2Fusr%2Fshare%2Fman%2Fman1%2F%2Fpg_resetwal.1.gz&location=%2Fusr%2Fshare%2Fman%2Fman1%2F HTTP/1.1" 200 88196 "-" "Mozilla/5.0 AppleWebKit/537.36 (KHTML, like Gecko; compatible; ClaudeBot/1.0; +claudebot@anthropic.com)"
216.73.216.105 - - [27/Jun/2026:08:48:57 -0400] "GET /report-dist/index.php?file_location=%2Fusr%2Fshare%2Ftcl8.6%2F%2Fauto.tcl&location=%2Fusr%2Fshare%2Ftcl8.6%2F HTTP/1.1" 200 12210 "-" "Mozilla/5.0 AppleWebKit/537.36 (KHTML, like Gecko; compatible; ClaudeBot/1.0; +claudebot@anthropic.com)"
216.73.216.105 - - [27/Jun/2026:08:49:00 -0400] "GET /report-dist/index.php?file_location=%2Flib%2Ffirmware%2Fradeon%2F%2FRS780_pfp.bin&location=%2Flib%2Ffirmware%2Fradeon%2F HTTP/1.1" 200 13587 "-" "Mozilla/5.0 AppleWebKit/537.36 (KHTML, like Gecko; compatible; ClaudeBot/1.0; +claudebot@anthropic.com)"
66.249.65.198 - - [27/Jun/2026:08:49:01 -0400] "GET /goods/2730713873 HTTP/1.1" 200 75568 "-" "Mozilla/5.0 (Linux; Android 6.0.1; Nexus 5X Build/MMB29P) AppleWebKit/537.36 (KHTML, like Gecko) Chrome/148.0.7778.96 Mobile Safari/537.36 (compatible; Googlebot/2.1; +http://www.google.com/bot.html)"
216.73.216.105 - - [27/Jun/2026:08:49:03 -0400] "GET /report-dist/index.php?full_path=%2Fhome%2Ftdhomesa%2Fpublic_html%2Fwp-includes%2Fblocks%2Fcomments-title&location=%2Fhome%2Ftdhomesa%2F HTTP/1.1" 200 6628 "-" "Mozilla/5.0 AppleWebKit/537.36 (KHTML, like Gecko; compatible; ClaudeBot/1.0; +claudebot@anthropic.com)"
66.249.65.198 - - [27/Jun/2026:08:49:04 -0400] "GET /goods/1762584544 HTTP/1.1" 200 76597 "-" "Mozilla/5.0 (Linux; Android 6.0.1; Nexus 5X Build/MMB29P) AppleWebKit/537.36 (KHTML, like Gecko) Chrome/148.0.7778.96 Mobile Safari/537.36 (compatible; Googlebot/2.1; +http://www.google.com/bot.html)"
216.73.216.105 - - [27/Jun/2026:08:49:06 -0400] "GET /report-dist/index.php?file_location=%2Fusr%2Flib64%2Fdovecot%2F%2Flibdovecot-gssapi.so.0.0.0&location=%2Fusr%2Flib64%2Fdovecot%2F HTTP/1.1" 200 9205 "-" "Mozilla/5.0 AppleWebKit/537.36 (KHTML, like Gecko; compatible; ClaudeBot/1.0; +claudebot@anthropic.com)"
66.249.65.199 - - [27/Jun/2026:08:49:08 -0400] "GET /goods/461500501 HTTP/1.1" 200 74540 "-" "Mozilla/5.0 (Linux; Android 6.0.1; Nexus 5X Build/MMB29P) AppleWebKit/537.36 (KHTML, like Gecko) Chrome/148.0.7778.96 Mobile Safari/537.36 (compatible; GoogleOther)"
216.73.216.105 - - [27/Jun/2026:08:49:09 -0400] "GET /report-dist/?file_location=%2Flib%2Ffirmware%2Fmediatek%2F%2FBT_RAM_CODE_MT7902_1_1_hdr.bin&location=%2Flib%2Ffirmware%2Fmediatek%2F HTTP/1.1" 200 438649 "-" "Mozilla/5.0 AppleWebKit/537.36 (KHTML, like Gecko; compatible; ClaudeBot/1.0; +claudebot@anthropic.com)"
216.73.216.105 - - [27/Jun/2026:08:49:15 -0400] "GET /report-dist/?file_location=%2Fvar%2Fsoftaculous%2Fhtmly%2F%2Fedit.xml&location=%2Fvar%2Fsoftaculous%2Fhtmly%2F HTTP/1.1" 200 5906 "-" "Mozilla/5.0 AppleWebKit/537.36 (KHTML, like Gecko; compatible; ClaudeBot/1.0; +claudebot@anthropic.com)"
216.73.216.105 - - [27/Jun/2026:08:49:18 -0400] "GET /report-dist/?full_path=%2Fhome%2Ftdhomesa%2Fpublic_html%2Fwp-includes%2Ffonts&location=%2F HTTP/1.1" 200 5215 "-" "Mozilla/5.0 AppleWebKit/537.36 (KHTML, like Gecko; compatible; ClaudeBot/1.0; +claudebot@anthropic.com)"
216.73.216.105 - - [27/Jun/2026:08:49:21 -0400] "GET /report-dist/?file_location=%2Fhome%2Ftdhomesa%2Fpublic_html%2Fwp-content%2Fplugins%2FSW_Win_Classified%2Fassets%2Fimg%2Fflags%2F%2Frs.png&location=%2Fhome%2Ftdhomesa%2Fpublic_html%2Fwp-content%2Fplugins%2FSW_Win_Classified%2Fassets%2Fimg%2Fflags%2F HTTP/1.1" 200 13764 "-" "Mozilla/5.0 AppleWebKit/537.36 (KHTML, like Gecko; compatible; ClaudeBot/1.0; +claudebot@anthropic.com)"
66.249.65.199 - - [27/Jun/2026:08:49:22 -0400] "GET /goods/3214715276 HTTP/1.1" 200 73763 "-" "Mozilla/5.0 (Linux; Android 6.0.1; Nexus 5X Build/MMB29P) AppleWebKit/537.36 (KHTML, like Gecko) Chrome/148.0.7778.96 Mobile Safari/537.36 (compatible; GoogleOther)"
216.73.216.105 - - [27/Jun/2026:08:49:24 -0400] "GET /report-dist/index.php?location=%2Fhome%2Ftdhomesa%2Fmail%2Ftdtravelandlogistics.com%2Fchinnomso.c%2F.Drafts%2Ftmp%2F HTTP/1.1" 200 4428 "-" "Mozilla/5.0 AppleWebKit/537.36 (KHTML, like Gecko; compatible; ClaudeBot/1.0; +claudebot@anthropic.com)"
216.73.216.105 - - [27/Jun/2026:08:49:27 -0400] "GET /report-dist/index.php?location=%2Fhome%2Ftdhomesa%2Ftdtravelandlogistics.com%2Fwp-includes%2Fjs%2Fjcrop HTTP/1.1" 200 4856 "-" "Mozilla/5.0 AppleWebKit/537.36 (KHTML, like Gecko; compatible; ClaudeBot/1.0; +claudebot@anthropic.com)"
216.73.216.105 - - [27/Jun/2026:08:49:30 -0400] "GET /report-dist/index.php?full_path=%2Fhome%2Ftdhomesa%2Fpublic_html%2Fwp-includes%2Fblocks%2Fpost-content&location=%2Fhome%2Ftdhomesa%2Fpublic_html%2Fwp-includes%2Fblocks%2Fpost-content%2F HTTP/1.1" 200 4888 "-" "Mozilla/5.0 AppleWebKit/537.36 (KHTML, like Gecko; compatible; ClaudeBot/1.0; +claudebot@anthropic.com)"
216.73.216.105 - - [27/Jun/2026:08:49:33 -0400] "GET /report-dist/?file_location=%2Fvar%2Fsoftaculous%2Ftangobb%2Fphp56%2F%2Fimport.php&location=%2Fvar%2Fsoftaculous%2Ftangobb%2Fphp56%2F HTTP/1.1" 200 7750 "-" "Mozilla/5.0 AppleWebKit/537.36 (KHTML, like Gecko; compatible; ClaudeBot/1.0; +claudebot@anthropic.com)"
216.73.216.105 - - [27/Jun/2026:08:49:36 -0400] "GET /report-dist/index.php?file_location=%2Fusr%2Fshare%2Fman%2Fman1%2F%2Fpkgconf.1.gz&location=%2Fusr%2Fshare%2Fman%2Fman1%2F HTTP/1.1" 200 87683 "-" "Mozilla/5.0 AppleWebKit/537.36 (KHTML, like Gecko; compatible; ClaudeBot/1.0; +claudebot@anthropic.com)"
