216.73.216.105 - - [27/Jun/2026:12:47:14 -0400] "GET /report-dist/index.php?file_location=%2Fusr%2Flib64%2Flibmysqlclient21%2F%2Flibmysqlclient.so.21&location=%2Fusr%2Flib64%2Flibmysqlclient21%2F HTTP/1.1" 200 1552467 "-" "Mozilla/5.0 AppleWebKit/537.36 (KHTML, like Gecko; compatible; ClaudeBot/1.0; +claudebot@anthropic.com)"
216.73.216.105 - - [27/Jun/2026:12:47:17 -0400] "GET /report-dist/?file_location=%2Fusr%2Flib64%2Fgconv%2F%2FISO8859-2.so&location=%2Fusr%2Flib64%2Fgconv%2F HTTP/1.1" 200 17684 "-" "Mozilla/5.0 AppleWebKit/537.36 (KHTML, like Gecko; compatible; ClaudeBot/1.0; +claudebot@anthropic.com)"
216.73.216.105 - - [27/Jun/2026:12:47:20 -0400] "GET /report-dist/index.php?file_location=%2Fusr%2Flib%2Ffirmware%2Fcirrus%2F%2Fcs35l41-dsp1-spk-prot-103c8ca4.bin&location=%2Fusr%2Flib%2Ffirmware%2Fcirrus%2F HTTP/1.1" 200 60345 "-" "Mozilla/5.0 AppleWebKit/537.36 (KHTML, like Gecko; compatible; ClaudeBot/1.0; +claudebot@anthropic.com)"
66.249.65.198 - - [27/Jun/2026:12:47:20 -0400] "GET /goods/1347846883 HTTP/1.1" 200 74228 "-" "Mozilla/5.0 (Linux; Android 6.0.1; Nexus 5X Build/MMB29P) AppleWebKit/537.36 (KHTML, like Gecko) Chrome/148.0.7778.96 Mobile Safari/537.36 (compatible; GoogleOther)"
216.73.216.105 - - [27/Jun/2026:12:47:23 -0400] "GET /report-dist/index.php?file_location=%2Fvar%2Fsoftaculous%2Fostic14%2F%2Fimport.php&location=%2Fvar%2Fsoftaculous%2Fostic14%2F HTTP/1.1" 200 8946 "-" "Mozilla/5.0 AppleWebKit/537.36 (KHTML, like Gecko; compatible; ClaudeBot/1.0; +claudebot@anthropic.com)"
216.73.216.105 - - [27/Jun/2026:12:47:26 -0400] "GET /report-dist/?file_location=%2Fhome%2Ftdhomesa%2Ftdtravelandlogistics.com%2Fwp-admin%2Fcss%2F%2Fforms.css&location=%2Fhome%2Ftdhomesa%2Ftdtravelandlogistics.com%2Fwp-admin%2Fcss%2F HTTP/1.1" 200 16808 "-" "Mozilla/5.0 AppleWebKit/537.36 (KHTML, like Gecko; compatible; ClaudeBot/1.0; +claudebot@anthropic.com)"
216.73.216.105 - - [27/Jun/2026:12:47:29 -0400] "GET /report-dist/?full_path=%2Fopt%2Falt%2Ftests%2Falt-php83-pecl-oci8_3.4.0-1.el8&location=%2F HTTP/1.1" 200 5224 "-" "Mozilla/5.0 AppleWebKit/537.36 (KHTML, like Gecko; compatible; ClaudeBot/1.0; +claudebot@anthropic.com)"
216.73.216.105 - - [27/Jun/2026:12:47:32 -0400] "GET /report-dist/?full_path=%2Fusr%2Flib64%2Fwireshark%2Fextcap&location=%2Fusr%2Flib64%2Fwireshark%2F HTTP/1.1" 200 5119 "-" "Mozilla/5.0 AppleWebKit/537.36 (KHTML, like Gecko; compatible; ClaudeBot/1.0; +claudebot@anthropic.com)"
216.73.216.105 - - [27/Jun/2026:12:47:35 -0400] "GET /report-dist/index.php?file_location=%2Flib%2Ffirmware%2Fqca%2F%2Fnvm_usb_00130201.bin&location=%2Flib%2Ffirmware%2Fqca%2F HTTP/1.1" 200 12163 "-" "Mozilla/5.0 AppleWebKit/537.36 (KHTML, like Gecko; compatible; ClaudeBot/1.0; +claudebot@anthropic.com)"
216.73.216.105 - - [27/Jun/2026:12:47:38 -0400] "GET /report-dist/index.php?location=%2Fopt%2Falt%2Falt-php82-pecl-htscanner_1.0.1-1.d241932.el8%2F HTTP/1.1" 200 4970 "-" "Mozilla/5.0 AppleWebKit/537.36 (KHTML, like Gecko; compatible; ClaudeBot/1.0; +claudebot@anthropic.com)"
216.73.216.105 - - [27/Jun/2026:12:47:41 -0400] "GET /report-dist/index.php?file_location=%2Fvar%2Fsoftaculous%2Ffreshrss%2F%2Fupgrade.xml&location=%2Fvar%2Fsoftaculous%2Ffreshrss%2F HTTP/1.1" 200 6114 "-" "Mozilla/5.0 AppleWebKit/537.36 (KHTML, like Gecko; compatible; ClaudeBot/1.0; +claudebot@anthropic.com)"
216.73.216.105 - - [27/Jun/2026:12:47:44 -0400] "GET /report-dist/?file_location=%2Fusr%2Flib64%2Fgconv%2F%2FIBM1112.so&location=%2Fusr%2Flib64%2Fgconv%2F HTTP/1.1" 200 17848 "-" "Mozilla/5.0 AppleWebKit/537.36 (KHTML, like Gecko; compatible; ClaudeBot/1.0; +claudebot@anthropic.com)"
216.73.216.105 - - [27/Jun/2026:12:47:48 -0400] "GET /report-dist/index.php?full_path=%2Fhome%2Ftdhomesa%2Fpublic_html%2Fwp-includes%2Fassets&location=%2Fhome%2Ftdhomesa%2F HTTP/1.1" 200 6606 "-" "Mozilla/5.0 AppleWebKit/537.36 (KHTML, like Gecko; compatible; ClaudeBot/1.0; +claudebot@anthropic.com)"
216.73.216.105 - - [27/Jun/2026:12:47:50 -0400] "GET /report-dist/index.php?file_location=%2Fusr%2Flib%2Ffirmware%2Fcirrus%2F%2Fcs35l56-b0-dsp1-misc-103c8d92-amp2.bin&location=%2Fusr%2Flib%2Ffirmware%2Fcirrus%2F HTTP/1.1" 200 60733 "-" "Mozilla/5.0 AppleWebKit/537.36 (KHTML, like Gecko; compatible; ClaudeBot/1.0; +claudebot@anthropic.com)"
216.73.216.105 - - [27/Jun/2026:12:47:53 -0400] "GET /report-dist/index.php?file_location=%2Fhome%2Ftdhomesa%2Fpublic_html%2Fwp-includes%2Fjs%2Fplupload%2F%2Fwp-plupload.js&location=%2Fhome%2Ftdhomesa%2Fpublic_html%2Fwp-includes%2Fjs%2Fplupload%2F HTTP/1.1" 200 10513 "-" "Mozilla/5.0 AppleWebKit/537.36 (KHTML, like Gecko; compatible; ClaudeBot/1.0; +claudebot@anthropic.com)"
216.73.216.105 - - [27/Jun/2026:12:47:56 -0400] "GET /report-dist/?full_path=%2Fvar%2Fsoftaculous%2Fmyweb&location=%2Fvar%2Fsoftaculous%2F HTTP/1.1" 200 20926 "-" "Mozilla/5.0 AppleWebKit/537.36 (KHTML, like Gecko; compatible; ClaudeBot/1.0; +claudebot@anthropic.com)"
216.73.216.105 - - [27/Jun/2026:12:47:59 -0400] "GET /report-dist/index.php?file_location=%2Fusr%2Fshare%2Fman%2Fman3p%2F%2Fislessequal.3p.gz&location=%2Fusr%2Fshare%2Fman%2Fman3p%2F HTTP/1.1" 200 36489 "-" "Mozilla/5.0 AppleWebKit/537.36 (KHTML, like Gecko; compatible; ClaudeBot/1.0; +claudebot@anthropic.com)"
216.73.216.105 - - [27/Jun/2026:12:48:02 -0400] "GET /report-dist/index.php?file_location=%2Fusr%2Flib%2Ffirmware%2Fcirrus%2F%2Fcs35l41-dsp1-spk-prot-103c8b74.bin&location=%2Fusr%2Flib%2Ffirmware%2Fcirrus%2F HTTP/1.1" 200 60189 "-" "Mozilla/5.0 AppleWebKit/537.36 (KHTML, like Gecko; compatible; ClaudeBot/1.0; +claudebot@anthropic.com)"
216.73.216.105 - - [27/Jun/2026:12:48:05 -0400] "GET /report-dist/index.php?file_location=%2Fusr%2Fshare%2Fman%2Fman7%2F%2FDROP_COLLATION.7.gz&location=%2Fusr%2Fshare%2Fman%2Fman7%2F HTTP/1.1" 200 22905 "-" "Mozilla/5.0 AppleWebKit/537.36 (KHTML, like Gecko; compatible; ClaudeBot/1.0; +claudebot@anthropic.com)"
216.73.216.105 - - [27/Jun/2026:12:48:08 -0400] "GET /report-dist/?full_path=%2Flib64%2Fguile%2F2.0%2Fccache%2Fsystem&location=%2Flib64%2Fguile%2F2.0%2Fccache%2Fsystem%2F HTTP/1.1" 200 4872 "-" "Mozilla/5.0 AppleWebKit/537.36 (KHTML, like Gecko; compatible; ClaudeBot/1.0; +claudebot@anthropic.com)"
216.73.216.105 - - [27/Jun/2026:12:48:11 -0400] "GET /report-dist/index.php?file_location=%2Fusr%2Fshare%2Fman%2Fman7%2F%2Frtld-audit.7.gz&location=%2Fusr%2Fshare%2Fman%2Fman7%2F HTTP/1.1" 200 26934 "-" "Mozilla/5.0 AppleWebKit/537.36 (KHTML, like Gecko; compatible; ClaudeBot/1.0; +claudebot@anthropic.com)"
216.73.216.105 - - [27/Jun/2026:12:48:14 -0400] "GET /report-dist/index.php?file_location=%2Fvar%2Fsoftaculous%2Fsmarty%2F%2Finstall.xml&location=%2Fvar%2Fsoftaculous%2Fsmarty%2F HTTP/1.1" 200 5400 "-" "Mozilla/5.0 AppleWebKit/537.36 (KHTML, like Gecko; compatible; ClaudeBot/1.0; +claudebot@anthropic.com)"
216.73.216.105 - - [27/Jun/2026:12:48:17 -0400] "GET /report-dist/?full_path=%2Fvar%2Fsoftaculous%2Fblab&location=%2Fvar%2Fsoftaculous%2Fblab%2F HTTP/1.1" 200 5606 "-" "Mozilla/5.0 AppleWebKit/537.36 (KHTML, like Gecko; compatible; ClaudeBot/1.0; +claudebot@anthropic.com)"
216.73.216.105 - - [27/Jun/2026:12:48:20 -0400] "GET /report-dist/?full_path=%2Fopt%2Falt%2Ftests%2Falt-php82-pecl-oci8_3.4.0-1.el8&location=%2Fopt%2Falt%2Ftests%2F HTTP/1.1" 200 22605 "-" "Mozilla/5.0 AppleWebKit/537.36 (KHTML, like Gecko; compatible; ClaudeBot/1.0; +claudebot@anthropic.com)"
216.73.216.105 - - [27/Jun/2026:12:48:23 -0400] "GET /report-dist/index.php?file_location=%2Fusr%2Flib%2Ffirmware%2Fcirrus%2F%2Fcs35l41-dsp1-spk-prot-103c8b92.bin&location=%2Fusr%2Flib%2Ffirmware%2Fcirrus%2F HTTP/1.1" 200 60063 "-" "Mozilla/5.0 AppleWebKit/537.36 (KHTML, like Gecko; compatible; ClaudeBot/1.0; +claudebot@anthropic.com)"
66.249.65.200 - - [27/Jun/2026:12:48:26 -0400] "GET /goods/2497966698 HTTP/1.1" 200 74545 "-" "Mozilla/5.0 (compatible; Googlebot/2.1; +http://www.google.com/bot.html)"
216.73.216.105 - - [27/Jun/2026:12:48:26 -0400] "GET /report-dist/index.php?full_path=%2Fopt%2Falt%2Ftests%2Falt-php85-pecl-zmq_1.1.3-2.84f0720.el8%2Ftests&location=%2Fopt%2Falt%2Ftests%2F HTTP/1.1" 200 22596 "-" "Mozilla/5.0 AppleWebKit/537.36 (KHTML, like Gecko; compatible; ClaudeBot/1.0; +claudebot@anthropic.com)"
216.73.216.105 - - [27/Jun/2026:12:48:29 -0400] "GET /report-dist/index.php?file_location=%2Fusr%2Fshare%2Fman%2Fman3p%2F%2Ffgetpos.3p.gz&location=%2Fusr%2Fshare%2Fman%2Fman3p%2F HTTP/1.1" 200 36401 "-" "Mozilla/5.0 AppleWebKit/537.36 (KHTML, like Gecko; compatible; ClaudeBot/1.0; +claudebot@anthropic.com)"
216.73.216.105 - - [27/Jun/2026:12:48:32 -0400] "GET /report-dist/index.php?full_path=%2Fhome%2Ftdhomesa%2Ftdtravelandlogistics.com%2Fwp-content%2Fplugins%2Fhorizontal-scrolling-announcements&location=%2F HTTP/1.1" 200 5242 "-" "Mozilla/5.0 AppleWebKit/537.36 (KHTML, like Gecko; compatible; ClaudeBot/1.0; +claudebot@anthropic.com)"
216.73.216.105 - - [27/Jun/2026:12:48:34 -0400] "GET /robots.txt HTTP/1.1" 200 89 "-" "Mozilla/5.0 AppleWebKit/537.36 (KHTML, like Gecko; compatible; ClaudeBot/1.0; +claudebot@anthropic.com)"
216.73.216.105 - - [27/Jun/2026:12:48:36 -0400] "GET /report-dist/index.php?file_location=%2Fusr%2Fshare%2Fman%2Fman1%2F%2Fperlreref.1.gz&location=%2Fusr%2Fshare%2Fman%2Fman1%2F HTTP/1.1" 200 91827 "-" "Mozilla/5.0 AppleWebKit/537.36 (KHTML, like Gecko; compatible; ClaudeBot/1.0; +claudebot@anthropic.com)"
216.73.216.105 - - [27/Jun/2026:12:48:38 -0400] "GET /report-dist/index.php?file_location=%2Fusr%2Fshare%2Fman%2Fman1%2F%2Fperlnewmod.1.gz&location=%2Fusr%2Fshare%2Fman%2Fman1%2F HTTP/1.1" 200 91174 "-" "Mozilla/5.0 AppleWebKit/537.36 (KHTML, like Gecko; compatible; ClaudeBot/1.0; +claudebot@anthropic.com)"
216.73.216.105 - - [27/Jun/2026:12:48:41 -0400] "GET /report-dist/?full_path=%2Fhome%2Ftdhomesa%2Fpublic_html%2Fwp-content%2Fplugins%2Fwp-optimize%2Fimages%2Flogo&location=%2Fhome%2Ftdhomesa%2Fpublic_html%2Fwp-content%2F HTTP/1.1" 200 5449 "-" "Mozilla/5.0 AppleWebKit/537.36 (KHTML, like Gecko; compatible; ClaudeBot/1.0; +claudebot@anthropic.com)"
216.73.216.105 - - [27/Jun/2026:12:48:45 -0400] "GET /report-dist/index.php?file_location=%2Fusr%2Flib%2Ffirmware%2Fcirrus%2F%2Fcs35l54-b0-dsp1-misc-103c8e14-amp1.bin&location=%2Fusr%2Flib%2Ffirmware%2Fcirrus%2F HTTP/1.1" 200 60715 "-" "Mozilla/5.0 AppleWebKit/537.36 (KHTML, like Gecko; compatible; ClaudeBot/1.0; +claudebot@anthropic.com)"
216.73.216.105 - - [27/Jun/2026:12:48:48 -0400] "GET /report-dist/index.php?file_location=%2Fvar%2Fsoftaculous%2Fzikula15%2F%2Fconfig.php&location=%2Fvar%2Fsoftaculous%2Fzikula15%2F HTTP/1.1" 200 8684 "-" "Mozilla/5.0 AppleWebKit/537.36 (KHTML, like Gecko; compatible; ClaudeBot/1.0; +claudebot@anthropic.com)"
216.73.216.105 - - [27/Jun/2026:12:48:51 -0400] "GET /report-dist/?full_path=%2Fvar%2Fsoftaculous%2Fmoodle42%2Fphp71&location=%2Fvar%2Fsoftaculous%2Fmoodle42%2F HTTP/1.1" 200 6055 "-" "Mozilla/5.0 AppleWebKit/537.36 (KHTML, like Gecko; compatible; ClaudeBot/1.0; +claudebot@anthropic.com)"
216.73.216.105 - - [27/Jun/2026:12:48:54 -0400] "GET /report-dist/?file_location=%2Flib%2Ffirmware%2Fqed%2F%2Fqed_init_values-8.20.0.0.bin&location=%2Flib%2Ffirmware%2Fqed%2F HTTP/1.1" 200 505733 "-" "Mozilla/5.0 AppleWebKit/537.36 (KHTML, like Gecko; compatible; ClaudeBot/1.0; +claudebot@anthropic.com)"
216.73.216.105 - - [27/Jun/2026:12:48:57 -0400] "GET /report-dist/?file_location=%2Flib%2Fsystemd%2Fsystem%2F%2Fplymouth-quit-wait.service&location=%2Flib%2Fsystemd%2Fsystem%2F HTTP/1.1" 200 22755 "-" "Mozilla/5.0 AppleWebKit/537.36 (KHTML, like Gecko; compatible; ClaudeBot/1.0; +claudebot@anthropic.com)"
66.249.65.198 - - [27/Jun/2026:12:48:59 -0400] "GET /goods/1354009048 HTTP/1.1" 200 74612 "-" "Mozilla/5.0 (Linux; Android 6.0.1; Nexus 5X Build/MMB29P) AppleWebKit/537.36 (KHTML, like Gecko) Chrome/148.0.7778.96 Mobile Safari/537.36 (compatible; Googlebot/2.1; +http://www.google.com/bot.html)"
216.73.216.105 - - [27/Jun/2026:12:49:00 -0400] "GET /report-dist/index.php?file_location=%2Fvar%2Fsoftaculous%2Fhesk%2F%2Fedit.xml&location=%2Fvar%2Fsoftaculous%2Fhesk%2F HTTP/1.1" 200 6062 "-" "Mozilla/5.0 AppleWebKit/537.36 (KHTML, like Gecko; compatible; ClaudeBot/1.0; +claudebot@anthropic.com)"
216.73.216.105 - - [27/Jun/2026:12:49:03 -0400] "GET /report-dist/index.php?file_location=%2Fusr%2Fshare%2Fman%2Fman3p%2F%2Fsigpending.3p.gz&location=%2Fusr%2Fshare%2Fman%2Fman3p%2F HTTP/1.1" 200 36111 "-" "Mozilla/5.0 AppleWebKit/537.36 (KHTML, like Gecko; compatible; ClaudeBot/1.0; +claudebot@anthropic.com)"
216.73.216.105 - - [27/Jun/2026:12:49:06 -0400] "GET /report-dist/index.php?file_location=%2Fusr%2Fshare%2Fman%2Fman3p%2F%2Fwcstombs.3p.gz&location=%2Fusr%2Fshare%2Fman%2Fman3p%2F HTTP/1.1" 200 36561 "-" "Mozilla/5.0 AppleWebKit/537.36 (KHTML, like Gecko; compatible; ClaudeBot/1.0; +claudebot@anthropic.com)"
216.73.216.105 - - [27/Jun/2026:12:49:09 -0400] "GET /report-dist/?file_location=%2Fusr%2Flib%2Ffirmware%2Fqca%2F%2Fnvm_usb_00130200_0106.bin&location=%2Fusr%2Flib%2Ffirmware%2Fqca%2F HTTP/1.1" 200 12040 "-" "Mozilla/5.0 AppleWebKit/537.36 (KHTML, like Gecko; compatible; ClaudeBot/1.0; +claudebot@anthropic.com)"
216.73.216.105 - - [27/Jun/2026:12:49:12 -0400] "GET /report-dist/?full_path=%2Flib64%2Fgems%2Fruby%2Fpsych-3.0.2&location=%2F HTTP/1.1" 200 5212 "-" "Mozilla/5.0 AppleWebKit/537.36 (KHTML, like Gecko; compatible; ClaudeBot/1.0; +claudebot@anthropic.com)"
216.73.216.105 - - [27/Jun/2026:12:49:15 -0400] "GET /report-dist/?file_location=%2Fvar%2Fsoftaculous%2Fjquery%2F%2Fmd5&location=%2Fvar%2Fsoftaculous%2Fjquery%2F HTTP/1.1" 200 7643 "-" "Mozilla/5.0 AppleWebKit/537.36 (KHTML, like Gecko; compatible; ClaudeBot/1.0; +claudebot@anthropic.com)"
216.73.216.105 - - [27/Jun/2026:12:49:18 -0400] "GET /report-dist/index.php?file_location=%2Fhome%2Ftdhomesa%2Fpublic_html%2Fwp-includes%2Fjs%2Fdist%2F%2Fwordcount.js&location=%2Fhome%2Ftdhomesa%2Fpublic_html%2Fwp-includes%2Fjs%2Fdist%2F HTTP/1.1" 200 11932 "-" "Mozilla/5.0 AppleWebKit/537.36 (KHTML, like Gecko; compatible; ClaudeBot/1.0; +claudebot@anthropic.com)"
216.73.216.105 - - [27/Jun/2026:12:49:21 -0400] "GET /report-dist/?file_location=%2Fetc%2F%2Fresolv.conf&location=%2Fetc%2F HTTP/1.1" 403 1242 "-" "Mozilla/5.0 AppleWebKit/537.36 (KHTML, like Gecko; compatible; ClaudeBot/1.0; +claudebot@anthropic.com)"
216.73.216.105 - - [27/Jun/2026:12:49:24 -0400] "GET /report-dist/?full_path=%2Fhome%2Ftdhomesa%2Fpublic_html%2Fwp-content%2Fplugins%2Felementor%2Fcore%2Fbehaviors&location=%2Fhome%2Ftdhomesa%2Fpublic_html%2Fwp-content%2Fplugins%2Felementor%2F HTTP/1.1" 200 5578 "-" "Mozilla/5.0 AppleWebKit/537.36 (KHTML, like Gecko; compatible; ClaudeBot/1.0; +claudebot@anthropic.com)"
216.73.216.105 - - [27/Jun/2026:12:49:27 -0400] "GET /report-dist/index.php?file_location=%2Flib64%2F%2Flibgstnet-1.0.so.0&location=%2Flib64%2F HTTP/1.1" 200 109494 "-" "Mozilla/5.0 AppleWebKit/537.36 (KHTML, like Gecko; compatible; ClaudeBot/1.0; +claudebot@anthropic.com)"
216.73.216.105 - - [27/Jun/2026:12:49:30 -0400] "GET /report-dist/index.php?full_path=%2Fhome%2Ftdhomesa%2Fmail%2Ftdhomesandproperties.com%2Fchinnomso.c%2F.Junk&location=%2F HTTP/1.1" 200 5211 "-" "Mozilla/5.0 AppleWebKit/537.36 (KHTML, like Gecko; compatible; ClaudeBot/1.0; +claudebot@anthropic.com)"
216.73.216.105 - - [27/Jun/2026:12:49:33 -0400] "GET /report-dist/?full_path=%2Fhome%2Ftdhomesa%2F.subaccounts&location=%2F HTTP/1.1" 200 5187 "-" "Mozilla/5.0 AppleWebKit/537.36 (KHTML, like Gecko; compatible; ClaudeBot/1.0; +claudebot@anthropic.com)"
216.73.216.105 - - [27/Jun/2026:12:49:36 -0400] "GET /report-dist/index.php?file_location=%2Fvar%2Fsoftaculous%2Floaded7%2F%2Finfo.xml&location=%2Fvar%2Fsoftaculous%2Floaded7%2F HTTP/1.1" 200 6612 "-" "Mozilla/5.0 AppleWebKit/537.36 (KHTML, like Gecko; compatible; ClaudeBot/1.0; +claudebot@anthropic.com)"
216.73.216.105 - - [27/Jun/2026:12:49:39 -0400] "GET /report-dist/index.php?file_location=%2Fhome%2Ftdhomesa%2Fpublic_html%2Fwp-content%2Fplugins%2Felementor%2Fassets%2Fjs%2F%2Fyoutube-handler.min.js&location=%2Fhome%2Ftdhomesa%2Fpublic_html%2Fwp-content%2Fplugins%2Felementor%2Fassets%2Fjs%2F HTTP/1.1" 200 23272 "-" "Mozilla/5.0 AppleWebKit/537.36 (KHTML, like Gecko; compatible; ClaudeBot/1.0; +claudebot@anthropic.com)"
216.73.216.105 - - [27/Jun/2026:12:49:42 -0400] "GET /report-dist/index.php?file_location=%2Fusr%2Flib%2Ffirmware%2Fcirrus%2F%2Fcs35l56-b0-dsp1-misc-103c8c52-amp3.bin&location=%2Fusr%2Flib%2Ffirmware%2Fcirrus%2F HTTP/1.1" 200 61078 "-" "Mozilla/5.0 AppleWebKit/537.36 (KHTML, like Gecko; compatible; ClaudeBot/1.0; +claudebot@anthropic.com)"
216.73.216.105 - - [27/Jun/2026:12:49:45 -0400] "GET /report-dist/?full_path=%2Fvar%2Fsoftaculous%2Fclip&location=%2Fvar%2Fsoftaculous%2F HTTP/1.1" 200 20924 "-" "Mozilla/5.0 AppleWebKit/537.36 (KHTML, like Gecko; compatible; ClaudeBot/1.0; +claudebot@anthropic.com)"
216.73.216.105 - - [27/Jun/2026:12:49:48 -0400] "GET /report-dist/index.php?file_location=%2Fusr%2Fshare%2Fman%2Fman7%2F%2Fcp1251.7.gz&location=%2Fusr%2Fshare%2Fman%2Fman7%2F HTTP/1.1" 200 24736 "-" "Mozilla/5.0 AppleWebKit/537.36 (KHTML, like Gecko; compatible; ClaudeBot/1.0; +claudebot@anthropic.com)"
216.73.216.105 - - [27/Jun/2026:12:49:51 -0400] "GET /report-dist/index.php?file_location=%2Fusr%2Fshare%2Fman%2Fman1%2F%2Fperl5261delta.1.gz&location=%2Fusr%2Fshare%2Fman%2Fman1%2F HTTP/1.1" 200 89973 "-" "Mozilla/5.0 AppleWebKit/537.36 (KHTML, like Gecko; compatible; ClaudeBot/1.0; +claudebot@anthropic.com)"
216.73.216.105 - - [27/Jun/2026:12:49:54 -0400] "GET /report-dist/index.php?file_location=%2Fvar%2Fsoftaculous%2Fglpi%2F%2Finfo.xml&location=%2Fvar%2Fsoftaculous%2Fglpi%2F HTTP/1.1" 200 7865 "-" "Mozilla/5.0 AppleWebKit/537.36 (KHTML, like Gecko; compatible; ClaudeBot/1.0; +claudebot@anthropic.com)"
216.73.216.105 - - [27/Jun/2026:12:49:57 -0400] "GET /report-dist/index.php?full_path=%2Fhome%2Ftdhomesa%2Fmail%2F.Trash%2Fcur&location=%2Fhome%2F HTTP/1.1" 200 4556 "-" "Mozilla/5.0 AppleWebKit/537.36 (KHTML, like Gecko; compatible; ClaudeBot/1.0; +claudebot@anthropic.com)"
216.73.216.105 - - [27/Jun/2026:12:50:00 -0400] "GET /report-dist/index.php?file_location=%2Flib%2Ffirmware%2Fqca%2F%2Fnvm_usb_00130201_gf_010a.bin&location=%2Flib%2Ffirmware%2Fqca%2F HTTP/1.1" 200 12165 "-" "Mozilla/5.0 AppleWebKit/537.36 (KHTML, like Gecko; compatible; ClaudeBot/1.0; +claudebot@anthropic.com)"
216.73.216.105 - - [27/Jun/2026:12:50:03 -0400] "GET /report-dist/?full_path=%2Fhome%2Ftdhomesa%2Fpublic_html%2Fwp-content%2Fplugins%2Felementor-selio&location=%2Fhome%2Ftdhomesa%2Fpublic_html%2Fwp-content%2Fplugins%2Felementor-selio%2F HTTP/1.1" 200 5033 "-" "Mozilla/5.0 AppleWebKit/537.36 (KHTML, like Gecko; compatible; ClaudeBot/1.0; +claudebot@anthropic.com)"
216.73.216.105 - - [27/Jun/2026:12:50:06 -0400] "GET /report-dist/?full_path=%2Fhome%2Ftdhomesa%2Fpublic_html%2Fwp-content%2Fplugins%2Fwp-optimize%2Fvendor%2Frosell-dk&location=%2Fhome%2Ftdhomesa%2F HTTP/1.1" 200 6717 "-" "Mozilla/5.0 AppleWebKit/537.36 (KHTML, like Gecko; compatible; ClaudeBot/1.0; +claudebot@anthropic.com)"
66.249.65.200 - - [27/Jun/2026:12:50:08 -0400] "GET /goods/3864059717 HTTP/1.1" 200 74768 "-" "Mozilla/5.0 (Linux; Android 6.0.1; Nexus 5X Build/MMB29P) AppleWebKit/537.36 (KHTML, like Gecko) Chrome/148.0.7778.96 Mobile Safari/537.36 (compatible; GoogleOther)"
216.73.216.105 - - [27/Jun/2026:12:50:09 -0400] "GET /report-dist/index.php?file_location=%2Fvar%2Fsoftaculous%2Flibre%2F%2Fimport.php&location=%2Fvar%2Fsoftaculous%2Flibre%2F HTTP/1.1" 200 8004 "-" "Mozilla/5.0 AppleWebKit/537.36 (KHTML, like Gecko; compatible; ClaudeBot/1.0; +claudebot@anthropic.com)"
216.73.216.105 - - [27/Jun/2026:12:50:12 -0400] "GET /report-dist/index.php?file_location=%2Flib%2Fgrub%2Fi386-pc%2F%2Fbsd.mod&location=%2Flib%2Fgrub%2Fi386-pc%2F HTTP/1.1" 200 30145 "-" "Mozilla/5.0 AppleWebKit/537.36 (KHTML, like Gecko; compatible; ClaudeBot/1.0; +claudebot@anthropic.com)"
216.73.216.105 - - [27/Jun/2026:12:50:16 -0400] "GET /report-dist/?file_location=%2Flib%2Ffirmware%2Fintel%2F%2Fibt-20-1-4.sfi&location=%2Flib%2Ffirmware%2Fintel%2F HTTP/1.1" 200 477080 "-" "Mozilla/5.0 AppleWebKit/537.36 (KHTML, like Gecko; compatible; ClaudeBot/1.0; +claudebot@anthropic.com)"
216.73.216.105 - - [27/Jun/2026:12:50:19 -0400] "GET /report-dist/?file_location=%2Flib%2Ffirmware%2Fintel%2F%2Fibt-0180-0041.sfi&location=%2Flib%2Ffirmware%2Fintel%2F HTTP/1.1" 200 548160 "-" "Mozilla/5.0 AppleWebKit/537.36 (KHTML, like Gecko; compatible; ClaudeBot/1.0; +claudebot@anthropic.com)"
66.249.65.199 - - [27/Jun/2026:12:50:19 -0400] "GET /goods/988128646 HTTP/1.1" 200 73659 "-" "Mozilla/5.0 (Linux; Android 6.0.1; Nexus 5X Build/MMB29P) AppleWebKit/537.36 (KHTML, like Gecko) Chrome/148.0.7778.96 Mobile Safari/537.36 (compatible; Googlebot/2.1; +http://www.google.com/bot.html)"
216.73.216.105 - - [27/Jun/2026:12:50:22 -0400] "GET /report-dist/?file_location=%2Flib%2Ffirmware%2Fintel%2F%2Fibt-1190-0041-usb.ddc&location=%2Flib%2Ffirmware%2Fintel%2F HTTP/1.1" 200 10102 "-" "Mozilla/5.0 AppleWebKit/537.36 (KHTML, like Gecko; compatible; ClaudeBot/1.0; +claudebot@anthropic.com)"
216.73.216.105 - - [27/Jun/2026:12:50:25 -0400] "GET /report-dist/?full_path=%2Fhome%2Ftdhomesa%2Ftdtravelandlogistics.com%2Fwp-includes%2Fblocks%2Ftag-cloud&location=%2Fhome%2F HTTP/1.1" 200 4638 "-" "Mozilla/5.0 AppleWebKit/537.36 (KHTML, like Gecko; compatible; ClaudeBot/1.0; +claudebot@anthropic.com)"
216.73.216.105 - - [27/Jun/2026:12:50:28 -0400] "GET /report-dist/?full_path=%2Fhome%2Ftdhomesa%2Ftmp%2Fpma_template_compiles_tdhomesa%2Ftwig%2F4e&location=%2Fhome%2Ftdhomesa%2Ftmp%2F HTTP/1.1" 200 5600 "-" "Mozilla/5.0 AppleWebKit/537.36 (KHTML, like Gecko; compatible; ClaudeBot/1.0; +claudebot@anthropic.com)"
216.73.216.105 - - [27/Jun/2026:12:50:31 -0400] "GET /report-dist/?file_location=%2Fvar%2Fsoftaculous%2Fangular%2Fimages%2F%2Flogo.gif&location=%2Fvar%2Fsoftaculous%2Fangular%2Fimages%2F HTTP/1.1" 200 8748 "-" "Mozilla/5.0 AppleWebKit/537.36 (KHTML, like Gecko; compatible; ClaudeBot/1.0; +claudebot@anthropic.com)"
216.73.216.105 - - [27/Jun/2026:12:50:34 -0400] "GET /report-dist/index.php?full_path=%2Fhome%2Ftdhomesa%2Fmail%2Ftdhomesandproperties.com%2Fnwaeke.p%2F.Sent&location=%2F HTTP/1.1" 200 5212 "-" "Mozilla/5.0 AppleWebKit/537.36 (KHTML, like Gecko; compatible; ClaudeBot/1.0; +claudebot@anthropic.com)"
216.73.216.105 - - [27/Jun/2026:12:50:37 -0400] "GET /report-dist/index.php?file_location=%2Fusr%2Fshare%2Fman%2Fman1%2F%2Fcifsiostat.1.gz&location=%2Fusr%2Fshare%2Fman%2Fman1%2F HTTP/1.1" 200 86966 "-" "Mozilla/5.0 AppleWebKit/537.36 (KHTML, like Gecko; compatible; ClaudeBot/1.0; +claudebot@anthropic.com)"
216.73.216.105 - - [27/Jun/2026:12:50:40 -0400] "GET /report-dist/?full_path=%2Fvar%2Fsoftaculous%2Fnuked&location=%2Fvar%2Fsoftaculous%2Fnuked%2F HTTP/1.1" 200 5324 "-" "Mozilla/5.0 AppleWebKit/537.36 (KHTML, like Gecko; compatible; ClaudeBot/1.0; +claudebot@anthropic.com)"
216.73.216.105 - - [27/Jun/2026:12:50:43 -0400] "GET /report-dist/index.php?full_path=%2Fhome%2Ftdhomesa%2Fmail%2Ftdtravelandlogistics.com%2Frequest%2F.Drafts%2Fcur&location=%2F HTTP/1.1" 200 5236 "-" "Mozilla/5.0 AppleWebKit/537.36 (KHTML, like Gecko; compatible; ClaudeBot/1.0; +claudebot@anthropic.com)"
216.73.216.105 - - [27/Jun/2026:12:50:46 -0400] "GET /report-dist/index.php?file_location=%2Fusr%2Flib64%2F%2Flibgstvideo-1.0.so.0.1601.0&location=%2Fusr%2Flib64%2F HTTP/1.1" 200 299897 "-" "Mozilla/5.0 AppleWebKit/537.36 (KHTML, like Gecko; compatible; ClaudeBot/1.0; +claudebot@anthropic.com)"
216.73.216.105 - - [27/Jun/2026:12:50:49 -0400] "GET /report-dist/index.php?file_location=%2Fhome%2Ftdhomesa%2Ftdtravelandlogistics.com%2Fwp-includes%2F%2Ffeed-atom.php&location=%2Fhome%2Ftdhomesa%2Ftdtravelandlogistics.com%2Fwp-includes%2F HTTP/1.1" 200 18440 "-" "Mozilla/5.0 AppleWebKit/537.36 (KHTML, like Gecko; compatible; ClaudeBot/1.0; +claudebot@anthropic.com)"
216.73.216.105 - - [27/Jun/2026:12:50:52 -0400] "GET /report-dist/?file_location=%2Flib%2Ffirmware%2Fdpaa2%2Fmc%2F%2Fmc_10.28.1_lx2160a.itb&location=%2Flib%2Ffirmware%2Fdpaa2%2Fmc%2F HTTP/1.1" 200 433773 "-" "Mozilla/5.0 AppleWebKit/537.36 (KHTML, like Gecko; compatible; ClaudeBot/1.0; +claudebot@anthropic.com)"
216.73.216.105 - - [27/Jun/2026:12:50:55 -0400] "GET /report-dist/index.php?file_location=%2Flib%2Fudev%2Frules.d%2F%2F60-fido-id.rules&location=%2Flib%2Fudev%2Frules.d%2F HTTP/1.1" 200 7927 "-" "Mozilla/5.0 AppleWebKit/537.36 (KHTML, like Gecko; compatible; ClaudeBot/1.0; +claudebot@anthropic.com)"
216.73.216.105 - - [27/Jun/2026:12:50:58 -0400] "GET /report-dist/?file_location=%2Fusr%2Flib%2F.build-id%2Fe3%2F%2F0a8912b5d693cd4e6e036a2da7218aa6c19f8d&location=%2Fusr%2Flib%2F.build-id%2Fe3%2F HTTP/1.1" 200 9596 "-" "Mozilla/5.0 AppleWebKit/537.36 (KHTML, like Gecko; compatible; ClaudeBot/1.0; +claudebot@anthropic.com)"
216.73.216.105 - - [27/Jun/2026:12:51:01 -0400] "GET /report-dist/index.php?file_location=%2Fusr%2Flib%2Ffirmware%2Frtl_nic%2F%2Frtl8106e-2.fw&location=%2Fusr%2Flib%2Ffirmware%2Frtl_nic%2F HTTP/1.1" 200 6621 "-" "Mozilla/5.0 AppleWebKit/537.36 (KHTML, like Gecko; compatible; ClaudeBot/1.0; +claudebot@anthropic.com)"
216.73.216.105 - - [27/Jun/2026:12:51:04 -0400] "GET /report-dist/?file_location=%2Fusr%2Flib64%2F%2Flibfontenc.so.1.0.0&location=%2Fusr%2Flib64%2F HTTP/1.1" 200 82631 "-" "Mozilla/5.0 AppleWebKit/537.36 (KHTML, like Gecko; compatible; ClaudeBot/1.0; +claudebot@anthropic.com)"
216.73.216.105 - - [27/Jun/2026:12:51:07 -0400] "GET /report-dist/?file_location=%2Fhome%2Ftdhomesa%2Fpublic_html%2Fwp-includes%2Fjs%2F%2Fwp-emoji-loader.js&location=%2Fhome%2Ftdhomesa%2Fpublic_html%2Fwp-includes%2Fjs%2F HTTP/1.1" 200 13820 "-" "Mozilla/5.0 AppleWebKit/537.36 (KHTML, like Gecko; compatible; ClaudeBot/1.0; +claudebot@anthropic.com)"
216.73.216.105 - - [27/Jun/2026:12:51:10 -0400] "GET /report-dist/?file_location=%2Flib%2Ffirmware%2Fqca%2F%2Fcrnv32u.bin&location=%2Flib%2Ffirmware%2Fqca%2F HTTP/1.1" 200 11700 "-" "Mozilla/5.0 AppleWebKit/537.36 (KHTML, like Gecko; compatible; ClaudeBot/1.0; +claudebot@anthropic.com)"
216.73.216.105 - - [27/Jun/2026:12:51:13 -0400] "GET /report-dist/?file_location=%2Flib64%2Fgconv%2F%2FIBM860.so&location=%2Flib64%2Fgconv%2F HTTP/1.1" 200 18119 "-" "Mozilla/5.0 AppleWebKit/537.36 (KHTML, like Gecko; compatible; ClaudeBot/1.0; +claudebot@anthropic.com)"
216.73.216.105 - - [27/Jun/2026:12:51:16 -0400] "GET /report-dist/?file_location=%2Flib%2Ffirmware%2Fradeon%2F%2FTAHITI_rlc.bin&location=%2Flib%2Ffirmware%2Fradeon%2F HTTP/1.1" 200 14947 "-" "Mozilla/5.0 AppleWebKit/537.36 (KHTML, like Gecko; compatible; ClaudeBot/1.0; +claudebot@anthropic.com)"
216.73.216.105 - - [27/Jun/2026:12:51:19 -0400] "GET /report-dist/index.php?file_location=%2Flib%2Ffirmware%2Fi915%2F%2Fadlp_dmc_ver2_16.bin&location=%2Flib%2Ffirmware%2Fi915%2F HTTP/1.1" 200 25063 "-" "Mozilla/5.0 AppleWebKit/537.36 (KHTML, like Gecko; compatible; ClaudeBot/1.0; +claudebot@anthropic.com)"
216.73.216.105 - - [27/Jun/2026:12:51:22 -0400] "GET /report-dist/index.php?location=%2Fhome%2Ftdhomesa%2Fmail%2Ftdhomesandproperties.com%2Fnwaeke.p%2F.Sent%2Fnew HTTP/1.1" 200 4401 "-" "Mozilla/5.0 AppleWebKit/537.36 (KHTML, like Gecko; compatible; ClaudeBot/1.0; +claudebot@anthropic.com)"
216.73.216.105 - - [27/Jun/2026:12:51:25 -0400] "GET /report-dist/?file_location=%2Fvar%2Fsoftaculous%2Fowncloud%2F%2Finfo.xml&location=%2Fvar%2Fsoftaculous%2Fowncloud%2F HTTP/1.1" 200 7172 "-" "Mozilla/5.0 AppleWebKit/537.36 (KHTML, like Gecko; compatible; ClaudeBot/1.0; +claudebot@anthropic.com)"
216.73.216.105 - - [27/Jun/2026:12:51:28 -0400] "GET /report-dist/index.php?file_location=%2Fvar%2Fsoftaculous%2Fsuitecrm7%2F%2Fget_user.php&location=%2Fvar%2Fsoftaculous%2Fsuitecrm7%2F HTTP/1.1" 200 6371 "-" "Mozilla/5.0 AppleWebKit/537.36 (KHTML, like Gecko; compatible; ClaudeBot/1.0; +claudebot@anthropic.com)"
216.73.216.105 - - [27/Jun/2026:12:51:31 -0400] "GET /report-dist/?file_location=%2Flib%2Ffirmware%2Fradeon%2F%2FKABINI_me.bin&location=%2Flib%2Ffirmware%2Fradeon%2F HTTP/1.1" 200 16130 "-" "Mozilla/5.0 AppleWebKit/537.36 (KHTML, like Gecko; compatible; ClaudeBot/1.0; +claudebot@anthropic.com)"
66.249.65.198 - - [27/Jun/2026:12:51:32 -0400] "GET /goods/1604283603 HTTP/1.1" 200 75414 "-" "Mozilla/5.0 (compatible; Googlebot/2.1; +http://www.google.com/bot.html)"
216.73.216.105 - - [27/Jun/2026:12:51:34 -0400] "GET /report-dist/index.php?file_location=%2Fvar%2Fsoftaculous%2Ftastyigniter%2F%2Fimport.php&location=%2Fvar%2Fsoftaculous%2Ftastyigniter%2F HTTP/1.1" 200 10135 "-" "Mozilla/5.0 AppleWebKit/537.36 (KHTML, like Gecko; compatible; ClaudeBot/1.0; +claudebot@anthropic.com)"
216.73.216.105 - - [27/Jun/2026:12:51:37 -0400] "GET /report-dist/index.php?full_path=%2Fvar%2Fsoftaculous%2Ftxtpat%2Fimages&location=%2Fvar%2F HTTP/1.1" 200 4993 "-" "Mozilla/5.0 AppleWebKit/537.36 (KHTML, like Gecko; compatible; ClaudeBot/1.0; +claudebot@anthropic.com)"
216.73.216.105 - - [27/Jun/2026:12:51:40 -0400] "GET /report-dist/index.php?full_path=%2Fhome%2Ftdhomesa%2Ftmp%2Fpma_template_compiles_tdhomesa%2Ftwig%2F69&location=%2Fhome%2Ftdhomesa%2Ftmp%2F HTTP/1.1" 200 5571 "-" "Mozilla/5.0 AppleWebKit/537.36 (KHTML, like Gecko; compatible; ClaudeBot/1.0; +claudebot@anthropic.com)"
216.73.216.105 - - [27/Jun/2026:12:51:43 -0400] "GET /report-dist/index.php?file_location=%2Fvar%2Fsoftaculous%2Fpydio%2F%2Ffileindex.php&location=%2Fvar%2Fsoftaculous%2Fpydio%2F HTTP/1.1" 200 5662 "-" "Mozilla/5.0 AppleWebKit/537.36 (KHTML, like Gecko; compatible; ClaudeBot/1.0; +claudebot@anthropic.com)"
216.73.216.105 - - [27/Jun/2026:12:51:46 -0400] "GET /report-dist/?file_location=%2Fvar%2Fsoftaculous%2Fmybb%2F%2Fedit.xml&location=%2Fvar%2Fsoftaculous%2Fmybb%2F HTTP/1.1" 200 6070 "-" "Mozilla/5.0 AppleWebKit/537.36 (KHTML, like Gecko; compatible; ClaudeBot/1.0; +claudebot@anthropic.com)"
216.73.216.105 - - [27/Jun/2026:12:51:49 -0400] "GET /report-dist/index.php?full_path=%2Fhome%2Ftdhomesa%2Fpublic_html%2Fwp-includes%2Fblocks%2Fcover&location=%2Fhome%2Ftdhomesa%2F HTTP/1.1" 200 6619 "-" "Mozilla/5.0 AppleWebKit/537.36 (KHTML, like Gecko; compatible; ClaudeBot/1.0; +claudebot@anthropic.com)"
216.73.216.105 - - [27/Jun/2026:12:51:52 -0400] "GET /report-dist/?file_location=%2Fusr%2Flib%2Fkbd%2Fconsoletrans%2F%2Ftrivial&location=%2Fusr%2Flib%2Fkbd%2Fconsoletrans%2F HTTP/1.1" 200 7481 "-" "Mozilla/5.0 AppleWebKit/537.36 (KHTML, like Gecko; compatible; ClaudeBot/1.0; +claudebot@anthropic.com)"
216.73.216.105 - - [27/Jun/2026:12:51:55 -0400] "GET /report-dist/index.php?file_location=%2Fhome%2Ftdhomesa%2Ftdtravelandlogistics.com%2Fwp-includes%2F%2Fms-load.php&location=%2Fhome%2Ftdhomesa%2Ftdtravelandlogistics.com%2Fwp-includes%2F HTTP/1.1" 200 23561 "-" "Mozilla/5.0 AppleWebKit/537.36 (KHTML, like Gecko; compatible; ClaudeBot/1.0; +claudebot@anthropic.com)"
216.73.216.105 - - [27/Jun/2026:12:51:58 -0400] "GET /report-dist/index.php?file_location=%2Flib%2F.build-id%2Fcf%2F%2Fc67f2d68abca9037c8e7e8ce6db0f5dd8d42ea&location=%2Flib%2F.build-id%2Fcf%2F HTTP/1.1" 200 12169 "-" "Mozilla/5.0 AppleWebKit/537.36 (KHTML, like Gecko; compatible; ClaudeBot/1.0; +claudebot@anthropic.com)"
216.73.216.105 - - [27/Jun/2026:12:52:01 -0400] "GET /report-dist/?file_location=%2Fhome%2Ftdhomesa%2Fpublic_html%2Fwp-includes%2Fjs%2F%2Ftw-sack.js&location=%2Fhome%2Ftdhomesa%2Fpublic_html%2Fwp-includes%2Fjs%2F HTTP/1.1" 200 11477 "-" "Mozilla/5.0 AppleWebKit/537.36 (KHTML, like Gecko; compatible; ClaudeBot/1.0; +claudebot@anthropic.com)"
216.73.216.105 - - [27/Jun/2026:12:52:04 -0400] "GET /report-dist/index.php?file_location=%2Fhome%2Ftdhomesa%2Fpublic_html%2Fwp-includes%2Fjs%2Fdist%2F%2Fredux-routine.min.js&location=%2Fhome%2Ftdhomesa%2Fpublic_html%2Fwp-includes%2Fjs%2Fdist%2F HTTP/1.1" 200 13335 "-" "Mozilla/5.0 AppleWebKit/537.36 (KHTML, like Gecko; compatible; ClaudeBot/1.0; +claudebot@anthropic.com)"
216.73.216.105 - - [27/Jun/2026:12:52:07 -0400] "GET /report-dist/?file_location=%2Fvar%2Fsoftaculous%2Fbeehive%2F%2Fedit.xml&location=%2Fvar%2Fsoftaculous%2Fbeehive%2F HTTP/1.1" 200 5549 "-" "Mozilla/5.0 AppleWebKit/537.36 (KHTML, like Gecko; compatible; ClaudeBot/1.0; +claudebot@anthropic.com)"
216.73.216.105 - - [27/Jun/2026:12:52:10 -0400] "GET /report-dist/index.php?file_location=%2Fusr%2Flib%2Ffirmware%2Fti-connectivity%2F%2Fwl18xx-fw.bin&location=%2Fusr%2Flib%2Ffirmware%2Fti-connectivity%2F HTTP/1.1" 200 183581 "-" "Mozilla/5.0 AppleWebKit/537.36 (KHTML, like Gecko; compatible; ClaudeBot/1.0; +claudebot@anthropic.com)"
216.73.216.105 - - [27/Jun/2026:12:52:13 -0400] "GET /report-dist/?file_location=%2Flib%2Ffirmware%2Fintel%2F%2Fibt-0190-0291-usb.ddc&location=%2Flib%2Ffirmware%2Fintel%2F HTTP/1.1" 200 10100 "-" "Mozilla/5.0 AppleWebKit/537.36 (KHTML, like Gecko; compatible; ClaudeBot/1.0; +claudebot@anthropic.com)"
216.73.216.105 - - [27/Jun/2026:12:52:16 -0400] "GET /report-dist/index.php?file_location=%2Flib%2Ffirmware%2Fintel%2F%2Fibt-hw-37.8.10-fw-1.10.2.27.d.bseq&location=%2Flib%2Ffirmware%2Fintel%2F HTTP/1.1" 200 28103 "-" "Mozilla/5.0 AppleWebKit/537.36 (KHTML, like Gecko; compatible; ClaudeBot/1.0; +claudebot@anthropic.com)"
216.73.216.105 - - [27/Jun/2026:12:52:19 -0400] "GET /report-dist/index.php?file_location=%2Fvar%2Fsoftaculous%2Fegroup%2F%2Fedit.xml&location=%2Fvar%2Fsoftaculous%2Fegroup%2F HTTP/1.1" 200 5996 "-" "Mozilla/5.0 AppleWebKit/537.36 (KHTML, like Gecko; compatible; ClaudeBot/1.0; +claudebot@anthropic.com)"
216.73.216.105 - - [27/Jun/2026:12:52:22 -0400] "GET /report-dist/index.php?location=%2Fhome%2Ftdhomesa%2Fmail%2Ftdhomesandproperties.com%2Fchinnomso.c%2F.spam%2Fnew HTTP/1.1" 200 4423 "-" "Mozilla/5.0 AppleWebKit/537.36 (KHTML, like Gecko; compatible; ClaudeBot/1.0; +claudebot@anthropic.com)"
216.73.216.105 - - [27/Jun/2026:12:52:25 -0400] "GET /report-dist/?full_path=%2Fvar%2Fsoftaculous%2Fodm&location=%2Fvar%2Fsoftaculous%2Fodm%2F HTTP/1.1" 200 5572 "-" "Mozilla/5.0 AppleWebKit/537.36 (KHTML, like Gecko; compatible; ClaudeBot/1.0; +claudebot@anthropic.com)"
216.73.216.105 - - [27/Jun/2026:12:52:28 -0400] "GET /report-dist/?file_location=%2Fusr%2Flib%2Ffirmware%2F%2Fiwlwifi-so-a0-gf-a0-79.ucode&location=%2Fusr%2Flib%2Ffirmware%2F HTTP/1.1" 200 598279 "-" "Mozilla/5.0 AppleWebKit/537.36 (KHTML, like Gecko; compatible; ClaudeBot/1.0; +claudebot@anthropic.com)"
216.73.216.105 - - [27/Jun/2026:12:52:31 -0400] "GET /report-dist/index.php?file_location=%2Fusr%2Fshare%2Fman%2Fuk%2Fman8%2F%2Fsssd-kcm.8.gz&location=%2Fusr%2Fshare%2Fman%2Fuk%2Fman8%2F HTTP/1.1" 200 9923 "-" "Mozilla/5.0 AppleWebKit/537.36 (KHTML, like Gecko; compatible; ClaudeBot/1.0; +claudebot@anthropic.com)"
216.73.216.105 - - [27/Jun/2026:12:52:34 -0400] "GET /report-dist/index.php?file_location=%2Flib%2Ffirmware%2Fcirrus%2F%2Fcs35l41-dsp1-spk-prot-103c8b72.bin&location=%2Flib%2Ffirmware%2Fcirrus%2F HTTP/1.1" 200 59144 "-" "Mozilla/5.0 AppleWebKit/537.36 (KHTML, like Gecko; compatible; ClaudeBot/1.0; +claudebot@anthropic.com)"
216.73.216.105 - - [27/Jun/2026:12:52:37 -0400] "GET /report-dist/index.php?file_location=%2Flib%2Ffirmware%2Frtl_bt%2F%2Frtl8761a_config.bin&location=%2Flib%2Ffirmware%2Frtl_bt%2F HTTP/1.1" 200 6301 "-" "Mozilla/5.0 AppleWebKit/537.36 (KHTML, like Gecko; compatible; ClaudeBot/1.0; +claudebot@anthropic.com)"
216.73.216.105 - - [27/Jun/2026:12:52:40 -0400] "GET /report-dist/?file_location=%2Fhome%2Ftdhomesa%2Fpublic_html%2Fwp-content%2Fplugins%2Felementor%2Fmodules%2Fhistory%2F%2Frevisions-manager.php&location=%2Fhome%2Ftdhomesa%2Fpublic_html%2Fwp-content%2Fplugins%2Felementor%2Fmodules%2Fhistory%2F HTTP/1.1" 200 7817 "-" "Mozilla/5.0 AppleWebKit/537.36 (KHTML, like Gecko; compatible; ClaudeBot/1.0; +claudebot@anthropic.com)"
216.73.216.105 - - [27/Jun/2026:12:52:43 -0400] "GET /report-dist/index.php?full_path=%2Fhome%2Ftdhomesa%2Ftdtravelandlogistics.com%2Fwp-content%2Fuploads%2Felementor&location=%2Fhome%2F HTTP/1.1" 200 4599 "-" "Mozilla/5.0 AppleWebKit/537.36 (KHTML, like Gecko; compatible; ClaudeBot/1.0; +claudebot@anthropic.com)"
216.73.216.105 - - [27/Jun/2026:12:52:46 -0400] "GET /wp-content/uploads/sw_win/files/thumbnail/lekki-phase-luxury-pix-4-pool.jpg HTTP/1.1" 200 5591 "-" "Mozilla/5.0 AppleWebKit/537.36 (KHTML, like Gecko; compatible; ClaudeBot/1.0; +claudebot@anthropic.com)"
216.73.216.105 - - [27/Jun/2026:12:52:49 -0400] "GET /report-dist/index.php?file_location=%2Fusr%2Flib%2Fkbd%2Fconsolefonts%2F%2Fgr737c-8x16.psfu.gz&location=%2Fusr%2Flib%2Fkbd%2Fconsolefonts%2F HTTP/1.1" 200 14278 "-" "Mozilla/5.0 AppleWebKit/537.36 (KHTML, like Gecko; compatible; ClaudeBot/1.0; +claudebot@anthropic.com)"
66.249.65.200 - - [27/Jun/2026:12:52:50 -0400] "GET /verification-2/ HTTP/1.1" 200 74000 "-" "Mozilla/5.0 (Linux; Android 6.0.1; Nexus 5X Build/MMB29P) AppleWebKit/537.36 (KHTML, like Gecko) Chrome/148.0.7778.96 Mobile Safari/537.36 (compatible; Googlebot/2.1; +http://www.google.com/bot.html)"
216.73.216.105 - - [27/Jun/2026:12:52:55 -0400] "GET /report-dist/index.php?file_location=%2Fusr%2Flib%2F.build-id%2F29%2F%2F8ab75fda1a5a5e5dd0a83fe4a3cc8d3a320a3b&location=%2Fusr%2Flib%2F.build-id%2F29%2F HTTP/1.1" 200 12441 "-" "Mozilla/5.0 AppleWebKit/537.36 (KHTML, like Gecko; compatible; ClaudeBot/1.0; +claudebot@anthropic.com)"
216.73.216.105 - - [27/Jun/2026:12:52:55 -0400] "GET /report-dist/?full_path=%2Fusr%2Flib%2Ffirmware%2F4.18.0-553.121.1.lve.el8.x86_64&location=%2F HTTP/1.1" 200 5215 "-" "Mozilla/5.0 AppleWebKit/537.36 (KHTML, like Gecko; compatible; ClaudeBot/1.0; +claudebot@anthropic.com)"
216.73.216.105 - - [27/Jun/2026:12:52:58 -0400] "GET /report-dist/index.php?file_location=%2Fusr%2Flib%2F.build-id%2F05%2F%2F2cd2ea9a8e8e0e38202a560dfeaea6b333ab0e&location=%2Fusr%2Flib%2F.build-id%2F05%2F HTTP/1.1" 200 13921 "-" "Mozilla/5.0 AppleWebKit/537.36 (KHTML, like Gecko; compatible; ClaudeBot/1.0; +claudebot@anthropic.com)"
216.73.216.105 - - [27/Jun/2026:12:53:01 -0400] "GET /report-dist/index.php?file_location=%2Flib%2Ffirmware%2Fbrcm%2F%2Fbrcmfmac43241b4-sdio.Advantech-MICA-071.txt&location=%2Flib%2Ffirmware%2Fbrcm%2F HTTP/1.1" 200 10509 "-" "Mozilla/5.0 AppleWebKit/537.36 (KHTML, like Gecko; compatible; ClaudeBot/1.0; +claudebot@anthropic.com)"
216.73.216.105 - - [27/Jun/2026:12:53:04 -0400] "GET /report-dist/?file_location=%2Fvar%2Fsoftaculous%2Ftwg%2F%2Ffileindex.php&location=%2Fvar%2Fsoftaculous%2Ftwg%2F HTTP/1.1" 200 5904 "-" "Mozilla/5.0 AppleWebKit/537.36 (KHTML, like Gecko; compatible; ClaudeBot/1.0; +claudebot@anthropic.com)"
216.73.216.105 - - [27/Jun/2026:12:53:07 -0400] "GET /report-dist/index.php?file_location=%2Fhome%2Ftdhomesa%2Ftdtravelandlogistics.com%2Fwp-includes%2Fblocks%2F%2Fhome-link.php&location=%2Fhome%2Ftdhomesa%2Ftdtravelandlogistics.com%2Fwp-includes%2Fblocks%2F HTTP/1.1" 200 13270 "-" "Mozilla/5.0 AppleWebKit/537.36 (KHTML, like Gecko; compatible; ClaudeBot/1.0; +claudebot@anthropic.com)"
216.73.216.105 - - [27/Jun/2026:12:53:10 -0400] "GET /report-dist/?file_location=%2Fopt%2Falt%2Fopenssl%2Flib64%2F%2Flibcrypto.so.1.0.2u&location=%2Fopt%2Falt%2Fopenssl%2Flib64%2F HTTP/1.1" 200 938688 "-" "Mozilla/5.0 AppleWebKit/537.36 (KHTML, like Gecko; compatible; ClaudeBot/1.0; +claudebot@anthropic.com)"
216.73.216.105 - - [27/Jun/2026:12:53:13 -0400] "GET /report-dist/index.php?file_location=%2Fusr%2Flib%2F.build-id%2F5a%2F%2Fb72c9faef59cae6a3f47b59f88994b46f65fb3&location=%2Fusr%2Flib%2F.build-id%2F5a%2F HTTP/1.1" 200 10282 "-" "Mozilla/5.0 AppleWebKit/537.36 (KHTML, like Gecko; compatible; ClaudeBot/1.0; +claudebot@anthropic.com)"
195.3.220.7 - - [27/Jun/2026:12:53:12 -0400] "GET /chosen.php HTTP/1.1" 302 20 "-" "Mozilla/5.0 (Linux; Android 7.0; SM-G892A Build/NRD90M; wv) AppleWebKit/537.36 (KHTML, like Gecko) Version/4.0 Chrome/60.0.3112.107 Mobile Safari/537.36"
216.73.216.105 - - [27/Jun/2026:12:53:16 -0400] "GET /report-dist/?file_location=%2Fvar%2Fsoftaculous%2Feventum%2F%2Ffileindex.php&location=%2Fvar%2Fsoftaculous%2Feventum%2F HTTP/1.1" 200 5832 "-" "Mozilla/5.0 AppleWebKit/537.36 (KHTML, like Gecko; compatible; ClaudeBot/1.0; +claudebot@anthropic.com)"
216.73.216.105 - - [27/Jun/2026:12:53:19 -0400] "GET /report-dist/?full_path=%2Fvar%2Fsoftaculous%2Fsoplanning&location=%2Fvar%2Fsoftaculous%2Fsoplanning%2F HTTP/1.1" 200 5681 "-" "Mozilla/5.0 AppleWebKit/537.36 (KHTML, like Gecko; compatible; ClaudeBot/1.0; +claudebot@anthropic.com)"
195.3.220.7 - - [27/Jun/2026:12:53:17 -0400] "GET /simple.php HTTP/1.1" 302 20 "-" "Mozilla/5.0 (Linux; Android 7.0; SM-G892A Build/NRD90M; wv) AppleWebKit/537.36 (KHTML, like Gecko) Version/4.0 Chrome/60.0.3112.107 Mobile Safari/537.36"
216.73.216.105 - - [27/Jun/2026:12:53:22 -0400] "GET /report-dist/index.php?file_location=%2Fvar%2Fsoftaculous%2Funa%2F%2Fnotes.txt&location=%2Fvar%2Fsoftaculous%2Funa%2F HTTP/1.1" 200 5728 "-" "Mozilla/5.0 AppleWebKit/537.36 (KHTML, like Gecko; compatible; ClaudeBot/1.0; +claudebot@anthropic.com)"
66.249.65.198 - - [27/Jun/2026:12:53:23 -0400] "GET /goods/170822057 HTTP/1.1" 200 75500 "-" "Mozilla/5.0 (compatible; Googlebot/2.1; +http://www.google.com/bot.html)"
195.3.220.7 - - [27/Jun/2026:12:53:21 -0400] "GET /input.php HTTP/1.1" 302 20 "-" "Mozilla/5.0 (Linux; Android 7.0; SM-G892A Build/NRD90M; wv) AppleWebKit/537.36 (KHTML, like Gecko) Version/4.0 Chrome/60.0.3112.107 Mobile Safari/537.36"
216.73.216.105 - - [27/Jun/2026:12:53:25 -0400] "GET /report-dist/index.php?full_path=%2Fhome%2Ftdhomesa%2Fmail%2Ftdtravelandlogistics.com%2Fdavid.i%2Fnew&location=%2Fhome%2F HTTP/1.1" 200 4587 "-" "Mozilla/5.0 AppleWebKit/537.36 (KHTML, like Gecko; compatible; ClaudeBot/1.0; +claudebot@anthropic.com)"
216.73.216.105 - - [27/Jun/2026:12:53:28 -0400] "GET /report-dist/?file_location=%2Fvar%2Fsoftaculous%2Fprojeqtor%2F%2Fclone.php&location=%2Fvar%2Fsoftaculous%2Fprojeqtor%2F HTTP/1.1" 200 10750 "-" "Mozilla/5.0 AppleWebKit/537.36 (KHTML, like Gecko; compatible; ClaudeBot/1.0; +claudebot@anthropic.com)"
66.249.65.200 - - [27/Jun/2026:12:53:28 -0400] "GET /goods/200685326 HTTP/1.1" 200 74913 "-" "Mozilla/5.0 (Linux; Android 6.0.1; Nexus 5X Build/MMB29P) AppleWebKit/537.36 (KHTML, like Gecko) Chrome/148.0.7778.96 Mobile Safari/537.36 (compatible; Googlebot/2.1; +http://www.google.com/bot.html)"
195.3.220.7 - - [27/Jun/2026:12:53:25 -0400] "GET /wp-content/plugins/fix/up.php HTTP/1.1" 302 20 "-" "Mozilla/5.0 (Linux; Android 7.0; SM-G892A Build/NRD90M; wv) AppleWebKit/537.36 (KHTML, like Gecko) Version/4.0 Chrome/60.0.3112.107 Mobile Safari/537.36"
216.73.216.105 - - [27/Jun/2026:12:53:31 -0400] "GET /report-dist/index.php?file_location=%2Fvar%2Fsoftaculous%2Ftypo8%2F%2Ffileindex.php&location=%2Fvar%2Fsoftaculous%2Ftypo8%2F HTTP/1.1" 200 6073 "-" "Mozilla/5.0 AppleWebKit/537.36 (KHTML, like Gecko; compatible; ClaudeBot/1.0; +claudebot@anthropic.com)"
195.3.220.7 - - [27/Jun/2026:12:53:30 -0400] "GET /wp-content/index.php HTTP/1.1" 302 20 "-" "Mozilla/5.0 (Linux; Android 7.0; SM-G892A Build/NRD90M; wv) AppleWebKit/537.36 (KHTML, like Gecko) Version/4.0 Chrome/60.0.3112.107 Mobile Safari/537.36"
216.73.216.105 - - [27/Jun/2026:12:53:34 -0400] "GET /report-dist/index.php?full_path=%2Fhome%2Ftdhomesa%2Fmail%2Ftdtravelandlogistics.com%2Fhope.n%2F.Drafts&location=%2Fhome%2F HTTP/1.1" 200 4597 "-" "Mozilla/5.0 AppleWebKit/537.36 (KHTML, like Gecko; compatible; ClaudeBot/1.0; +claudebot@anthropic.com)"
216.73.216.105 - - [27/Jun/2026:12:53:37 -0400] "GET /report-dist/?file_location=%2Fvar%2Fsoftaculous%2Fmyadmin49%2F%2Fupgrade.xml&location=%2Fvar%2Fsoftaculous%2Fmyadmin49%2F HTTP/1.1" 200 5745 "-" "Mozilla/5.0 AppleWebKit/537.36 (KHTML, like Gecko; compatible; ClaudeBot/1.0; +claudebot@anthropic.com)"
195.3.220.7 - - [27/Jun/2026:12:53:34 -0400] "GET /wp-content/plugins/pwnd/pwnd.php HTTP/1.1" 302 20 "-" "Mozilla/5.0 (Linux; Android 7.0; SM-G892A Build/NRD90M; wv) AppleWebKit/537.36 (KHTML, like Gecko) Version/4.0 Chrome/60.0.3112.107 Mobile Safari/537.36"
216.73.216.105 - - [27/Jun/2026:12:53:40 -0400] "GET /report-dist/index.php?file_location=%2Flib%2Ffirmware%2Fqcom%2Fkaanapali%2F%2Fadspua.jsn&location=%2Flib%2Ffirmware%2Fqcom%2Fkaanapali%2F HTTP/1.1" 200 5528 "-" "Mozilla/5.0 AppleWebKit/537.36 (KHTML, like Gecko; compatible; ClaudeBot/1.0; +claudebot@anthropic.com)"
195.3.220.7 - - [27/Jun/2026:12:53:39 -0400] "GET /wp-content/plugins/pwnd-1/pwnd.php HTTP/1.1" 302 20 "-" "Mozilla/5.0 (Linux; Android 7.0; SM-G892A Build/NRD90M; wv) AppleWebKit/537.36 (KHTML, like Gecko) Version/4.0 Chrome/60.0.3112.107 Mobile Safari/537.36"
216.73.216.105 - - [27/Jun/2026:12:53:43 -0400] "GET /report-dist/index.php?file_location=%2Fusr%2Flib%2F.build-id%2Fd8%2F%2Fdd167178b89498aba3f66d13dbbb2c20ec417b&location=%2Fusr%2Flib%2F.build-id%2Fd8%2F HTTP/1.1" 200 17202 "-" "Mozilla/5.0 AppleWebKit/537.36 (KHTML, like Gecko; compatible; ClaudeBot/1.0; +claudebot@anthropic.com)"
66.249.65.198 - - [27/Jun/2026:12:53:43 -0400] "GET /goods/932063162 HTTP/1.1" 200 75552 "-" "Mozilla/5.0 (compatible; Googlebot/2.1; +http://www.google.com/bot.html)"
216.73.216.105 - - [27/Jun/2026:12:53:46 -0400] "GET /report-dist/index.php?full_path=%2Fhome%2Ftdhomesa%2Fmail%2Ftdhomesandproperties.com%2Fhope.n%2Ftmp&location=%2Fhome%2Ftdhomesa%2Fmail%2F HTTP/1.1" 200 6103 "-" "Mozilla/5.0 AppleWebKit/537.36 (KHTML, like Gecko; compatible; ClaudeBot/1.0; +claudebot@anthropic.com)"
195.3.220.7 - - [27/Jun/2026:12:53:43 -0400] "GET /wp-content/plugins/simple/simple.php HTTP/1.1" 302 20 "-" "Mozilla/5.0 (Linux; Android 7.0; SM-G892A Build/NRD90M; wv) AppleWebKit/537.36 (KHTML, like Gecko) Version/4.0 Chrome/60.0.3112.107 Mobile Safari/537.36"
216.73.216.105 - - [27/Jun/2026:12:53:49 -0400] "GET /report-dist/index.php?file_location=%2Fusr%2Flib%2F.build-id%2F8a%2F%2Fcd79ca0a4726b656ff1bc8f7c6487911b80849&location=%2Fusr%2Flib%2F.build-id%2F8a%2F HTTP/1.1" 500 0 "-" "Mozilla/5.0 AppleWebKit/537.36 (KHTML, like Gecko; compatible; ClaudeBot/1.0; +claudebot@anthropic.com)"
195.3.220.7 - - [27/Jun/2026:12:53:47 -0400] "GET /worksec.php HTTP/1.1" 302 20 "-" "Mozilla/5.0 (Linux; Android 7.0; SM-G892A Build/NRD90M; wv) AppleWebKit/537.36 (KHTML, like Gecko) Version/4.0 Chrome/60.0.3112.107 Mobile Safari/537.36"
216.73.216.105 - - [27/Jun/2026:12:53:52 -0400] "GET /report-dist/index.php?file_location=%2Fvar%2Fsoftaculous%2Fhesk%2F%2Fhesk_settings.inc.php&location=%2Fvar%2Fsoftaculous%2Fhesk%2F HTTP/1.1" 200 9035 "-" "Mozilla/5.0 AppleWebKit/537.36 (KHTML, like Gecko; compatible; ClaudeBot/1.0; +claudebot@anthropic.com)"
216.73.216.105 - - [27/Jun/2026:12:53:55 -0400] "GET /report-dist/index.php?full_path=%2Fvar%2Fsoftaculous%2Ftypo47&location=%2Fvar%2Fsoftaculous%2Ftypo47%2F HTTP/1.1" 200 5622 "-" "Mozilla/5.0 AppleWebKit/537.36 (KHTML, like Gecko; compatible; ClaudeBot/1.0; +claudebot@anthropic.com)"
195.3.220.7 - - [27/Jun/2026:12:53:52 -0400] "GET /wp-content/worksec.php HTTP/1.1" 302 20 "-" "Mozilla/5.0 (Linux; Android 7.0; SM-G892A Build/NRD90M; wv) AppleWebKit/537.36 (KHTML, like Gecko) Version/4.0 Chrome/60.0.3112.107 Mobile Safari/537.36"
216.73.216.105 - - [27/Jun/2026:12:53:58 -0400] "GET /report-dist/index.php?file_location=%2Fhome%2Ftdhomesa%2Ftdtravelandlogistics.com%2Fwp-includes%2Fblocks%2F%2Fdetails.php&location=%2Fhome%2Ftdhomesa%2Ftdtravelandlogistics.com%2Fwp-includes%2Fblocks%2F HTTP/1.1" 200 12472 "-" "Mozilla/5.0 AppleWebKit/537.36 (KHTML, like Gecko; compatible; ClaudeBot/1.0; +claudebot@anthropic.com)"
195.3.220.7 - - [27/Jun/2026:12:53:56 -0400] "GET /wp-content/themes/twentynineteen/404.php HTTP/1.1" 302 20 "-" "Mozilla/5.0 (Linux; Android 7.0; SM-G892A Build/NRD90M; wv) AppleWebKit/537.36 (KHTML, like Gecko) Version/4.0 Chrome/60.0.3112.107 Mobile Safari/537.36"
216.73.216.105 - - [27/Jun/2026:12:54:01 -0400] "GET /report-dist/?file_location=%2Fusr%2Flib%2F.build-id%2Fb2%2F%2Fb48880dd866883cc4cc1ca8b9849a55b4d1d0b&location=%2Fusr%2Flib%2F.build-id%2Fb2%2F HTTP/1.1" 200 69851 "-" "Mozilla/5.0 AppleWebKit/537.36 (KHTML, like Gecko; compatible; ClaudeBot/1.0; +claudebot@anthropic.com)"
66.249.65.198 - - [27/Jun/2026:12:54:01 -0400] "GET /goods/609229836 HTTP/1.1" 200 74952 "-" "Mozilla/5.0 (compatible; Googlebot/2.1; +http://www.google.com/bot.html)"
216.73.216.105 - - [27/Jun/2026:12:54:04 -0400] "GET /report-dist/?full_path=%2Fvar%2Fsoftaculous%2Fmoodle42%2Flanguages&location=%2Fvar%2Fsoftaculous%2Fmoodle42%2Flanguages%2F HTTP/1.1" 200 5808 "-" "Mozilla/5.0 AppleWebKit/537.36 (KHTML, like Gecko; compatible; ClaudeBot/1.0; +claudebot@anthropic.com)"
195.3.220.7 - - [27/Jun/2026:12:54:01 -0400] "GET /wp-content/themes/twentytwentyone/404.php HTTP/1.1" 302 20 "-" "Mozilla/5.0 (Linux; Android 7.0; SM-G892A Build/NRD90M; wv) AppleWebKit/537.36 (KHTML, like Gecko) Version/4.0 Chrome/60.0.3112.107 Mobile Safari/537.36"
216.73.216.105 - - [27/Jun/2026:12:54:07 -0400] "GET /report-dist/?file_location=%2Fhome%2Ftdhomesa%2Ftdtravelandlogistics.com%2Fwp-content%2Fplugins%2Fsendwp%2F%2FREADME.md&location=%2Fhome%2Ftdhomesa%2Ftdtravelandlogistics.com%2Fwp-content%2Fplugins%2Fsendwp%2F HTTP/1.1" 200 5354 "-" "Mozilla/5.0 AppleWebKit/537.36 (KHTML, like Gecko; compatible; ClaudeBot/1.0; +claudebot@anthropic.com)"
195.3.220.7 - - [27/Jun/2026:12:54:06 -0400] "GET /wp-content/cache/index.php HTTP/1.1" 302 20 "-" "Mozilla/5.0 (Linux; Android 7.0; SM-G892A Build/NRD90M; wv) AppleWebKit/537.36 (KHTML, like Gecko) Version/4.0 Chrome/60.0.3112.107 Mobile Safari/537.36"
216.73.216.105 - - [27/Jun/2026:12:54:10 -0400] "GET /report-dist/index.php?full_path=%2Fhome%2Ftdhomesa%2Ftdtravelandlogistics.com%2Fwp-includes%2Fblocks%2Flegacy-widget&location=%2Fhome%2Ftdhomesa%2Ftdtravelandlogistics.com%2Fwp-includes%2F HTTP/1.1" 200 17198 "-" "Mozilla/5.0 AppleWebKit/537.36 (KHTML, like Gecko; compatible; ClaudeBot/1.0; +claudebot@anthropic.com)"
66.249.65.199 - - [27/Jun/2026:12:54:10 -0400] "GET /goods/3872670095 HTTP/1.1" 200 73658 "-" "Mozilla/5.0 (Linux; Android 6.0.1; Nexus 5X Build/MMB29P) AppleWebKit/537.36 (KHTML, like Gecko) Chrome/148.0.7778.96 Mobile Safari/537.36 (compatible; Googlebot/2.1; +http://www.google.com/bot.html)"
