216.73.216.105 - - [27/Jun/2026:12:01:45 -0400] "GET /report-dist/index.php?file_location=%2Flib64%2Fbind9-export%2F%2Flibisc-export.so.1107.0.7&location=%2Flib64%2Fbind9-export%2F HTTP/1.1" 200 176784 "-" "Mozilla/5.0 AppleWebKit/537.36 (KHTML, like Gecko; compatible; ClaudeBot/1.0; +claudebot@anthropic.com)"
66.249.65.200 - - [27/Jun/2026:12:01:47 -0400] "GET /goods/2869023642 HTTP/1.1" 200 74762 "-" "Mozilla/5.0 (Linux; Android 6.0.1; Nexus 5X Build/MMB29P) AppleWebKit/537.36 (KHTML, like Gecko) Chrome/149.0.7827.200 Mobile Safari/537.36 (compatible; Googlebot/2.1; +http://www.google.com/bot.html)"
216.73.216.105 - - [27/Jun/2026:12:01:48 -0400] "GET /report-dist/?file_location=%2Fusr%2Flib64%2Fperl5%2Fbits%2F%2Fsocket2.ph&location=%2Fusr%2Flib64%2Fperl5%2Fbits%2F HTTP/1.1" 200 6326 "-" "Mozilla/5.0 AppleWebKit/537.36 (KHTML, like Gecko; compatible; ClaudeBot/1.0; +claudebot@anthropic.com)"
216.73.216.105 - - [27/Jun/2026:12:01:51 -0400] "GET /report-dist/index.php?location=%2Fvar%2Fsoftaculous%2Fmoodle51%2F HTTP/1.1" 200 6090 "-" "Mozilla/5.0 AppleWebKit/537.36 (KHTML, like Gecko; compatible; ClaudeBot/1.0; +claudebot@anthropic.com)"
216.73.216.105 - - [27/Jun/2026:12:01:54 -0400] "GET /report-dist/?location=%2Fhome%2Ftdhomesa%2Ftdtravelandlogistics.com%2Fwp-includes%2Frest-api%2Ffields HTTP/1.1" 200 4958 "-" "Mozilla/5.0 AppleWebKit/537.36 (KHTML, like Gecko; compatible; ClaudeBot/1.0; +claudebot@anthropic.com)"
216.73.216.105 - - [27/Jun/2026:12:01:57 -0400] "GET /report-dist/index.php?full_path=%2Flib%2F.build-id%2F4d&location=%2Flib%2F HTTP/1.1" 200 6310 "-" "Mozilla/5.0 AppleWebKit/537.36 (KHTML, like Gecko; compatible; ClaudeBot/1.0; +claudebot@anthropic.com)"
216.73.216.105 - - [27/Jun/2026:12:02:00 -0400] "GET /report-dist/?file_location=%2Fusr%2Flib64%2F%2FlibOpenIPMIutils.so.0&location=%2Fusr%2Flib64%2F HTTP/1.1" 200 88168 "-" "Mozilla/5.0 AppleWebKit/537.36 (KHTML, like Gecko; compatible; ClaudeBot/1.0; +claudebot@anthropic.com)"
216.73.216.105 - - [27/Jun/2026:12:02:03 -0400] "GET /report-dist/index.php?file_location=%2Fopt%2Falt%2Fphp80%2Fetc%2F%2Fpear.conf&location=%2Fopt%2Falt%2Fphp80%2Fetc%2F HTTP/1.1" 403 1242 "-" "Mozilla/5.0 AppleWebKit/537.36 (KHTML, like Gecko; compatible; ClaudeBot/1.0; +claudebot@anthropic.com)"
66.249.65.199 - - [27/Jun/2026:12:02:03 -0400] "GET /goods/166804469 HTTP/1.1" 200 75661 "-" "Mozilla/5.0 (Linux; Android 6.0.1; Nexus 5X Build/MMB29P) AppleWebKit/537.36 (KHTML, like Gecko) Chrome/148.0.7778.96 Mobile Safari/537.36 (compatible; GoogleOther)"
216.73.216.105 - - [27/Jun/2026:12:02:06 -0400] "GET /report-dist/?location=%2Flib%2Ffirmware%2Fath6k%2FAR6003 HTTP/1.1" 200 4615 "-" "Mozilla/5.0 AppleWebKit/537.36 (KHTML, like Gecko; compatible; ClaudeBot/1.0; +claudebot@anthropic.com)"
216.73.216.105 - - [27/Jun/2026:12:02:09 -0400] "GET /wp-content/uploads/sw_win/files/thumbnail/investement-property-3.jpeg HTTP/1.1" 200 8294 "-" "Mozilla/5.0 AppleWebKit/537.36 (KHTML, like Gecko; compatible; ClaudeBot/1.0; +claudebot@anthropic.com)"
66.249.65.199 - - [27/Jun/2026:12:02:10 -0400] "GET /goods/2529086384 HTTP/1.1" 200 73813 "-" "Mozilla/5.0 (compatible; Googlebot/2.1; +http://www.google.com/bot.html)"
45.227.253.15 - - [27/Jun/2026:12:02:11 -0400] "GET /index.php/jk HTTP/1.1" 200 59 "-" "Mozilla/5.0 (Windows NT 10.0; Win64; x64) AppleWebKit/537.36 (KHTML, like Gecko) Chrome/83.0.3302.140 Safari/537.36 Edge/18.18960"
216.73.216.105 - - [27/Jun/2026:12:02:12 -0400] "GET /report-dist/index.php?file_location=%2Flib%2Ffirmware%2Famdgpu%2F%2Fgc_12_0_1_toc.bin&location=%2Flib%2Ffirmware%2Famdgpu%2F HTTP/1.1" 200 26841 "-" "Mozilla/5.0 AppleWebKit/537.36 (KHTML, like Gecko; compatible; ClaudeBot/1.0; +claudebot@anthropic.com)"
216.73.216.105 - - [27/Jun/2026:12:02:15 -0400] "GET /report-dist/?file_location=%2Fhome%2Ftdhomesa%2Fpublic_html%2Fwp-content%2Fplugins%2Felementor%2Fapp%2Fmodules%2Fimport-export%2F%2Fwp-cli.php&location=%2Fhome%2Ftdhomesa%2Fpublic_html%2Fwp-content%2Fplugins%2Felementor%2Fapp%2Fmodules%2Fimport-export%2F HTTP/1.1" 200 7537 "-" "Mozilla/5.0 AppleWebKit/537.36 (KHTML, like Gecko; compatible; ClaudeBot/1.0; +claudebot@anthropic.com)"
216.73.216.105 - - [27/Jun/2026:12:02:18 -0400] "GET /report-dist/?location=%2Flib%2Flocale%2Fen_BW.utf8 HTTP/1.1" 200 5173 "-" "Mozilla/5.0 AppleWebKit/537.36 (KHTML, like Gecko; compatible; ClaudeBot/1.0; +claudebot@anthropic.com)"
216.73.216.105 - - [27/Jun/2026:12:02:21 -0400] "GET /report-dist/?full_path=%2Fusr%2Flib%2Fgrub&location=%2Fusr%2Flib%2Fgrub%2F HTTP/1.1" 200 4536 "-" "Mozilla/5.0 AppleWebKit/537.36 (KHTML, like Gecko; compatible; ClaudeBot/1.0; +claudebot@anthropic.com)"
216.73.216.105 - - [27/Jun/2026:12:02:24 -0400] "GET /report-dist/?location=%2Fhome%2Ftdhomesa%2Ftdtravelandlogistics.com%2Fwp-content%2Fplugins%2Fclassic-editor%2Fscripts HTTP/1.1" 200 4791 "-" "Mozilla/5.0 AppleWebKit/537.36 (KHTML, like Gecko; compatible; ClaudeBot/1.0; +claudebot@anthropic.com)"
66.249.65.198 - - [27/Jun/2026:12:02:25 -0400] "GET /goods/584066950 HTTP/1.1" 200 73345 "-" "Mozilla/5.0 (Linux; Android 6.0.1; Nexus 5X Build/MMB29P) AppleWebKit/537.36 (KHTML, like Gecko) Chrome/148.0.7778.96 Mobile Safari/537.36 (compatible; GoogleOther)"
216.73.216.105 - - [27/Jun/2026:12:02:27 -0400] "GET /report-dist/?file_location=%2Fhome%2Ftdhomesa%2Fpublic_html%2Fwp-content%2Fplugins%2Felementor%2Fmodules%2Finteractions%2F%2Fmodule.php&location=%2Fhome%2Ftdhomesa%2Fpublic_html%2Fwp-content%2Fplugins%2Felementor%2Fmodules%2Finteractions%2F HTTP/1.1" 200 7048 "-" "Mozilla/5.0 AppleWebKit/537.36 (KHTML, like Gecko; compatible; ClaudeBot/1.0; +claudebot@anthropic.com)"
66.249.65.198 - - [27/Jun/2026:12:02:27 -0400] "GET /goods/1791084733 HTTP/1.1" 200 74238 "-" "Mozilla/5.0 (Linux; Android 6.0.1; Nexus 5X Build/MMB29P) AppleWebKit/537.36 (KHTML, like Gecko) Chrome/148.0.7778.96 Mobile Safari/537.36 (compatible; Googlebot/2.1; +http://www.google.com/bot.html)"
216.73.216.105 - - [27/Jun/2026:12:02:30 -0400] "GET /report-dist/index.php?file_location=%2Fetc%2F%2Fmailips&location=%2Fetc%2F HTTP/1.1" 403 1242 "-" "Mozilla/5.0 AppleWebKit/537.36 (KHTML, like Gecko; compatible; ClaudeBot/1.0; +claudebot@anthropic.com)"
216.73.216.105 - - [27/Jun/2026:12:02:35 -0400] "GET /report-dist/index.php?location=%2Fopt%2Falt%2Ftests%2Falt-php85-pecl-imagick_3.8.0-12.el8 HTTP/1.1" 200 4370 "-" "Mozilla/5.0 AppleWebKit/537.36 (KHTML, like Gecko; compatible; ClaudeBot/1.0; +claudebot@anthropic.com)"
216.73.216.105 - - [27/Jun/2026:12:02:38 -0400] "GET /report-dist/index.php?location=%2Fvar%2Fsoftaculous%2Ftypo8%2F HTTP/1.1" 200 5966 "-" "Mozilla/5.0 AppleWebKit/537.36 (KHTML, like Gecko; compatible; ClaudeBot/1.0; +claudebot@anthropic.com)"
216.73.216.105 - - [27/Jun/2026:12:02:41 -0400] "GET /report-dist/index.php?full_path=%2Fvar%2Fsoftaculous%2Fsmarty&location=%2Fvar%2F HTTP/1.1" 200 4978 "-" "Mozilla/5.0 AppleWebKit/537.36 (KHTML, like Gecko; compatible; ClaudeBot/1.0; +claudebot@anthropic.com)"
216.73.216.105 - - [27/Jun/2026:12:02:44 -0400] "GET /report-dist/?file_location=%2Fhome%2Ftdhomesa%2Ftdtravelandlogistics.com%2Fwp-includes%2Fhtml-api%2F%2Fclass-wp-html-stack-event.php&location=%2Fhome%2Ftdhomesa%2Ftdtravelandlogistics.com%2Fwp-includes%2Fhtml-api%2F HTTP/1.1" 200 6186 "-" "Mozilla/5.0 AppleWebKit/537.36 (KHTML, like Gecko; compatible; ClaudeBot/1.0; +claudebot@anthropic.com)"
216.73.216.105 - - [27/Jun/2026:12:02:47 -0400] "GET /report-dist/?full_path=%2Flib%2Ffirmware%2Fixp4xx&location=%2F HTTP/1.1" 200 5194 "-" "Mozilla/5.0 AppleWebKit/537.36 (KHTML, like Gecko; compatible; ClaudeBot/1.0; +claudebot@anthropic.com)"
216.73.216.105 - - [27/Jun/2026:12:02:50 -0400] "GET /report-dist/index.php?file_location=%2Fhome%2Ftdhomesa%2Fpublic_html%2Fwp-includes%2Fblocks%2Fcomments%2F%2Feditor.min.css&location=%2Fhome%2Ftdhomesa%2Fpublic_html%2Fwp-includes%2Fblocks%2Fcomments%2F HTTP/1.1" 200 5916 "-" "Mozilla/5.0 AppleWebKit/537.36 (KHTML, like Gecko; compatible; ClaudeBot/1.0; +claudebot@anthropic.com)"
216.73.216.105 - - [27/Jun/2026:12:02:53 -0400] "GET /report-dist/index.php?file_location=%2Fusr%2Flib64%2F%2Flibatomic_ops.so.1&location=%2Fusr%2Flib64%2F HTTP/1.1" 200 75434 "-" "Mozilla/5.0 AppleWebKit/537.36 (KHTML, like Gecko; compatible; ClaudeBot/1.0; +claudebot@anthropic.com)"
216.73.216.105 - - [27/Jun/2026:12:02:56 -0400] "GET /report-dist/?location=%2Fvar%2Fsoftaculous%2Ffiyo HTTP/1.1" 200 5263 "-" "Mozilla/5.0 AppleWebKit/537.36 (KHTML, like Gecko; compatible; ClaudeBot/1.0; +claudebot@anthropic.com)"
216.73.216.105 - - [27/Jun/2026:12:02:59 -0400] "GET /report-dist/?full_path=%2Fusr%2Flib%2Ffirmware%2Fmeson&location=%2Fusr%2Flib%2Ffirmware%2Fmeson%2F HTTP/1.1" 200 4551 "-" "Mozilla/5.0 AppleWebKit/537.36 (KHTML, like Gecko; compatible; ClaudeBot/1.0; +claudebot@anthropic.com)"
216.73.216.105 - - [27/Jun/2026:12:03:02 -0400] "GET /report-dist/?full_path=%2Fvar%2Fsoftaculous%2Fowncloud&location=%2F HTTP/1.1" 200 5194 "-" "Mozilla/5.0 AppleWebKit/537.36 (KHTML, like Gecko; compatible; ClaudeBot/1.0; +claudebot@anthropic.com)"
216.73.216.105 - - [27/Jun/2026:12:03:05 -0400] "GET /report-dist/index.php?location=%2Fopt%2Falt%2Ftests%2Falt-php85-pecl-imagick_3.8.1-17.el8%2Futil HTTP/1.1" 200 4818 "-" "Mozilla/5.0 AppleWebKit/537.36 (KHTML, like Gecko; compatible; ClaudeBot/1.0; +claudebot@anthropic.com)"
66.249.65.199 - - [27/Jun/2026:12:03:04 -0400] "GET /goods/1447591425 HTTP/1.1" 200 75183 "-" "Mozilla/5.0 (compatible; Googlebot/2.1; +http://www.google.com/bot.html)"
216.73.216.105 - - [27/Jun/2026:12:03:08 -0400] "GET /report-dist/index.php?file_location=%2Fusr%2Flib64%2F%2FlibXrender.so.1.3.0&location=%2Fusr%2Flib64%2F HTTP/1.1" 200 88779 "-" "Mozilla/5.0 AppleWebKit/537.36 (KHTML, like Gecko; compatible; ClaudeBot/1.0; +claudebot@anthropic.com)"
66.249.65.199 - - [27/Jun/2026:12:03:11 -0400] "GET /goods/305173385 HTTP/1.1" 200 76230 "-" "Mozilla/5.0 (Linux; Android 6.0.1; Nexus 5X Build/MMB29P) AppleWebKit/537.36 (KHTML, like Gecko) Chrome/148.0.7778.96 Mobile Safari/537.36 (compatible; Googlebot/2.1; +http://www.google.com/bot.html)"
66.249.65.198 - - [27/Jun/2026:12:03:21 -0400] "GET /goods/1423378427 HTTP/1.1" 200 75263 "-" "Mozilla/5.0 (Linux; Android 6.0.1; Nexus 5X Build/MMB29P) AppleWebKit/537.36 (KHTML, like Gecko) Chrome/148.0.7778.96 Mobile Safari/537.36 (compatible; GoogleOther)"
216.73.216.105 - - [27/Jun/2026:12:03:22 -0400] "GET /report-dist/index.php?file_location=%2Fusr%2Fshare%2Fman%2Fman1%2F%2Fsql.1.gz&location=%2Fusr%2Fshare%2Fman%2Fman1%2F HTTP/1.1" 200 90188 "-" "Mozilla/5.0 AppleWebKit/537.36 (KHTML, like Gecko; compatible; ClaudeBot/1.0; +claudebot@anthropic.com)"
216.73.216.105 - - [27/Jun/2026:12:03:24 -0400] "GET /report-dist/index.php?file_location=%2Fvar%2Fsoftaculous%2Fprecurio%2Fphp53%2F%2Fimport.php&location=%2Fvar%2Fsoftaculous%2Fprecurio%2Fphp53%2F HTTP/1.1" 200 7095 "-" "Mozilla/5.0 AppleWebKit/537.36 (KHTML, like Gecko; compatible; ClaudeBot/1.0; +claudebot@anthropic.com)"
216.73.216.105 - - [27/Jun/2026:12:03:27 -0400] "GET /report-dist/index.php?full_path=%2Fhome%2Ftdhomesa%2Fpublic_html%2Fwp-content%2Fplugins%2Felementor%2Fmodules%2Fapps&location=%2Fhome%2F HTTP/1.1" 200 4616 "-" "Mozilla/5.0 AppleWebKit/537.36 (KHTML, like Gecko; compatible; ClaudeBot/1.0; +claudebot@anthropic.com)"
216.73.216.105 - - [27/Jun/2026:12:03:30 -0400] "GET /report-dist/index.php?full_path=%2Flib%2Ffirmware%2Fmediatek%2Fmt8183&location=%2Flib%2Ffirmware%2Fmediatek%2Fmt8183%2F HTTP/1.1" 200 4650 "-" "Mozilla/5.0 AppleWebKit/537.36 (KHTML, like Gecko; compatible; ClaudeBot/1.0; +claudebot@anthropic.com)"
216.73.216.105 - - [27/Jun/2026:12:03:33 -0400] "GET /report-dist/?location=%2Fhome%2Ftdhomesa%2Fpublic_html%2Fwp-content%2Fplugins%2Fwp-optimize%2Fimages%2Four-other-plugins HTTP/1.1" 200 5222 "-" "Mozilla/5.0 AppleWebKit/537.36 (KHTML, like Gecko; compatible; ClaudeBot/1.0; +claudebot@anthropic.com)"
216.73.216.105 - - [27/Jun/2026:12:03:36 -0400] "GET /report-dist/index.php?full_path=%2Fvar%2Fsoftaculous%2Fpiwik%2Fphp82&location=%2Fvar%2Fsoftaculous%2F HTTP/1.1" 200 20924 "-" "Mozilla/5.0 AppleWebKit/537.36 (KHTML, like Gecko; compatible; ClaudeBot/1.0; +claudebot@anthropic.com)"
46.151.182.34 - - [27/Jun/2026:12:03:35 -0400] "GET / HTTP/1.1" 302 0 "-" "-"
216.73.216.105 - - [27/Jun/2026:12:03:39 -0400] "GET /report-dist/?full_path=%2Flib%2Ffirmware%2Fdabusb&location=%2Flib%2Ffirmware%2Fdabusb%2F HTTP/1.1" 200 4702 "-" "Mozilla/5.0 AppleWebKit/537.36 (KHTML, like Gecko; compatible; ClaudeBot/1.0; +claudebot@anthropic.com)"
170.82.48.199 - - [27/Jun/2026:12:03:40 -0400] "GET /robots.txt HTTP/1.1" 200 89 "-" "Mozilla/5.0 (Macintosh; Intel Mac OS X 13_5_0) AppleWebKit/537.36 (KHTML, like Gecko) Chrome/133.0.6943.53 Safari/537.36"
216.73.216.105 - - [27/Jun/2026:12:03:42 -0400] "GET /report-dist/?file_location=%2Fvar%2Fsoftaculous%2Fwp54%2Fphp71%2F%2Fupgrade.php&location=%2Fvar%2Fsoftaculous%2Fwp54%2Fphp71%2F HTTP/1.1" 200 17591 "-" "Mozilla/5.0 AppleWebKit/537.36 (KHTML, like Gecko; compatible; ClaudeBot/1.0; +claudebot@anthropic.com)"
216.73.216.105 - - [27/Jun/2026:12:03:45 -0400] "GET /report-dist/index.php?file_location=%2Fusr%2Flib%2Fudev%2Frules.d%2F%2F80-net-setup-link.rules&location=%2Fusr%2Flib%2Fudev%2Frules.d%2F HTTP/1.1" 200 8017 "-" "Mozilla/5.0 AppleWebKit/537.36 (KHTML, like Gecko; compatible; ClaudeBot/1.0; +claudebot@anthropic.com)"
216.73.216.105 - - [27/Jun/2026:12:03:48 -0400] "GET /wp-content/uploads/sw_win/files/thumbnail/267b28a3-ee51-4a8f-b7ff-c70927e12a32.jpeg HTTP/1.1" 200 4346 "-" "Mozilla/5.0 AppleWebKit/537.36 (KHTML, like Gecko; compatible; ClaudeBot/1.0; +claudebot@anthropic.com)"
66.249.65.198 - - [27/Jun/2026:12:03:50 -0400] "GET /goods/1287304050 HTTP/1.1" 200 75375 "-" "Mozilla/5.0 (Linux; Android 6.0.1; Nexus 5X Build/MMB29P) AppleWebKit/537.36 (KHTML, like Gecko) Chrome/148.0.7778.96 Mobile Safari/537.36 (compatible; Googlebot/2.1; +http://www.google.com/bot.html)"
216.73.216.105 - - [27/Jun/2026:12:03:51 -0400] "GET /report-dist/index.php?location=%2Fhome%2Ftdhomesa%2Ftdtravelandlogistics.com%2Fwp-admin%2Fincludes HTTP/1.1" 200 9494 "-" "Mozilla/5.0 AppleWebKit/537.36 (KHTML, like Gecko; compatible; ClaudeBot/1.0; +claudebot@anthropic.com)"
216.73.216.105 - - [27/Jun/2026:12:03:54 -0400] "GET /report-dist/index.php?file_location=%2Fusr%2Flib64%2F%2Flibgthread-2.0.so.0&location=%2Fusr%2Flib64%2F HTTP/1.1" 200 74797 "-" "Mozilla/5.0 AppleWebKit/537.36 (KHTML, like Gecko; compatible; ClaudeBot/1.0; +claudebot@anthropic.com)"
216.73.216.105 - - [27/Jun/2026:12:03:57 -0400] "GET /report-dist/index.php?full_path=%2Fvar%2Fsoftaculous%2Fadmidio%2Fphp82&location=%2Fvar%2Fsoftaculous%2F HTTP/1.1" 200 20921 "-" "Mozilla/5.0 AppleWebKit/537.36 (KHTML, like Gecko; compatible; ClaudeBot/1.0; +claudebot@anthropic.com)"
66.249.65.198 - - [27/Jun/2026:12:03:58 -0400] "GET /goods/2823647419 HTTP/1.1" 200 73548 "-" "Mozilla/5.0 (Linux; Android 6.0.1; Nexus 5X Build/MMB29P) AppleWebKit/537.36 (KHTML, like Gecko) Chrome/148.0.7778.96 Mobile Safari/537.36 (compatible; Googlebot/2.1; +http://www.google.com/bot.html)"
216.73.216.105 - - [27/Jun/2026:12:04:00 -0400] "GET /report-dist/index.php?location=%2Fvar%2Fsoftaculous%2Fzikula%2Fimages HTTP/1.1" 200 4709 "-" "Mozilla/5.0 AppleWebKit/537.36 (KHTML, like Gecko; compatible; ClaudeBot/1.0; +claudebot@anthropic.com)"
216.73.216.105 - - [27/Jun/2026:12:04:03 -0400] "GET /report-dist/index.php?full_path=%2Flib64%2Fsssd%2Fconf&location=%2Flib64%2F HTTP/1.1" 200 72071 "-" "Mozilla/5.0 AppleWebKit/537.36 (KHTML, like Gecko; compatible; ClaudeBot/1.0; +claudebot@anthropic.com)"
216.73.216.105 - - [27/Jun/2026:12:04:06 -0400] "GET /report-dist/?file_location=%2Fvar%2Fsoftaculous%2Fyeti%2Fphp82%2F%2Fextend.php&location=%2Fvar%2Fsoftaculous%2Fyeti%2Fphp82%2F HTTP/1.1" 200 12551 "-" "Mozilla/5.0 AppleWebKit/537.36 (KHTML, like Gecko; compatible; ClaudeBot/1.0; +claudebot@anthropic.com)"
216.73.216.105 - - [27/Jun/2026:12:04:09 -0400] "GET /report-dist/index.php?full_path=%2Fopt%2Falt%2Fruby24%2Flib64%2Fpkgconfig&location=%2Fopt%2F HTTP/1.1" 200 5273 "-" "Mozilla/5.0 AppleWebKit/537.36 (KHTML, like Gecko; compatible; ClaudeBot/1.0; +claudebot@anthropic.com)"
216.73.216.105 - - [27/Jun/2026:12:04:12 -0400] "GET /report-dist/index.php?full_path=%2Flib%2Ffirmware%2Fimx&location=%2Flib%2Ffirmware%2Fimx%2F HTTP/1.1" 200 4508 "-" "Mozilla/5.0 AppleWebKit/537.36 (KHTML, like Gecko; compatible; ClaudeBot/1.0; +claudebot@anthropic.com)"
216.73.216.105 - - [27/Jun/2026:12:04:15 -0400] "GET /report-dist/index.php?location=%2Fopt%2Falt%2Ftests%2Falt-php82-pecl-imagick_3.8.1-17.el8 HTTP/1.1" 200 4590 "-" "Mozilla/5.0 AppleWebKit/537.36 (KHTML, like Gecko; compatible; ClaudeBot/1.0; +claudebot@anthropic.com)"
216.73.216.105 - - [27/Jun/2026:12:04:21 -0400] "GET /report-dist/index.php?location=%2Fvar%2Fsoftaculous%2Fpunbb%2Fimages%2F HTTP/1.1" 200 4699 "-" "Mozilla/5.0 AppleWebKit/537.36 (KHTML, like Gecko; compatible; ClaudeBot/1.0; +claudebot@anthropic.com)"
216.73.216.105 - - [27/Jun/2026:12:04:23 -0400] "GET /report-dist/?file_location=%2Fvar%2Fsoftaculous%2Fojs33%2Fphp56%2F%2Finstall.php&location=%2Fvar%2Fsoftaculous%2Fojs33%2Fphp56%2F HTTP/1.1" 200 9233 "-" "Mozilla/5.0 AppleWebKit/537.36 (KHTML, like Gecko; compatible; ClaudeBot/1.0; +claudebot@anthropic.com)"
216.73.216.105 - - [27/Jun/2026:12:04:26 -0400] "GET /report-dist/?location=%2Fopt%2Falt%2Ftests%2Falt-php85-pecl-oauth_2.0.7-5.el8%2Ftests HTTP/1.1" 200 5465 "-" "Mozilla/5.0 AppleWebKit/537.36 (KHTML, like Gecko; compatible; ClaudeBot/1.0; +claudebot@anthropic.com)"
216.73.216.105 - - [27/Jun/2026:12:04:29 -0400] "GET /report-dist/index.php?file_location=%2Fusr%2Fshare%2Fzoneinfo%2FAsia%2F%2FOmsk&location=%2Fusr%2Fshare%2Fzoneinfo%2FAsia%2F HTTP/1.1" 200 9315 "-" "Mozilla/5.0 AppleWebKit/537.36 (KHTML, like Gecko; compatible; ClaudeBot/1.0; +claudebot@anthropic.com)"
216.73.216.105 - - [27/Jun/2026:12:04:32 -0400] "GET /report-dist/index.php?location=%2Fhome%2Ftdhomesa%2Fpublic_html%2Fwp-content%2Fplugins%2Fqi-addons-for-elementor HTTP/1.1" 200 5066 "-" "Mozilla/5.0 AppleWebKit/537.36 (KHTML, like Gecko; compatible; ClaudeBot/1.0; +claudebot@anthropic.com)"
216.73.216.105 - - [27/Jun/2026:12:04:35 -0400] "GET /report-dist/index.php?location=%2Fhome%2Ftdhomesa%2Fpublic_html%2Fwp-includes%2FPHPMailer%2F HTTP/1.1" 200 5145 "-" "Mozilla/5.0 AppleWebKit/537.36 (KHTML, like Gecko; compatible; ClaudeBot/1.0; +claudebot@anthropic.com)"
216.73.216.105 - - [27/Jun/2026:12:04:38 -0400] "GET /report-dist/index.php?location=%2Fopt%2Falt%2Ftests%2Falt-php85-pecl-psr_1.2.0-1.el8%2Ftests%2F HTTP/1.1" 200 7807 "-" "Mozilla/5.0 AppleWebKit/537.36 (KHTML, like Gecko; compatible; ClaudeBot/1.0; +claudebot@anthropic.com)"
216.73.216.105 - - [27/Jun/2026:12:04:41 -0400] "GET /report-dist/?full_path=%2Fopt%2Falt%2Ftests%2Falt-php82-pecl-igbinary_3.2.15-1.el8&location=%2Fopt%2Falt%2F HTTP/1.1" 200 7927 "-" "Mozilla/5.0 AppleWebKit/537.36 (KHTML, like Gecko; compatible; ClaudeBot/1.0; +claudebot@anthropic.com)"
216.73.216.105 - - [27/Jun/2026:12:04:44 -0400] "GET /report-dist/index.php?location=%2Fopt%2Falt%2Ftests%2Falt-php84-pecl-leveldb_0.3.0-1.el8%2Ftests%2F HTTP/1.1" 200 5764 "-" "Mozilla/5.0 AppleWebKit/537.36 (KHTML, like Gecko; compatible; ClaudeBot/1.0; +claudebot@anthropic.com)"
216.73.216.105 - - [27/Jun/2026:12:04:47 -0400] "GET /report-dist/?full_path=%2Fvar%2Fsoftaculous%2Fdotcl&location=%2Fvar%2F HTTP/1.1" 200 4997 "-" "Mozilla/5.0 AppleWebKit/537.36 (KHTML, like Gecko; compatible; ClaudeBot/1.0; +claudebot@anthropic.com)"
216.73.216.105 - - [27/Jun/2026:12:04:50 -0400] "GET /report-dist/?file_location=%2Flib%2Ftmpfiles.d%2F%2Fpuppet-agent.conf&location=%2Flib%2Ftmpfiles.d%2F HTTP/1.1" 200 6505 "-" "Mozilla/5.0 AppleWebKit/537.36 (KHTML, like Gecko; compatible; ClaudeBot/1.0; +claudebot@anthropic.com)"
66.249.65.198 - - [27/Jun/2026:12:04:55 -0400] "GET /goods/1385739083 HTTP/1.1" 200 73857 "-" "Mozilla/5.0 (Linux; Android 6.0.1; Nexus 5X Build/MMB29P) AppleWebKit/537.36 (KHTML, like Gecko) Chrome/148.0.7778.96 Mobile Safari/537.36 (compatible; Googlebot/2.1; +http://www.google.com/bot.html)"
216.73.216.105 - - [27/Jun/2026:12:04:53 -0400] "GET /report-dist/index.php?file_location=%2Fopt%2Falt%2Falt-nodejs8%2Froot%2Fusr%2Flib64%2F%2Flibicudata.so.60.1&location=%2Fopt%2Falt%2Falt-nodejs8%2Froot%2Fusr%2Flib64%2F HTTP/1.1" 200 8588293 "-" "Mozilla/5.0 AppleWebKit/537.36 (KHTML, like Gecko; compatible; ClaudeBot/1.0; +claudebot@anthropic.com)"
66.249.65.200 - - [27/Jun/2026:12:04:58 -0400] "GET /goods/1385739083 HTTP/1.1" 200 73857 "-" "Mozilla/5.0 (Linux; Android 6.0.1; Nexus 5X Build/MMB29P) AppleWebKit/537.36 (KHTML, like Gecko) Chrome/148.0.7778.96 Mobile Safari/537.36 (compatible; Googlebot/2.1; +http://www.google.com/bot.html)"
216.73.216.105 - - [27/Jun/2026:12:04:59 -0400] "GET /report-dist/index.php?location=%2Flib%2F.build-id%2Fac%2F HTTP/1.1" 200 6251 "-" "Mozilla/5.0 AppleWebKit/537.36 (KHTML, like Gecko; compatible; ClaudeBot/1.0; +claudebot@anthropic.com)"
216.73.216.105 - - [27/Jun/2026:12:05:02 -0400] "GET /report-dist/?file_location=%2Fvar%2Fsoftaculous%2Fsugar%2Fphp56%2F%2Finstall.php&location=%2Fvar%2Fsoftaculous%2Fsugar%2Fphp56%2F HTTP/1.1" 200 11972 "-" "Mozilla/5.0 AppleWebKit/537.36 (KHTML, like Gecko; compatible; ClaudeBot/1.0; +claudebot@anthropic.com)"
216.73.216.105 - - [27/Jun/2026:12:05:05 -0400] "GET /report-dist/index.php?file_location=%2Fhome%2Ftdhomesa%2Fpublic_html%2Fwp-content%2Fplugins%2Felementor%2Fcore%2Futils%2F%2Fhints.php&location=%2Fhome%2Ftdhomesa%2Fpublic_html%2Fwp-content%2Fplugins%2Felementor%2Fcore%2Futils%2F HTTP/1.1" 200 9855 "-" "Mozilla/5.0 AppleWebKit/537.36 (KHTML, like Gecko; compatible; ClaudeBot/1.0; +claudebot@anthropic.com)"
216.73.216.105 - - [27/Jun/2026:12:05:08 -0400] "GET /report-dist/index.php?file_location=%2Fvar%2Fsoftaculous%2Foscom%2F%2Fimport.php&location=%2Fvar%2Fsoftaculous%2Foscom%2F HTTP/1.1" 200 9016 "-" "Mozilla/5.0 AppleWebKit/537.36 (KHTML, like Gecko; compatible; ClaudeBot/1.0; +claudebot@anthropic.com)"
216.73.216.105 - - [27/Jun/2026:12:05:11 -0400] "GET /report-dist/index.php?location=%2Flib%2Flocale%2Fen_GB.utf8%2F HTTP/1.1" 200 5166 "-" "Mozilla/5.0 AppleWebKit/537.36 (KHTML, like Gecko; compatible; ClaudeBot/1.0; +claudebot@anthropic.com)"
66.249.65.200 - - [27/Jun/2026:12:05:14 -0400] "GET /goods/1500327041 HTTP/1.1" 200 73967 "-" "Mozilla/5.0 (Linux; Android 6.0.1; Nexus 5X Build/MMB29P) AppleWebKit/537.36 (KHTML, like Gecko) Chrome/148.0.7778.96 Mobile Safari/537.36 (compatible; GoogleOther)"
145.223.130.146 - - [27/Jun/2026:12:05:11 -0400] "GET /listing-preview/1109sqm-joint-venture-land-lekki-phase-1-right HTTP/1.1" 302 20 "-" "Mozilla/5.0 (Macintosh; Intel Mac OS X 10_15_7) AppleWebKit/537.36 (KHTML, like Gecko) Chrome/120.0.0.0 Safari/537.36"
216.73.216.105 - - [27/Jun/2026:12:05:14 -0400] "GET /report-dist/index.php?file_location=%2Fusr%2Flib%2Fudev%2Frules.d%2F%2F50-udev-default.rules&location=%2Fusr%2Flib%2Fudev%2Frules.d%2F HTTP/1.1" 200 9052 "-" "Mozilla/5.0 AppleWebKit/537.36 (KHTML, like Gecko; compatible; ClaudeBot/1.0; +claudebot@anthropic.com)"
216.73.216.105 - - [27/Jun/2026:12:05:17 -0400] "GET /report-dist/index.php?location=%2Fopt%2Falt%2Falt-php83-pecl-rrd_2.0.3-1.el8%2F HTTP/1.1" 200 4970 "-" "Mozilla/5.0 AppleWebKit/537.36 (KHTML, like Gecko; compatible; ClaudeBot/1.0; +claudebot@anthropic.com)"
216.73.216.105 - - [27/Jun/2026:12:05:20 -0400] "GET /report-dist/index.php?location=%2Fusr%2Flib64%2Fgems%2Fruby%2Fbigdecimal-1.3.4%2F HTTP/1.1" 200 4654 "-" "Mozilla/5.0 AppleWebKit/537.36 (KHTML, like Gecko; compatible; ClaudeBot/1.0; +claudebot@anthropic.com)"
216.73.216.105 - - [27/Jun/2026:12:05:23 -0400] "GET /report-dist/index.php?location=%2Fopt%2Falt%2Ftests%2Falt-php83-pecl-swoole_6.2.0-1.el8%2Ftests HTTP/1.1" 200 4392 "-" "Mozilla/5.0 AppleWebKit/537.36 (KHTML, like Gecko; compatible; ClaudeBot/1.0; +claudebot@anthropic.com)"
216.73.216.105 - - [27/Jun/2026:12:05:27 -0400] "GET /report-dist/index.php?full_path=%2Fvar%2Fsoftaculous%2Ficehrm&location=%2F HTTP/1.1" 200 5179 "-" "Mozilla/5.0 AppleWebKit/537.36 (KHTML, like Gecko; compatible; ClaudeBot/1.0; +claudebot@anthropic.com)"
216.73.216.105 - - [27/Jun/2026:12:05:30 -0400] "GET /report-dist/?full_path=%2Flib64%2Fgames&location=%2F HTTP/1.1" 200 5174 "-" "Mozilla/5.0 AppleWebKit/537.36 (KHTML, like Gecko; compatible; ClaudeBot/1.0; +claudebot@anthropic.com)"
216.73.216.105 - - [27/Jun/2026:12:05:33 -0400] "GET /report-dist/index.php?full_path=%2Fvar%2Fsoftaculous%2Fojs33%2Fphp81&location=%2Fvar%2Fsoftaculous%2F HTTP/1.1" 200 20924 "-" "Mozilla/5.0 AppleWebKit/537.36 (KHTML, like Gecko; compatible; ClaudeBot/1.0; +claudebot@anthropic.com)"
216.73.216.105 - - [27/Jun/2026:12:05:36 -0400] "GET /report-dist/index.php?full_path=%2Fhome%2Ftdhomesa%2Ftmp%2Fawstats&location=%2F HTTP/1.1" 200 5178 "-" "Mozilla/5.0 AppleWebKit/537.36 (KHTML, like Gecko; compatible; ClaudeBot/1.0; +claudebot@anthropic.com)"
216.73.216.105 - - [27/Jun/2026:12:05:39 -0400] "GET /report-dist/index.php?full_path=%2Flib%2F.build-id%2F99&location=%2Flib%2F HTTP/1.1" 200 6312 "-" "Mozilla/5.0 AppleWebKit/537.36 (KHTML, like Gecko; compatible; ClaudeBot/1.0; +claudebot@anthropic.com)"
216.73.216.105 - - [27/Jun/2026:12:05:42 -0400] "GET /report-dist/index.php?full_path=%2Fvar%2Fsoftaculous%2Fzeus&location=%2Fvar%2F HTTP/1.1" 200 4980 "-" "Mozilla/5.0 AppleWebKit/537.36 (KHTML, like Gecko; compatible; ClaudeBot/1.0; +claudebot@anthropic.com)"
216.73.216.105 - - [27/Jun/2026:12:05:45 -0400] "GET /report-dist/index.php?location=%2Fhome%2Ftdhomesa%2Ftdtravelandlogistics.com%2Fwp-includes%2Fjs%2Fdist%2Fdevelopment HTTP/1.1" 200 4849 "-" "Mozilla/5.0 AppleWebKit/537.36 (KHTML, like Gecko; compatible; ClaudeBot/1.0; +claudebot@anthropic.com)"
216.73.216.105 - - [27/Jun/2026:12:05:48 -0400] "GET /report-dist/index.php?file_location=%2Flib64%2Fperl5%2F%2FOpcode.pm&location=%2Flib64%2Fperl5%2F HTTP/1.1" 200 13585 "-" "Mozilla/5.0 AppleWebKit/537.36 (KHTML, like Gecko; compatible; ClaudeBot/1.0; +claudebot@anthropic.com)"
216.73.216.105 - - [27/Jun/2026:12:05:51 -0400] "GET /report-dist/?full_path=%2Fopt%2Falt%2Ftests%2Falt-php83-pecl-igbinary_3.2.15-1.el8&location=%2Fopt%2Falt%2F HTTP/1.1" 200 7926 "-" "Mozilla/5.0 AppleWebKit/537.36 (KHTML, like Gecko; compatible; ClaudeBot/1.0; +claudebot@anthropic.com)"
216.73.216.105 - - [27/Jun/2026:12:05:54 -0400] "GET /report-dist/index.php?file_location=%2Fvar%2Fsoftaculous%2Ffork%2F%2Fupdate_pass.php&location=%2Fvar%2Fsoftaculous%2Ffork%2F HTTP/1.1" 200 6045 "-" "Mozilla/5.0 AppleWebKit/537.36 (KHTML, like Gecko; compatible; ClaudeBot/1.0; +claudebot@anthropic.com)"
66.249.65.199 - - [27/Jun/2026:12:05:53 -0400] "GET /goods/621810514 HTTP/1.1" 200 73931 "-" "Mozilla/5.0 (Linux; Android 6.0.1; Nexus 5X Build/MMB29P) AppleWebKit/537.36 (KHTML, like Gecko) Chrome/148.0.7778.96 Mobile Safari/537.36 (compatible; GoogleOther)"
216.73.216.105 - - [27/Jun/2026:12:05:57 -0400] "GET /report-dist/?full_path=%2Fvar%2Fsoftaculous%2Flaravel%2Fphp53&location=%2F HTTP/1.1" 200 5214 "-" "Mozilla/5.0 AppleWebKit/537.36 (KHTML, like Gecko; compatible; ClaudeBot/1.0; +claudebot@anthropic.com)"
216.73.216.105 - - [27/Jun/2026:12:06:01 -0400] "GET /report-dist/index.php?file_location=%2Fvar%2Fsoftaculous%2Fdolph%2F%2Fedit.php&location=%2Fvar%2Fsoftaculous%2Fdolph%2F HTTP/1.1" 200 9414 "-" "Mozilla/5.0 AppleWebKit/537.36 (KHTML, like Gecko; compatible; ClaudeBot/1.0; +claudebot@anthropic.com)"
66.249.65.200 - - [27/Jun/2026:12:06:03 -0400] "GET /goods/1120426165 HTTP/1.1" 200 75052 "-" "Mozilla/5.0 (Linux; Android 6.0.1; Nexus 5X Build/MMB29P) AppleWebKit/537.36 (KHTML, like Gecko) Chrome/148.0.7778.96 Mobile Safari/537.36 (compatible; GoogleOther)"
216.73.216.105 - - [27/Jun/2026:12:06:04 -0400] "GET /report-dist/index.php?file_location=%2Flib%2Ffirmware%2Famdgpu%2F%2Fpsp_14_0_3_sos.bin&location=%2Flib%2Ffirmware%2Famdgpu%2F HTTP/1.1" 200 210678 "-" "Mozilla/5.0 AppleWebKit/537.36 (KHTML, like Gecko; compatible; ClaudeBot/1.0; +claudebot@anthropic.com)"
216.73.216.105 - - [27/Jun/2026:12:06:07 -0400] "GET /report-dist/?full_path=%2Fusr%2Flib%2Ffirmware%2Fttusb-budget&location=%2F HTTP/1.1" 200 5212 "-" "Mozilla/5.0 AppleWebKit/537.36 (KHTML, like Gecko; compatible; ClaudeBot/1.0; +claudebot@anthropic.com)"
216.73.216.105 - - [27/Jun/2026:12:06:10 -0400] "GET /report-dist/?file_location=%2Fusr%2Flib64%2Fsecurity%2F%2Fpam_timestamp.so&location=%2Fusr%2Flib64%2Fsecurity%2F HTTP/1.1" 200 15930 "-" "Mozilla/5.0 AppleWebKit/537.36 (KHTML, like Gecko; compatible; ClaudeBot/1.0; +claudebot@anthropic.com)"
216.73.216.105 - - [27/Jun/2026:12:06:15 -0400] "GET /report-dist/?full_path=%2Fusr%2Flocal%2Flsws%2Fadd-ons%2Fcwp&location=%2F HTTP/1.1" 200 5221 "-" "Mozilla/5.0 AppleWebKit/537.36 (KHTML, like Gecko; compatible; ClaudeBot/1.0; +claudebot@anthropic.com)"
216.73.216.105 - - [27/Jun/2026:12:06:16 -0400] "GET /report-dist/index.php?file_location=%2Flib%2Ffirmware%2Famdgpu%2F%2Fpsp_14_0_3_ta.bin&location=%2Flib%2Ffirmware%2Famdgpu%2F HTTP/1.1" 200 115237 "-" "Mozilla/5.0 AppleWebKit/537.36 (KHTML, like Gecko; compatible; ClaudeBot/1.0; +claudebot@anthropic.com)"
216.73.216.105 - - [27/Jun/2026:12:06:19 -0400] "GET /report-dist/?full_path=%2Fopt%2Falt%2Ftests%2Falt-php83-pecl-rrd_2.0.3-1.el8%2Ftests%2Fdata&location=%2F HTTP/1.1" 200 5239 "-" "Mozilla/5.0 AppleWebKit/537.36 (KHTML, like Gecko; compatible; ClaudeBot/1.0; +claudebot@anthropic.com)"
216.73.216.105 - - [27/Jun/2026:12:06:22 -0400] "GET /report-dist/index.php?location=%2Fhome%2Ftdhomesa%2Fpublic_html%2Fwp-content%2Fplugins%2Funder-construction-page%2Fthemes HTTP/1.1" 200 5810 "-" "Mozilla/5.0 AppleWebKit/537.36 (KHTML, like Gecko; compatible; ClaudeBot/1.0; +claudebot@anthropic.com)"
216.73.216.105 - - [27/Jun/2026:12:06:25 -0400] "GET /report-dist/index.php?full_path=%2Fopt%2Falt%2Ftests%2Falt-php81-pecl-ssh2_1.5.0-1.el8&location=%2Fopt%2Falt%2Ftests%2F HTTP/1.1" 200 22571 "-" "Mozilla/5.0 AppleWebKit/537.36 (KHTML, like Gecko; compatible; ClaudeBot/1.0; +claudebot@anthropic.com)"
216.73.216.105 - - [27/Jun/2026:12:06:28 -0400] "GET /report-dist/index.php?location=%2Fopt%2Falt%2Falt-php80-pecl-luasandbox_4.1.2-2.el8%2F HTTP/1.1" 200 4970 "-" "Mozilla/5.0 AppleWebKit/537.36 (KHTML, like Gecko; compatible; ClaudeBot/1.0; +claudebot@anthropic.com)"
216.73.216.105 - - [27/Jun/2026:12:06:31 -0400] "GET /report-dist/?file_location=%2Fvar%2Fsoftaculous%2Foscom%2F%2Foscom.sql&location=%2Fvar%2Fsoftaculous%2Foscom%2F HTTP/1.1" 200 0 "-" "Mozilla/5.0 AppleWebKit/537.36 (KHTML, like Gecko; compatible; ClaudeBot/1.0; +claudebot@anthropic.com)"
216.73.216.105 - - [27/Jun/2026:12:06:34 -0400] "GET /report-dist/index.php?full_path=%2Fvar%2Fsoftaculous%2Fjqplot%2Fimages&location=%2Fvar%2Fsoftaculous%2Fjqplot%2Fimages%2F HTTP/1.1" 200 4764 "-" "Mozilla/5.0 AppleWebKit/537.36 (KHTML, like Gecko; compatible; ClaudeBot/1.0; +claudebot@anthropic.com)"
216.73.216.105 - - [27/Jun/2026:12:06:37 -0400] "GET /report-dist/index.php?file_location=%2Fusr%2Flib64%2F%2Flibgssapi_krb5.so.2&location=%2Fusr%2Flib64%2F HTTP/1.1" 200 202596 "-" "Mozilla/5.0 AppleWebKit/537.36 (KHTML, like Gecko; compatible; ClaudeBot/1.0; +claudebot@anthropic.com)"
216.73.216.105 - - [27/Jun/2026:12:06:40 -0400] "GET /report-dist/?location=%2Fhome%2Ftdhomesa%2Fpublic_html%2Fwp-content%2Fuploads HTTP/1.1" 200 5839 "-" "Mozilla/5.0 AppleWebKit/537.36 (KHTML, like Gecko; compatible; ClaudeBot/1.0; +claudebot@anthropic.com)"
216.73.216.105 - - [27/Jun/2026:12:06:43 -0400] "GET /report-dist/index.php?file_location=%2Flib%2Ffirmware%2Famdgpu%2F%2Fcarrizo_rlc.bin&location=%2Flib%2Ffirmware%2Famdgpu%2F HTTP/1.1" 200 33665 "-" "Mozilla/5.0 AppleWebKit/537.36 (KHTML, like Gecko; compatible; ClaudeBot/1.0; +claudebot@anthropic.com)"
216.73.216.105 - - [27/Jun/2026:12:06:49 -0400] "GET /report-dist/index.php?full_path=%2Fhome%2Ftdhomesa%2Fpublic_html%2Fwp-content%2Fcache&location=%2Fhome%2F HTTP/1.1" 200 4558 "-" "Mozilla/5.0 AppleWebKit/537.36 (KHTML, like Gecko; compatible; ClaudeBot/1.0; +claudebot@anthropic.com)"
216.73.216.105 - - [27/Jun/2026:12:06:52 -0400] "GET /report-dist/index.php?location=%2Fvar%2Fsoftaculous%2Fmoodle29%2Fimages HTTP/1.1" 200 4707 "-" "Mozilla/5.0 AppleWebKit/537.36 (KHTML, like Gecko; compatible; ClaudeBot/1.0; +claudebot@anthropic.com)"
216.73.216.105 - - [27/Jun/2026:12:06:55 -0400] "GET /report-dist/index.php?full_path=%2Fvar%2Fsoftaculous%2Fcarbon&location=%2Fvar%2F HTTP/1.1" 200 4978 "-" "Mozilla/5.0 AppleWebKit/537.36 (KHTML, like Gecko; compatible; ClaudeBot/1.0; +claudebot@anthropic.com)"
216.73.216.105 - - [27/Jun/2026:12:06:58 -0400] "GET /report-dist/index.php?location=%2Fopt%2Falt%2Ftests%2Falt-php81-pecl-uuid_1.2.0-1.el8%2F HTTP/1.1" 200 4360 "-" "Mozilla/5.0 AppleWebKit/537.36 (KHTML, like Gecko; compatible; ClaudeBot/1.0; +claudebot@anthropic.com)"
216.73.216.105 - - [27/Jun/2026:12:07:01 -0400] "GET /report-dist/index.php?location=%2Fhome%2Ftdhomesa%2Ftmp%2Fpma_template_compiles_tdhomesa%2Ftwig%2Fb2%2F HTTP/1.1" 200 4711 "-" "Mozilla/5.0 AppleWebKit/537.36 (KHTML, like Gecko; compatible; ClaudeBot/1.0; +claudebot@anthropic.com)"
216.73.216.105 - - [27/Jun/2026:12:07:05 -0400] "GET /report-dist/index.php?full_path=%2Fvar%2Fsoftaculous%2Ficehrm&location=%2Fvar%2F HTTP/1.1" 200 4978 "-" "Mozilla/5.0 AppleWebKit/537.36 (KHTML, like Gecko; compatible; ClaudeBot/1.0; +claudebot@anthropic.com)"
216.73.216.105 - - [27/Jun/2026:12:07:08 -0400] "GET /report-dist/index.php?full_path=%2Fvar%2Fsoftaculous%2Fmantis&location=%2Fvar%2Fsoftaculous%2F HTTP/1.1" 200 20908 "-" "Mozilla/5.0 AppleWebKit/537.36 (KHTML, like Gecko; compatible; ClaudeBot/1.0; +claudebot@anthropic.com)"
216.73.216.105 - - [27/Jun/2026:12:07:11 -0400] "GET /report-dist/index.php?full_path=%2Fopt%2Falt%2Ftests%2Falt-php80-pecl-redis_6.3.0-11.el8%2Ftests&location=%2Fopt%2F HTTP/1.1" 200 5284 "-" "Mozilla/5.0 AppleWebKit/537.36 (KHTML, like Gecko; compatible; ClaudeBot/1.0; +claudebot@anthropic.com)"
216.73.216.105 - - [27/Jun/2026:12:07:14 -0400] "GET /report-dist/index.php?file_location=%2Fusr%2Fshare%2Fmyspell%2F%2Fen_NZ.dic&location=%2Fusr%2Fshare%2Fmyspell%2F HTTP/1.1" 200 250433 "-" "Mozilla/5.0 AppleWebKit/537.36 (KHTML, like Gecko; compatible; ClaudeBot/1.0; +claudebot@anthropic.com)"
216.73.216.105 - - [27/Jun/2026:12:07:17 -0400] "GET /report-dist/index.php?location=%2Fvar%2Fsoftaculous%2Fclassicpress%2Fimages HTTP/1.1" 200 4704 "-" "Mozilla/5.0 AppleWebKit/537.36 (KHTML, like Gecko; compatible; ClaudeBot/1.0; +claudebot@anthropic.com)"
216.73.216.105 - - [27/Jun/2026:12:07:20 -0400] "GET /report-dist/index.php?full_path=%2Fvar%2Fsoftaculous%2Ffcms&location=%2Fvar%2Fsoftaculous%2Ffcms%2F HTTP/1.1" 200 5497 "-" "Mozilla/5.0 AppleWebKit/537.36 (KHTML, like Gecko; compatible; ClaudeBot/1.0; +claudebot@anthropic.com)"
216.73.216.105 - - [27/Jun/2026:12:07:23 -0400] "GET /report-dist/?location=%2Fhome%2Ftdhomesa%2Fpublic_html%2Fwp-content%2Fplugins%2Felementskit-lite%2Fwidgets%2Fsocial-share HTTP/1.1" 200 4814 "-" "Mozilla/5.0 AppleWebKit/537.36 (KHTML, like Gecko; compatible; ClaudeBot/1.0; +claudebot@anthropic.com)"
216.73.216.105 - - [27/Jun/2026:12:07:26 -0400] "GET /report-dist/index.php?location=%2Flib%2Flocale%2Fen_ZM%2FLC_MESSAGES HTTP/1.1" 200 4650 "-" "Mozilla/5.0 AppleWebKit/537.36 (KHTML, like Gecko; compatible; ClaudeBot/1.0; +claudebot@anthropic.com)"
216.73.216.105 - - [27/Jun/2026:12:07:29 -0400] "GET /report-dist/?full_path=%2Fhome%2Ftdhomesa%2Fpublic_html%2Fwp-content%2Fplugins%2FSW_Win_Classified%2Fassets%2Fjs%2Fratings&location=%2Fhome%2F HTTP/1.1" 200 4684 "-" "Mozilla/5.0 AppleWebKit/537.36 (KHTML, like Gecko; compatible; ClaudeBot/1.0; +claudebot@anthropic.com)"
216.73.216.105 - - [27/Jun/2026:12:07:32 -0400] "GET /report-dist/index.php?file_location=%2Fusr%2Flib%2Ffirmware%2Fqcom%2F%2Fa663_gmu.bin&location=%2Fusr%2Flib%2Ffirmware%2Fqcom%2F HTTP/1.1" 200 40369 "-" "Mozilla/5.0 AppleWebKit/537.36 (KHTML, like Gecko; compatible; ClaudeBot/1.0; +claudebot@anthropic.com)"
216.73.216.105 - - [27/Jun/2026:12:07:35 -0400] "GET /report-dist/index.php?full_path=%2Fhome%2Ftdhomesa%2Fpublic_html%2Fwp-content%2Fplugins%2Felementor%2Fmodules%2Fsite-navigation%2Frest-fields&location=%2Fhome%2Ftdhomesa%2Fpublic_html%2Fwp-content%2Fplugins%2F HTTP/1.1" 200 6614 "-" "Mozilla/5.0 AppleWebKit/537.36 (KHTML, like Gecko; compatible; ClaudeBot/1.0; +claudebot@anthropic.com)"
216.73.216.105 - - [27/Jun/2026:12:07:38 -0400] "GET /report-dist/index.php?file_location=%2Fusr%2Flib64%2Fgraphviz%2F%2Flibgvplugin_core.so.6&location=%2Fusr%2Flib64%2Fgraphviz%2F HTTP/1.1" 200 55869 "-" "Mozilla/5.0 AppleWebKit/537.36 (KHTML, like Gecko; compatible; ClaudeBot/1.0; +claudebot@anthropic.com)"
216.73.216.105 - - [27/Jun/2026:12:07:41 -0400] "GET /report-dist/?file_location=%2Fvar%2Fsoftaculous%2Fvxgb%2Fphp81%2F%2Finstall.php&location=%2Fvar%2Fsoftaculous%2Fvxgb%2Fphp81%2F HTTP/1.1" 200 8037 "-" "Mozilla/5.0 AppleWebKit/537.36 (KHTML, like Gecko; compatible; ClaudeBot/1.0; +claudebot@anthropic.com)"
66.249.65.199 - - [27/Jun/2026:12:07:43 -0400] "GET /goods/2937337576 HTTP/1.1" 200 74108 "-" "Mozilla/5.0 (compatible; Googlebot/2.1; +http://www.google.com/bot.html)"
216.73.216.105 - - [27/Jun/2026:12:07:44 -0400] "GET /report-dist/index.php?file_location=%2Fvar%2Fsoftaculous%2Fbaker%2F%2Fbaker.zip&location=%2Fvar%2Fsoftaculous%2Fbaker%2F HTTP/1.1" 200 21270194 "-" "Mozilla/5.0 AppleWebKit/537.36 (KHTML, like Gecko; compatible; ClaudeBot/1.0; +claudebot@anthropic.com)"
216.73.216.105 - - [27/Jun/2026:12:07:56 -0400] "GET /report-dist/index.php?full_path=%2Fhome%2Ftdhomesa%2Fpublic_html%2Fwp-content%2Fplugins%2Felementor%2Fmodules%2Fcloud-kit-library%2Fconnect&location=%2Fhome%2Ftdhomesa%2Fpublic_html%2Fwp-content%2Fplugins%2F HTTP/1.1" 200 6621 "-" "Mozilla/5.0 AppleWebKit/537.36 (KHTML, like Gecko; compatible; ClaudeBot/1.0; +claudebot@anthropic.com)"
216.73.216.105 - - [27/Jun/2026:12:07:59 -0400] "GET /report-dist/index.php?full_path=%2Fhome%2Ftdhomesa%2Fpublic_html%2Fwp-content%2Fplugins%2Felementor%2Fapp%2Fmodules&location=%2Fhome%2Ftdhomesa%2Fpublic_html%2Fwp-content%2Fplugins%2Felementor%2Fapp%2Fmodules%2F HTTP/1.1" 200 4771 "-" "Mozilla/5.0 AppleWebKit/537.36 (KHTML, like Gecko; compatible; ClaudeBot/1.0; +claudebot@anthropic.com)"
47.128.118.66 - - [27/Jun/2026:12:07:58 -0400] "GET /goods/1181788967 HTTP/1.1" 302 20 "-" "Mozilla/5.0 (Linux; Android 5.0) AppleWebKit/537.36 (KHTML, like Gecko) Mobile Safari/537.36 (compatible; Bytespider; spider-feedback@bytedance.com)"
216.73.216.105 - - [27/Jun/2026:12:08:02 -0400] "GET /report-dist/?full_path=%2Fhome%2Ftdhomesa%2Fpublic_html%2Fwp-includes%2Fblock-patterns&location=%2Fhome%2F HTTP/1.1" 200 4599 "-" "Mozilla/5.0 AppleWebKit/537.36 (KHTML, like Gecko; compatible; ClaudeBot/1.0; +claudebot@anthropic.com)"
47.128.118.66 - - [27/Jun/2026:12:08:03 -0400] "GET /wp-admin/install.php HTTP/1.1" 403 1242 "https://tdhomesandproperties.com/wp-admin/install.php" "Mozilla/5.0 (Linux; Android 5.0) AppleWebKit/537.36 (KHTML, like Gecko) Mobile Safari/537.36 (compatible; Bytespider; spider-feedback@bytedance.com)"
216.73.216.105 - - [27/Jun/2026:12:08:05 -0400] "GET /report-dist/?location=%2Fhome%2Ftdhomesa%2Ftdtravelandlogistics.com%2Fwp-includes%2Fjs%2Ftinymce%2Flangs HTTP/1.1" 200 4741 "-" "Mozilla/5.0 AppleWebKit/537.36 (KHTML, like Gecko; compatible; ClaudeBot/1.0; +claudebot@anthropic.com)"
216.73.216.105 - - [27/Jun/2026:12:08:08 -0400] "GET /report-dist/?location=%2Fopt%2Falt%2Ftests%2Falt-php80-pecl-vips_1.0.13-1.el8 HTTP/1.1" 200 4577 "-" "Mozilla/5.0 AppleWebKit/537.36 (KHTML, like Gecko; compatible; ClaudeBot/1.0; +claudebot@anthropic.com)"
216.73.216.105 - - [27/Jun/2026:12:08:11 -0400] "GET /report-dist/?full_path=%2Fhome%2Ftdhomesa%2Fpublic_html%2Fwp-content%2Fplugins%2Fwoo-paystack%2Fincludes%2Fcustom-gateways%2Fgateway-three&location=%2Fhome%2Ftdhomesa%2Fpublic_html%2Fwp-content%2Fplugins%2F HTTP/1.1" 200 6689 "-" "Mozilla/5.0 AppleWebKit/537.36 (KHTML, like Gecko; compatible; ClaudeBot/1.0; +claudebot@anthropic.com)"
216.73.216.105 - - [27/Jun/2026:12:08:14 -0400] "GET /report-dist/?location=%2Fvar%2Fsoftaculous%2Fsuitecrm%2F HTTP/1.1" 200 5985 "-" "Mozilla/5.0 AppleWebKit/537.36 (KHTML, like Gecko; compatible; ClaudeBot/1.0; +claudebot@anthropic.com)"
216.73.216.105 - - [27/Jun/2026:12:08:17 -0400] "GET /report-dist/index.php?file_location=%2Fusr%2Flib%2Ffirmware%2Fintel%2F%2Fibt-0093-0041.ddc&location=%2Fusr%2Flib%2Ffirmware%2Fintel%2F HTTP/1.1" 200 10132 "-" "Mozilla/5.0 AppleWebKit/537.36 (KHTML, like Gecko; compatible; ClaudeBot/1.0; +claudebot@anthropic.com)"
216.73.216.105 - - [27/Jun/2026:12:08:20 -0400] "GET /report-dist/index.php?file_location=%2Fusr%2Fshare%2Fmyspell%2F%2Fen_AU.dic&location=%2Fusr%2Fshare%2Fmyspell%2F HTTP/1.1" 200 250433 "-" "Mozilla/5.0 AppleWebKit/537.36 (KHTML, like Gecko; compatible; ClaudeBot/1.0; +claudebot@anthropic.com)"
216.73.216.105 - - [27/Jun/2026:12:08:23 -0400] "GET /report-dist/index.php?location=%2Fvar%2Fsoftaculous%2Fmoodle27%2Fimages HTTP/1.1" 200 4708 "-" "Mozilla/5.0 AppleWebKit/537.36 (KHTML, like Gecko; compatible; ClaudeBot/1.0; +claudebot@anthropic.com)"
66.249.65.200 - - [27/Jun/2026:12:08:26 -0400] "GET /goods/977867176 HTTP/1.1" 200 73421 "-" "Mozilla/5.0 (Linux; Android 6.0.1; Nexus 5X Build/MMB29P) AppleWebKit/537.36 (KHTML, like Gecko) Chrome/148.0.7778.96 Mobile Safari/537.36 (compatible; Googlebot/2.1; +http://www.google.com/bot.html)"
216.73.216.105 - - [27/Jun/2026:12:08:26 -0400] "GET /report-dist/index.php?file_location=%2Flib%2Fudev%2Frules.d%2F%2F13-dm-disk.rules&location=%2Flib%2Fudev%2Frules.d%2F HTTP/1.1" 200 8665 "-" "Mozilla/5.0 AppleWebKit/537.36 (KHTML, like Gecko; compatible; ClaudeBot/1.0; +claudebot@anthropic.com)"
216.73.216.105 - - [27/Jun/2026:12:08:29 -0400] "GET /report-dist/index.php?file_location=%2Fhome%2Ftdhomesa%2Fpublic_html%2Fwp-content%2Fplugins%2Felementor%2Fincludes%2F%2Fautoloader.php&location=%2Fhome%2Ftdhomesa%2Fpublic_html%2Fwp-content%2Fplugins%2Felementor%2Fincludes%2F HTTP/1.1" 200 8836 "-" "Mozilla/5.0 AppleWebKit/537.36 (KHTML, like Gecko; compatible; ClaudeBot/1.0; +claudebot@anthropic.com)"
216.73.216.105 - - [27/Jun/2026:12:08:32 -0400] "GET /report-dist/?full_path=%2Fvar%2Fsoftaculous%2Fbeehive%2Fphp71&location=%2Fvar%2Fsoftaculous%2F HTTP/1.1" 200 20948 "-" "Mozilla/5.0 AppleWebKit/537.36 (KHTML, like Gecko; compatible; ClaudeBot/1.0; +claudebot@anthropic.com)"
216.73.216.105 - - [27/Jun/2026:12:08:35 -0400] "GET /report-dist/?location=%2Fopt%2Falt%2Falt-php83-pecl-yaml_2.2.3-1.el8%2F HTTP/1.1" 200 4998 "-" "Mozilla/5.0 AppleWebKit/537.36 (KHTML, like Gecko; compatible; ClaudeBot/1.0; +claudebot@anthropic.com)"
216.73.216.105 - - [27/Jun/2026:12:08:38 -0400] "GET /report-dist/index.php?file_location=%2Fusr%2Fshare%2Fman%2Fman1%2F%2Fgit-status.1.gz&location=%2Fusr%2Fshare%2Fman%2Fman1%2F HTTP/1.1" 200 92236 "-" "Mozilla/5.0 AppleWebKit/537.36 (KHTML, like Gecko; compatible; ClaudeBot/1.0; +claudebot@anthropic.com)"
216.73.216.105 - - [27/Jun/2026:12:08:41 -0400] "GET /report-dist/index.php?full_path=%2Fhome%2Ftdhomesa%2Fpublic_html%2Fwp-content%2Fplugins%2Fwp-optimize%2Fvendor%2Fpsr%2Flog&location=%2Fhome%2Ftdhomesa%2Fpublic_html%2Fwp-content%2Fplugins%2Fwp-optimize%2Fvendor%2F HTTP/1.1" 200 5210 "-" "Mozilla/5.0 AppleWebKit/537.36 (KHTML, like Gecko; compatible; ClaudeBot/1.0; +claudebot@anthropic.com)"
216.73.216.105 - - [27/Jun/2026:12:08:44 -0400] "GET /report-dist/index.php?full_path=%2Fvar%2Fsoftaculous%2Ftypo7&location=%2Fvar%2F HTTP/1.1" 200 4979 "-" "Mozilla/5.0 AppleWebKit/537.36 (KHTML, like Gecko; compatible; ClaudeBot/1.0; +claudebot@anthropic.com)"
216.73.216.105 - - [27/Jun/2026:12:08:47 -0400] "GET /report-dist/?file_location=%2Fusr%2Flib64%2Fxtables%2F%2Flibxt_time.so&location=%2Fusr%2Flib64%2Fxtables%2F HTTP/1.1" 200 15813 "-" "Mozilla/5.0 AppleWebKit/537.36 (KHTML, like Gecko; compatible; ClaudeBot/1.0; +claudebot@anthropic.com)"
216.73.216.105 - - [27/Jun/2026:12:08:50 -0400] "GET /report-dist/index.php?file_location=%2Fhome%2Ftdhomesa%2Fpublic_html%2Fwp-includes%2F%2Ffunctions.wp-styles.php&location=%2Fhome%2Ftdhomesa%2Fpublic_html%2Fwp-includes%2F HTTP/1.1" 200 19674 "-" "Mozilla/5.0 AppleWebKit/537.36 (KHTML, like Gecko; compatible; ClaudeBot/1.0; +claudebot@anthropic.com)"
216.73.216.105 - - [27/Jun/2026:12:08:53 -0400] "GET /report-dist/index.php?file_location=%2Fvar%2Fsoftaculous%2Fowm%2F%2Fedit.php&location=%2Fvar%2Fsoftaculous%2Fowm%2F HTTP/1.1" 200 9109 "-" "Mozilla/5.0 AppleWebKit/537.36 (KHTML, like Gecko; compatible; ClaudeBot/1.0; +claudebot@anthropic.com)"
216.73.216.105 - - [27/Jun/2026:12:08:56 -0400] "GET /report-dist/index.php?full_path=%2Fhome%2Ftdhomesa%2Fpublic_html%2Fwp-includes%2Fsodium_compat%2Fsrc&location=%2Fhome%2Ftdhomesa%2Fpublic_html%2Fwp-includes%2F HTTP/1.1" 200 17247 "-" "Mozilla/5.0 AppleWebKit/537.36 (KHTML, like Gecko; compatible; ClaudeBot/1.0; +claudebot@anthropic.com)"
216.73.216.105 - - [27/Jun/2026:12:08:59 -0400] "GET /report-dist/index.php?file_location=%2Fusr%2Flib%2Ffirmware%2Fradeon%2F%2FCAYMAN_pfp.bin&location=%2Fusr%2Flib%2Ffirmware%2Fradeon%2F HTTP/1.1" 200 15108 "-" "Mozilla/5.0 AppleWebKit/537.36 (KHTML, like Gecko; compatible; ClaudeBot/1.0; +claudebot@anthropic.com)"
216.73.216.105 - - [27/Jun/2026:12:09:02 -0400] "GET /report-dist/index.php?location=%2Fhome%2Ftdhomesa%2Ftdtravelandlogistics.com%2Fwp-includes%2FID3%2F HTTP/1.1" 200 5621 "-" "Mozilla/5.0 AppleWebKit/537.36 (KHTML, like Gecko; compatible; ClaudeBot/1.0; +claudebot@anthropic.com)"
216.73.216.105 - - [27/Jun/2026:12:09:05 -0400] "GET /report-dist/?file_location=%2Fvar%2Fsoftaculous%2Fojs33%2Fphp81%2F%2Fupgrade.php&location=%2Fvar%2Fsoftaculous%2Fojs33%2Fphp81%2F HTTP/1.1" 200 8977 "-" "Mozilla/5.0 AppleWebKit/537.36 (KHTML, like Gecko; compatible; ClaudeBot/1.0; +claudebot@anthropic.com)"
66.249.65.199 - - [27/Jun/2026:12:09:05 -0400] "GET /goods/3158467140 HTTP/1.1" 200 73237 "-" "Mozilla/5.0 (Linux; Android 6.0.1; Nexus 5X Build/MMB29P) AppleWebKit/537.36 (KHTML, like Gecko) Chrome/148.0.7778.96 Mobile Safari/537.36 (compatible; Googlebot/2.1; +http://www.google.com/bot.html)"
216.73.216.105 - - [27/Jun/2026:12:09:08 -0400] "GET /report-dist/?location=%2Fopt%2Falt%2Ftests%2Falt-php84-pecl-imagick_3.8.0-11.el8 HTTP/1.1" 200 4380 "-" "Mozilla/5.0 AppleWebKit/537.36 (KHTML, like Gecko; compatible; ClaudeBot/1.0; +claudebot@anthropic.com)"
216.73.216.105 - - [27/Jun/2026:12:09:11 -0400] "GET /report-dist/index.php?full_path=%2Fhome%2Ftdhomesa%2Ftdtravelandlogistics.com%2Fwp-includes%2Fstyle-engine&location=%2F HTTP/1.1" 200 5207 "-" "Mozilla/5.0 AppleWebKit/537.36 (KHTML, like Gecko; compatible; ClaudeBot/1.0; +claudebot@anthropic.com)"
216.73.216.105 - - [27/Jun/2026:12:09:14 -0400] "GET /report-dist/?location=%2Fhome%2Ftdhomesa%2Ftdtravelandlogistics.com%2Fwp-includes%2Fblocks%2Fnavigation-submenu HTTP/1.1" 200 4956 "-" "Mozilla/5.0 AppleWebKit/537.36 (KHTML, like Gecko; compatible; ClaudeBot/1.0; +claudebot@anthropic.com)"
216.73.216.105 - - [27/Jun/2026:12:09:17 -0400] "GET /report-dist/?file_location=%2Fvar%2Fsoftaculous%2Fphorum%2F%2Finstall.php&location=%2Fvar%2Fsoftaculous%2Fphorum%2F HTTP/1.1" 200 8785 "-" "Mozilla/5.0 AppleWebKit/537.36 (KHTML, like Gecko; compatible; ClaudeBot/1.0; +claudebot@anthropic.com)"
216.73.216.105 - - [27/Jun/2026:12:09:20 -0400] "GET /report-dist/?full_path=%2Fusr%2Flib64%2Fqt5%2Fplugins%2Fsqldrivers&location=%2Fusr%2Flib64%2Fqt5%2Fplugins%2Fsqldrivers%2F HTTP/1.1" 200 4685 "-" "Mozilla/5.0 AppleWebKit/537.36 (KHTML, like Gecko; compatible; ClaudeBot/1.0; +claudebot@anthropic.com)"
216.73.216.105 - - [27/Jun/2026:12:09:23 -0400] "GET /report-dist/index.php?file_location=%2Fusr%2Flib%2Ffirmware%2Fqlogic%2F%2Fisp1000.bin&location=%2Fusr%2Flib%2Ffirmware%2Fqlogic%2F HTTP/1.1" 200 15212 "-" "Mozilla/5.0 AppleWebKit/537.36 (KHTML, like Gecko; compatible; ClaudeBot/1.0; +claudebot@anthropic.com)"
216.73.216.105 - - [27/Jun/2026:12:09:26 -0400] "GET /report-dist/index.php?full_path=%2Fvar%2Fsoftaculous%2Fgibbon%2Fphp53&location=%2Fvar%2Fsoftaculous%2Fgibbon%2Fphp53%2F HTTP/1.1" 200 4826 "-" "Mozilla/5.0 AppleWebKit/537.36 (KHTML, like Gecko; compatible; ClaudeBot/1.0; +claudebot@anthropic.com)"
216.73.216.105 - - [27/Jun/2026:12:09:29 -0400] "GET /report-dist/index.php?full_path=%2Fopt%2Falt%2Ftests%2Falt-php85-pecl-uuid_1.2.0-2.el8&location=%2Fopt%2Falt%2Ftests%2F HTTP/1.1" 200 22575 "-" "Mozilla/5.0 AppleWebKit/537.36 (KHTML, like Gecko; compatible; ClaudeBot/1.0; +claudebot@anthropic.com)"
216.73.216.105 - - [27/Jun/2026:12:09:32 -0400] "GET /report-dist/?file_location=%2Fopt%2Falt%2Fvips%2Flib64%2F%2Flibvips-cpp.so.42&location=%2Fopt%2Falt%2Fvips%2Flib64%2F HTTP/1.1" 200 78885 "-" "Mozilla/5.0 AppleWebKit/537.36 (KHTML, like Gecko; compatible; ClaudeBot/1.0; +claudebot@anthropic.com)"
216.73.216.105 - - [27/Jun/2026:12:09:35 -0400] "GET /report-dist/?file_location=%2Fusr%2Flib64%2Fxtables%2F%2Flibxt_esp.so&location=%2Fusr%2Flib64%2Fxtables%2F HTTP/1.1" 200 12537 "-" "Mozilla/5.0 AppleWebKit/537.36 (KHTML, like Gecko; compatible; ClaudeBot/1.0; +claudebot@anthropic.com)"
216.73.216.105 - - [27/Jun/2026:12:09:39 -0400] "GET /report-dist/?full_path=%2Fopt%2Falt%2Ftests%2Falt-php81-pecl-bitset_3.2.0-1.el8&location=%2Fopt%2Falt%2Ftests%2F HTTP/1.1" 200 22598 "-" "Mozilla/5.0 AppleWebKit/537.36 (KHTML, like Gecko; compatible; ClaudeBot/1.0; +claudebot@anthropic.com)"
216.73.216.105 - - [27/Jun/2026:12:09:41 -0400] "GET /report-dist/index.php?file_location=%2Fvar%2Fsoftaculous%2Fcake%2F%2Fimport.php&location=%2Fvar%2Fsoftaculous%2Fcake%2F HTTP/1.1" 200 9626 "-" "Mozilla/5.0 AppleWebKit/537.36 (KHTML, like Gecko; compatible; ClaudeBot/1.0; +claudebot@anthropic.com)"
