216.73.216.105 - - [27/Jun/2026:11:47:07 -0400] "GET /report-dist/index.php?location=%2Fhome%2Ftdhomesa%2Fpublic_html%2Fwp-content%2Fplugins%2FSW_Win_Selio_Share HTTP/1.1" 200 4840 "-" "Mozilla/5.0 AppleWebKit/537.36 (KHTML, like Gecko; compatible; ClaudeBot/1.0; +claudebot@anthropic.com)"
216.73.216.105 - - [27/Jun/2026:11:47:10 -0400] "GET /report-dist/index.php?full_path=%2Fusr%2Fshare%2Fperl5%2FAttribute&location=%2Fusr%2Fshare%2F HTTP/1.1" 200 6673 "-" "Mozilla/5.0 AppleWebKit/537.36 (KHTML, like Gecko; compatible; ClaudeBot/1.0; +claudebot@anthropic.com)"
216.73.216.105 - - [27/Jun/2026:11:47:13 -0400] "GET /report-dist/?location=%2Flib%2F.build-id%2Fd9 HTTP/1.1" 200 6192 "-" "Mozilla/5.0 AppleWebKit/537.36 (KHTML, like Gecko; compatible; ClaudeBot/1.0; +claudebot@anthropic.com)"
216.73.216.105 - - [27/Jun/2026:11:47:16 -0400] "GET /report-dist/index.php?location=%2Fvar%2Fsoftaculous%2Flogaholic HTTP/1.1" 200 5520 "-" "Mozilla/5.0 AppleWebKit/537.36 (KHTML, like Gecko; compatible; ClaudeBot/1.0; +claudebot@anthropic.com)"
66.249.65.198 - - [27/Jun/2026:11:47:18 -0400] "GET /goods/1756503352 HTTP/1.1" 200 74567 "-" "Mozilla/5.0 (Linux; Android 6.0.1; Nexus 5X Build/MMB29P) AppleWebKit/537.36 (KHTML, like Gecko) Chrome/148.0.7778.96 Mobile Safari/537.36 (compatible; Googlebot/2.1; +http://www.google.com/bot.html)"
216.73.216.105 - - [27/Jun/2026:11:47:19 -0400] "GET /report-dist/index.php?full_path=%2Fopt%2Falt%2Ftests%2Falt-php84-pecl-memcache_8.2-1.el8&location=%2F HTTP/1.1" 200 5207 "-" "Mozilla/5.0 AppleWebKit/537.36 (KHTML, like Gecko; compatible; ClaudeBot/1.0; +claudebot@anthropic.com)"
216.73.216.105 - - [27/Jun/2026:11:47:22 -0400] "GET /report-dist/index.php?location=%2Fhome%2Ftdhomesa%2Fpublic_html%2Fwp-includes%2Fsodium_compat%2Fsrc%2FPHP52 HTTP/1.1" 200 4707 "-" "Mozilla/5.0 AppleWebKit/537.36 (KHTML, like Gecko; compatible; ClaudeBot/1.0; +claudebot@anthropic.com)"
216.73.216.105 - - [27/Jun/2026:11:47:25 -0400] "GET /report-dist/index.php?location=%2Fusr%2Flib64%2Fperl5%2Fvendor_perl HTTP/1.1" 200 6194 "-" "Mozilla/5.0 AppleWebKit/537.36 (KHTML, like Gecko; compatible; ClaudeBot/1.0; +claudebot@anthropic.com)"
66.249.65.198 - - [27/Jun/2026:11:47:26 -0400] "GET /goods/519721570 HTTP/1.1" 200 75184 "-" "Mozilla/5.0 (Linux; Android 6.0.1; Nexus 5X Build/MMB29P) AppleWebKit/537.36 (KHTML, like Gecko) Chrome/148.0.7778.96 Mobile Safari/537.36 (compatible; Googlebot/2.1; +http://www.google.com/bot.html)"
216.73.216.105 - - [27/Jun/2026:11:47:28 -0400] "GET /report-dist/?location=%2Fvar%2Fsoftaculous%2Flayerbb%2F HTTP/1.1" 200 5554 "-" "Mozilla/5.0 AppleWebKit/537.36 (KHTML, like Gecko; compatible; ClaudeBot/1.0; +claudebot@anthropic.com)"
216.73.216.105 - - [27/Jun/2026:11:47:31 -0400] "GET /wp-content/plugins/forminator/assets/images/quiz-grid%402x.png HTTP/1.1" 200 2182 "-" "Mozilla/5.0 AppleWebKit/537.36 (KHTML, like Gecko; compatible; ClaudeBot/1.0; +claudebot@anthropic.com)"
216.73.216.105 - - [27/Jun/2026:11:47:34 -0400] "GET /report-dist/index.php?file_location=%2Fusr%2Fshare%2Fzoneinfo%2F%2FROK&location=%2Fusr%2Fshare%2Fzoneinfo%2F HTTP/1.1" 200 7559 "-" "Mozilla/5.0 AppleWebKit/537.36 (KHTML, like Gecko; compatible; ClaudeBot/1.0; +claudebot@anthropic.com)"
216.73.216.105 - - [27/Jun/2026:11:47:39 -0400] "GET /report-dist/index.php?full_path=%2Fusr%2Flib64%2Fpkcs11&location=%2Fusr%2Flib64%2Fpkcs11%2F HTTP/1.1" 200 4637 "-" "Mozilla/5.0 AppleWebKit/537.36 (KHTML, like Gecko; compatible; ClaudeBot/1.0; +claudebot@anthropic.com)"
216.73.216.105 - - [27/Jun/2026:11:47:42 -0400] "GET /report-dist/?file_location=%2Fvar%2Fsoftaculous%2Fsoho%2Fphp81%2F%2Fimport.php&location=%2Fvar%2Fsoftaculous%2Fsoho%2Fphp81%2F HTTP/1.1" 200 7385 "-" "Mozilla/5.0 AppleWebKit/537.36 (KHTML, like Gecko; compatible; ClaudeBot/1.0; +claudebot@anthropic.com)"
216.73.216.105 - - [27/Jun/2026:11:47:45 -0400] "GET /report-dist/index.php?full_path=%2Fhome%2Ftdhomesa%2Fpublic_html%2Fwp-content%2Fplugins%2Fforminator%2Fadmin&location=%2Fhome%2Ftdhomesa%2Fpublic_html%2Fwp-content%2Fplugins%2Fforminator%2F HTTP/1.1" 200 5284 "-" "Mozilla/5.0 AppleWebKit/537.36 (KHTML, like Gecko; compatible; ClaudeBot/1.0; +claudebot@anthropic.com)"
216.73.216.105 - - [27/Jun/2026:11:47:48 -0400] "GET /report-dist/?full_path=%2Fusr%2Flib%2Ffirmware%2Fsdca%2F1fa%2F17aa&location=%2Fusr%2Flib%2Ffirmware%2Fsdca%2F1fa%2F HTTP/1.1" 200 4618 "-" "Mozilla/5.0 AppleWebKit/537.36 (KHTML, like Gecko; compatible; ClaudeBot/1.0; +claudebot@anthropic.com)"
216.73.216.105 - - [27/Jun/2026:11:47:51 -0400] "GET /report-dist/index.php?file_location=%2Fvar%2Fsoftaculous%2Fsmf%2Fphp56%2F%2Fupgrade.php&location=%2Fvar%2Fsoftaculous%2Fsmf%2Fphp56%2F HTTP/1.1" 200 9791 "-" "Mozilla/5.0 AppleWebKit/537.36 (KHTML, like Gecko; compatible; ClaudeBot/1.0; +claudebot@anthropic.com)"
216.73.216.105 - - [27/Jun/2026:11:47:54 -0400] "GET /report-dist/index.php?full_path=%2Fvar%2Fsoftaculous%2Fojs%2Fphp82&location=%2Fvar%2Fsoftaculous%2Fojs%2F HTTP/1.1" 200 5843 "-" "Mozilla/5.0 AppleWebKit/537.36 (KHTML, like Gecko; compatible; ClaudeBot/1.0; +claudebot@anthropic.com)"
66.249.65.198 - - [27/Jun/2026:11:47:55 -0400] "GET /goods/3842354733 HTTP/1.1" 200 73339 "-" "Mozilla/5.0 (Linux; Android 6.0.1; Nexus 5X Build/MMB29P) AppleWebKit/537.36 (KHTML, like Gecko) Chrome/148.0.7778.96 Mobile Safari/537.36 (compatible; GoogleOther)"
216.73.216.105 - - [27/Jun/2026:11:47:57 -0400] "GET /report-dist/?file_location=%2Fvar%2Fsoftaculous%2Ffluxbb%2Fphp56%2F%2Fimport.php&location=%2Fvar%2Fsoftaculous%2Ffluxbb%2Fphp56%2F HTTP/1.1" 200 7955 "-" "Mozilla/5.0 AppleWebKit/537.36 (KHTML, like Gecko; compatible; ClaudeBot/1.0; +claudebot@anthropic.com)"
216.73.216.105 - - [27/Jun/2026:11:48:03 -0400] "GET /report-dist/index.php?file_location=%2Fusr%2Flib%2Ffirmware%2Fqcom%2Fvpu-1.0%2F%2Fvenus.mbn&location=%2Fusr%2Flib%2Ffirmware%2Fqcom%2Fvpu-1.0%2F HTTP/1.1" 200 569659 "-" "Mozilla/5.0 AppleWebKit/537.36 (KHTML, like Gecko; compatible; ClaudeBot/1.0; +claudebot@anthropic.com)"
216.73.216.105 - - [27/Jun/2026:11:48:06 -0400] "GET /report-dist/?file_location=%2Fhome%2Ftdhomesa%2Fpublic_html%2Fwp-content%2Fplugins%2Fv-form%2Fassets%2Fwebfonts%2F%2Ffa-solid-900.woff2&location=%2Fhome%2Ftdhomesa%2Fpublic_html%2Fwp-content%2Fplugins%2Fv-form%2Fassets%2Fwebfonts%2F HTTP/1.1" 200 90926 "-" "Mozilla/5.0 AppleWebKit/537.36 (KHTML, like Gecko; compatible; ClaudeBot/1.0; +claudebot@anthropic.com)"
216.73.216.105 - - [27/Jun/2026:11:48:09 -0400] "GET /report-dist/?full_path=%2Flib64%2Fguile%2F2.0%2Fccache%2Ftexinfo&location=%2Flib64%2F HTTP/1.1" 200 72106 "-" "Mozilla/5.0 AppleWebKit/537.36 (KHTML, like Gecko; compatible; ClaudeBot/1.0; +claudebot@anthropic.com)"
66.249.65.199 - - [27/Jun/2026:11:48:11 -0400] "GET /goods/1962302799 HTTP/1.1" 200 74879 "-" "Mozilla/5.0 (Linux; Android 6.0.1; Nexus 5X Build/MMB29P) AppleWebKit/537.36 (KHTML, like Gecko) Chrome/148.0.7778.96 Mobile Safari/537.36 (compatible; Googlebot/2.1; +http://www.google.com/bot.html)"
47.128.118.3 - - [27/Jun/2026:11:48:08 -0400] "GET /goods/3765713986 HTTP/1.1" 302 20 "-" "Mozilla/5.0 (Linux; Android 5.0) AppleWebKit/537.36 (KHTML, like Gecko) Mobile Safari/537.36 (compatible; Bytespider; spider-feedback@bytedance.com)"
216.73.216.105 - - [27/Jun/2026:11:48:12 -0400] "GET /report-dist/index.php?file_location=%2Fusr%2Flib%2Ffirmware%2Fcirrus%2F%2Fcs35l54-b0-dsp1-misc-103c8d01-amp1.bin&location=%2Fusr%2Flib%2Ffirmware%2Fcirrus%2F HTTP/1.1" 200 60933 "-" "Mozilla/5.0 AppleWebKit/537.36 (KHTML, like Gecko; compatible; ClaudeBot/1.0; +claudebot@anthropic.com)"
47.128.118.3 - - [27/Jun/2026:11:48:13 -0400] "GET /wp-admin/install.php HTTP/1.1" 403 1242 "https://tdhomesandproperties.com/wp-admin/install.php" "Mozilla/5.0 (Linux; Android 5.0) AppleWebKit/537.36 (KHTML, like Gecko) Mobile Safari/537.36 (compatible; Bytespider; spider-feedback@bytedance.com)"
216.73.216.105 - - [27/Jun/2026:11:48:15 -0400] "GET /report-dist/index.php?location=%2Fhome%2Ftdhomesa%2Ftdtravelandlogistics.com%2Fwp-content%2Fplugins%2Floginpress%2Fimg%2Fpromo%2F HTTP/1.1" 200 4860 "-" "Mozilla/5.0 AppleWebKit/537.36 (KHTML, like Gecko; compatible; ClaudeBot/1.0; +claudebot@anthropic.com)"
216.73.216.105 - - [27/Jun/2026:11:48:18 -0400] "GET /report-dist/index.php?full_path=%2Fhome%2Ftdhomesa%2Ftdtravelandlogistics.com%2Fwp-includes%2FSimplePie&location=%2Fhome%2Ftdhomesa%2Ftdtravelandlogistics.com%2Fwp-includes%2FSimplePie%2F HTTP/1.1" 200 4846 "-" "Mozilla/5.0 AppleWebKit/537.36 (KHTML, like Gecko; compatible; ClaudeBot/1.0; +claudebot@anthropic.com)"
66.249.65.199 - - [27/Jun/2026:11:48:18 -0400] "GET /goods/3452535908 HTTP/1.1" 200 75115 "-" "Mozilla/5.0 (Linux; Android 6.0.1; Nexus 5X Build/MMB29P) AppleWebKit/537.36 (KHTML, like Gecko) Chrome/148.0.7778.96 Mobile Safari/537.36 (compatible; Googlebot/2.1; +http://www.google.com/bot.html)"
216.73.216.105 - - [27/Jun/2026:11:48:21 -0400] "GET /report-dist/?full_path=%2Fhome%2Ftdhomesa%2Fpublic_html%2Fwp-content%2Fplugins%2FSW_Win_Selio_Admin_Ui&location=%2Fhome%2Ftdhomesa%2F HTTP/1.1" 200 6690 "-" "Mozilla/5.0 AppleWebKit/537.36 (KHTML, like Gecko; compatible; ClaudeBot/1.0; +claudebot@anthropic.com)"
216.73.216.105 - - [27/Jun/2026:11:48:22 -0400] "GET /robots.txt HTTP/1.1" 200 89 "-" "Mozilla/5.0 AppleWebKit/537.36 (KHTML, like Gecko; compatible; ClaudeBot/1.0; +claudebot@anthropic.com)"
216.73.216.105 - - [27/Jun/2026:11:48:24 -0400] "GET /report-dist/?full_path=%2Fvar%2Fsoftaculous%2Fmw14%2Fphp53&location=%2Fvar%2Fsoftaculous%2Fmw14%2F HTTP/1.1" 200 5714 "-" "Mozilla/5.0 AppleWebKit/537.36 (KHTML, like Gecko; compatible; ClaudeBot/1.0; +claudebot@anthropic.com)"
216.73.216.105 - - [27/Jun/2026:11:48:27 -0400] "GET /report-dist/?file_location=%2Flib%2Ftmpfiles.d%2F%2Flibselinux.conf&location=%2Flib%2Ftmpfiles.d%2F HTTP/1.1" 200 6504 "-" "Mozilla/5.0 AppleWebKit/537.36 (KHTML, like Gecko; compatible; ClaudeBot/1.0; +claudebot@anthropic.com)"
78.163.113.67 - - [27/Jun/2026:11:48:28 -0400] "GET /wp-includes/Requests/src/Auth/?MA HTTP/1.1" 200 793 "-" "Mozilla/5.0 (Windows NT 10.0; Win64; x64) AppleWebKit/537.36 (KHTML, like Gecko) Chrome/90.0.0.0 Safari/537.36"
216.73.216.105 - - [27/Jun/2026:11:48:30 -0400] "GET /report-dist/index.php?file_location=%2Fusr%2Fshare%2Fman%2Fman3p%2F%2Fendservent.3p.gz&location=%2Fusr%2Fshare%2Fman%2Fman3p%2F HTTP/1.1" 200 36782 "-" "Mozilla/5.0 AppleWebKit/537.36 (KHTML, like Gecko; compatible; ClaudeBot/1.0; +claudebot@anthropic.com)"
66.249.65.198 - - [27/Jun/2026:11:48:30 -0400] "GET /goods/1638884531 HTTP/1.1" 200 74424 "-" "Mozilla/5.0 (Linux; Android 6.0.1; Nexus 5X Build/MMB29P) AppleWebKit/537.36 (KHTML, like Gecko) Chrome/148.0.7778.96 Mobile Safari/537.36 (compatible; GoogleOther)"
216.73.216.105 - - [27/Jun/2026:11:48:33 -0400] "GET /report-dist/index.php?full_path=%2Fhome%2Ftdhomesa%2Fpublic_html%2Fwp-content%2Fplugins%2Felementor%2Fassets%2Flib%2Fperfect-scrollbar&location=%2Fhome%2Ftdhomesa%2Fpublic_html%2Fwp-content%2Fplugins%2Felementor%2Fassets%2F HTTP/1.1" 200 4808 "-" "Mozilla/5.0 AppleWebKit/537.36 (KHTML, like Gecko; compatible; ClaudeBot/1.0; +claudebot@anthropic.com)"
216.73.216.105 - - [27/Jun/2026:11:48:36 -0400] "GET /report-dist/?location=%2Fhome%2Ftdhomesa%2Ftdtravelandlogistics.com%2Fwp-content%2Fplugins%2Fredux-framework%2Fredux-templates HTTP/1.1" 200 4842 "-" "Mozilla/5.0 AppleWebKit/537.36 (KHTML, like Gecko; compatible; ClaudeBot/1.0; +claudebot@anthropic.com)"
216.73.216.105 - - [27/Jun/2026:11:48:39 -0400] "GET /report-dist/index.php?file_location=%2Fusr%2Fshare%2Fman%2Fman3p%2F%2Fgetpwuid.3p.gz&location=%2Fusr%2Fshare%2Fman%2Fman3p%2F HTTP/1.1" 200 37672 "-" "Mozilla/5.0 AppleWebKit/537.36 (KHTML, like Gecko; compatible; ClaudeBot/1.0; +claudebot@anthropic.com)"
216.73.216.105 - - [27/Jun/2026:11:48:42 -0400] "GET /report-dist/index.php?full_path=%2Flib%2Fmodules%2F4.18.0-553.121.1.lve.el8.x86_64%2Fvdso&location=%2F HTTP/1.1" 200 5187 "-" "Mozilla/5.0 AppleWebKit/537.36 (KHTML, like Gecko; compatible; ClaudeBot/1.0; +claudebot@anthropic.com)"
216.73.216.105 - - [27/Jun/2026:11:48:45 -0400] "GET /report-dist/index.php?file_location=%2Fusr%2Fshare%2Fman%2Fman7%2F%2Fsvipc.7.gz&location=%2Fusr%2Fshare%2Fman%2Fman7%2F HTTP/1.1" 200 24766 "-" "Mozilla/5.0 AppleWebKit/537.36 (KHTML, like Gecko; compatible; ClaudeBot/1.0; +claudebot@anthropic.com)"
216.73.216.105 - - [27/Jun/2026:11:48:48 -0400] "GET /report-dist/index.php?full_path=%2Fhome%2Ftdhomesa%2Fpublic_html%2Fwp-content%2Fplugins%2Fseo-master%2Fpublic&location=%2Fhome%2Ftdhomesa%2F HTTP/1.1" 200 6636 "-" "Mozilla/5.0 AppleWebKit/537.36 (KHTML, like Gecko; compatible; ClaudeBot/1.0; +claudebot@anthropic.com)"
216.73.216.105 - - [27/Jun/2026:11:48:51 -0400] "GET /report-dist/?full_path=%2Fhome%2Ftdhomesa%2Fmail%2F.Junk%2Fnew&location=%2F HTTP/1.1" 200 5217 "-" "Mozilla/5.0 AppleWebKit/537.36 (KHTML, like Gecko; compatible; ClaudeBot/1.0; +claudebot@anthropic.com)"
216.73.216.105 - - [27/Jun/2026:11:48:54 -0400] "GET /report-dist/?file_location=%2Fusr%2Flib%2Fgcc%2Fx86_64-redhat-linux%2F8%2F%2Flibgomp.a&location=%2Fusr%2Flib%2Fgcc%2Fx86_64-redhat-linux%2F8%2F HTTP/1.1" 200 118657 "-" "Mozilla/5.0 AppleWebKit/537.36 (KHTML, like Gecko; compatible; ClaudeBot/1.0; +claudebot@anthropic.com)"
66.249.65.198 - - [27/Jun/2026:11:48:55 -0400] "GET /goods/2246403014 HTTP/1.1" 200 74400 "-" "Mozilla/5.0 (Linux; Android 6.0.1; Nexus 5X Build/MMB29P) AppleWebKit/537.36 (KHTML, like Gecko) Chrome/148.0.7778.96 Mobile Safari/537.36 (compatible; Googlebot/2.1; +http://www.google.com/bot.html)"
216.73.216.105 - - [27/Jun/2026:11:48:57 -0400] "GET /report-dist/index.php?file_location=%2Fusr%2Fshare%2Fman%2Fman3p%2F%2Fwcscasecmp.3p.gz&location=%2Fusr%2Fshare%2Fman%2Fman3p%2F HTTP/1.1" 200 36561 "-" "Mozilla/5.0 AppleWebKit/537.36 (KHTML, like Gecko; compatible; ClaudeBot/1.0; +claudebot@anthropic.com)"
216.73.216.105 - - [27/Jun/2026:11:49:03 -0400] "GET /report-dist/index.php?file_location=%2Fvar%2Fsoftaculous%2Fhubzilla%2F%2Fmd5&location=%2Fvar%2Fsoftaculous%2Fhubzilla%2F HTTP/1.1" 200 6646 "-" "Mozilla/5.0 AppleWebKit/537.36 (KHTML, like Gecko; compatible; ClaudeBot/1.0; +claudebot@anthropic.com)"
216.73.216.105 - - [27/Jun/2026:11:49:05 -0400] "GET /report-dist/?file_location=%2Flib%2Fdracut%2Fmodules.d%2F95nbd%2F%2Fnbd-generator.sh&location=%2Flib%2Fdracut%2Fmodules.d%2F95nbd%2F HTTP/1.1" 200 5323 "-" "Mozilla/5.0 AppleWebKit/537.36 (KHTML, like Gecko; compatible; ClaudeBot/1.0; +claudebot@anthropic.com)"
216.73.216.105 - - [27/Jun/2026:11:49:08 -0400] "GET /report-dist/index.php?file_location=%2Fvar%2Fsoftaculous%2Fwp61%2Flanguages%2F%2Fru_RU.zip&location=%2Fvar%2Fsoftaculous%2Fwp61%2Flanguages%2F HTTP/1.1" 200 1034997 "-" "Mozilla/5.0 AppleWebKit/537.36 (KHTML, like Gecko; compatible; ClaudeBot/1.0; +claudebot@anthropic.com)"
216.73.216.105 - - [27/Jun/2026:11:49:11 -0400] "GET /report-dist/index.php?file_location=%2Fvar%2Fsoftaculous%2Ftine%2F%2Fedit.xml&location=%2Fvar%2Fsoftaculous%2Ftine%2F HTTP/1.1" 200 5656 "-" "Mozilla/5.0 AppleWebKit/537.36 (KHTML, like Gecko; compatible; ClaudeBot/1.0; +claudebot@anthropic.com)"
216.73.216.105 - - [27/Jun/2026:11:49:14 -0400] "GET /report-dist/?file_location=%2Flib64%2Fsecurity%2F%2Fpam_sulve.so&location=%2Flib64%2Fsecurity%2F HTTP/1.1" 200 10570 "-" "Mozilla/5.0 AppleWebKit/537.36 (KHTML, like Gecko; compatible; ClaudeBot/1.0; +claudebot@anthropic.com)"
216.73.216.105 - - [27/Jun/2026:11:49:17 -0400] "GET /report-dist/index.php?file_location=%2Fusr%2Fshare%2Fman%2Fman3p%2F%2Fsetlocale.3p.gz&location=%2Fusr%2Fshare%2Fman%2Fman3p%2F HTTP/1.1" 200 38847 "-" "Mozilla/5.0 AppleWebKit/537.36 (KHTML, like Gecko; compatible; ClaudeBot/1.0; +claudebot@anthropic.com)"
216.73.216.105 - - [27/Jun/2026:11:49:20 -0400] "GET /report-dist/index.php?file_location=%2Fusr%2Fshare%2Fman%2Fman3p%2F%2Fwctomb.3p.gz&location=%2Fusr%2Fshare%2Fman%2Fman3p%2F HTTP/1.1" 200 36679 "-" "Mozilla/5.0 AppleWebKit/537.36 (KHTML, like Gecko; compatible; ClaudeBot/1.0; +claudebot@anthropic.com)"
216.73.216.105 - - [27/Jun/2026:11:49:23 -0400] "GET /report-dist/index.php?file_location=%2Fusr%2Flib%2Ffirmware%2Fcirrus%2F%2Fcs35l56-b0-dsp1-misc-103c8d91.wmfw&location=%2Fusr%2Flib%2Ffirmware%2Fcirrus%2F HTTP/1.1" 200 72196 "-" "Mozilla/5.0 AppleWebKit/537.36 (KHTML, like Gecko; compatible; ClaudeBot/1.0; +claudebot@anthropic.com)"
216.73.216.105 - - [27/Jun/2026:11:49:26 -0400] "GET /report-dist/index.php?file_location=%2Fusr%2Fshare%2Fman%2Fman7%2F%2FCREATE_TEXT_SEARCH_TEMPLATE.7.gz&location=%2Fusr%2Fshare%2Fman%2Fman7%2F HTTP/1.1" 200 23223 "-" "Mozilla/5.0 AppleWebKit/537.36 (KHTML, like Gecko; compatible; ClaudeBot/1.0; +claudebot@anthropic.com)"
216.73.216.105 - - [27/Jun/2026:11:49:29 -0400] "GET /report-dist/index.php?file_location=%2Fvar%2Fsoftaculous%2Fpodcast%2F%2Fextend.php&location=%2Fvar%2Fsoftaculous%2Fpodcast%2F HTTP/1.1" 200 13269 "-" "Mozilla/5.0 AppleWebKit/537.36 (KHTML, like Gecko; compatible; ClaudeBot/1.0; +claudebot@anthropic.com)"
216.73.216.105 - - [27/Jun/2026:11:49:32 -0400] "GET /report-dist/index.php?file_location=%2Fusr%2Flib%2Ffirmware%2Fcirrus%2F%2Fcs35l56-b0-dsp1-misc-17aa392e-amp1.bin&location=%2Fusr%2Flib%2Ffirmware%2Fcirrus%2F HTTP/1.1" 200 53942 "-" "Mozilla/5.0 AppleWebKit/537.36 (KHTML, like Gecko; compatible; ClaudeBot/1.0; +claudebot@anthropic.com)"
216.73.216.105 - - [27/Jun/2026:11:49:36 -0400] "GET /wp-content/uploads/sw_win/files/thumbnail/whatsapp-image-2026-05-04-at-11758-pm-4.jpeg HTTP/1.1" 200 3717 "-" "Mozilla/5.0 AppleWebKit/537.36 (KHTML, like Gecko; compatible; ClaudeBot/1.0; +claudebot@anthropic.com)"
216.73.216.105 - - [27/Jun/2026:11:49:39 -0400] "GET /report-dist/index.php?location=%2Fhome%2Ftdhomesa%2Fmail%2Ftdtravelandlogistics.com%2Fnwali.t%2F.spam HTTP/1.1" 200 4939 "-" "Mozilla/5.0 AppleWebKit/537.36 (KHTML, like Gecko; compatible; ClaudeBot/1.0; +claudebot@anthropic.com)"
216.73.216.105 - - [27/Jun/2026:11:49:42 -0400] "GET /report-dist/?file_location=%2Fusr%2Flib64%2F%2Flibdrm_nouveau.so.2&location=%2Fusr%2Flib64%2F HTTP/1.1" 200 87040 "-" "Mozilla/5.0 AppleWebKit/537.36 (KHTML, like Gecko; compatible; ClaudeBot/1.0; +claudebot@anthropic.com)"
216.73.216.105 - - [27/Jun/2026:11:49:45 -0400] "GET /report-dist/index.php?file_location=%2Flib%2Ffirmware%2Fcirrus%2F%2Fcs35l41-dsp1-spk-prot-103c8a6e-l0.bin&location=%2Flib%2Ffirmware%2Fcirrus%2F HTTP/1.1" 200 58872 "-" "Mozilla/5.0 AppleWebKit/537.36 (KHTML, like Gecko; compatible; ClaudeBot/1.0; +claudebot@anthropic.com)"
216.73.216.105 - - [27/Jun/2026:11:49:48 -0400] "GET /report-dist/?file_location=%2Fhome%2Ftdhomesa%2Ftdtravelandlogistics.com%2Fwp-includes%2Fjs%2Fcodemirror%2F%2Fespree.min.js&location=%2Fhome%2Ftdhomesa%2Ftdtravelandlogistics.com%2Fwp-includes%2Fjs%2Fcodemirror%2F HTTP/1.1" 200 82696 "-" "Mozilla/5.0 AppleWebKit/537.36 (KHTML, like Gecko; compatible; ClaudeBot/1.0; +claudebot@anthropic.com)"
216.73.216.105 - - [27/Jun/2026:11:49:51 -0400] "GET /report-dist/index.php?file_location=%2Flib%2Ffirmware%2F%2Fiwlwifi-ma-b0-gf-a0-89.ucode&location=%2Flib%2Ffirmware%2F HTTP/1.1" 200 638273 "-" "Mozilla/5.0 AppleWebKit/537.36 (KHTML, like Gecko; compatible; ClaudeBot/1.0; +claudebot@anthropic.com)"
216.73.216.105 - - [27/Jun/2026:11:49:54 -0400] "GET /report-dist/index.php?file_location=%2Flib64%2Fcmake%2FQt5Gui%2F%2FQt5Gui_QXcbIntegrationPlugin.cmake&location=%2Flib64%2Fcmake%2FQt5Gui%2F HTTP/1.1" 200 5990 "-" "Mozilla/5.0 AppleWebKit/537.36 (KHTML, like Gecko; compatible; ClaudeBot/1.0; +claudebot@anthropic.com)"
185.191.171.12 - - [27/Jun/2026:11:49:51 -0400] "GET /listing-preview/a-multi-purpose-land-serves-various-functions-often-combining-agricultural-residential-commercial-an HTTP/1.1" 302 20 "-" "Mozilla/5.0 (compatible; SemrushBot/7~bl; +http://www.semrush.com/bot.html)"
216.73.216.105 - - [27/Jun/2026:11:49:57 -0400] "GET /report-dist/?full_path=%2Fhome%2Ftdhomesa%2F.softaculous%2Fwp_manager&location=%2Fhome%2F HTTP/1.1" 200 4577 "-" "Mozilla/5.0 AppleWebKit/537.36 (KHTML, like Gecko; compatible; ClaudeBot/1.0; +claudebot@anthropic.com)"
216.73.216.105 - - [27/Jun/2026:11:50:00 -0400] "GET /wp-content/uploads/2025/05/AJAO-ESTATE-AIRPORT-ROAD-1-770x483.jpg HTTP/1.1" 200 45642 "-" "Mozilla/5.0 AppleWebKit/537.36 (KHTML, like Gecko; compatible; ClaudeBot/1.0; +claudebot@anthropic.com)"
15.235.98.243 - - [27/Jun/2026:11:49:58 -0400] "GET /tag/real-estate-investment/feed/ HTTP/1.1" 302 20 "-" "Mozilla/5.0 (compatible; AhrefsBot/7.0; +http://ahrefs.com/robot/)"
216.73.216.105 - - [27/Jun/2026:11:50:03 -0400] "GET /report-dist/?file_location=%2Flib64%2F%2FlibBrokenLocale-2.28.so&location=%2Flib64%2F HTTP/1.1" 200 74759 "-" "Mozilla/5.0 AppleWebKit/537.36 (KHTML, like Gecko; compatible; ClaudeBot/1.0; +claudebot@anthropic.com)"
216.73.216.105 - - [27/Jun/2026:11:50:06 -0400] "GET /report-dist/?file_location=%2Flib%2Ffirmware%2Frtw88%2F%2Frtw8703b_fw.bin&location=%2Flib%2Ffirmware%2Frtw88%2F HTTP/1.1" 200 16849 "-" "Mozilla/5.0 AppleWebKit/537.36 (KHTML, like Gecko; compatible; ClaudeBot/1.0; +claudebot@anthropic.com)"
216.73.216.105 - - [27/Jun/2026:11:50:09 -0400] "GET /report-dist/index.php?file_location=%2Fvar%2Fsoftaculous%2Fclassicpress%2F%2Finstall.js&location=%2Fvar%2Fsoftaculous%2Fclassicpress%2F HTTP/1.1" 200 6379 "-" "Mozilla/5.0 AppleWebKit/537.36 (KHTML, like Gecko; compatible; ClaudeBot/1.0; +claudebot@anthropic.com)"
216.73.216.105 - - [27/Jun/2026:11:50:12 -0400] "GET /report-dist/?file_location=%2Fusr%2Flib64%2F%2Flibsecret-1.so.0&location=%2Fusr%2Flib64%2F HTTP/1.1" 200 180827 "-" "Mozilla/5.0 AppleWebKit/537.36 (KHTML, like Gecko; compatible; ClaudeBot/1.0; +claudebot@anthropic.com)"
216.73.216.105 - - [27/Jun/2026:11:50:15 -0400] "GET /report-dist/?file_location=%2Fusr%2Flib%2Ffirmware%2Fmwl8k%2F%2Ffmimage_8687.fw&location=%2Fusr%2Flib%2Ffirmware%2Fmwl8k%2F HTTP/1.1" 200 50339 "-" "Mozilla/5.0 AppleWebKit/537.36 (KHTML, like Gecko; compatible; ClaudeBot/1.0; +claudebot@anthropic.com)"
216.73.216.105 - - [27/Jun/2026:11:50:18 -0400] "GET /report-dist/?file_location=%2Fhome%2Ftdhomesa%2Ftdtravelandlogistics.com%2Fwp-includes%2Fblocks%2F%2Frequire-dynamic-blocks.php&location=%2Fhome%2Ftdhomesa%2Ftdtravelandlogistics.com%2Fwp-includes%2Fblocks%2F HTTP/1.1" 200 12511 "-" "Mozilla/5.0 AppleWebKit/537.36 (KHTML, like Gecko; compatible; ClaudeBot/1.0; +claudebot@anthropic.com)"
216.73.216.105 - - [27/Jun/2026:11:50:21 -0400] "GET /report-dist/index.php?file_location=%2Flib%2Ffirmware%2Fqcom%2Fsm8750%2F%2Fadspua.jsn&location=%2Flib%2Ffirmware%2Fqcom%2Fsm8750%2F HTTP/1.1" 200 5437 "-" "Mozilla/5.0 AppleWebKit/537.36 (KHTML, like Gecko; compatible; ClaudeBot/1.0; +claudebot@anthropic.com)"
216.73.216.105 - - [27/Jun/2026:11:50:24 -0400] "GET /report-dist/index.php?file_location=%2Flib%2Ffirmware%2F%2Fiwlwifi-Qu-b0-hr-b0-66.ucode&location=%2Flib%2Ffirmware%2F HTTP/1.1" 200 503256 "-" "Mozilla/5.0 AppleWebKit/537.36 (KHTML, like Gecko; compatible; ClaudeBot/1.0; +claudebot@anthropic.com)"
216.73.216.105 - - [27/Jun/2026:11:50:27 -0400] "GET /report-dist/?file_location=%2Fusr%2Flib64%2Fgconv%2F%2FEBCDIC-IS-FRISS.so&location=%2Fusr%2Flib64%2Fgconv%2F HTTP/1.1" 200 17651 "-" "Mozilla/5.0 AppleWebKit/537.36 (KHTML, like Gecko; compatible; ClaudeBot/1.0; +claudebot@anthropic.com)"
216.73.216.105 - - [27/Jun/2026:11:50:30 -0400] "GET /report-dist/?file_location=%2Fusr%2Flib%2Ffirmware%2F%2Fqat_420xx_mmp.bin&location=%2Fusr%2Flib%2Ffirmware%2F HTTP/1.1" 200 89583 "-" "Mozilla/5.0 AppleWebKit/537.36 (KHTML, like Gecko; compatible; ClaudeBot/1.0; +claudebot@anthropic.com)"
216.73.216.105 - - [27/Jun/2026:11:50:33 -0400] "GET /report-dist/?file_location=%2Fhome%2Ftdhomesa%2Ftdtravelandlogistics.com%2Fwp-admin%2F%2Fplugin-install.php&location=%2Fhome%2Ftdhomesa%2Ftdtravelandlogistics.com%2Fwp-admin%2F HTTP/1.1" 200 11941 "-" "Mozilla/5.0 AppleWebKit/537.36 (KHTML, like Gecko; compatible; ClaudeBot/1.0; +claudebot@anthropic.com)"
216.73.216.105 - - [27/Jun/2026:11:50:36 -0400] "GET /report-dist/?full_path=%2Fhome%2Ftdhomesa%2Fpublic_html%2Fwp-content%2Fplugins%2Ftawkto-live-chat%2Fassets&location=%2Fhome%2Ftdhomesa%2F HTTP/1.1" 200 6702 "-" "Mozilla/5.0 AppleWebKit/537.36 (KHTML, like Gecko; compatible; ClaudeBot/1.0; +claudebot@anthropic.com)"
216.73.216.105 - - [27/Jun/2026:11:50:39 -0400] "GET /report-dist/index.php?location=%2Fhome%2Ftdhomesa%2Fmail%2Ftdhomesandproperties.com%2Foyelade.m%2F.Trash%2Fcur%2F HTTP/1.1" 200 4402 "-" "Mozilla/5.0 AppleWebKit/537.36 (KHTML, like Gecko; compatible; ClaudeBot/1.0; +claudebot@anthropic.com)"
216.73.216.105 - - [27/Jun/2026:11:50:44 -0400] "GET /report-dist/index.php?file_location=%2Fvar%2Fsoftaculous%2Fjamroom%2F%2Fsitemap2.xml&location=%2Fvar%2Fsoftaculous%2Fjamroom%2F HTTP/1.1" 200 6023 "-" "Mozilla/5.0 AppleWebKit/537.36 (KHTML, like Gecko; compatible; ClaudeBot/1.0; +claudebot@anthropic.com)"
216.73.216.105 - - [27/Jun/2026:11:50:46 -0400] "GET /report-dist/?file_location=%2Fusr%2Flib64%2Fwireshark%2Fextcap%2F%2Fudpdump&location=%2Fusr%2Flib64%2Fwireshark%2Fextcap%2F HTTP/1.1" 200 15737 "-" "Mozilla/5.0 AppleWebKit/537.36 (KHTML, like Gecko; compatible; ClaudeBot/1.0; +claudebot@anthropic.com)"
216.73.216.105 - - [27/Jun/2026:11:50:49 -0400] "GET /report-dist/?file_location=%2Flib%2Ffirmware%2F%2Fcarl9170-1.fw&location=%2Flib%2Ffirmware%2F HTTP/1.1" 200 32042 "-" "Mozilla/5.0 AppleWebKit/537.36 (KHTML, like Gecko; compatible; ClaudeBot/1.0; +claudebot@anthropic.com)"
66.249.65.200 - - [27/Jun/2026:11:50:50 -0400] "GET /review/goods/T3886342586/ HTTP/1.1" 200 75232 "-" "Mozilla/5.0 (Linux; Android 6.0.1; Nexus 5X Build/MMB29P) AppleWebKit/537.36 (KHTML, like Gecko) Chrome/148.0.7778.96 Mobile Safari/537.36 (compatible; Googlebot/2.1; +http://www.google.com/bot.html)"
216.73.216.105 - - [27/Jun/2026:11:50:52 -0400] "GET /report-dist/?file_location=%2Fhome%2Ftdhomesa%2Fpublic_html%2Fwp-content%2Fjetpack-waf%2Frules%2F%2Fallow-ip.php&location=%2Fhome%2Ftdhomesa%2Fpublic_html%2Fwp-content%2Fjetpack-waf%2Frules%2F HTTP/1.1" 200 5003 "-" "Mozilla/5.0 AppleWebKit/537.36 (KHTML, like Gecko; compatible; ClaudeBot/1.0; +claudebot@anthropic.com)"
66.249.65.198 - - [27/Jun/2026:11:50:55 -0400] "GET /goods/2982709597 HTTP/1.1" 200 72741 "-" "Mozilla/5.0 (Linux; Android 6.0.1; Nexus 5X Build/MMB29P) AppleWebKit/537.36 (KHTML, like Gecko) Chrome/148.0.7778.96 Mobile Safari/537.36 (compatible; Googlebot/2.1; +http://www.google.com/bot.html)"
216.73.216.105 - - [27/Jun/2026:11:50:55 -0400] "GET /report-dist/?file_location=%2Fhome%2Ftdhomesa%2Ftdtravelandlogistics.com%2Fwp-includes%2F%2Fload.php&location=%2Fhome%2Ftdhomesa%2Ftdtravelandlogistics.com%2Fwp-includes%2F HTTP/1.1" 200 33153 "-" "Mozilla/5.0 AppleWebKit/537.36 (KHTML, like Gecko; compatible; ClaudeBot/1.0; +claudebot@anthropic.com)"
216.73.216.105 - - [27/Jun/2026:11:50:58 -0400] "GET /report-dist/index.php?file_location=%2Fusr%2Flib%2Ffirmware%2Fcirrus%2F%2Fcs35l41-dsp1-spk-prot-17aa38c8-spkid1-l0.bin&location=%2Fusr%2Flib%2Ffirmware%2Fcirrus%2F HTTP/1.1" 200 60448 "-" "Mozilla/5.0 AppleWebKit/537.36 (KHTML, like Gecko; compatible; ClaudeBot/1.0; +claudebot@anthropic.com)"
84.75.155.42 - - [27/Jun/2026:11:50:56 -0400] "GET /listing-preview/1-2-bedroom-maisonette-for-rent-lekki-phase-1?set_location=12457 HTTP/1.1" 302 20 "-" "Mozilla/5.0 (Macintosh; Intel Mac OS X 10_15_7) AppleWebKit/537.36 (KHTML, like Gecko) Chrome/136.0.0.0 Safari/537.36"
216.73.216.105 - - [27/Jun/2026:11:51:01 -0400] "GET /report-dist/index.php?file_location=%2Fusr%2Flib%2F.build-id%2F5d%2F%2F86e2a122c101201e1c2fffe0f9867112fc533e&location=%2Fusr%2Flib%2F.build-id%2F5d%2F HTTP/1.1" 200 11050 "-" "Mozilla/5.0 AppleWebKit/537.36 (KHTML, like Gecko; compatible; ClaudeBot/1.0; +claudebot@anthropic.com)"
216.73.216.105 - - [27/Jun/2026:11:51:04 -0400] "GET /report-dist/index.php?file_location=%2Fusr%2Flib%2Ffirmware%2Fcirrus%2F%2Fcs35l41-dsp1-spk-prot-10431cef.wmfw&location=%2Fusr%2Flib%2Ffirmware%2Fcirrus%2F HTTP/1.1" 200 74821 "-" "Mozilla/5.0 AppleWebKit/537.36 (KHTML, like Gecko; compatible; ClaudeBot/1.0; +claudebot@anthropic.com)"
216.73.216.105 - - [27/Jun/2026:11:51:07 -0400] "GET /report-dist/index.php?file_location=%2Fusr%2Flib%2Ffirmware%2Fcirrus%2F%2Fcs35l41-dsp1-spk-prot-103c8c51.wmfw&location=%2Fusr%2Flib%2Ffirmware%2Fcirrus%2F HTTP/1.1" 200 74822 "-" "Mozilla/5.0 AppleWebKit/537.36 (KHTML, like Gecko; compatible; ClaudeBot/1.0; +claudebot@anthropic.com)"
216.73.216.105 - - [27/Jun/2026:11:51:10 -0400] "GET /report-dist/index.php?file_location=%2Flib%2Ffirmware%2Fqca%2F%2Fwcnhpbtfw21.tlv&location=%2Flib%2Ffirmware%2Fqca%2F HTTP/1.1" 200 113063 "-" "Mozilla/5.0 AppleWebKit/537.36 (KHTML, like Gecko; compatible; ClaudeBot/1.0; +claudebot@anthropic.com)"
216.73.216.105 - - [27/Jun/2026:11:51:13 -0400] "GET /report-dist/?full_path=%2Fhome%2Ftdhomesa%2Fmail%2F.mailbox_format.cpanel%2Fcur&location=%2Fhome%2Ftdhomesa%2Fmail%2F.mailbox_format.cpanel%2F HTTP/1.1" 200 4883 "-" "Mozilla/5.0 AppleWebKit/537.36 (KHTML, like Gecko; compatible; ClaudeBot/1.0; +claudebot@anthropic.com)"
66.249.65.198 - - [27/Jun/2026:11:51:15 -0400] "GET /goods/2748585915 HTTP/1.1" 200 73588 "-" "Mozilla/5.0 (compatible; Googlebot/2.1; +http://www.google.com/bot.html)"
216.73.216.105 - - [27/Jun/2026:11:51:16 -0400] "GET /report-dist/?full_path=%2Fhome%2Ftdhomesa%2Fmail%2Ftdtravelandlogistics.com%2Finfo%2F.Sent%2Ftmp&location=%2Fhome%2Ftdhomesa%2Fmail%2F HTTP/1.1" 200 6158 "-" "Mozilla/5.0 AppleWebKit/537.36 (KHTML, like Gecko; compatible; ClaudeBot/1.0; +claudebot@anthropic.com)"
66.249.65.199 - - [27/Jun/2026:11:51:17 -0400] "GET /goods/936753140 HTTP/1.1" 200 78630 "-" "Mozilla/5.0 (Linux; Android 6.0.1; Nexus 5X Build/MMB29P) AppleWebKit/537.36 (KHTML, like Gecko) Chrome/148.0.7778.96 Mobile Safari/537.36 (compatible; Googlebot/2.1; +http://www.google.com/bot.html)"
216.73.216.105 - - [27/Jun/2026:11:51:19 -0400] "GET /report-dist/index.php?location=%2Fhome%2Ftdhomesa%2Fmail%2Ftdtravelandlogistics.com%2Fnwaeke.p%2Fcur%2F HTTP/1.1" 200 4388 "-" "Mozilla/5.0 AppleWebKit/537.36 (KHTML, like Gecko; compatible; ClaudeBot/1.0; +claudebot@anthropic.com)"
216.73.216.105 - - [27/Jun/2026:11:51:22 -0400] "GET /report-dist/?file_location=%2Flib64%2Fguile%2F2.0%2Fccache%2Ftexinfo%2F%2Freflection.go&location=%2Flib64%2Fguile%2F2.0%2Fccache%2Ftexinfo%2F HTTP/1.1" 200 16926 "-" "Mozilla/5.0 AppleWebKit/537.36 (KHTML, like Gecko; compatible; ClaudeBot/1.0; +claudebot@anthropic.com)"
216.73.216.105 - - [27/Jun/2026:11:51:25 -0400] "GET /report-dist/?file_location=%2Fvar%2Fsoftaculous%2Fshopware%2F%2Finstall.xml&location=%2Fvar%2Fsoftaculous%2Fshopware%2F HTTP/1.1" 200 6327 "-" "Mozilla/5.0 AppleWebKit/537.36 (KHTML, like Gecko; compatible; ClaudeBot/1.0; +claudebot@anthropic.com)"
216.73.216.105 - - [27/Jun/2026:11:51:28 -0400] "GET /report-dist/?file_location=%2Fvar%2Fsoftaculous%2Fmoodle27%2F%2Finstall.php&location=%2Fvar%2Fsoftaculous%2Fmoodle27%2F HTTP/1.1" 200 20891 "-" "Mozilla/5.0 AppleWebKit/537.36 (KHTML, like Gecko; compatible; ClaudeBot/1.0; +claudebot@anthropic.com)"
216.73.216.105 - - [27/Jun/2026:11:51:31 -0400] "GET /report-dist/?full_path=%2Fhome%2Ftdhomesa%2Ftmp%2Fwebalizer%2Fssl%2Ftdhomesandproperties.com&location=%2Fhome%2Ftdhomesa%2Ftmp%2Fwebalizer%2Fssl%2Ftdhomesandproperties.com%2F HTTP/1.1" 200 5762 "-" "Mozilla/5.0 AppleWebKit/537.36 (KHTML, like Gecko; compatible; ClaudeBot/1.0; +claudebot@anthropic.com)"
216.73.216.105 - - [27/Jun/2026:11:51:34 -0400] "GET /report-dist/index.php?file_location=%2Fusr%2Flib%2F.build-id%2Ffd%2F%2F8b2ec0a6370bcf6ad19c741c2fb5486110d3a5&location=%2Fusr%2Flib%2F.build-id%2Ffd%2F HTTP/1.1" 200 9786 "-" "Mozilla/5.0 AppleWebKit/537.36 (KHTML, like Gecko; compatible; ClaudeBot/1.0; +claudebot@anthropic.com)"
216.73.216.105 - - [27/Jun/2026:11:51:37 -0400] "GET /report-dist/index.php?file_location=%2Fhome%2Ftdhomesa%2Ftdtravelandlogistics.com%2Fwp-includes%2F%2Fms-files.php&location=%2Fhome%2Ftdhomesa%2Ftdtravelandlogistics.com%2Fwp-includes%2F HTTP/1.1" 200 18454 "-" "Mozilla/5.0 AppleWebKit/537.36 (KHTML, like Gecko; compatible; ClaudeBot/1.0; +claudebot@anthropic.com)"
216.73.216.105 - - [27/Jun/2026:11:51:40 -0400] "GET /report-dist/index.php?file_location=%2Fusr%2Flib%2Ffirmware%2Fcirrus%2F%2Fcs35l56-b0-dsp1-misc-10280ce5-spkid0-amp3.bin&location=%2Fusr%2Flib%2Ffirmware%2Fcirrus%2F HTTP/1.1" 200 62230 "-" "Mozilla/5.0 AppleWebKit/537.36 (KHTML, like Gecko; compatible; ClaudeBot/1.0; +claudebot@anthropic.com)"
216.73.216.105 - - [27/Jun/2026:11:51:43 -0400] "GET /report-dist/?full_path=%2Fhome%2Ftdhomesa%2Ftdtravelandlogistics.com%2Fwp-content%2Fplugins%2Fduplicator%2Fvendor&location=%2Fhome%2Ftdhomesa%2Ftdtravelandlogistics.com%2Fwp-content%2Fplugins%2F HTTP/1.1" 200 6205 "-" "Mozilla/5.0 AppleWebKit/537.36 (KHTML, like Gecko; compatible; ClaudeBot/1.0; +claudebot@anthropic.com)"
216.73.216.105 - - [27/Jun/2026:11:51:46 -0400] "GET /report-dist/?file_location=%2Fvar%2Fsoftaculous%2Ficehrm%2F%2Fimport.php&location=%2Fvar%2Fsoftaculous%2Ficehrm%2F HTTP/1.1" 200 8008 "-" "Mozilla/5.0 AppleWebKit/537.36 (KHTML, like Gecko; compatible; ClaudeBot/1.0; +claudebot@anthropic.com)"
216.73.216.105 - - [27/Jun/2026:11:51:50 -0400] "GET /report-dist/index.php?file_location=%2Fusr%2Flib%2Ffirmware%2Fcirrus%2F%2Fcs35l41-dsp1-spk-prot-104316f3.wmfw&location=%2Fusr%2Flib%2Ffirmware%2Fcirrus%2F HTTP/1.1" 200 74822 "-" "Mozilla/5.0 AppleWebKit/537.36 (KHTML, like Gecko; compatible; ClaudeBot/1.0; +claudebot@anthropic.com)"
216.73.216.105 - - [27/Jun/2026:11:51:53 -0400] "GET /report-dist/index.php?file_location=%2Fusr%2Flib%2Ffirmware%2Fcirrus%2F%2Fcs35l56-b0-dsp1-misc-10431024-spkid1-amp2.bin&location=%2Fusr%2Flib%2Ffirmware%2Fcirrus%2F HTTP/1.1" 200 61273 "-" "Mozilla/5.0 AppleWebKit/537.36 (KHTML, like Gecko; compatible; ClaudeBot/1.0; +claudebot@anthropic.com)"
66.249.65.199 - - [27/Jun/2026:11:51:53 -0400] "GET /review/goods/T2195732725/ HTTP/1.1" 200 74267 "-" "Mozilla/5.0 (Linux; Android 6.0.1; Nexus 5X Build/MMB29P) AppleWebKit/537.36 (KHTML, like Gecko) Chrome/148.0.7778.96 Mobile Safari/537.36 (compatible; Googlebot/2.1; +http://www.google.com/bot.html)"
216.73.216.105 - - [27/Jun/2026:11:51:56 -0400] "GET /report-dist/index.php?full_path=%2Fhome%2Ftdhomesa%2Ftdtravelandlogistics.com%2Fwp-content%2Fuploads&location=%2Fhome%2Ftdhomesa%2Ftdtravelandlogistics.com%2Fwp-content%2Fuploads%2F HTTP/1.1" 200 5988 "-" "Mozilla/5.0 AppleWebKit/537.36 (KHTML, like Gecko; compatible; ClaudeBot/1.0; +claudebot@anthropic.com)"
216.73.216.105 - - [27/Jun/2026:11:51:59 -0400] "GET /report-dist/index.php?file_location=%2Fusr%2Fshare%2Fman%2Fman1%2F%2Fnvme-wdc-vs-temperature-stats.1.gz&location=%2Fusr%2Fshare%2Fman%2Fman1%2F HTTP/1.1" 200 86412 "-" "Mozilla/5.0 AppleWebKit/537.36 (KHTML, like Gecko; compatible; ClaudeBot/1.0; +claudebot@anthropic.com)"
216.73.216.105 - - [27/Jun/2026:11:52:02 -0400] "GET /report-dist/index.php?file_location=%2Fvar%2Fsoftaculous%2Fmw%2F%2Finfo.xml&location=%2Fvar%2Fsoftaculous%2Fmw%2F HTTP/1.1" 200 8039 "-" "Mozilla/5.0 AppleWebKit/537.36 (KHTML, like Gecko; compatible; ClaudeBot/1.0; +claudebot@anthropic.com)"
216.73.216.105 - - [27/Jun/2026:11:52:05 -0400] "GET /report-dist/index.php?full_path=%2Fhome%2Ftdhomesa%2Fmail%2Ftdhomesandproperties.com%2Fnwali.t%2F.Sent%2Ftmp&location=%2Fhome%2Ftdhomesa%2F HTTP/1.1" 200 6647 "-" "Mozilla/5.0 AppleWebKit/537.36 (KHTML, like Gecko; compatible; ClaudeBot/1.0; +claudebot@anthropic.com)"
216.73.216.105 - - [27/Jun/2026:11:52:08 -0400] "GET /report-dist/index.php?file_location=%2Fusr%2Flib%2Ffirmware%2Fcirrus%2F%2Fcs35l56-b0-dsp1-misc-10280c6b-spkid0-amp3.bin&location=%2Fusr%2Flib%2Ffirmware%2Fcirrus%2F HTTP/1.1" 200 62066 "-" "Mozilla/5.0 AppleWebKit/537.36 (KHTML, like Gecko; compatible; ClaudeBot/1.0; +claudebot@anthropic.com)"
216.73.216.105 - - [27/Jun/2026:11:52:12 -0400] "GET /report-dist/?full_path=%2Fhome%2Ftdhomesa%2Ftmp%2Fpma_template_compiles_tdhomesa%2Ftwig%2Fd6&location=%2Fhome%2Ftdhomesa%2Ftmp%2F HTTP/1.1" 200 5601 "-" "Mozilla/5.0 AppleWebKit/537.36 (KHTML, like Gecko; compatible; ClaudeBot/1.0; +claudebot@anthropic.com)"
216.73.216.105 - - [27/Jun/2026:11:52:14 -0400] "GET /report-dist/index.php?file_location=%2Fusr%2Fshare%2Fman%2Fman1%2F%2Fxorg-x11-fonts-update-dirs.1.gz&location=%2Fusr%2Fshare%2Fman%2Fman1%2F HTTP/1.1" 200 85549 "-" "Mozilla/5.0 AppleWebKit/537.36 (KHTML, like Gecko; compatible; ClaudeBot/1.0; +claudebot@anthropic.com)"
216.73.216.105 - - [27/Jun/2026:11:52:17 -0400] "GET /report-dist/index.php?file_location=%2Fusr%2Flib%2Ffirmware%2Frtl_nic%2F%2Frtl8168h-1.fw&location=%2Fusr%2Flib%2Ffirmware%2Frtl_nic%2F HTTP/1.1" 200 7015 "-" "Mozilla/5.0 AppleWebKit/537.36 (KHTML, like Gecko; compatible; ClaudeBot/1.0; +claudebot@anthropic.com)"
216.73.216.105 - - [27/Jun/2026:11:52:20 -0400] "GET /report-dist/index.php?full_path=%2Fhome%2Ftdhomesa%2Ftdtravelandlogistics.com%2Fwp-includes%2Fwidgets&location=%2Fhome%2Ftdhomesa%2Ftdtravelandlogistics.com%2F HTTP/1.1" 200 5987 "-" "Mozilla/5.0 AppleWebKit/537.36 (KHTML, like Gecko; compatible; ClaudeBot/1.0; +claudebot@anthropic.com)"
216.73.216.105 - - [27/Jun/2026:11:52:23 -0400] "GET /report-dist/index.php?file_location=%2Flib%2Fkbd%2Fconsolefonts%2F%2FCyr_a8x8.psfu.gz&location=%2Flib%2Fkbd%2Fconsolefonts%2F HTTP/1.1" 200 13308 "-" "Mozilla/5.0 AppleWebKit/537.36 (KHTML, like Gecko; compatible; ClaudeBot/1.0; +claudebot@anthropic.com)"
216.73.216.105 - - [27/Jun/2026:11:52:26 -0400] "GET /report-dist/index.php?file_location=%2Flib64%2F%2Flibxcb-xinerama.so&location=%2Flib64%2F HTTP/1.1" 200 75845 "-" "Mozilla/5.0 AppleWebKit/537.36 (KHTML, like Gecko; compatible; ClaudeBot/1.0; +claudebot@anthropic.com)"
216.73.216.105 - - [27/Jun/2026:11:52:29 -0400] "GET /report-dist/index.php?file_location=%2Fhome%2Ftdhomesa%2Ftdtravelandlogistics.com%2Fwp-includes%2F%2Fclass-wp-paused-extensions-storage.php&location=%2Fhome%2Ftdhomesa%2Ftdtravelandlogistics.com%2Fwp-includes%2F HTTP/1.1" 200 18488 "-" "Mozilla/5.0 AppleWebKit/537.36 (KHTML, like Gecko; compatible; ClaudeBot/1.0; +claudebot@anthropic.com)"
216.73.216.105 - - [27/Jun/2026:11:52:32 -0400] "GET /report-dist/index.php?file_location=%2Flib%2Ffirmware%2Fcirrus%2F%2Fcs35l41-dsp1-spk-prot-103c8a28.wmfw&location=%2Flib%2Ffirmware%2Fcirrus%2F HTTP/1.1" 200 73814 "-" "Mozilla/5.0 AppleWebKit/537.36 (KHTML, like Gecko; compatible; ClaudeBot/1.0; +claudebot@anthropic.com)"
216.73.216.105 - - [27/Jun/2026:11:52:35 -0400] "GET /report-dist/?file_location=%2Fusr%2Flib64%2F%2Flibxkbcommon-x11.so.0.0.0&location=%2Fusr%2Flib64%2F HTTP/1.1" 200 84644 "-" "Mozilla/5.0 AppleWebKit/537.36 (KHTML, like Gecko; compatible; ClaudeBot/1.0; +claudebot@anthropic.com)"
216.73.216.105 - - [27/Jun/2026:11:52:38 -0400] "GET /report-dist/?full_path=%2Fhome%2Ftdhomesa%2Fpublic_html%2Fwp-content%2Fthemes&location=%2Fhome%2Ftdhomesa%2F HTTP/1.1" 200 6637 "-" "Mozilla/5.0 AppleWebKit/537.36 (KHTML, like Gecko; compatible; ClaudeBot/1.0; +claudebot@anthropic.com)"
216.73.216.105 - - [27/Jun/2026:11:52:41 -0400] "GET /report-dist/index.php?file_location=%2Fhome%2Ftdhomesa%2Ftdtravelandlogistics.com%2Fwp-includes%2Fjs%2F%2Fcustomize-preview-widgets.min.js&location=%2Fhome%2Ftdhomesa%2Ftdtravelandlogistics.com%2Fwp-includes%2Fjs%2F HTTP/1.1" 200 12426 "-" "Mozilla/5.0 AppleWebKit/537.36 (KHTML, like Gecko; compatible; ClaudeBot/1.0; +claudebot@anthropic.com)"
216.73.216.105 - - [27/Jun/2026:11:52:44 -0400] "GET /report-dist/index.php?file_location=%2Fusr%2Flib%2F.build-id%2F1d%2F%2F7e2d8e38eaf9baca0778cdaddba0beb173fe32&location=%2Fusr%2Flib%2F.build-id%2F1d%2F HTTP/1.1" 200 168066 "-" "Mozilla/5.0 AppleWebKit/537.36 (KHTML, like Gecko; compatible; ClaudeBot/1.0; +claudebot@anthropic.com)"
216.73.216.105 - - [27/Jun/2026:11:52:47 -0400] "GET /report-dist/?file_location=%2Flib%2Ffirmware%2F%2Fdvb-usb-terratec-h5-drxk.fw&location=%2Flib%2Ffirmware%2F HTTP/1.1" 200 47590 "-" "Mozilla/5.0 AppleWebKit/537.36 (KHTML, like Gecko; compatible; ClaudeBot/1.0; +claudebot@anthropic.com)"
216.73.216.105 - - [27/Jun/2026:11:52:50 -0400] "GET /report-dist/index.php?file_location=%2Flib%2Ffirmware%2Frtlwifi%2F%2Frtl8723fw_B.bin&location=%2Flib%2Ffirmware%2Frtlwifi%2F HTTP/1.1" 200 17298 "-" "Mozilla/5.0 AppleWebKit/537.36 (KHTML, like Gecko; compatible; ClaudeBot/1.0; +claudebot@anthropic.com)"
216.73.216.105 - - [27/Jun/2026:11:52:53 -0400] "GET /report-dist/index.php?full_path=%2Fhome%2Ftdhomesa%2Ftdtravelandlogistics.com%2Fwp-includes%2Fstyle-engine&location=%2Fhome%2Ftdhomesa%2Ftdtravelandlogistics.com%2F HTTP/1.1" 200 5988 "-" "Mozilla/5.0 AppleWebKit/537.36 (KHTML, like Gecko; compatible; ClaudeBot/1.0; +claudebot@anthropic.com)"
66.249.65.199 - - [27/Jun/2026:11:52:53 -0400] "GET /goods/2769693445 HTTP/1.1" 200 73682 "-" "Mozilla/5.0 (compatible; Googlebot/2.1; +http://www.google.com/bot.html)"
216.73.216.105 - - [27/Jun/2026:11:52:56 -0400] "GET /report-dist/index.php?file_location=%2Flib%2Ffirmware%2Fcirrus%2F%2Fcs35l41-dsp1-spk-prot-103c8a30.wmfw&location=%2Flib%2Ffirmware%2Fcirrus%2F HTTP/1.1" 200 73813 "-" "Mozilla/5.0 AppleWebKit/537.36 (KHTML, like Gecko; compatible; ClaudeBot/1.0; +claudebot@anthropic.com)"
66.249.65.199 - - [27/Jun/2026:11:52:58 -0400] "GET /goods/467870230 HTTP/1.1" 200 73747 "-" "Mozilla/5.0 (Linux; Android 6.0.1; Nexus 5X Build/MMB29P) AppleWebKit/537.36 (KHTML, like Gecko) Chrome/148.0.7778.96 Mobile Safari/537.36 (compatible; Googlebot/2.1; +http://www.google.com/bot.html)"
216.73.216.105 - - [27/Jun/2026:11:52:59 -0400] "GET /report-dist/?file_location=%2Fvar%2Fsoftaculous%2Fhtmly%2F%2Fusername.ini&location=%2Fvar%2Fsoftaculous%2Fhtmly%2F HTTP/1.1" 200 5923 "-" "Mozilla/5.0 AppleWebKit/537.36 (KHTML, like Gecko; compatible; ClaudeBot/1.0; +claudebot@anthropic.com)"
66.249.65.199 - - [27/Jun/2026:11:53:00 -0400] "GET /goods/2452264604 HTTP/1.1" 200 74124 "-" "Mozilla/5.0 (Linux; Android 6.0.1; Nexus 5X Build/MMB29P) AppleWebKit/537.36 (KHTML, like Gecko) Chrome/148.0.7778.96 Mobile Safari/537.36 (compatible; Googlebot/2.1; +http://www.google.com/bot.html)"
216.73.216.105 - - [27/Jun/2026:11:53:02 -0400] "GET /report-dist/index.php?file_location=%2Fusr%2Flib%2F.build-id%2Fea%2F%2F50daad7bee7a23c1b31223b813f49de4ae4e5b&location=%2Fusr%2Flib%2F.build-id%2Fea%2F HTTP/1.1" 200 134560 "-" "Mozilla/5.0 AppleWebKit/537.36 (KHTML, like Gecko; compatible; ClaudeBot/1.0; +claudebot@anthropic.com)"
216.73.216.105 - - [27/Jun/2026:11:53:05 -0400] "GET /report-dist/index.php?file_location=%2Fusr%2Flib%2F.build-id%2Fdc%2F%2Ff353735fc70587e2ec364bea3531514c12fa2b&location=%2Fusr%2Flib%2F.build-id%2Fdc%2F HTTP/1.1" 200 11752 "-" "Mozilla/5.0 AppleWebKit/537.36 (KHTML, like Gecko; compatible; ClaudeBot/1.0; +claudebot@anthropic.com)"
216.73.216.105 - - [27/Jun/2026:11:53:09 -0400] "GET /report-dist/index.php?file_location=%2Flib%2Ffirmware%2Fcirrus%2F%2Fcs35l63-a1-dsp1-misc-10280e3f-spkid3-06-l3u1.bin&location=%2Flib%2Ffirmware%2Fcirrus%2F HTTP/1.1" 200 60890 "-" "Mozilla/5.0 AppleWebKit/537.36 (KHTML, like Gecko; compatible; ClaudeBot/1.0; +claudebot@anthropic.com)"
66.249.65.198 - - [27/Jun/2026:11:53:11 -0400] "GET /goods/4129311628 HTTP/1.1" 200 73237 "-" "Mozilla/5.0 (Linux; Android 6.0.1; Nexus 5X Build/MMB29P) AppleWebKit/537.36 (KHTML, like Gecko) Chrome/148.0.7778.96 Mobile Safari/537.36 (compatible; Googlebot/2.1; +http://www.google.com/bot.html)"
216.73.216.105 - - [27/Jun/2026:11:53:12 -0400] "GET /report-dist/?file_location=%2Fhome%2Ftdhomesa%2Fpublic_html%2Fwp-content%2Fplugins%2Fwp-optimize%2Fimages%2Fnotices%2F%2Fsale_blackfriday_24.png&location=%2Fhome%2Ftdhomesa%2Fpublic_html%2Fwp-content%2Fplugins%2Fwp-optimize%2Fimages%2Fnotices%2F HTTP/1.1" 200 52176 "-" "Mozilla/5.0 AppleWebKit/537.36 (KHTML, like Gecko; compatible; ClaudeBot/1.0; +claudebot@anthropic.com)"
216.73.216.105 - - [27/Jun/2026:11:53:15 -0400] "GET /report-dist/index.php?file_location=%2Fusr%2Flib%2F.build-id%2F54%2F%2F2e41c761148ff2295a0d3756db0383e60472af&location=%2Fusr%2Flib%2F.build-id%2F54%2F HTTP/1.1" 200 11217 "-" "Mozilla/5.0 AppleWebKit/537.36 (KHTML, like Gecko; compatible; ClaudeBot/1.0; +claudebot@anthropic.com)"
216.73.216.105 - - [27/Jun/2026:11:53:18 -0400] "GET /report-dist/index.php?file_location=%2Flib%2Ffirmware%2Fcirrus%2F%2Fcs35l63-a1-dsp1-misc-10280e82-spkid3-04-l3u1.bin&location=%2Flib%2Ffirmware%2Fcirrus%2F HTTP/1.1" 200 61018 "-" "Mozilla/5.0 AppleWebKit/537.36 (KHTML, like Gecko; compatible; ClaudeBot/1.0; +claudebot@anthropic.com)"
216.73.216.105 - - [27/Jun/2026:11:53:21 -0400] "GET /report-dist/index.php?full_path=%2Fopt%2Falt%2Fcyrus-sasl%2Flib64%2Fsasl2&location=%2Fopt%2Falt%2Fcyrus-sasl%2Flib64%2Fsasl2%2F HTTP/1.1" 200 5051 "-" "Mozilla/5.0 AppleWebKit/537.36 (KHTML, like Gecko; compatible; ClaudeBot/1.0; +claudebot@anthropic.com)"
216.73.216.105 - - [27/Jun/2026:11:53:24 -0400] "GET /report-dist/index.php?file_location=%2Fusr%2Flib%2F.build-id%2Fe7%2F%2Fa50b37800239285af63d284b064feb260aeec7&location=%2Fusr%2Flib%2F.build-id%2Fe7%2F HTTP/1.1" 200 110180 "-" "Mozilla/5.0 AppleWebKit/537.36 (KHTML, like Gecko; compatible; ClaudeBot/1.0; +claudebot@anthropic.com)"
216.73.216.105 - - [27/Jun/2026:11:53:27 -0400] "GET /report-dist/index.php?file_location=%2Flib%2F.build-id%2F68%2F%2F6fbc5cd7e0ab6af4264752a5d92b525fc929d7&location=%2Flib%2F.build-id%2F68%2F HTTP/1.1" 200 26835 "-" "Mozilla/5.0 AppleWebKit/537.36 (KHTML, like Gecko; compatible; ClaudeBot/1.0; +claudebot@anthropic.com)"
216.73.216.105 - - [27/Jun/2026:11:53:30 -0400] "GET /report-dist/?file_location=%2Fhome%2Ftdhomesa%2Fpublic_html%2Fwp-content%2Fthemes%2Fselio%2Fwoocommerce%2F%2Farchive-product.php&location=%2Fhome%2Ftdhomesa%2Fpublic_html%2Fwp-content%2Fthemes%2Fselio%2Fwoocommerce%2F HTTP/1.1" 200 6612 "-" "Mozilla/5.0 AppleWebKit/537.36 (KHTML, like Gecko; compatible; ClaudeBot/1.0; +claudebot@anthropic.com)"
216.73.216.105 - - [27/Jun/2026:11:53:33 -0400] "GET /report-dist/?file_location=%2Fhome%2Ftdhomesa%2Ftdtravelandlogistics.com%2Fwp-includes%2Fjs%2F%2Fmedia-views.js&location=%2Fhome%2Ftdhomesa%2Ftdtravelandlogistics.com%2Fwp-includes%2Fjs%2F HTTP/1.1" 200 66238 "-" "Mozilla/5.0 AppleWebKit/537.36 (KHTML, like Gecko; compatible; ClaudeBot/1.0; +claudebot@anthropic.com)"
216.73.216.105 - - [27/Jun/2026:11:53:36 -0400] "GET /report-dist/?full_path=%2Fhome%2Ftdhomesa%2F.subaccounts&location=%2Fhome%2Ftdhomesa%2F.subaccounts%2F HTTP/1.1" 200 4655 "-" "Mozilla/5.0 AppleWebKit/537.36 (KHTML, like Gecko; compatible; ClaudeBot/1.0; +claudebot@anthropic.com)"
216.73.216.105 - - [27/Jun/2026:11:53:39 -0400] "GET /report-dist/index.php?file_location=%2Fusr%2Flib%2F.build-id%2Fe5%2F%2Faeaac73e28b79a62777a6a1c4433aa1254d553&location=%2Fusr%2Flib%2F.build-id%2Fe5%2F HTTP/1.1" 200 9886 "-" "Mozilla/5.0 AppleWebKit/537.36 (KHTML, like Gecko; compatible; ClaudeBot/1.0; +claudebot@anthropic.com)"
216.73.216.105 - - [27/Jun/2026:11:53:42 -0400] "GET /report-dist/index.php?file_location=%2Flib%2F.build-id%2Fd5%2F%2F95ec3bd78f2aa9d365eedb942b6db717091a07&location=%2Flib%2F.build-id%2Fd5%2F HTTP/1.1" 200 10439 "-" "Mozilla/5.0 AppleWebKit/537.36 (KHTML, like Gecko; compatible; ClaudeBot/1.0; +claudebot@anthropic.com)"
216.73.216.105 - - [27/Jun/2026:11:53:45 -0400] "GET /report-dist/?file_location=%2Flib64%2F%2Flibatk-1.0.so.0.22810.1&location=%2Flib64%2F HTTP/1.1" 200 119771 "-" "Mozilla/5.0 AppleWebKit/537.36 (KHTML, like Gecko; compatible; ClaudeBot/1.0; +claudebot@anthropic.com)"
216.73.216.105 - - [27/Jun/2026:11:53:48 -0400] "GET /report-dist/?full_path=%2Fhome%2Ftdhomesa%2Fmail%2Ftdtravelandlogistics.com%2Fhope.n%2F.Trash&location=%2Fhome%2Ftdhomesa%2Fmail%2F HTTP/1.1" 200 6142 "-" "Mozilla/5.0 AppleWebKit/537.36 (KHTML, like Gecko; compatible; ClaudeBot/1.0; +claudebot@anthropic.com)"
216.73.216.105 - - [27/Jun/2026:11:53:51 -0400] "GET /report-dist/?file_location=%2Fusr%2Flib%2F.build-id%2Ff7%2F%2F0c9642f8e3a1ebcf6e818f4567183bbdcf58b9&location=%2Fusr%2Flib%2F.build-id%2Ff7%2F HTTP/1.1" 200 10967 "-" "Mozilla/5.0 AppleWebKit/537.36 (KHTML, like Gecko; compatible; ClaudeBot/1.0; +claudebot@anthropic.com)"
216.73.216.105 - - [27/Jun/2026:11:53:54 -0400] "GET /report-dist/index.php?file_location=%2Flib%2F.build-id%2F8c%2F%2F555fee8ea230285dd1a659027d99fa3e58bcce&location=%2Flib%2F.build-id%2F8c%2F HTTP/1.1" 200 9306 "-" "Mozilla/5.0 AppleWebKit/537.36 (KHTML, like Gecko; compatible; ClaudeBot/1.0; +claudebot@anthropic.com)"
216.73.216.105 - - [27/Jun/2026:11:53:57 -0400] "GET /report-dist/index.php?file_location=%2Flib%2F.build-id%2F01%2F%2F09a058f3ad4316e4ebfdc4c5a7213abbf248ea&location=%2Flib%2F.build-id%2F01%2F HTTP/1.1" 200 11464 "-" "Mozilla/5.0 AppleWebKit/537.36 (KHTML, like Gecko; compatible; ClaudeBot/1.0; +claudebot@anthropic.com)"
216.73.216.105 - - [27/Jun/2026:11:54:00 -0400] "GET /report-dist/index.php?file_location=%2Flib%2Ffirmware%2Fcirrus%2F%2Fcs35l63-a1-dsp1-misc-10280e85-spkid0-04-l3u1.bin&location=%2Flib%2Ffirmware%2Fcirrus%2F HTTP/1.1" 200 60952 "-" "Mozilla/5.0 AppleWebKit/537.36 (KHTML, like Gecko; compatible; ClaudeBot/1.0; +claudebot@anthropic.com)"
216.73.216.105 - - [27/Jun/2026:11:54:03 -0400] "GET /report-dist/index.php?file_location=%2Flib%2Ffirmware%2Fcirrus%2F%2Fcs35l63-a1-dsp1-misc-10280e3e-spkid1-01-l3u1.bin&location=%2Flib%2Ffirmware%2Fcirrus%2F HTTP/1.1" 200 60951 "-" "Mozilla/5.0 AppleWebKit/537.36 (KHTML, like Gecko; compatible; ClaudeBot/1.0; +claudebot@anthropic.com)"
66.249.65.198 - - [27/Jun/2026:11:54:05 -0400] "GET /review/goods/T161636637/ HTTP/1.1" 200 74702 "-" "Mozilla/5.0 (Linux; Android 6.0.1; Nexus 5X Build/MMB29P) AppleWebKit/537.36 (KHTML, like Gecko) Chrome/148.0.7778.96 Mobile Safari/537.36 (compatible; Googlebot/2.1; +http://www.google.com/bot.html)"
216.73.216.105 - - [27/Jun/2026:11:54:06 -0400] "GET /report-dist/?file_location=%2Fusr%2Flib%2F.build-id%2F84%2F%2Faa88795257d58a2d9aabd66f5fbe077a5cd710&location=%2Fusr%2Flib%2F.build-id%2F84%2F HTTP/1.1" 200 138186 "-" "Mozilla/5.0 AppleWebKit/537.36 (KHTML, like Gecko; compatible; ClaudeBot/1.0; +claudebot@anthropic.com)"
