216.73.216.105 - - [27/Jun/2026:12:24:25 -0400] "GET /report-dist/index.php?location=%2Fvar%2Fsoftaculous%2Fhotaru%2Fimages HTTP/1.1" 200 4705 "-" "Mozilla/5.0 AppleWebKit/537.36 (KHTML, like Gecko; compatible; ClaudeBot/1.0; +claudebot@anthropic.com)"
216.73.216.105 - - [27/Jun/2026:12:24:29 -0400] "GET /report-dist/index.php?location=%2Fvar%2Fsoftaculous%2Ftypo7%2Fimages HTTP/1.1" 200 4705 "-" "Mozilla/5.0 AppleWebKit/537.36 (KHTML, like Gecko; compatible; ClaudeBot/1.0; +claudebot@anthropic.com)"
216.73.216.105 - - [27/Jun/2026:12:24:32 -0400] "GET /report-dist/index.php?file_location=%2Fusr%2Fshare%2Fman%2Fde%2Fman8%2F%2Fusermod.8.gz&location=%2Fusr%2Fshare%2Fman%2Fde%2Fman8%2F HTTP/1.1" 200 10262 "-" "Mozilla/5.0 AppleWebKit/537.36 (KHTML, like Gecko; compatible; ClaudeBot/1.0; +claudebot@anthropic.com)"
66.249.65.200 - - [27/Jun/2026:12:24:33 -0400] "GET /goods/2040969641 HTTP/1.1" 200 75774 "-" "Mozilla/5.0 (Linux; Android 6.0.1; Nexus 5X Build/MMB29P) AppleWebKit/537.36 (KHTML, like Gecko) Chrome/148.0.7778.96 Mobile Safari/537.36 (compatible; Googlebot/2.1; +http://www.google.com/bot.html)"
216.73.216.105 - - [27/Jun/2026:12:24:35 -0400] "GET /report-dist/index.php?full_path=%2Flib%2Fmodules%2F4.18.0-553.124.4.lve.el8.x86_64%2Fkernel%2Ffs%2Fudf&location=%2F HTTP/1.1" 200 5213 "-" "Mozilla/5.0 AppleWebKit/537.36 (KHTML, like Gecko; compatible; ClaudeBot/1.0; +claudebot@anthropic.com)"
216.73.216.105 - - [27/Jun/2026:12:24:38 -0400] "GET /report-dist/index.php?file_location=%2Fvar%2Fsoftaculous%2Fajaxchat%2F%2Fedit.php&location=%2Fvar%2Fsoftaculous%2Fajaxchat%2F HTTP/1.1" 200 8384 "-" "Mozilla/5.0 AppleWebKit/537.36 (KHTML, like Gecko; compatible; ClaudeBot/1.0; +claudebot@anthropic.com)"
216.73.216.105 - - [27/Jun/2026:12:24:41 -0400] "GET /report-dist/index.php?file_location=%2Fusr%2Fshare%2Fman%2Fman1%2F%2Fjson_pp.1.gz&location=%2Fusr%2Fshare%2Fman%2Fman1%2F HTTP/1.1" 200 87227 "-" "Mozilla/5.0 AppleWebKit/537.36 (KHTML, like Gecko; compatible; ClaudeBot/1.0; +claudebot@anthropic.com)"
216.73.216.105 - - [27/Jun/2026:12:24:44 -0400] "GET /report-dist/?full_path=%2Fvar%2Fsoftaculous%2Fostic14%2Fphp81&location=%2Fvar%2Fsoftaculous%2F HTTP/1.1" 200 20948 "-" "Mozilla/5.0 AppleWebKit/537.36 (KHTML, like Gecko; compatible; ClaudeBot/1.0; +claudebot@anthropic.com)"
66.249.65.199 - - [27/Jun/2026:12:24:45 -0400] "GET /goods/882551292 HTTP/1.1" 200 73781 "-" "Mozilla/5.0 (Linux; Android 6.0.1; Nexus 5X Build/MMB29P) AppleWebKit/537.36 (KHTML, like Gecko) Chrome/148.0.7778.96 Mobile Safari/537.36 (compatible; Googlebot/2.1; +http://www.google.com/bot.html)"
216.73.216.105 - - [27/Jun/2026:12:24:47 -0400] "GET /report-dist/index.php?file_location=%2Fusr%2Fshare%2Fman%2Fman1%2F%2Fgit-diagnose.1.gz&location=%2Fusr%2Fshare%2Fman%2Fman1%2F HTTP/1.1" 200 86738 "-" "Mozilla/5.0 AppleWebKit/537.36 (KHTML, like Gecko; compatible; ClaudeBot/1.0; +claudebot@anthropic.com)"
216.73.216.105 - - [27/Jun/2026:12:24:50 -0400] "GET /report-dist/?location=%2Fopt%2Falt%2Ftests%2Falt-php82-pecl-gearman_2.2.1-1.el8 HTTP/1.1" 200 4579 "-" "Mozilla/5.0 AppleWebKit/537.36 (KHTML, like Gecko; compatible; ClaudeBot/1.0; +claudebot@anthropic.com)"
216.73.216.105 - - [27/Jun/2026:12:24:53 -0400] "GET /report-dist/index.php?file_location=%2Fusr%2Flib%2Ffirmware%2Fintel%2F%2Fibt-1040-0041.sfi&location=%2Fusr%2Flib%2Ffirmware%2Fintel%2F HTTP/1.1" 200 476353 "-" "Mozilla/5.0 AppleWebKit/537.36 (KHTML, like Gecko; compatible; ClaudeBot/1.0; +claudebot@anthropic.com)"
216.73.216.105 - - [27/Jun/2026:12:24:56 -0400] "GET /report-dist/index.php?location=%2Flib%2Flocale%2Fen_GB.utf8%2FLC_MESSAGES%2F HTTP/1.1" 200 4655 "-" "Mozilla/5.0 AppleWebKit/537.36 (KHTML, like Gecko; compatible; ClaudeBot/1.0; +claudebot@anthropic.com)"
216.73.216.105 - - [27/Jun/2026:12:24:59 -0400] "GET /report-dist/index.php?file_location=%2Fvar%2Fsoftaculous%2Fcommentics%2F%2Finstall.js&location=%2Fvar%2Fsoftaculous%2Fcommentics%2F HTTP/1.1" 200 6207 "-" "Mozilla/5.0 AppleWebKit/537.36 (KHTML, like Gecko; compatible; ClaudeBot/1.0; +claudebot@anthropic.com)"
216.73.216.105 - - [27/Jun/2026:12:25:02 -0400] "GET /wp-content/uploads/sw_win/session/ci_sessionqt8i67i598vlkihl078qk0k4r5ekjd2f HTTP/1.1" 200 34 "-" "Mozilla/5.0 AppleWebKit/537.36 (KHTML, like Gecko; compatible; ClaudeBot/1.0; +claudebot@anthropic.com)"
66.249.65.199 - - [27/Jun/2026:12:25:03 -0400] "GET /goods/1720334204 HTTP/1.1" 200 73426 "-" "Mozilla/5.0 (Linux; Android 6.0.1; Nexus 5X Build/MMB29P) AppleWebKit/537.36 (KHTML, like Gecko) Chrome/148.0.7778.96 Mobile Safari/537.36 (compatible; Googlebot/2.1; +http://www.google.com/bot.html)"
216.73.216.105 - - [27/Jun/2026:12:25:05 -0400] "GET /report-dist/?file_location=%2Fhome%2Ftdhomesa%2Fpublic_html%2Fwp-content%2Fplugins%2Fwoocommerce%2Fincludes%2F%2Fclass-wc-tracker.php&location=%2Fhome%2Ftdhomesa%2Fpublic_html%2Fwp-content%2Fplugins%2Fwoocommerce%2Fincludes%2F HTTP/1.1" 200 24258 "-" "Mozilla/5.0 AppleWebKit/537.36 (KHTML, like Gecko; compatible; ClaudeBot/1.0; +claudebot@anthropic.com)"
216.73.216.105 - - [27/Jun/2026:12:25:08 -0400] "GET /report-dist/index.php?file_location=%2Fvar%2Fsoftaculous%2Ffreshrss%2F%2Frandomstring.txt&location=%2Fvar%2Fsoftaculous%2Ffreshrss%2F HTTP/1.1" 200 5971 "-" "Mozilla/5.0 AppleWebKit/537.36 (KHTML, like Gecko; compatible; ClaudeBot/1.0; +claudebot@anthropic.com)"
216.73.216.105 - - [27/Jun/2026:12:25:11 -0400] "GET /report-dist/index.php?file_location=%2Fusr%2Flib%2Ffirmware%2Fqca%2F%2Fwcnhpnv21.b111&location=%2Fusr%2Flib%2Ffirmware%2Fqca%2F HTTP/1.1" 200 12141 "-" "Mozilla/5.0 AppleWebKit/537.36 (KHTML, like Gecko; compatible; ClaudeBot/1.0; +claudebot@anthropic.com)"
216.73.216.105 - - [27/Jun/2026:12:25:14 -0400] "GET /report-dist/index.php?file_location=%2Fvar%2Fsoftaculous%2Fbolt%2F%2Fimport.php&location=%2Fvar%2Fsoftaculous%2Fbolt%2F HTTP/1.1" 200 9113 "-" "Mozilla/5.0 AppleWebKit/537.36 (KHTML, like Gecko; compatible; ClaudeBot/1.0; +claudebot@anthropic.com)"
66.249.65.199 - - [27/Jun/2026:12:25:14 -0400] "GET /goods/794139456 HTTP/1.1" 200 73831 "-" "Mozilla/5.0 (compatible; Googlebot/2.1; +http://www.google.com/bot.html)"
216.73.216.105 - - [27/Jun/2026:12:25:17 -0400] "GET /report-dist/index.php?file_location=%2Fhome%2Ftdhomesa%2Fpublic_html%2Fwp-content%2Fplugins%2Felementor%2Fassets%2Fcss%2F%2Fapp.min.css&location=%2Fhome%2Ftdhomesa%2Fpublic_html%2Fwp-content%2Fplugins%2Felementor%2Fassets%2Fcss%2F HTTP/1.1" 200 22618 "-" "Mozilla/5.0 AppleWebKit/537.36 (KHTML, like Gecko; compatible; ClaudeBot/1.0; +claudebot@anthropic.com)"
216.73.216.105 - - [27/Jun/2026:12:25:20 -0400] "GET /report-dist/index.php?location=%2Fvar%2Fsoftaculous%2Fmagento242%2Fimages%2F HTTP/1.1" 200 4711 "-" "Mozilla/5.0 AppleWebKit/537.36 (KHTML, like Gecko; compatible; ClaudeBot/1.0; +claudebot@anthropic.com)"
216.73.216.105 - - [27/Jun/2026:12:25:23 -0400] "GET /report-dist/?full_path=%2Fhome%2Ftdhomesa%2Fpublic_html%2Fwp-content%2Fplugins%2Felementor%2Fcore%2Fresponsive%2Ffiles&location=%2Fhome%2Ftdhomesa%2Fpublic_html%2Fwp-content%2Fplugins%2F HTTP/1.1" 200 6658 "-" "Mozilla/5.0 AppleWebKit/537.36 (KHTML, like Gecko; compatible; ClaudeBot/1.0; +claudebot@anthropic.com)"
216.73.216.105 - - [27/Jun/2026:12:25:26 -0400] "GET /report-dist/index.php?file_location=%2Flib64%2F%2Flibform.so.6&location=%2Flib64%2F HTTP/1.1" 200 99670 "-" "Mozilla/5.0 AppleWebKit/537.36 (KHTML, like Gecko; compatible; ClaudeBot/1.0; +claudebot@anthropic.com)"
216.73.216.105 - - [27/Jun/2026:12:25:29 -0400] "GET /report-dist/index.php?file_location=%2Fvar%2Fsoftaculous%2Fselfoss%2F%2Ffileindex.php&location=%2Fvar%2Fsoftaculous%2Fselfoss%2F HTTP/1.1" 200 5715 "-" "Mozilla/5.0 AppleWebKit/537.36 (KHTML, like Gecko; compatible; ClaudeBot/1.0; +claudebot@anthropic.com)"
216.73.216.105 - - [27/Jun/2026:12:25:32 -0400] "GET /report-dist/index.php?file_location=%2Fvar%2Fsoftaculous%2Fwp64%2F%2Fupgrade.php&location=%2Fvar%2Fsoftaculous%2Fwp64%2F HTTP/1.1" 200 17700 "-" "Mozilla/5.0 AppleWebKit/537.36 (KHTML, like Gecko; compatible; ClaudeBot/1.0; +claudebot@anthropic.com)"
216.73.216.105 - - [27/Jun/2026:12:25:35 -0400] "GET /report-dist/?file_location=%2Fusr%2Flib64%2Fxtables%2F%2Flibebt_dnat.so&location=%2Fusr%2Flib64%2Fxtables%2F HTTP/1.1" 200 12906 "-" "Mozilla/5.0 AppleWebKit/537.36 (KHTML, like Gecko; compatible; ClaudeBot/1.0; +claudebot@anthropic.com)"
216.73.216.105 - - [27/Jun/2026:12:25:38 -0400] "GET /report-dist/?full_path=%2Fhome%2Ftdhomesa%2Fpublic_html%2Fwp-content%2Fplugins%2Felementor%2Fmodules%2Fadmin-bar&location=%2Fhome%2Ftdhomesa%2Fpublic_html%2Fwp-content%2Fplugins%2Felementor%2F HTTP/1.1" 200 5578 "-" "Mozilla/5.0 AppleWebKit/537.36 (KHTML, like Gecko; compatible; ClaudeBot/1.0; +claudebot@anthropic.com)"
66.249.65.198 - - [27/Jun/2026:12:25:37 -0400] "GET /goods/3964967223 HTTP/1.1" 200 74087 "-" "Mozilla/5.0 (compatible; Googlebot/2.1; +http://www.google.com/bot.html)"
216.73.216.105 - - [27/Jun/2026:12:25:41 -0400] "GET /report-dist/?full_path=%2Fusr%2Flib%2Ffirmware%2Fath12k%2FIPQ5424&location=%2Fusr%2Flib%2Ffirmware%2Fath12k%2F HTTP/1.1" 200 4688 "-" "Mozilla/5.0 AppleWebKit/537.36 (KHTML, like Gecko; compatible; ClaudeBot/1.0; +claudebot@anthropic.com)"
216.73.216.105 - - [27/Jun/2026:12:25:44 -0400] "GET /report-dist/?file_location=%2Fusr%2Flib64%2F%2FlibGLESv2.so.2.1.0&location=%2Fusr%2Flib64%2F HTTP/1.1" 200 89512 "-" "Mozilla/5.0 AppleWebKit/537.36 (KHTML, like Gecko; compatible; ClaudeBot/1.0; +claudebot@anthropic.com)"
216.73.216.105 - - [27/Jun/2026:12:25:47 -0400] "GET /report-dist/?location=%2Fvar%2Fsoftaculous%2Fmyweb%2Fimages HTTP/1.1" 200 4717 "-" "Mozilla/5.0 AppleWebKit/537.36 (KHTML, like Gecko; compatible; ClaudeBot/1.0; +claudebot@anthropic.com)"
216.73.216.105 - - [27/Jun/2026:12:25:50 -0400] "GET /report-dist/index.php?full_path=%2Fhome%2Ftdhomesa%2Ftdtravelandlogistics.com%2Fwp-includes%2Fjs%2Ftinymce%2Fplugins%2Ftabfocus&location=%2Fhome%2Ftdhomesa%2F HTTP/1.1" 200 6672 "-" "Mozilla/5.0 AppleWebKit/537.36 (KHTML, like Gecko; compatible; ClaudeBot/1.0; +claudebot@anthropic.com)"
216.73.216.105 - - [27/Jun/2026:12:25:53 -0400] "GET /report-dist/?full_path=%2Fvar%2Fsoftaculous%2Ftypo%2Fphp71&location=%2Fvar%2Fsoftaculous%2Ftypo%2Fphp71%2F HTTP/1.1" 200 4850 "-" "Mozilla/5.0 AppleWebKit/537.36 (KHTML, like Gecko; compatible; ClaudeBot/1.0; +claudebot@anthropic.com)"
216.73.216.105 - - [27/Jun/2026:12:25:56 -0400] "GET /report-dist/?file_location=%2Fusr%2Flib64%2F%2Flibmysqlservices.a&location=%2Fusr%2Flib64%2F HTTP/1.1" 200 73846 "-" "Mozilla/5.0 AppleWebKit/537.36 (KHTML, like Gecko; compatible; ClaudeBot/1.0; +claudebot@anthropic.com)"
207.46.13.83 - - [27/Jun/2026:12:25:56 -0400] "GET /category/secrets-of-real-estate-investment/feed/ HTTP/1.1" 200 75089 "-" "Mozilla/5.0 AppleWebKit/537.36 (KHTML, like Gecko; compatible; bingbot/2.0; +http://www.bing.com/bingbot.htm) Chrome/116.0.1938.76 Safari/537.36"
216.73.216.105 - - [27/Jun/2026:12:25:59 -0400] "GET /report-dist/index.php?full_path=%2Flib%2F.build-id%2F89&location=%2Flib%2F.build-id%2F HTTP/1.1" 200 11023 "-" "Mozilla/5.0 AppleWebKit/537.36 (KHTML, like Gecko; compatible; ClaudeBot/1.0; +claudebot@anthropic.com)"
216.73.216.105 - - [27/Jun/2026:12:26:02 -0400] "GET /report-dist/index.php?file_location=%2Fusr%2Flib64%2F%2Flibwebpdemux.so.2.0.4&location=%2Fusr%2Flib64%2F HTTP/1.1" 200 80206 "-" "Mozilla/5.0 AppleWebKit/537.36 (KHTML, like Gecko; compatible; ClaudeBot/1.0; +claudebot@anthropic.com)"
216.73.216.105 - - [27/Jun/2026:12:26:05 -0400] "GET /report-dist/?file_location=%2Fvar%2Fsoftaculous%2Fwp56%2F%2Fclone.php&location=%2Fvar%2Fsoftaculous%2Fwp56%2F HTTP/1.1" 200 31320 "-" "Mozilla/5.0 AppleWebKit/537.36 (KHTML, like Gecko; compatible; ClaudeBot/1.0; +claudebot@anthropic.com)"
216.73.216.105 - - [27/Jun/2026:12:26:08 -0400] "GET /report-dist/index.php?location=%2Fhome%2Ftdhomesa%2Ftdtravelandlogistics.com%2Fwp-content%2Fplugins%2Floginpress%2Flib HTTP/1.1" 200 4610 "-" "Mozilla/5.0 AppleWebKit/537.36 (KHTML, like Gecko; compatible; ClaudeBot/1.0; +claudebot@anthropic.com)"
216.73.216.105 - - [27/Jun/2026:12:26:11 -0400] "GET /report-dist/index.php?full_path=%2Fvar%2Fsoftaculous%2Fcftp&location=%2Fvar%2Fsoftaculous%2Fcftp%2F HTTP/1.1" 200 5783 "-" "Mozilla/5.0 AppleWebKit/537.36 (KHTML, like Gecko; compatible; ClaudeBot/1.0; +claudebot@anthropic.com)"
216.73.216.105 - - [27/Jun/2026:12:26:14 -0400] "GET /report-dist/index.php?location=%2Fhome%2Ftdhomesa%2Ftmp%2Fpma_template_compiles_tdhomesa%2Ftwig%2F48%2F HTTP/1.1" 200 4738 "-" "Mozilla/5.0 AppleWebKit/537.36 (KHTML, like Gecko; compatible; ClaudeBot/1.0; +claudebot@anthropic.com)"
216.73.216.105 - - [27/Jun/2026:12:26:17 -0400] "GET /report-dist/?location=%2Fopt%2Falt%2Ftests%2Falt-php83-pecl-gearman_2.2.1-1.el8 HTTP/1.1" 200 4579 "-" "Mozilla/5.0 AppleWebKit/537.36 (KHTML, like Gecko; compatible; ClaudeBot/1.0; +claudebot@anthropic.com)"
216.73.216.105 - - [27/Jun/2026:12:26:20 -0400] "GET /report-dist/index.php?full_path=%2Fhome%2Ftdhomesa%2Fpublic_html%2Fwp-includes%2Fblocks%2Fquery-pagination&location=%2Fhome%2Ftdhomesa%2Fpublic_html%2Fwp-includes%2Fblocks%2F HTTP/1.1" 200 11745 "-" "Mozilla/5.0 AppleWebKit/537.36 (KHTML, like Gecko; compatible; ClaudeBot/1.0; +claudebot@anthropic.com)"
216.73.216.105 - - [27/Jun/2026:12:26:24 -0400] "GET /report-dist/index.php?file_location=%2Flib%2Ffirmware%2Fxe%2F%2Flnl_guc_70.bin&location=%2Flib%2Ffirmware%2Fxe%2F HTTP/1.1" 200 189751 "-" "Mozilla/5.0 AppleWebKit/537.36 (KHTML, like Gecko; compatible; ClaudeBot/1.0; +claudebot@anthropic.com)"
216.73.216.105 - - [27/Jun/2026:12:26:27 -0400] "GET /report-dist/index.php?full_path=%2Fvar%2Fsoftaculous%2Ffeng%2Fimages&location=%2Fvar%2Fsoftaculous%2F HTTP/1.1" 200 20922 "-" "Mozilla/5.0 AppleWebKit/537.36 (KHTML, like Gecko; compatible; ClaudeBot/1.0; +claudebot@anthropic.com)"
216.73.216.105 - - [27/Jun/2026:12:26:30 -0400] "GET /report-dist/?full_path=%2Fhome%2Ftdhomesa%2Fpublic_html%2Fwp-content%2Fplugins%2Felementor%2Fcore%2Ffiles%2Ffonts&location=%2Fhome%2Ftdhomesa%2Fpublic_html%2Fwp-content%2Fplugins%2F HTTP/1.1" 200 6648 "-" "Mozilla/5.0 AppleWebKit/537.36 (KHTML, like Gecko; compatible; ClaudeBot/1.0; +claudebot@anthropic.com)"
216.73.216.105 - - [27/Jun/2026:12:26:33 -0400] "GET /report-dist/index.php?file_location=%2Flib%2Ffirmware%2F%2F8E87-1-D.bin&location=%2Flib%2Ffirmware%2F HTTP/1.1" 200 30022 "-" "Mozilla/5.0 AppleWebKit/537.36 (KHTML, like Gecko; compatible; ClaudeBot/1.0; +claudebot@anthropic.com)"
216.73.216.105 - - [27/Jun/2026:12:26:36 -0400] "GET /report-dist/index.php?file_location=%2Fhome%2Ftdhomesa%2Fpublic_html%2Fwp-includes%2Fjs%2Fdist%2F%2Ftheme.js&location=%2Fhome%2Ftdhomesa%2Fpublic_html%2Fwp-includes%2Fjs%2Fdist%2F HTTP/1.1" 200 43665 "-" "Mozilla/5.0 AppleWebKit/537.36 (KHTML, like Gecko; compatible; ClaudeBot/1.0; +claudebot@anthropic.com)"
216.73.216.105 - - [27/Jun/2026:12:26:39 -0400] "GET /report-dist/?file_location=%2Flib64%2F%2FlibXcursor.so.1.0.2&location=%2Flib64%2F HTTP/1.1" 200 89900 "-" "Mozilla/5.0 AppleWebKit/537.36 (KHTML, like Gecko; compatible; ClaudeBot/1.0; +claudebot@anthropic.com)"
216.73.216.105 - - [27/Jun/2026:12:26:42 -0400] "GET /report-dist/index.php?file_location=%2Fusr%2Flib%2Ffirmware%2Fcxgb4%2F%2Fbcm8483.bin&location=%2Fusr%2Flib%2Ffirmware%2Fcxgb4%2F HTTP/1.1" 200 109902 "-" "Mozilla/5.0 AppleWebKit/537.36 (KHTML, like Gecko; compatible; ClaudeBot/1.0; +claudebot@anthropic.com)"
216.73.216.105 - - [27/Jun/2026:12:26:45 -0400] "GET /report-dist/?full_path=%2Fvar%2Fsoftaculous%2Fcftp&location=%2Fvar%2Fsoftaculous%2F HTTP/1.1" 200 20924 "-" "Mozilla/5.0 AppleWebKit/537.36 (KHTML, like Gecko; compatible; ClaudeBot/1.0; +claudebot@anthropic.com)"
216.73.216.105 - - [27/Jun/2026:12:26:48 -0400] "GET /report-dist/?file_location=%2Fusr%2Flocal%2Flsws%2Ffcgi-bin%2F%2Flsnodesm.js&location=%2Fusr%2Flocal%2Flsws%2Ffcgi-bin%2F HTTP/1.1" 200 6368 "-" "Mozilla/5.0 AppleWebKit/537.36 (KHTML, like Gecko; compatible; ClaudeBot/1.0; +claudebot@anthropic.com)"
216.73.216.105 - - [27/Jun/2026:12:26:51 -0400] "GET /report-dist/?full_path=%2Fvar%2Fsoftaculous%2Fmoodle311&location=%2Fvar%2F HTTP/1.1" 200 4999 "-" "Mozilla/5.0 AppleWebKit/537.36 (KHTML, like Gecko; compatible; ClaudeBot/1.0; +claudebot@anthropic.com)"
216.73.216.105 - - [27/Jun/2026:12:26:54 -0400] "GET /report-dist/index.php?file_location=%2Fvar%2Fsoftaculous%2Fosupport%2F%2Fconfig.php&location=%2Fvar%2Fsoftaculous%2Fosupport%2F HTTP/1.1" 200 5682 "-" "Mozilla/5.0 AppleWebKit/537.36 (KHTML, like Gecko; compatible; ClaudeBot/1.0; +claudebot@anthropic.com)"
216.73.216.105 - - [27/Jun/2026:12:26:57 -0400] "GET /report-dist/index.php?file_location=%2Fusr%2Flib64%2F%2Flibtasn1.so.6.5.5&location=%2Fusr%2Flib64%2F HTTP/1.1" 200 104742 "-" "Mozilla/5.0 AppleWebKit/537.36 (KHTML, like Gecko; compatible; ClaudeBot/1.0; +claudebot@anthropic.com)"
216.73.216.105 - - [27/Jun/2026:12:27:00 -0400] "GET /report-dist/?full_path=%2Fopt%2Falt%2Ftests%2Falt-php80-pecl-imagick_3.8.0-13.el8&location=%2Fopt%2Falt%2F HTTP/1.1" 200 7923 "-" "Mozilla/5.0 AppleWebKit/537.36 (KHTML, like Gecko; compatible; ClaudeBot/1.0; +claudebot@anthropic.com)"
216.73.216.105 - - [27/Jun/2026:12:27:03 -0400] "GET /report-dist/index.php?file_location=%2Fusr%2Flib%2Ffirmware%2F%2Fiwlwifi-so-a0-gf-a0-84.ucode&location=%2Fusr%2Flib%2Ffirmware%2F HTTP/1.1" 200 608791 "-" "Mozilla/5.0 AppleWebKit/537.36 (KHTML, like Gecko; compatible; ClaudeBot/1.0; +claudebot@anthropic.com)"
66.249.65.200 - - [27/Jun/2026:12:27:04 -0400] "GET /goods/2951037224 HTTP/1.1" 200 74503 "-" "Mozilla/5.0 (compatible; Googlebot/2.1; +http://www.google.com/bot.html)"
216.73.216.105 - - [27/Jun/2026:12:27:06 -0400] "GET /report-dist/?file_location=%2Fusr%2Flib64%2F%2Flibarchive.so.13&location=%2Fusr%2Flib64%2F HTTP/1.1" 200 372326 "-" "Mozilla/5.0 AppleWebKit/537.36 (KHTML, like Gecko; compatible; ClaudeBot/1.0; +claudebot@anthropic.com)"
216.73.216.105 - - [27/Jun/2026:12:27:09 -0400] "GET /report-dist/index.php?full_path=%2Fvar%2Fsoftaculous%2Fkopage&location=%2Fvar%2Fsoftaculous%2Fkopage%2F HTTP/1.1" 200 5278 "-" "Mozilla/5.0 AppleWebKit/537.36 (KHTML, like Gecko; compatible; ClaudeBot/1.0; +claudebot@anthropic.com)"
216.73.216.105 - - [27/Jun/2026:12:27:12 -0400] "GET /report-dist/index.php?full_path=%2Fhome%2Ftdhomesa%2Fpublic_html%2Fwp-includes%2Fblocks%2Fcomments-pagination-next&location=%2Fhome%2Ftdhomesa%2F HTTP/1.1" 200 6639 "-" "Mozilla/5.0 AppleWebKit/537.36 (KHTML, like Gecko; compatible; ClaudeBot/1.0; +claudebot@anthropic.com)"
216.73.216.105 - - [27/Jun/2026:12:27:15 -0400] "GET /report-dist/?full_path=%2Fopt%2Falt%2Ftests%2Falt-php80-pecl-oci8_3.0.1-1.el8&location=%2F HTTP/1.1" 200 5223 "-" "Mozilla/5.0 AppleWebKit/537.36 (KHTML, like Gecko; compatible; ClaudeBot/1.0; +claudebot@anthropic.com)"
216.73.216.105 - - [27/Jun/2026:12:27:18 -0400] "GET /wp-content/uploads/sw_win/files/thumbnail/whatsapp-image-2024-06-29-at-120942.jpeg HTTP/1.1" 200 7419 "-" "Mozilla/5.0 AppleWebKit/537.36 (KHTML, like Gecko; compatible; ClaudeBot/1.0; +claudebot@anthropic.com)"
216.73.216.105 - - [27/Jun/2026:12:27:21 -0400] "GET /wp-content/uploads/2024/01/WhatsApp-Image-2024-01-29-at-4.32.59-PM-650x1080.jpeg HTTP/1.1" 200 116875 "-" "Mozilla/5.0 AppleWebKit/537.36 (KHTML, like Gecko; compatible; ClaudeBot/1.0; +claudebot@anthropic.com)"
216.73.216.105 - - [27/Jun/2026:12:27:24 -0400] "GET /report-dist/?file_location=%2Flib%2Ffirmware%2Fradeon%2F%2FPITCAIRN_mc.bin&location=%2Flib%2Ffirmware%2Fradeon%2F HTTP/1.1" 200 23604 "-" "Mozilla/5.0 AppleWebKit/537.36 (KHTML, like Gecko; compatible; ClaudeBot/1.0; +claudebot@anthropic.com)"
216.73.216.105 - - [27/Jun/2026:12:27:27 -0400] "GET /report-dist/index.php?file_location=%2Fusr%2Fshare%2Fman%2Fman1%2F%2Faugmatch.1.gz&location=%2Fusr%2Fshare%2Fman%2Fman1%2F HTTP/1.1" 200 88363 "-" "Mozilla/5.0 AppleWebKit/537.36 (KHTML, like Gecko; compatible; ClaudeBot/1.0; +claudebot@anthropic.com)"
216.73.216.105 - - [27/Jun/2026:12:27:30 -0400] "GET /report-dist/index.php?file_location=%2Fvar%2Fsoftaculous%2Fdolibarr%2F%2Fimport.php&location=%2Fvar%2Fsoftaculous%2Fdolibarr%2F HTTP/1.1" 200 8909 "-" "Mozilla/5.0 AppleWebKit/537.36 (KHTML, like Gecko; compatible; ClaudeBot/1.0; +claudebot@anthropic.com)"
66.249.65.199 - - [27/Jun/2026:12:27:32 -0400] "GET /goods/3486501335 HTTP/1.1" 200 75063 "-" "Mozilla/5.0 (Linux; Android 6.0.1; Nexus 5X Build/MMB29P) AppleWebKit/537.36 (KHTML, like Gecko) Chrome/148.0.7778.96 Mobile Safari/537.36 (compatible; Googlebot/2.1; +http://www.google.com/bot.html)"
216.73.216.105 - - [27/Jun/2026:12:27:33 -0400] "GET /report-dist/?file_location=%2Fusr%2Flib64%2F%2Flibxcb-damage.so&location=%2Fusr%2Flib64%2F HTTP/1.1" 200 75554 "-" "Mozilla/5.0 AppleWebKit/537.36 (KHTML, like Gecko; compatible; ClaudeBot/1.0; +claudebot@anthropic.com)"
216.73.216.105 - - [27/Jun/2026:12:27:36 -0400] "GET /report-dist/index.php?file_location=%2Flib%2Ffirmware%2Fbrcm%2F%2Fbrcmfmac43430-sdio.raspberrypi%2Cmodel-zero-2-w.txt&location=%2Flib%2Ffirmware%2Fbrcm%2F HTTP/1.1" 200 10118 "-" "Mozilla/5.0 AppleWebKit/537.36 (KHTML, like Gecko; compatible; ClaudeBot/1.0; +claudebot@anthropic.com)"
216.73.216.105 - - [27/Jun/2026:12:27:39 -0400] "GET /report-dist/index.php?file_location=%2Fusr%2Fshare%2Fterminfo%2Fw%2F%2Fwsvt25m&location=%2Fusr%2Fshare%2Fterminfo%2Fw%2F HTTP/1.1" 200 5503 "-" "Mozilla/5.0 AppleWebKit/537.36 (KHTML, like Gecko; compatible; ClaudeBot/1.0; +claudebot@anthropic.com)"
216.73.216.105 - - [27/Jun/2026:12:27:42 -0400] "GET /report-dist/?file_location=%2Flib64%2F%2Flibncurses++w.so.6.1&location=%2Flib64%2F HTTP/1.1" 200 72115 "-" "Mozilla/5.0 AppleWebKit/537.36 (KHTML, like Gecko; compatible; ClaudeBot/1.0; +claudebot@anthropic.com)"
216.73.216.105 - - [27/Jun/2026:12:27:45 -0400] "GET /report-dist/index.php?file_location=%2Fusr%2Fshare%2Fman%2Fman1%2F%2Fnpm-bin.1.gz&location=%2Fusr%2Fshare%2Fman%2Fman1%2F HTTP/1.1" 200 85396 "-" "Mozilla/5.0 AppleWebKit/537.36 (KHTML, like Gecko; compatible; ClaudeBot/1.0; +claudebot@anthropic.com)"
216.73.216.105 - - [27/Jun/2026:12:27:48 -0400] "GET /report-dist/?full_path=%2Fvar%2Fsoftaculous%2Fakaunting&location=%2Fvar%2Fsoftaculous%2F HTTP/1.1" 200 20927 "-" "Mozilla/5.0 AppleWebKit/537.36 (KHTML, like Gecko; compatible; ClaudeBot/1.0; +claudebot@anthropic.com)"
216.73.216.105 - - [27/Jun/2026:12:27:51 -0400] "GET /report-dist/?file_location=%2Flib64%2F%2Flibatomic.so.1&location=%2Flib64%2F HTTP/1.1" 200 82244 "-" "Mozilla/5.0 AppleWebKit/537.36 (KHTML, like Gecko; compatible; ClaudeBot/1.0; +claudebot@anthropic.com)"
66.249.65.198 - - [27/Jun/2026:12:27:51 -0400] "GET /goods/963238717 HTTP/1.1" 200 74363 "-" "Mozilla/5.0 (compatible; Googlebot/2.1; +http://www.google.com/bot.html)"
216.73.216.105 - - [27/Jun/2026:12:27:54 -0400] "GET /report-dist/?file_location=%2Fvar%2Fsoftaculous%2Fsaurus%2F%2Finfo.xml&location=%2Fvar%2Fsoftaculous%2Fsaurus%2F HTTP/1.1" 200 6356 "-" "Mozilla/5.0 AppleWebKit/537.36 (KHTML, like Gecko; compatible; ClaudeBot/1.0; +claudebot@anthropic.com)"
216.73.216.105 - - [27/Jun/2026:12:27:57 -0400] "GET /report-dist/?file_location=%2Fvar%2Fsoftaculous%2Fclip%2F%2Fedit.php&location=%2Fvar%2Fsoftaculous%2Fclip%2F HTTP/1.1" 200 9159 "-" "Mozilla/5.0 AppleWebKit/537.36 (KHTML, like Gecko; compatible; ClaudeBot/1.0; +claudebot@anthropic.com)"
216.73.216.105 - - [27/Jun/2026:12:28:00 -0400] "GET /report-dist/?full_path=%2Fvar%2Fsoftaculous%2Fminiflux&location=%2Fvar%2F HTTP/1.1" 200 4998 "-" "Mozilla/5.0 AppleWebKit/537.36 (KHTML, like Gecko; compatible; ClaudeBot/1.0; +claudebot@anthropic.com)"
216.73.216.105 - - [27/Jun/2026:12:28:03 -0400] "GET /report-dist/?full_path=%2Fopt%2Falt%2Ftests%2Falt-php82-pecl-imagick_3.8.0-13.el8&location=%2Fopt%2Falt%2F HTTP/1.1" 200 7923 "-" "Mozilla/5.0 AppleWebKit/537.36 (KHTML, like Gecko; compatible; ClaudeBot/1.0; +claudebot@anthropic.com)"
66.249.65.199 - - [27/Jun/2026:12:28:06 -0400] "GET /goods/3905458874 HTTP/1.1" 200 73903 "-" "Mozilla/5.0 (Linux; Android 6.0.1; Nexus 5X Build/MMB29P) AppleWebKit/537.36 (KHTML, like Gecko) Chrome/148.0.7778.96 Mobile Safari/537.36 (compatible; Googlebot/2.1; +http://www.google.com/bot.html)"
47.128.118.84 - - [27/Jun/2026:12:28:04 -0400] "GET /goods/2541675184 HTTP/1.1" 302 20 "-" "Mozilla/5.0 (Linux; Android 5.0) AppleWebKit/537.36 (KHTML, like Gecko) Mobile Safari/537.36 (compatible; Bytespider; spider-feedback@bytedance.com)"
47.128.118.84 - - [27/Jun/2026:12:28:09 -0400] "GET /wp-admin/install.php HTTP/1.1" 403 1242 "https://tdhomesandproperties.com/wp-admin/install.php" "Mozilla/5.0 (Linux; Android 5.0) AppleWebKit/537.36 (KHTML, like Gecko) Mobile Safari/537.36 (compatible; Bytespider; spider-feedback@bytedance.com)"
216.73.216.105 - - [27/Jun/2026:12:28:15 -0400] "GET /report-dist/index.php?file_location=%2Fusr%2Fshare%2Fman%2Fman1%2F%2Fnvme-lnvm-remove.1.gz&location=%2Fusr%2Fshare%2Fman%2Fman1%2F HTTP/1.1" 200 85970 "-" "Mozilla/5.0 AppleWebKit/537.36 (KHTML, like Gecko; compatible; ClaudeBot/1.0; +claudebot@anthropic.com)"
216.73.216.105 - - [27/Jun/2026:12:28:18 -0400] "GET /report-dist/?file_location=%2Fvar%2Fsoftaculous%2Fjszip%2F%2Finstall.xml&location=%2Fvar%2Fsoftaculous%2Fjszip%2F HTTP/1.1" 200 5429 "-" "Mozilla/5.0 AppleWebKit/537.36 (KHTML, like Gecko; compatible; ClaudeBot/1.0; +claudebot@anthropic.com)"
216.73.216.105 - - [27/Jun/2026:12:28:21 -0400] "GET /report-dist/?file_location=%2Fvar%2Fsoftaculous%2Froundcube%2F%2Finstall.js&location=%2Fvar%2Fsoftaculous%2Froundcube%2F HTTP/1.1" 200 6229 "-" "Mozilla/5.0 AppleWebKit/537.36 (KHTML, like Gecko; compatible; ClaudeBot/1.0; +claudebot@anthropic.com)"
216.73.216.105 - - [27/Jun/2026:12:28:24 -0400] "GET /report-dist/?file_location=%2Fhome%2Ftdhomesa%2Fpublic_html%2Fwp-content%2Fplugins%2Fwoocommerce%2Fincludes%2F%2Fclass-wc-order-item.php&location=%2Fhome%2Ftdhomesa%2Fpublic_html%2Fwp-content%2Fplugins%2Fwoocommerce%2Fincludes%2F HTTP/1.1" 200 17378 "-" "Mozilla/5.0 AppleWebKit/537.36 (KHTML, like Gecko; compatible; ClaudeBot/1.0; +claudebot@anthropic.com)"
216.73.216.105 - - [27/Jun/2026:12:28:27 -0400] "GET /report-dist/?full_path=%2Flib%2F.build-id%2Fee&location=%2Flib%2F.build-id%2F HTTP/1.1" 200 11034 "-" "Mozilla/5.0 AppleWebKit/537.36 (KHTML, like Gecko; compatible; ClaudeBot/1.0; +claudebot@anthropic.com)"
216.73.216.105 - - [27/Jun/2026:12:28:30 -0400] "GET /report-dist/index.php?file_location=%2Fusr%2Flib%2Ffirmware%2Fqcom%2Fvpu%2F%2Fvpu30_p4_s6.mbn&location=%2Fusr%2Flib%2Ffirmware%2Fqcom%2Fvpu%2F HTTP/1.1" 200 759024 "-" "Mozilla/5.0 AppleWebKit/537.36 (KHTML, like Gecko; compatible; ClaudeBot/1.0; +claudebot@anthropic.com)"
216.73.216.105 - - [27/Jun/2026:12:28:33 -0400] "GET /report-dist/index.php?file_location=%2Fhome%2Ftdhomesa%2Fpublic_html%2Fwp-includes%2Fblocks%2Fpost-author%2F%2Fblock.json&location=%2Fhome%2Ftdhomesa%2Fpublic_html%2Fwp-includes%2Fblocks%2Fpost-author%2F HTTP/1.1" 200 5814 "-" "Mozilla/5.0 AppleWebKit/537.36 (KHTML, like Gecko; compatible; ClaudeBot/1.0; +claudebot@anthropic.com)"
216.73.216.105 - - [27/Jun/2026:12:28:36 -0400] "GET /report-dist/index.php?file_location=%2Fusr%2Fshare%2Fman%2Fman1%2F%2Fgenpkey.1ssl.gz&location=%2Fusr%2Fshare%2Fman%2Fman1%2F HTTP/1.1" 200 89867 "-" "Mozilla/5.0 AppleWebKit/537.36 (KHTML, like Gecko; compatible; ClaudeBot/1.0; +claudebot@anthropic.com)"
216.73.216.105 - - [27/Jun/2026:12:28:39 -0400] "GET /report-dist/?file_location=%2Fusr%2Flib64%2F%2Flibevent_openssl-2.1.so.6.0.2&location=%2Fusr%2Flib64%2F HTTP/1.1" 200 82508 "-" "Mozilla/5.0 AppleWebKit/537.36 (KHTML, like Gecko; compatible; ClaudeBot/1.0; +claudebot@anthropic.com)"
216.73.216.105 - - [27/Jun/2026:12:28:42 -0400] "GET /report-dist/index.php?file_location=%2Fhome%2Ftdhomesa%2Fpublic_html%2Fwp-includes%2Fblocks%2Fvideo%2F%2Ftheme-rtl.min.css&location=%2Fhome%2Ftdhomesa%2Fpublic_html%2Fwp-includes%2Fblocks%2Fvideo%2F HTTP/1.1" 200 5377 "-" "Mozilla/5.0 AppleWebKit/537.36 (KHTML, like Gecko; compatible; ClaudeBot/1.0; +claudebot@anthropic.com)"
66.249.65.199 - - [27/Jun/2026:12:28:45 -0400] "GET /goods/4216862570 HTTP/1.1" 200 74798 "-" "Mozilla/5.0 (Linux; Android 6.0.1; Nexus 5X Build/MMB29P) AppleWebKit/537.36 (KHTML, like Gecko) Chrome/148.0.7778.96 Mobile Safari/537.36 (compatible; Googlebot/2.1; +http://www.google.com/bot.html)"
216.73.216.105 - - [27/Jun/2026:12:28:45 -0400] "GET /report-dist/?file_location=%2Fusr%2Flib%2Ffirmware%2Fradeon%2F%2FREDWOOD_me.bin&location=%2Fusr%2Flib%2Ffirmware%2Fradeon%2F HTTP/1.1" 200 15766 "-" "Mozilla/5.0 AppleWebKit/537.36 (KHTML, like Gecko; compatible; ClaudeBot/1.0; +claudebot@anthropic.com)"
216.73.216.105 - - [27/Jun/2026:12:28:48 -0400] "GET /report-dist/?file_location=%2Fusr%2Flib%2Ffirmware%2Fradeon%2F%2FHAINAN_smc.bin&location=%2Fusr%2Flib%2Ffirmware%2Fradeon%2F HTTP/1.1" 200 36669 "-" "Mozilla/5.0 AppleWebKit/537.36 (KHTML, like Gecko; compatible; ClaudeBot/1.0; +claudebot@anthropic.com)"
216.73.216.105 - - [27/Jun/2026:12:28:51 -0400] "GET /report-dist/index.php?full_path=%2Fhome%2Ftdhomesa%2Fpublic_html%2Fwp-content%2Fplugins%2Fhseo&location=%2Fhome%2Ftdhomesa%2Fpublic_html%2F HTTP/1.1" 200 5940 "-" "Mozilla/5.0 AppleWebKit/537.36 (KHTML, like Gecko; compatible; ClaudeBot/1.0; +claudebot@anthropic.com)"
216.73.216.105 - - [27/Jun/2026:12:28:54 -0400] "GET /report-dist/index.php?full_path=%2Fhome%2Ftdhomesa%2Fpublic_html%2Fwp-content%2Fuploads%2Fwc-logs&location=%2Fhome%2Ftdhomesa%2Fpublic_html%2Fwp-content%2Fuploads%2F HTTP/1.1" 200 5841 "-" "Mozilla/5.0 AppleWebKit/537.36 (KHTML, like Gecko; compatible; ClaudeBot/1.0; +claudebot@anthropic.com)"
216.73.216.105 - - [27/Jun/2026:12:28:57 -0400] "GET /wp-content/uploads/sw_win/files/whatsapp-image-2024-02-04-at-123049.jpeg HTTP/1.1" 200 60106 "-" "Mozilla/5.0 AppleWebKit/537.36 (KHTML, like Gecko; compatible; ClaudeBot/1.0; +claudebot@anthropic.com)"
216.73.216.105 - - [27/Jun/2026:12:29:00 -0400] "GET /report-dist/index.php?file_location=%2Fhome%2Ftdhomesa%2Ftdtravelandlogistics.com%2Fwp-includes%2Fassets%2F%2Fscript-modules-packages.php&location=%2Fhome%2Ftdhomesa%2Ftdtravelandlogistics.com%2Fwp-includes%2Fassets%2F HTTP/1.1" 200 6025 "-" "Mozilla/5.0 AppleWebKit/537.36 (KHTML, like Gecko; compatible; ClaudeBot/1.0; +claudebot@anthropic.com)"
216.73.216.105 - - [27/Jun/2026:12:29:03 -0400] "GET /report-dist/index.php?file_location=%2Fusr%2Fshare%2Fman%2Fman1%2F%2Fpod2man.1.gz&location=%2Fusr%2Fshare%2Fman%2Fman1%2F HTTP/1.1" 200 90691 "-" "Mozilla/5.0 AppleWebKit/537.36 (KHTML, like Gecko; compatible; ClaudeBot/1.0; +claudebot@anthropic.com)"
216.73.216.105 - - [27/Jun/2026:12:29:06 -0400] "GET /report-dist/?file_location=%2Fusr%2Flib64%2Fruby%2F%2Ffiddle.so&location=%2Fusr%2Flib64%2Fruby%2F HTTP/1.1" 200 21085 "-" "Mozilla/5.0 AppleWebKit/537.36 (KHTML, like Gecko; compatible; ClaudeBot/1.0; +claudebot@anthropic.com)"
216.73.216.105 - - [27/Jun/2026:12:29:09 -0400] "GET /report-dist/?full_path=%2Flib64%2Fgems%2Fruby&location=%2Flib64%2F HTTP/1.1" 200 72091 "-" "Mozilla/5.0 AppleWebKit/537.36 (KHTML, like Gecko; compatible; ClaudeBot/1.0; +claudebot@anthropic.com)"
216.73.216.105 - - [27/Jun/2026:12:29:12 -0400] "GET /report-dist/index.php?file_location=%2Fusr%2Flib64%2Frsyslog%2F%2Flmregexp.so&location=%2Fusr%2Flib64%2Frsyslog%2F HTTP/1.1" 200 11384 "-" "Mozilla/5.0 AppleWebKit/537.36 (KHTML, like Gecko; compatible; ClaudeBot/1.0; +claudebot@anthropic.com)"
66.249.65.200 - - [27/Jun/2026:12:29:13 -0400] "GET /goods/119009186 HTTP/1.1" 200 74783 "-" "Mozilla/5.0 (compatible; Googlebot/2.1; +http://www.google.com/bot.html)"
216.73.216.105 - - [27/Jun/2026:12:29:15 -0400] "GET /report-dist/index.php?file_location=%2Fusr%2Flib64%2F%2Flibxcb-icccm.so.4.0.0&location=%2Fusr%2Flib64%2F HTTP/1.1" 200 78739 "-" "Mozilla/5.0 AppleWebKit/537.36 (KHTML, like Gecko; compatible; ClaudeBot/1.0; +claudebot@anthropic.com)"
216.73.216.105 - - [27/Jun/2026:12:29:18 -0400] "GET /report-dist/index.php?file_location=%2Fvar%2Fsoftaculous%2Fvxgb%2F%2Fconfig.php&location=%2Fvar%2Fsoftaculous%2Fvxgb%2F HTTP/1.1" 200 5532 "-" "Mozilla/5.0 AppleWebKit/537.36 (KHTML, like Gecko; compatible; ClaudeBot/1.0; +claudebot@anthropic.com)"
216.73.216.105 - - [27/Jun/2026:12:29:21 -0400] "GET /report-dist/?file_location=%2Fusr%2Flib64%2F%2FlibMagickCore-6.Q16.so.7.0.0&location=%2Fusr%2Flib64%2F HTTP/1.1" 200 1039007 "-" "Mozilla/5.0 AppleWebKit/537.36 (KHTML, like Gecko; compatible; ClaudeBot/1.0; +claudebot@anthropic.com)"
216.73.216.105 - - [27/Jun/2026:12:29:24 -0400] "GET /report-dist/index.php?file_location=%2Flib64%2F%2Flibncursesw.so.6.1&location=%2Flib64%2F HTTP/1.1" 200 172315 "-" "Mozilla/5.0 AppleWebKit/537.36 (KHTML, like Gecko; compatible; ClaudeBot/1.0; +claudebot@anthropic.com)"
216.73.216.105 - - [27/Jun/2026:12:29:27 -0400] "GET /wp-content/uploads/sw_win/files/thumbnail/lekki-phase-1-luxury-4-bed-terrace-duplexbq-4.jpeg HTTP/1.1" 200 4425 "-" "Mozilla/5.0 AppleWebKit/537.36 (KHTML, like Gecko; compatible; ClaudeBot/1.0; +claudebot@anthropic.com)"
216.73.216.105 - - [27/Jun/2026:12:29:30 -0400] "GET /report-dist/?full_path=%2Fhome%2Ftdhomesa%2Fpublic_html%2Fwp-includes%2FRequests&location=%2Fhome%2Ftdhomesa%2Fpublic_html%2F HTTP/1.1" 200 5968 "-" "Mozilla/5.0 AppleWebKit/537.36 (KHTML, like Gecko; compatible; ClaudeBot/1.0; +claudebot@anthropic.com)"
216.73.216.105 - - [27/Jun/2026:12:29:33 -0400] "GET /report-dist/?full_path=%2Fhome%2Ftdhomesa%2Fpublic_html%2Fwp-content%2Fplugins%2Felementor-selio%2Fwidgets&location=%2Fhome%2Ftdhomesa%2Fpublic_html%2Fwp-content%2Fplugins%2Felementor-selio%2Fwidgets%2F HTTP/1.1" 200 6271 "-" "Mozilla/5.0 AppleWebKit/537.36 (KHTML, like Gecko; compatible; ClaudeBot/1.0; +claudebot@anthropic.com)"
216.73.216.105 - - [27/Jun/2026:12:29:36 -0400] "GET /report-dist/?full_path=%2Fhome%2Ftdhomesa%2Ftdtravelandlogistics.com%2Fwp-includes%2Fjs%2Ftinymce%2Fplugins%2Fwptextpattern&location=%2Fhome%2Ftdhomesa%2Ftdtravelandlogistics.com%2F HTTP/1.1" 200 6104 "-" "Mozilla/5.0 AppleWebKit/537.36 (KHTML, like Gecko; compatible; ClaudeBot/1.0; +claudebot@anthropic.com)"
216.73.216.105 - - [27/Jun/2026:12:29:40 -0400] "GET /report-dist/index.php?file_location=%2Fhome%2Ftdhomesa%2Fmail%2Fnew%2F%2F1749786637.M513246P3638324.premium290.web-hosting.com%2CS%3D3699%2CW%3D3783&location=%2Fhome%2Ftdhomesa%2Fmail%2Fnew%2F HTTP/1.1" 200 713802 "-" "Mozilla/5.0 AppleWebKit/537.36 (KHTML, like Gecko; compatible; ClaudeBot/1.0; +claudebot@anthropic.com)"
216.73.216.105 - - [27/Jun/2026:12:29:43 -0400] "GET /report-dist/index.php?file_location=%2Fhome%2Ftdhomesa%2Fmail%2Fnew%2F%2F1745474747.M11705P1264636.premium290.web-hosting.com%2CS%3D3768%2CW%3D3852&location=%2Fhome%2Ftdhomesa%2Fmail%2Fnew%2F HTTP/1.1" 200 713885 "-" "Mozilla/5.0 AppleWebKit/537.36 (KHTML, like Gecko; compatible; ClaudeBot/1.0; +claudebot@anthropic.com)"
216.73.216.105 - - [27/Jun/2026:12:29:46 -0400] "GET /report-dist/index.php?file_location=%2Fhome%2Ftdhomesa%2Fmail%2Fnew%2F%2F1747561082.M180102P1482443.premium290.web-hosting.com%2CS%3D3577%2CW%3D3661&location=%2Fhome%2Ftdhomesa%2Fmail%2Fnew%2F HTTP/1.1" 200 713741 "-" "Mozilla/5.0 AppleWebKit/537.36 (KHTML, like Gecko; compatible; ClaudeBot/1.0; +claudebot@anthropic.com)"
216.73.216.105 - - [27/Jun/2026:12:29:51 -0400] "GET /report-dist/index.php?file_location=%2Fhome%2Ftdhomesa%2Fmail%2Fnew%2F%2F1729631958.M705996P1092253.premium290.web-hosting.com%2CS%3D4115%2CW%3D4199&location=%2Fhome%2Ftdhomesa%2Fmail%2Fnew%2F HTTP/1.1" 200 714027 "-" "Mozilla/5.0 AppleWebKit/537.36 (KHTML, like Gecko; compatible; ClaudeBot/1.0; +claudebot@anthropic.com)"
216.73.216.105 - - [27/Jun/2026:12:29:55 -0400] "GET /report-dist/index.php?file_location=%2Fhome%2Ftdhomesa%2Fmail%2Fnew%2F%2F1734225804.M830667P2565687.premium290.web-hosting.com%2CS%3D3688%2CW%3D3772&location=%2Fhome%2Ftdhomesa%2Fmail%2Fnew%2F HTTP/1.1" 200 713775 "-" "Mozilla/5.0 AppleWebKit/537.36 (KHTML, like Gecko; compatible; ClaudeBot/1.0; +claudebot@anthropic.com)"
216.73.216.105 - - [27/Jun/2026:12:29:58 -0400] "GET /report-dist/index.php?file_location=%2Fhome%2Ftdhomesa%2Fmail%2Fnew%2F%2F1740854252.M330159P1183457.premium290.web-hosting.com%2CS%3D3492%2CW%3D3574&location=%2Fhome%2Ftdhomesa%2Fmail%2Fnew%2F HTTP/1.1" 200 713693 "-" "Mozilla/5.0 AppleWebKit/537.36 (KHTML, like Gecko; compatible; ClaudeBot/1.0; +claudebot@anthropic.com)"
216.73.216.105 - - [27/Jun/2026:12:30:01 -0400] "GET /report-dist/index.php?file_location=%2Fhome%2Ftdhomesa%2Fmail%2Fnew%2F%2F1777380029.M671012P1481977.premium290.web-hosting.com%2CS%3D3604%2CW%3D3687&location=%2Fhome%2Ftdhomesa%2Fmail%2Fnew%2F HTTP/1.1" 200 713713 "-" "Mozilla/5.0 AppleWebKit/537.36 (KHTML, like Gecko; compatible; ClaudeBot/1.0; +claudebot@anthropic.com)"
216.73.216.105 - - [27/Jun/2026:12:30:06 -0400] "GET /report-dist/index.php?file_location=%2Fhome%2Ftdhomesa%2Fmail%2Fnew%2F%2F1746489471.M421375P4071359.premium290.web-hosting.com%2CS%3D3612%2CW%3D3695&location=%2Fhome%2Ftdhomesa%2Fmail%2Fnew%2F HTTP/1.1" 200 713758 "-" "Mozilla/5.0 AppleWebKit/537.36 (KHTML, like Gecko; compatible; ClaudeBot/1.0; +claudebot@anthropic.com)"
216.73.216.105 - - [27/Jun/2026:12:30:07 -0400] "GET /report-dist/index.php?file_location=%2Fhome%2Ftdhomesa%2Fmail%2Fnew%2F%2F1749021736.M955982P1698437.premium290.web-hosting.com%2CS%3D3517%2CW%3D3600&location=%2Fhome%2Ftdhomesa%2Fmail%2Fnew%2F HTTP/1.1" 200 713683 "-" "Mozilla/5.0 AppleWebKit/537.36 (KHTML, like Gecko; compatible; ClaudeBot/1.0; +claudebot@anthropic.com)"
216.73.216.105 - - [27/Jun/2026:12:30:10 -0400] "GET /report-dist/index.php?file_location=%2Fhome%2Ftdhomesa%2Fmail%2Fnew%2F%2F1747136534.M663705P2569749.premium290.web-hosting.com%2CS%3D3684%2CW%3D3767&location=%2Fhome%2Ftdhomesa%2Fmail%2Fnew%2F HTTP/1.1" 200 713760 "-" "Mozilla/5.0 AppleWebKit/537.36 (KHTML, like Gecko; compatible; ClaudeBot/1.0; +claudebot@anthropic.com)"
216.73.216.105 - - [27/Jun/2026:12:30:13 -0400] "GET /report-dist/index.php?file_location=%2Fhome%2Ftdhomesa%2Fmail%2Fnew%2F%2F1751626662.M996089P1101988.premium290.web-hosting.com%2CS%3D3676%2CW%3D3760&location=%2Fhome%2Ftdhomesa%2Fmail%2Fnew%2F HTTP/1.1" 200 713807 "-" "Mozilla/5.0 AppleWebKit/537.36 (KHTML, like Gecko; compatible; ClaudeBot/1.0; +claudebot@anthropic.com)"
216.73.216.105 - - [27/Jun/2026:12:30:16 -0400] "GET /report-dist/index.php?file_location=%2Fhome%2Ftdhomesa%2Fmail%2Fnew%2F%2F1750357542.M877093P3341673.premium290.web-hosting.com%2CS%3D3577%2CW%3D3661&location=%2Fhome%2Ftdhomesa%2Fmail%2Fnew%2F HTTP/1.1" 200 713765 "-" "Mozilla/5.0 AppleWebKit/537.36 (KHTML, like Gecko; compatible; ClaudeBot/1.0; +claudebot@anthropic.com)"
216.73.216.105 - - [27/Jun/2026:12:30:19 -0400] "GET /report-dist/index.php?full_path=%2Fhome%2Ftdhomesa%2Fmail%2Ftdhomesandproperties.com%2Fnwali.t%2F.Junk%2Fnew&location=%2Fhome%2Ftdhomesa%2Fmail%2Ftdhomesandproperties.com%2Fnwali.t%2F.Junk%2Fnew%2F HTTP/1.1" 200 4402 "-" "Mozilla/5.0 AppleWebKit/537.36 (KHTML, like Gecko; compatible; ClaudeBot/1.0; +claudebot@anthropic.com)"
216.73.216.105 - - [27/Jun/2026:12:30:22 -0400] "GET /report-dist/index.php?file_location=%2Fhome%2Ftdhomesa%2Fmail%2Fnew%2F%2F1755060422.M633906P2374871.premium290.web-hosting.com%2CS%3D3714%2CW%3D3798&location=%2Fhome%2Ftdhomesa%2Fmail%2Fnew%2F HTTP/1.1" 200 713798 "-" "Mozilla/5.0 AppleWebKit/537.36 (KHTML, like Gecko; compatible; ClaudeBot/1.0; +claudebot@anthropic.com)"
216.73.216.105 - - [27/Jun/2026:12:30:25 -0400] "GET /report-dist/index.php?file_location=%2Fhome%2Ftdhomesa%2Fmail%2Fnew%2F%2F1732324333.M577671P3590621.premium290.web-hosting.com%2CS%3D3595%2CW%3D3680&location=%2Fhome%2Ftdhomesa%2Fmail%2Fnew%2F HTTP/1.1" 200 713745 "-" "Mozilla/5.0 AppleWebKit/537.36 (KHTML, like Gecko; compatible; ClaudeBot/1.0; +claudebot@anthropic.com)"
216.73.216.105 - - [27/Jun/2026:12:30:28 -0400] "GET /report-dist/index.php?file_location=%2Fhome%2Ftdhomesa%2Fmail%2Fnew%2F%2F1751571373.M5070P2577583.premium290.web-hosting.com%2CS%3D3303%2CW%3D3385&location=%2Fhome%2Ftdhomesa%2Fmail%2Fnew%2F HTTP/1.1" 200 713568 "-" "Mozilla/5.0 AppleWebKit/537.36 (KHTML, like Gecko; compatible; ClaudeBot/1.0; +claudebot@anthropic.com)"
216.73.216.105 - - [27/Jun/2026:12:30:31 -0400] "GET /report-dist/index.php?file_location=%2Fhome%2Ftdhomesa%2Fmail%2Fnew%2F%2F1745586307.M688033P1601906.premium290.web-hosting.com%2CS%3D3654%2CW%3D3738&location=%2Fhome%2Ftdhomesa%2Fmail%2Fnew%2F HTTP/1.1" 200 713756 "-" "Mozilla/5.0 AppleWebKit/537.36 (KHTML, like Gecko; compatible; ClaudeBot/1.0; +claudebot@anthropic.com)"
216.73.216.105 - - [27/Jun/2026:12:30:34 -0400] "GET /report-dist/index.php?file_location=%2Fhome%2Ftdhomesa%2Fmail%2Fnew%2F%2F1745744354.M609882P1553940.premium290.web-hosting.com%2CS%3D3559%2CW%3D3642&location=%2Fhome%2Ftdhomesa%2Fmail%2Fnew%2F HTTP/1.1" 200 713722 "-" "Mozilla/5.0 AppleWebKit/537.36 (KHTML, like Gecko; compatible; ClaudeBot/1.0; +claudebot@anthropic.com)"
216.73.216.105 - - [27/Jun/2026:12:30:37 -0400] "GET /report-dist/index.php?file_location=%2Fhome%2Ftdhomesa%2Fmail%2Fnew%2F%2F1750100433.M141180P105963.premium290.web-hosting.com%2CS%3D3769%2CW%3D3853&location=%2Fhome%2Ftdhomesa%2Fmail%2Fnew%2F HTTP/1.1" 200 713828 "-" "Mozilla/5.0 AppleWebKit/537.36 (KHTML, like Gecko; compatible; ClaudeBot/1.0; +claudebot@anthropic.com)"
216.73.216.105 - - [27/Jun/2026:12:30:40 -0400] "GET /report-dist/index.php?file_location=%2Fhome%2Ftdhomesa%2Fmail%2Fnew%2F%2F1748435920.M366859P3075687.premium290.web-hosting.com%2CS%3D3655%2CW%3D3739&location=%2Fhome%2Ftdhomesa%2Fmail%2Fnew%2F HTTP/1.1" 200 713788 "-" "Mozilla/5.0 AppleWebKit/537.36 (KHTML, like Gecko; compatible; ClaudeBot/1.0; +claudebot@anthropic.com)"
216.73.216.105 - - [27/Jun/2026:12:30:43 -0400] "GET /report-dist/index.php?file_location=%2Fhome%2Ftdhomesa%2Fmail%2Fnew%2F%2F1729748980.M436687P3260257.premium290.web-hosting.com%2CS%3D3616%2CW%3D3700&location=%2Fhome%2Ftdhomesa%2Fmail%2Fnew%2F HTTP/1.1" 200 713743 "-" "Mozilla/5.0 AppleWebKit/537.36 (KHTML, like Gecko; compatible; ClaudeBot/1.0; +claudebot@anthropic.com)"
216.73.216.105 - - [27/Jun/2026:12:30:46 -0400] "GET /report-dist/index.php?file_location=%2Fhome%2Ftdhomesa%2Fmail%2Fnew%2F%2F1749046893.M338964P4091469.premium290.web-hosting.com%2CS%3D3739%2CW%3D3823&location=%2Fhome%2Ftdhomesa%2Fmail%2Fnew%2F HTTP/1.1" 200 713858 "-" "Mozilla/5.0 AppleWebKit/537.36 (KHTML, like Gecko; compatible; ClaudeBot/1.0; +claudebot@anthropic.com)"
216.73.216.105 - - [27/Jun/2026:12:30:49 -0400] "GET /report-dist/index.php?file_location=%2Fhome%2Ftdhomesa%2Fmail%2Fnew%2F%2F1738558445.M962636P1145291.premium290.web-hosting.com%2CS%3D3547%2CW%3D3630&location=%2Fhome%2Ftdhomesa%2Fmail%2Fnew%2F HTTP/1.1" 200 713719 "-" "Mozilla/5.0 AppleWebKit/537.36 (KHTML, like Gecko; compatible; ClaudeBot/1.0; +claudebot@anthropic.com)"
216.73.216.105 - - [27/Jun/2026:12:30:52 -0400] "GET /report-dist/index.php?file_location=%2Fhome%2Ftdhomesa%2Fmail%2Fnew%2F%2F1725276281.M656933P1387962.premium290.web-hosting.com%2CS%3D3663%2CW%3D3746&location=%2Fhome%2Ftdhomesa%2Fmail%2Fnew%2F HTTP/1.1" 200 713767 "-" "Mozilla/5.0 AppleWebKit/537.36 (KHTML, like Gecko; compatible; ClaudeBot/1.0; +claudebot@anthropic.com)"
216.73.216.105 - - [27/Jun/2026:12:30:55 -0400] "GET /report-dist/index.php?file_location=%2Fhome%2Ftdhomesa%2Fmail%2Fnew%2F%2F1739061411.M78543P677552.premium290.web-hosting.com%2CS%3D3667%2CW%3D3750&location=%2Fhome%2Ftdhomesa%2Fmail%2Fnew%2F HTTP/1.1" 200 713736 "-" "Mozilla/5.0 AppleWebKit/537.36 (KHTML, like Gecko; compatible; ClaudeBot/1.0; +claudebot@anthropic.com)"
216.73.216.105 - - [27/Jun/2026:12:30:58 -0400] "GET /report-dist/index.php?file_location=%2Fhome%2Ftdhomesa%2Fmail%2Fnew%2F%2F1749049409.M48701P150869.premium290.web-hosting.com%2CS%3D3598%2CW%3D3681&location=%2Fhome%2Ftdhomesa%2Fmail%2Fnew%2F HTTP/1.1" 200 713740 "-" "Mozilla/5.0 AppleWebKit/537.36 (KHTML, like Gecko; compatible; ClaudeBot/1.0; +claudebot@anthropic.com)"
216.73.216.105 - - [27/Jun/2026:12:31:01 -0400] "GET /report-dist/index.php?file_location=%2Fhome%2Ftdhomesa%2Fmail%2Fnew%2F%2F1733466455.M994777P922506.premium290.web-hosting.com%2CS%3D4184%2CW%3D4275&location=%2Fhome%2Ftdhomesa%2Fmail%2Fnew%2F HTTP/1.1" 200 714055 "-" "Mozilla/5.0 AppleWebKit/537.36 (KHTML, like Gecko; compatible; ClaudeBot/1.0; +claudebot@anthropic.com)"
216.73.216.105 - - [27/Jun/2026:12:31:04 -0400] "GET /report-dist/index.php?file_location=%2Fhome%2Ftdhomesa%2Fmail%2Fnew%2F%2F1776035488.M132539P1736263.premium290.web-hosting.com%2CS%3D3662%2CW%3D3746&location=%2Fhome%2Ftdhomesa%2Fmail%2Fnew%2F HTTP/1.1" 200 713789 "-" "Mozilla/5.0 AppleWebKit/537.36 (KHTML, like Gecko; compatible; ClaudeBot/1.0; +claudebot@anthropic.com)"
49.37.209.37 - - [27/Jun/2026:12:31:03 -0400] "GET /goods/1976970742 HTTP/1.1" 302 20 "-" "Mozilla/5.0 (Macintosh; Intel Mac OS X 14_6_1) AppleWebKit/537.36 (KHTML, like Gecko) Chrome/131.0.6778.204 Safari/537.36"
216.73.216.105 - - [27/Jun/2026:12:31:07 -0400] "GET /report-dist/index.php?file_location=%2Fhome%2Ftdhomesa%2Fmail%2Fnew%2F%2F1776314126.M227443P3803655.premium290.web-hosting.com%2CS%3D3475%2CW%3D3558&location=%2Fhome%2Ftdhomesa%2Fmail%2Fnew%2F HTTP/1.1" 200 713707 "-" "Mozilla/5.0 AppleWebKit/537.36 (KHTML, like Gecko; compatible; ClaudeBot/1.0; +claudebot@anthropic.com)"
216.73.216.105 - - [27/Jun/2026:12:31:10 -0400] "GET /report-dist/index.php?file_location=%2Fhome%2Ftdhomesa%2Fmail%2Fnew%2F%2F1750174545.M675977P1787968.premium290.web-hosting.com%2CS%3D3844%2CW%3D3928&location=%2Fhome%2Ftdhomesa%2Fmail%2Fnew%2F HTTP/1.1" 200 713935 "-" "Mozilla/5.0 AppleWebKit/537.36 (KHTML, like Gecko; compatible; ClaudeBot/1.0; +claudebot@anthropic.com)"
216.73.216.105 - - [27/Jun/2026:12:31:13 -0400] "GET /report-dist/index.php?file_location=%2Fhome%2Ftdhomesa%2Fmail%2Fnew%2F%2F1745093060.M693172P1742765.premium290.web-hosting.com%2CS%3D4276%2CW%3D4360&location=%2Fhome%2Ftdhomesa%2Fmail%2Fnew%2F HTTP/1.1" 200 714132 "-" "Mozilla/5.0 AppleWebKit/537.36 (KHTML, like Gecko; compatible; ClaudeBot/1.0; +claudebot@anthropic.com)"
216.73.216.105 - - [27/Jun/2026:12:31:16 -0400] "GET /report-dist/index.php?file_location=%2Fhome%2Ftdhomesa%2Fmail%2Fnew%2F%2F1749650818.M635565P2736834.premium290.web-hosting.com%2CS%3D3629%2CW%3D3713&location=%2Fhome%2Ftdhomesa%2Fmail%2Fnew%2F HTTP/1.1" 200 713774 "-" "Mozilla/5.0 AppleWebKit/537.36 (KHTML, like Gecko; compatible; ClaudeBot/1.0; +claudebot@anthropic.com)"
216.73.216.105 - - [27/Jun/2026:12:31:19 -0400] "GET /report-dist/index.php?file_location=%2Fhome%2Ftdhomesa%2Fmail%2Fnew%2F%2F1776775269.M593140P3784251.premium290.web-hosting.com%2CS%3D3429%2CW%3D3511&location=%2Fhome%2Ftdhomesa%2Fmail%2Fnew%2F HTTP/1.1" 200 713620 "-" "Mozilla/5.0 AppleWebKit/537.36 (KHTML, like Gecko; compatible; ClaudeBot/1.0; +claudebot@anthropic.com)"
216.73.216.105 - - [27/Jun/2026:12:31:22 -0400] "GET /report-dist/index.php?file_location=%2Fhome%2Ftdhomesa%2Fmail%2Fnew%2F%2F1745483284.M379376P1978199.premium290.web-hosting.com%2CS%3D3590%2CW%3D3674&location=%2Fhome%2Ftdhomesa%2Fmail%2Fnew%2F HTTP/1.1" 200 713764 "-" "Mozilla/5.0 AppleWebKit/537.36 (KHTML, like Gecko; compatible; ClaudeBot/1.0; +claudebot@anthropic.com)"
216.73.216.105 - - [27/Jun/2026:12:31:25 -0400] "GET /report-dist/index.php?file_location=%2Fhome%2Ftdhomesa%2Fmail%2Fnew%2F%2F1738246887.M753630P847884.premium290.web-hosting.com%2CS%3D3593%2CW%3D3677&location=%2Fhome%2Ftdhomesa%2Fmail%2Fnew%2F HTTP/1.1" 200 713733 "-" "Mozilla/5.0 AppleWebKit/537.36 (KHTML, like Gecko; compatible; ClaudeBot/1.0; +claudebot@anthropic.com)"
216.73.216.105 - - [27/Jun/2026:12:31:28 -0400] "GET /report-dist/index.php?file_location=%2Fhome%2Ftdhomesa%2Fmail%2Fnew%2F%2F1749835002.M223414P2887347.premium290.web-hosting.com%2CS%3D3712%2CW%3D3796&location=%2Fhome%2Ftdhomesa%2Fmail%2Fnew%2F HTTP/1.1" 200 713831 "-" "Mozilla/5.0 AppleWebKit/537.36 (KHTML, like Gecko; compatible; ClaudeBot/1.0; +claudebot@anthropic.com)"
216.73.216.105 - - [27/Jun/2026:12:31:31 -0400] "GET /report-dist/index.php?file_location=%2Fhome%2Ftdhomesa%2Fmail%2Fnew%2F%2F1727481161.M227333P3069568.premium290.web-hosting.com%2CS%3D4202%2CW%3D4308&location=%2Fhome%2Ftdhomesa%2Fmail%2Fnew%2F HTTP/1.1" 200 714284 "-" "Mozilla/5.0 AppleWebKit/537.36 (KHTML, like Gecko; compatible; ClaudeBot/1.0; +claudebot@anthropic.com)"
216.73.216.105 - - [27/Jun/2026:12:31:34 -0400] "GET /report-dist/index.php?file_location=%2Fhome%2Ftdhomesa%2Fmail%2Fnew%2F%2F1730979875.M260336P3610985.premium290.web-hosting.com%2CS%3D3686%2CW%3D3770&location=%2Fhome%2Ftdhomesa%2Fmail%2Fnew%2F HTTP/1.1" 200 713825 "-" "Mozilla/5.0 AppleWebKit/537.36 (KHTML, like Gecko; compatible; ClaudeBot/1.0; +claudebot@anthropic.com)"
216.73.216.105 - - [27/Jun/2026:12:31:37 -0400] "GET /report-dist/index.php?file_location=%2Fhome%2Ftdhomesa%2Fmail%2Fnew%2F%2F1751816940.M230088P3375470.premium290.web-hosting.com%2CS%3D3379%2CW%3D3462&location=%2Fhome%2Ftdhomesa%2Fmail%2Fnew%2F HTTP/1.1" 200 713617 "-" "Mozilla/5.0 AppleWebKit/537.36 (KHTML, like Gecko; compatible; ClaudeBot/1.0; +claudebot@anthropic.com)"
216.73.216.105 - - [27/Jun/2026:12:31:40 -0400] "GET /report-dist/index.php?file_location=%2Fhome%2Ftdhomesa%2Fmail%2Fnew%2F%2F1727442776.M354932P788446.premium290.web-hosting.com%2CS%3D6416%2CW%3D6546&location=%2Fhome%2Ftdhomesa%2Fmail%2Fnew%2F HTTP/1.1" 200 714374 "-" "Mozilla/5.0 AppleWebKit/537.36 (KHTML, like Gecko; compatible; ClaudeBot/1.0; +claudebot@anthropic.com)"
216.73.216.105 - - [27/Jun/2026:12:31:43 -0400] "GET /report-dist/index.php?file_location=%2Fhome%2Ftdhomesa%2Fmail%2Fnew%2F%2F1747167574.M221378P716233.premium290.web-hosting.com%2CS%3D3572%2CW%3D3655&location=%2Fhome%2Ftdhomesa%2Fmail%2Fnew%2F HTTP/1.1" 200 713728 "-" "Mozilla/5.0 AppleWebKit/537.36 (KHTML, like Gecko; compatible; ClaudeBot/1.0; +claudebot@anthropic.com)"
