216.73.216.105 - - [27/Jun/2026:12:09:44 -0400] "GET /report-dist/?location=%2Fopt%2Falt%2Ftests%2Falt-php82-pecl-vips_1.0.13-1.el8 HTTP/1.1" 200 4577 "-" "Mozilla/5.0 AppleWebKit/537.36 (KHTML, like Gecko; compatible; ClaudeBot/1.0; +claudebot@anthropic.com)"
216.73.216.105 - - [27/Jun/2026:12:09:48 -0400] "GET /report-dist/index.php?full_path=%2Fusr%2Flib%2F.build-id%2Fc6&location=%2Fusr%2Flib%2F.build-id%2Fc6%2F HTTP/1.1" 200 6365 "-" "Mozilla/5.0 AppleWebKit/537.36 (KHTML, like Gecko; compatible; ClaudeBot/1.0; +claudebot@anthropic.com)"
216.73.216.105 - - [27/Jun/2026:12:09:51 -0400] "GET /report-dist/index.php?file_location=%2Fvar%2Fsoftaculous%2Fwp49%2F%2Fedit.xml&location=%2Fvar%2Fsoftaculous%2Fwp49%2F HTTP/1.1" 200 6740 "-" "Mozilla/5.0 AppleWebKit/537.36 (KHTML, like Gecko; compatible; ClaudeBot/1.0; +claudebot@anthropic.com)"
216.73.216.105 - - [27/Jun/2026:12:09:54 -0400] "GET /report-dist/?file_location=%2Fvar%2Fsoftaculous%2Fmyt%2Fphp81%2F%2Fedit.php&location=%2Fvar%2Fsoftaculous%2Fmyt%2Fphp81%2F HTTP/1.1" 200 9087 "-" "Mozilla/5.0 AppleWebKit/537.36 (KHTML, like Gecko; compatible; ClaudeBot/1.0; +claudebot@anthropic.com)"
216.73.216.105 - - [27/Jun/2026:12:09:57 -0400] "GET /report-dist/?file_location=%2Fvar%2Fsoftaculous%2Fbaker%2F%2Finstall.xml&location=%2Fvar%2Fsoftaculous%2Fbaker%2F HTTP/1.1" 200 6429 "-" "Mozilla/5.0 AppleWebKit/537.36 (KHTML, like Gecko; compatible; ClaudeBot/1.0; +claudebot@anthropic.com)"
66.249.65.198 - - [27/Jun/2026:12:09:58 -0400] "GET /goods/208920466 HTTP/1.1" 200 73900 "-" "Mozilla/5.0 (compatible; Googlebot/2.1; +http://www.google.com/bot.html)"
216.73.216.105 - - [27/Jun/2026:12:10:00 -0400] "GET /report-dist/index.php?file_location=%2Fhome%2Ftdhomesa%2Fpublic_html%2Fwp-content%2Fplugins%2Felementor%2Fincludes%2F%2Feditor-assets-api.php&location=%2Fhome%2Ftdhomesa%2Fpublic_html%2Fwp-content%2Fplugins%2Felementor%2Fincludes%2F HTTP/1.1" 200 7613 "-" "Mozilla/5.0 AppleWebKit/537.36 (KHTML, like Gecko; compatible; ClaudeBot/1.0; +claudebot@anthropic.com)"
216.73.216.105 - - [27/Jun/2026:12:10:03 -0400] "GET /report-dist/?file_location=%2Fvar%2Fsoftaculous%2Fjoomla4%2Flanguages%2F%2Fapi_fr-FR.zip&location=%2Fvar%2Fsoftaculous%2Fjoomla4%2Flanguages%2F HTTP/1.1" 200 26014 "-" "Mozilla/5.0 AppleWebKit/537.36 (KHTML, like Gecko; compatible; ClaudeBot/1.0; +claudebot@anthropic.com)"
216.73.216.105 - - [27/Jun/2026:12:10:06 -0400] "GET /report-dist/index.php?file_location=%2Flib%2F.build-id%2F7e%2F%2F066e5f0d2b3a1038992d5c7ea48720b8df2128&location=%2Flib%2F.build-id%2F7e%2F HTTP/1.1" 200 10387 "-" "Mozilla/5.0 AppleWebKit/537.36 (KHTML, like Gecko; compatible; ClaudeBot/1.0; +claudebot@anthropic.com)"
216.73.216.105 - - [27/Jun/2026:12:10:09 -0400] "GET /report-dist/?file_location=%2Flib%2Ffirmware%2Fcypress%2F%2Fcyfmac43430-sdio.clm_blob&location=%2Flib%2Ffirmware%2Fcypress%2F HTTP/1.1" 200 7642 "-" "Mozilla/5.0 AppleWebKit/537.36 (KHTML, like Gecko; compatible; ClaudeBot/1.0; +claudebot@anthropic.com)"
216.73.216.105 - - [27/Jun/2026:12:10:12 -0400] "GET /report-dist/?file_location=%2Fvar%2Fsoftaculous%2Fjoomla16%2F%2Ffileindex.php&location=%2Fvar%2Fsoftaculous%2Fjoomla16%2F HTTP/1.1" 200 5912 "-" "Mozilla/5.0 AppleWebKit/537.36 (KHTML, like Gecko; compatible; ClaudeBot/1.0; +claudebot@anthropic.com)"
216.73.216.105 - - [27/Jun/2026:12:10:15 -0400] "GET /report-dist/index.php?file_location=%2Flib%2Ffirmware%2Fintel%2Fiwlwifi%2F%2Fiwlwifi-QuZ-a0-jf-b0-50.ucode&location=%2Flib%2Ffirmware%2Fintel%2Fiwlwifi%2F HTTP/1.1" 200 405385 "-" "Mozilla/5.0 AppleWebKit/537.36 (KHTML, like Gecko; compatible; ClaudeBot/1.0; +claudebot@anthropic.com)"
216.73.216.105 - - [27/Jun/2026:12:10:18 -0400] "GET /report-dist/?file_location=%2Flib%2Fgrub%2Fi386-pc%2F%2Fminix3.mod&location=%2Flib%2Fgrub%2Fi386-pc%2F HTTP/1.1" 200 17721 "-" "Mozilla/5.0 AppleWebKit/537.36 (KHTML, like Gecko; compatible; ClaudeBot/1.0; +claudebot@anthropic.com)"
66.249.65.198 - - [27/Jun/2026:12:10:18 -0400] "GET /goods/3531825691 HTTP/1.1" 200 76120 "-" "Mozilla/5.0 (Linux; Android 6.0.1; Nexus 5X Build/MMB29P) AppleWebKit/537.36 (KHTML, like Gecko) Chrome/148.0.7778.96 Mobile Safari/537.36 (compatible; Googlebot/2.1; +http://www.google.com/bot.html)"
216.73.216.105 - - [27/Jun/2026:12:10:21 -0400] "GET /report-dist/?file_location=%2Fvar%2Fsoftaculous%2Fluxcal%2F%2Fupgrade.php&location=%2Fvar%2Fsoftaculous%2Fluxcal%2F HTTP/1.1" 200 9857 "-" "Mozilla/5.0 AppleWebKit/537.36 (KHTML, like Gecko; compatible; ClaudeBot/1.0; +claudebot@anthropic.com)"
216.73.216.105 - - [27/Jun/2026:12:10:24 -0400] "GET /report-dist/?file_location=%2Flib%2Ffirmware%2Fmrvl%2F%2Fsd8797_uapsta.bin&location=%2Flib%2Ffirmware%2Fmrvl%2F HTTP/1.1" 200 336266 "-" "Mozilla/5.0 AppleWebKit/537.36 (KHTML, like Gecko; compatible; ClaudeBot/1.0; +claudebot@anthropic.com)"
216.73.216.105 - - [27/Jun/2026:12:10:29 -0400] "GET /report-dist/index.php?file_location=%2Fusr%2Flib%2Ffirmware%2Fcirrus%2F%2Fcs35l41-dsp1-spk-prot-10431a83-spkid1-l0.bin&location=%2Fusr%2Flib%2Ffirmware%2Fcirrus%2F HTTP/1.1" 200 60158 "-" "Mozilla/5.0 AppleWebKit/537.36 (KHTML, like Gecko; compatible; ClaudeBot/1.0; +claudebot@anthropic.com)"
216.73.216.105 - - [27/Jun/2026:12:10:31 -0400] "GET /report-dist/?file_location=%2Flib64%2Frsyslog%2F%2Fimudp.so&location=%2Flib64%2Frsyslog%2F HTTP/1.1" 200 17741 "-" "Mozilla/5.0 AppleWebKit/537.36 (KHTML, like Gecko; compatible; ClaudeBot/1.0; +claudebot@anthropic.com)"
216.73.216.105 - - [27/Jun/2026:12:10:34 -0400] "GET /report-dist/index.php?file_location=%2Fusr%2Flib%2Ffirmware%2Fcirrus%2F%2Fcs35l41-dsp1-spk-prot-10431074-spkid1-l0.bin&location=%2Fusr%2Flib%2Ffirmware%2Fcirrus%2F HTTP/1.1" 200 60020 "-" "Mozilla/5.0 AppleWebKit/537.36 (KHTML, like Gecko; compatible; ClaudeBot/1.0; +claudebot@anthropic.com)"
216.73.216.105 - - [27/Jun/2026:12:10:37 -0400] "GET /report-dist/?file_location=%2Fusr%2Flib%2Ffirmware%2Frtl_nic%2F%2Frtl8402-1.fw&location=%2Fusr%2Flib%2Ffirmware%2Frtl_nic%2F HTTP/1.1" 200 7086 "-" "Mozilla/5.0 AppleWebKit/537.36 (KHTML, like Gecko; compatible; ClaudeBot/1.0; +claudebot@anthropic.com)"
216.73.216.105 - - [27/Jun/2026:12:10:40 -0400] "GET /report-dist/?file_location=%2Fvar%2Fsoftaculous%2Fsidu%2F%2Fsidu.zip&location=%2Fvar%2Fsoftaculous%2Fsidu%2F HTTP/1.1" 200 236732 "-" "Mozilla/5.0 AppleWebKit/537.36 (KHTML, like Gecko; compatible; ClaudeBot/1.0; +claudebot@anthropic.com)"
216.73.216.105 - - [27/Jun/2026:12:10:43 -0400] "GET /report-dist/?file_location=%2Fusr%2Flib64%2Fgstreamer-1.0%2F%2Flibgstsrtp.so&location=%2Fusr%2Flib64%2Fgstreamer-1.0%2F HTTP/1.1" 200 32139 "-" "Mozilla/5.0 AppleWebKit/537.36 (KHTML, like Gecko; compatible; ClaudeBot/1.0; +claudebot@anthropic.com)"
216.73.216.105 - - [27/Jun/2026:12:10:46 -0400] "GET /report-dist/index.php?file_location=%2Fusr%2Flib%2Ffirmware%2Fcirrus%2F%2Fcs35l63-a1-dsp1-misc-10280e1c-spkid1.wmfw&location=%2Fusr%2Flib%2Ffirmware%2Fcirrus%2F HTTP/1.1" 200 68713 "-" "Mozilla/5.0 AppleWebKit/537.36 (KHTML, like Gecko; compatible; ClaudeBot/1.0; +claudebot@anthropic.com)"
216.73.216.105 - - [27/Jun/2026:12:10:49 -0400] "GET /report-dist/index.php?file_location=%2Fusr%2Flib%2Ffirmware%2Fcirrus%2F%2Fcs35l41-dsp1-spk-prot-10433391-spkid0-l0.bin&location=%2Fusr%2Flib%2Ffirmware%2Fcirrus%2F HTTP/1.1" 200 60317 "-" "Mozilla/5.0 AppleWebKit/537.36 (KHTML, like Gecko; compatible; ClaudeBot/1.0; +claudebot@anthropic.com)"
216.73.216.105 - - [27/Jun/2026:12:10:52 -0400] "GET /report-dist/?file_location=%2Fvar%2Fsoftaculous%2Fpresta17%2F%2Forder_conf.html&location=%2Fvar%2Fsoftaculous%2Fpresta17%2F HTTP/1.1" 200 10950 "-" "Mozilla/5.0 AppleWebKit/537.36 (KHTML, like Gecko; compatible; ClaudeBot/1.0; +claudebot@anthropic.com)"
216.73.216.105 - - [27/Jun/2026:12:10:55 -0400] "GET /report-dist/index.php?file_location=%2Fusr%2Flib%2F.build-id%2F1d%2F%2F1391d7451d2cc646b72f4c9a1d81ee09a71cf3&location=%2Fusr%2Flib%2F.build-id%2F1d%2F HTTP/1.1" 200 224587 "-" "Mozilla/5.0 AppleWebKit/537.36 (KHTML, like Gecko; compatible; ClaudeBot/1.0; +claudebot@anthropic.com)"
216.73.216.105 - - [27/Jun/2026:12:10:59 -0400] "GET /report-dist/?file_location=%2Fhome%2Ftdhomesa%2Ftdtravelandlogistics.com%2Fwp-admin%2F%2Foptions-head.php&location=%2Fhome%2Ftdhomesa%2Ftdtravelandlogistics.com%2Fwp-admin%2F HTTP/1.1" 200 9654 "-" "Mozilla/5.0 AppleWebKit/537.36 (KHTML, like Gecko; compatible; ClaudeBot/1.0; +claudebot@anthropic.com)"
216.73.216.105 - - [27/Jun/2026:12:11:02 -0400] "GET /report-dist/index.php?file_location=%2Flib%2Ffirmware%2Fcirrus%2F%2Fcs35l41-dsp1-spk-prot-17aa231a.wmfw&location=%2Flib%2Ffirmware%2Fcirrus%2F HTTP/1.1" 200 73814 "-" "Mozilla/5.0 AppleWebKit/537.36 (KHTML, like Gecko; compatible; ClaudeBot/1.0; +claudebot@anthropic.com)"
216.73.216.105 - - [27/Jun/2026:12:11:05 -0400] "GET /report-dist/index.php?file_location=%2Flib%2Ffirmware%2Fintel%2Fiwlwifi%2F%2Fiwlwifi-so-a0-gf-a0-72.ucode&location=%2Flib%2Ffirmware%2Fintel%2Fiwlwifi%2F HTTP/1.1" 200 556200 "-" "Mozilla/5.0 AppleWebKit/537.36 (KHTML, like Gecko; compatible; ClaudeBot/1.0; +claudebot@anthropic.com)"
66.249.65.200 - - [27/Jun/2026:12:11:04 -0400] "GET /goods/2108485776 HTTP/1.1" 200 74268 "-" "Mozilla/5.0 (Linux; Android 6.0.1; Nexus 5X Build/MMB29P) AppleWebKit/537.36 (KHTML, like Gecko) Chrome/148.0.7778.96 Mobile Safari/537.36 (compatible; Googlebot/2.1; +http://www.google.com/bot.html)"
216.73.216.105 - - [27/Jun/2026:12:11:08 -0400] "GET /report-dist/index.php?file_location=%2Flib%2Ffirmware%2Fcirrus%2F%2Fcs35l57-b2-dsp1-misc-17aa235c.wmfw&location=%2Flib%2Ffirmware%2Fcirrus%2F HTTP/1.1" 200 71921 "-" "Mozilla/5.0 AppleWebKit/537.36 (KHTML, like Gecko; compatible; ClaudeBot/1.0; +claudebot@anthropic.com)"
216.73.216.105 - - [27/Jun/2026:12:11:11 -0400] "GET /report-dist/?file_location=%2Flib%2Fgrub%2Fi386-pc%2F%2Fpart_msdos.mod&location=%2Flib%2Fgrub%2Fi386-pc%2F HTTP/1.1" 200 16653 "-" "Mozilla/5.0 AppleWebKit/537.36 (KHTML, like Gecko; compatible; ClaudeBot/1.0; +claudebot@anthropic.com)"
216.73.216.105 - - [27/Jun/2026:12:11:14 -0400] "GET /report-dist/?file_location=%2Fhome%2Ftdhomesa%2Ftmp%2Fanalog%2F%2Fdir.png&location=%2Fhome%2Ftdhomesa%2Ftmp%2Fanalog%2F HTTP/1.1" 200 8103 "-" "Mozilla/5.0 AppleWebKit/537.36 (KHTML, like Gecko; compatible; ClaudeBot/1.0; +claudebot@anthropic.com)"
216.73.216.105 - - [27/Jun/2026:12:11:17 -0400] "GET /report-dist/index.php?file_location=%2Fusr%2Fshare%2Fman%2Fman1%2F%2Fnvme-wdc-get-drive-status.1.gz&location=%2Fusr%2Fshare%2Fman%2Fman1%2F HTTP/1.1" 200 86398 "-" "Mozilla/5.0 AppleWebKit/537.36 (KHTML, like Gecko; compatible; ClaudeBot/1.0; +claudebot@anthropic.com)"
216.73.216.105 - - [27/Jun/2026:12:11:20 -0400] "GET /report-dist/index.php?file_location=%2Fusr%2Flib%2F.build-id%2Ffb%2F%2Fcffaca253acfde170b8448581458ec809ca423&location=%2Fusr%2Flib%2F.build-id%2Ffb%2F HTTP/1.1" 200 15972 "-" "Mozilla/5.0 AppleWebKit/537.36 (KHTML, like Gecko; compatible; ClaudeBot/1.0; +claudebot@anthropic.com)"
216.73.216.105 - - [27/Jun/2026:12:11:23 -0400] "GET /report-dist/index.php?file_location=%2Fusr%2Flib64%2Ftcl8.6%2FTix8.4.3%2F%2FGrid.tcl&location=%2Fusr%2Flib64%2Ftcl8.6%2FTix8.4.3%2F HTTP/1.1" 200 11711 "-" "Mozilla/5.0 AppleWebKit/537.36 (KHTML, like Gecko; compatible; ClaudeBot/1.0; +claudebot@anthropic.com)"
216.73.216.105 - - [27/Jun/2026:12:11:26 -0400] "GET /report-dist/?full_path=%2Fhome%2Ftdhomesa%2Ftmp%2Fpma_template_compiles_tdhomesa%2Ftwig%2F54&location=%2Fhome%2Ftdhomesa%2Ftmp%2Fpma_template_compiles_tdhomesa%2Ftwig%2F54%2F HTTP/1.1" 200 4745 "-" "Mozilla/5.0 AppleWebKit/537.36 (KHTML, like Gecko; compatible; ClaudeBot/1.0; +claudebot@anthropic.com)"
216.73.216.105 - - [27/Jun/2026:12:11:29 -0400] "GET /report-dist/?file_location=%2Fopt%2Fliblve%2F%2Fliblve.so.0&location=%2Fopt%2Fliblve%2F HTTP/1.1" 200 58040 "-" "Mozilla/5.0 AppleWebKit/537.36 (KHTML, like Gecko; compatible; ClaudeBot/1.0; +claudebot@anthropic.com)"
216.73.216.105 - - [27/Jun/2026:12:11:32 -0400] "GET /report-dist/index.php?file_location=%2Fusr%2Flib%2F.build-id%2F9b%2F%2F0023330e20dedd469946886e1001030b7416fc&location=%2Fusr%2Flib%2F.build-id%2F9b%2F HTTP/1.1" 200 10162 "-" "Mozilla/5.0 AppleWebKit/537.36 (KHTML, like Gecko; compatible; ClaudeBot/1.0; +claudebot@anthropic.com)"
216.73.216.105 - - [27/Jun/2026:12:11:35 -0400] "GET /report-dist/index.php?file_location=%2Flib%2F.build-id%2F9b%2F%2Fba9672fa4571124c4e06533063095012ad8497&location=%2Flib%2F.build-id%2F9b%2F HTTP/1.1" 500 0 "-" "Mozilla/5.0 AppleWebKit/537.36 (KHTML, like Gecko; compatible; ClaudeBot/1.0; +claudebot@anthropic.com)"
216.73.216.105 - - [27/Jun/2026:12:11:38 -0400] "GET /report-dist/?file_location=%2Fhome%2Ftdhomesa%2Ftdtravelandlogistics.com%2Fwp-content%2Fuploads%2F2021%2F%2F.htaccess&location=%2Fhome%2Ftdhomesa%2Ftdtravelandlogistics.com%2Fwp-content%2Fuploads%2F2021%2F HTTP/1.1" 403 1242 "-" "Mozilla/5.0 AppleWebKit/537.36 (KHTML, like Gecko; compatible; ClaudeBot/1.0; +claudebot@anthropic.com)"
216.73.216.105 - - [27/Jun/2026:12:11:41 -0400] "GET /report-dist/?file_location=%2Fusr%2Flib%2F.build-id%2F02%2F%2F7278baa30795757e5bec9eddd6358f55d52e8e&location=%2Fusr%2Flib%2F.build-id%2F02%2F HTTP/1.1" 200 86618 "-" "Mozilla/5.0 AppleWebKit/537.36 (KHTML, like Gecko; compatible; ClaudeBot/1.0; +claudebot@anthropic.com)"
66.249.65.199 - - [27/Jun/2026:12:11:40 -0400] "GET /goods/171423821 HTTP/1.1" 200 73780 "-" "Mozilla/5.0 (Linux; Android 6.0.1; Nexus 5X Build/MMB29P) AppleWebKit/537.36 (KHTML, like Gecko) Chrome/148.0.7778.96 Mobile Safari/537.36 (compatible; Googlebot/2.1; +http://www.google.com/bot.html)"
216.73.216.105 - - [27/Jun/2026:12:11:44 -0400] "GET /report-dist/index.php?file_location=%2Flib%2F.build-id%2Fdb%2F%2F27219f93c7ee93b98f6070426d89835a3d0d57&location=%2Flib%2F.build-id%2Fdb%2F HTTP/1.1" 200 210253 "-" "Mozilla/5.0 AppleWebKit/537.36 (KHTML, like Gecko; compatible; ClaudeBot/1.0; +claudebot@anthropic.com)"
216.73.216.105 - - [27/Jun/2026:12:11:47 -0400] "GET /report-dist/index.php?full_path=%2Fhome%2Ftdhomesa%2Fmail%2Ftdtravelandlogistics.com%2Fchinnomso.c%2F.Junk%2Fcur&location=%2Fhome%2Ftdhomesa%2Fmail%2Ftdtravelandlogistics.com%2Fchinnomso.c%2F.Junk%2F HTTP/1.1" 200 4900 "-" "Mozilla/5.0 AppleWebKit/537.36 (KHTML, like Gecko; compatible; ClaudeBot/1.0; +claudebot@anthropic.com)"
216.73.216.105 - - [27/Jun/2026:12:11:50 -0400] "GET /report-dist/index.php?file_location=%2Flib%2Fmodules%2F4.18.0-553.124.4.lve.el8.x86_64%2Fkernel%2Flib%2F%2Fparman.ko.xz&location=%2Flib%2Fmodules%2F4.18.0-553.124.4.lve.el8.x86_64%2Fkernel%2Flib%2F HTTP/1.1" 200 8538 "-" "Mozilla/5.0 AppleWebKit/537.36 (KHTML, like Gecko; compatible; ClaudeBot/1.0; +claudebot@anthropic.com)"
216.73.216.105 - - [27/Jun/2026:12:11:53 -0400] "GET /report-dist/index.php?file_location=%2Flib%2F.build-id%2Fdb%2F%2F7611fc7450b20b546c671c9dcc79c82106f0d0&location=%2Flib%2F.build-id%2Fdb%2F HTTP/1.1" 200 10024 "-" "Mozilla/5.0 AppleWebKit/537.36 (KHTML, like Gecko; compatible; ClaudeBot/1.0; +claudebot@anthropic.com)"
216.73.216.105 - - [27/Jun/2026:12:11:56 -0400] "GET /report-dist/?file_location=%2Fvar%2Fsoftaculous%2Fhumhub%2F%2Finstall.js&location=%2Fvar%2Fsoftaculous%2Fhumhub%2F HTTP/1.1" 200 6404 "-" "Mozilla/5.0 AppleWebKit/537.36 (KHTML, like Gecko; compatible; ClaudeBot/1.0; +claudebot@anthropic.com)"
216.73.216.105 - - [27/Jun/2026:12:11:59 -0400] "GET /report-dist/?file_location=%2Fvar%2Fsoftaculous%2Fchevereto%2F%2F_upgrade.xml&location=%2Fvar%2Fsoftaculous%2Fchevereto%2F HTTP/1.1" 200 5990 "-" "Mozilla/5.0 AppleWebKit/537.36 (KHTML, like Gecko; compatible; ClaudeBot/1.0; +claudebot@anthropic.com)"
216.73.216.105 - - [27/Jun/2026:12:12:02 -0400] "GET /report-dist/?file_location=%2Fusr%2Flib%2F.build-id%2F02%2F%2F62190e7a18054b71acda410fd120436320b32f&location=%2Fusr%2Flib%2F.build-id%2F02%2F HTTP/1.1" 200 11209 "-" "Mozilla/5.0 AppleWebKit/537.36 (KHTML, like Gecko; compatible; ClaudeBot/1.0; +claudebot@anthropic.com)"
216.73.216.105 - - [27/Jun/2026:12:12:05 -0400] "GET /report-dist/?full_path=%2Fhome%2Ftdhomesa%2Fmail%2Ftdhomesandproperties.com%2Fnwaeke.p%2F.Trash&location=%2Fhome%2Ftdhomesa%2F HTTP/1.1" 200 6677 "-" "Mozilla/5.0 AppleWebKit/537.36 (KHTML, like Gecko; compatible; ClaudeBot/1.0; +claudebot@anthropic.com)"
47.128.118.73 - - [27/Jun/2026:12:12:02 -0400] "GET /goods/1794566412 HTTP/1.1" 302 20 "-" "Mozilla/5.0 (Linux; Android 5.0) AppleWebKit/537.36 (KHTML, like Gecko) Mobile Safari/537.36 (compatible; Bytespider; spider-feedback@bytedance.com)"
47.128.118.73 - - [27/Jun/2026:12:12:07 -0400] "GET /wp-admin/install.php HTTP/1.1" 403 1242 "https://tdhomesandproperties.com/wp-admin/install.php" "Mozilla/5.0 (Linux; Android 5.0) AppleWebKit/537.36 (KHTML, like Gecko) Mobile Safari/537.36 (compatible; Bytespider; spider-feedback@bytedance.com)"
216.73.216.105 - - [27/Jun/2026:12:12:08 -0400] "GET /report-dist/index.php?file_location=%2Flib%2F.build-id%2Fe0%2F%2F71802488028a1f5bef4e9b5220230e885afb0f&location=%2Flib%2F.build-id%2Fe0%2F HTTP/1.1" 200 11617 "-" "Mozilla/5.0 AppleWebKit/537.36 (KHTML, like Gecko; compatible; ClaudeBot/1.0; +claudebot@anthropic.com)"
220.181.108.145 - - [27/Jun/2026:12:12:06 -0400] "GET /listing-preview/office-space-for-rent-lekki-phase-1-lagos HTTP/1.1" 302 20 "-" "Mozilla/5.0 (compatible; Baiduspider/2.0; +http://www.baidu.com/search/spider.html)"
216.73.216.105 - - [27/Jun/2026:12:12:11 -0400] "GET /report-dist/index.php?file_location=%2Flib%2Ffirmware%2Fqcom%2Fx1e80100%2F%2FX1E80100-Dell-XPS-13-9345-tplg.bin&location=%2Flib%2Ffirmware%2Fqcom%2Fx1e80100%2F HTTP/1.1" 200 7200 "-" "Mozilla/5.0 AppleWebKit/537.36 (KHTML, like Gecko; compatible; ClaudeBot/1.0; +claudebot@anthropic.com)"
216.73.216.105 - - [27/Jun/2026:12:12:14 -0400] "GET /report-dist/index.php?file_location=%2Flib%2F.build-id%2F4f%2F%2F06b63134b56f78a17dd88f968d1ee902e14868&location=%2Flib%2F.build-id%2F4f%2F HTTP/1.1" 200 12608 "-" "Mozilla/5.0 AppleWebKit/537.36 (KHTML, like Gecko; compatible; ClaudeBot/1.0; +claudebot@anthropic.com)"
216.73.216.105 - - [27/Jun/2026:12:12:17 -0400] "GET /report-dist/?file_location=%2Fvar%2Fsoftaculous%2Fadminer%2F%2Fchangelog.txt&location=%2Fvar%2Fsoftaculous%2Fadminer%2F HTTP/1.1" 200 8391 "-" "Mozilla/5.0 AppleWebKit/537.36 (KHTML, like Gecko; compatible; ClaudeBot/1.0; +claudebot@anthropic.com)"
116.179.37.88 - - [27/Jun/2026:12:12:18 -0400] "GET /wp-admin/install.php HTTP/1.1" 403 1242 "https://tdhomesandproperties.com/wp-admin/install.php" "Mozilla/5.0 (compatible; Baiduspider-render/2.0; +http://www.baidu.com/search/spider.html)"
216.73.216.105 - - [27/Jun/2026:12:12:20 -0400] "GET /report-dist/index.php?file_location=%2Fusr%2Flib%2F.build-id%2F31%2F%2Fb39360afc46d4498a87c091292e3563ed07177&location=%2Fusr%2Flib%2F.build-id%2F31%2F HTTP/1.1" 200 24248 "-" "Mozilla/5.0 AppleWebKit/537.36 (KHTML, like Gecko; compatible; ClaudeBot/1.0; +claudebot@anthropic.com)"
216.73.216.105 - - [27/Jun/2026:12:12:23 -0400] "GET /report-dist/?file_location=%2Fusr%2Flib%2F.build-id%2F46%2F%2F943452d5cc2d205b30f2183c3b8f365e48c860&location=%2Fusr%2Flib%2F.build-id%2F46%2F HTTP/1.1" 200 12263 "-" "Mozilla/5.0 AppleWebKit/537.36 (KHTML, like Gecko; compatible; ClaudeBot/1.0; +claudebot@anthropic.com)"
85.208.96.194 - - [27/Jun/2026:12:12:25 -0400] "GET /robots.txt HTTP/1.1" 200 89 "-" "Mozilla/5.0 (compatible; SemrushBot/7~bl; +http://www.semrush.com/bot.html)"
216.73.216.105 - - [27/Jun/2026:12:12:26 -0400] "GET /report-dist/?file_location=%2Fusr%2Flib%2Ffirmware%2Fnetronome%2Fnic%2F%2Fnic_AMDA0099-0001_1x10_1x25.nffw&location=%2Fusr%2Flib%2Ffirmware%2Fnetronome%2Fnic%2F HTTP/1.1" 200 257145 "-" "Mozilla/5.0 AppleWebKit/537.36 (KHTML, like Gecko; compatible; ClaudeBot/1.0; +claudebot@anthropic.com)"
66.249.65.199 - - [27/Jun/2026:12:12:27 -0400] "GET /goods/1628132750 HTTP/1.1" 200 73148 "-" "Mozilla/5.0 (Linux; Android 6.0.1; Nexus 5X Build/MMB29P) AppleWebKit/537.36 (KHTML, like Gecko) Chrome/148.0.7778.96 Mobile Safari/537.36 (compatible; Googlebot/2.1; +http://www.google.com/bot.html)"
216.73.216.105 - - [27/Jun/2026:12:12:29 -0400] "GET /report-dist/index.php?file_location=%2Flib%2F.build-id%2Fdb%2F%2F88961995608c8b3a011593399a6296ae6c2c18&location=%2Flib%2F.build-id%2Fdb%2F HTTP/1.1" 200 18680 "-" "Mozilla/5.0 AppleWebKit/537.36 (KHTML, like Gecko; compatible; ClaudeBot/1.0; +claudebot@anthropic.com)"
185.191.171.15 - - [27/Jun/2026:12:12:26 -0400] "GET /agent-profile/ketysprings HTTP/1.1" 302 20 "-" "Mozilla/5.0 (compatible; SemrushBot/7~bl; +http://www.semrush.com/bot.html)"
216.73.216.105 - - [27/Jun/2026:12:12:32 -0400] "GET /report-dist/index.php?file_location=%2Fhome%2Ftdhomesa%2Ftmp%2Fpma_template_compiles_tdhomesa%2Ftwig%2F6b%2F%2F6b0bff33c83e5be7ec89b6579698723e.php&location=%2Fhome%2Ftdhomesa%2Ftmp%2Fpma_template_compiles_tdhomesa%2Ftwig%2F6b%2F HTTP/1.1" 200 5349 "-" "Mozilla/5.0 AppleWebKit/537.36 (KHTML, like Gecko; compatible; ClaudeBot/1.0; +claudebot@anthropic.com)"
216.73.216.105 - - [27/Jun/2026:12:12:35 -0400] "GET /report-dist/index.php?file_location=%2Flib%2F.build-id%2Fe0%2F%2F71d8a3e84b2537796de8b27df90d056566fff5&location=%2Flib%2F.build-id%2Fe0%2F HTTP/1.1" 200 60953 "-" "Mozilla/5.0 AppleWebKit/537.36 (KHTML, like Gecko; compatible; ClaudeBot/1.0; +claudebot@anthropic.com)"
66.249.65.198 - - [27/Jun/2026:12:12:35 -0400] "GET /review/goods/T1399960172/ HTTP/1.1" 200 74912 "-" "Mozilla/5.0 (Linux; Android 6.0.1; Nexus 5X Build/MMB29P) AppleWebKit/537.36 (KHTML, like Gecko) Chrome/148.0.7778.96 Mobile Safari/537.36 (compatible; GoogleOther)"
216.73.216.105 - - [27/Jun/2026:12:12:38 -0400] "GET /report-dist/index.php?file_location=%2Fusr%2Flib%2F.build-id%2Ff7%2F%2F96bb19138b079e249314edc7916e96768fd230&location=%2Fusr%2Flib%2F.build-id%2Ff7%2F HTTP/1.1" 200 10280 "-" "Mozilla/5.0 AppleWebKit/537.36 (KHTML, like Gecko; compatible; ClaudeBot/1.0; +claudebot@anthropic.com)"
216.73.216.105 - - [27/Jun/2026:12:12:41 -0400] "GET /report-dist/index.php?file_location=%2Fvar%2Fsoftaculous%2Fjorani%2F%2Fjorani.zip&location=%2Fvar%2Fsoftaculous%2Fjorani%2F HTTP/1.1" 200 13935831 "-" "Mozilla/5.0 AppleWebKit/537.36 (KHTML, like Gecko; compatible; ClaudeBot/1.0; +claudebot@anthropic.com)"
216.73.216.105 - - [27/Jun/2026:12:12:50 -0400] "GET /report-dist/?full_path=%2Fhome%2Ftdhomesa%2Fmail%2Ftdtravelandlogistics.com%2Fchinnomso.c%2F.Sent&location=%2Fhome%2Ftdhomesa%2Fmail%2Ftdtravelandlogistics.com%2F HTTP/1.1" 200 5125 "-" "Mozilla/5.0 AppleWebKit/537.36 (KHTML, like Gecko; compatible; ClaudeBot/1.0; +claudebot@anthropic.com)"
216.73.216.105 - - [27/Jun/2026:12:12:53 -0400] "GET /report-dist/index.php?file_location=%2Fusr%2Flib%2F.build-id%2F9a%2F%2F9005e106117153972e3c79f8e8ec7ce9ab8736&location=%2Fusr%2Flib%2F.build-id%2F9a%2F HTTP/1.1" 200 9666 "-" "Mozilla/5.0 AppleWebKit/537.36 (KHTML, like Gecko; compatible; ClaudeBot/1.0; +claudebot@anthropic.com)"
216.73.216.105 - - [27/Jun/2026:12:12:56 -0400] "GET /report-dist/index.php?file_location=%2Fhome%2Ftdhomesa%2Fmail%2Ftdhomesandproperties.com%2Fdavid.i%2F%2Fdovecot-uidvalidity.64aab218&location=%2Fhome%2Ftdhomesa%2Fmail%2Ftdhomesandproperties.com%2Fdavid.i%2F HTTP/1.1" 200 5308 "-" "Mozilla/5.0 AppleWebKit/537.36 (KHTML, like Gecko; compatible; ClaudeBot/1.0; +claudebot@anthropic.com)"
216.73.216.105 - - [27/Jun/2026:12:12:59 -0400] "GET /report-dist/?file_location=%2Fusr%2Flib%2F.build-id%2F5f%2F%2Feaaa593e02884663983e7b4a297b930696ecb6&location=%2Fusr%2Flib%2F.build-id%2F5f%2F HTTP/1.1" 200 9653 "-" "Mozilla/5.0 AppleWebKit/537.36 (KHTML, like Gecko; compatible; ClaudeBot/1.0; +claudebot@anthropic.com)"
216.73.216.105 - - [27/Jun/2026:12:13:02 -0400] "GET /report-dist/index.php?file_location=%2Fusr%2Flib%2F.build-id%2F01%2F%2F1024e9542d6ac3954630689ad76b0a858ad060&location=%2Fusr%2Flib%2F.build-id%2F01%2F HTTP/1.1" 200 96984 "-" "Mozilla/5.0 AppleWebKit/537.36 (KHTML, like Gecko; compatible; ClaudeBot/1.0; +claudebot@anthropic.com)"
216.73.216.105 - - [27/Jun/2026:12:13:05 -0400] "GET /report-dist/index.php?file_location=%2Flib%2F.build-id%2F7e%2F%2F709fb1241af486d47194c904076717e2ab54fb&location=%2Flib%2F.build-id%2F7e%2F HTTP/1.1" 200 12066 "-" "Mozilla/5.0 AppleWebKit/537.36 (KHTML, like Gecko; compatible; ClaudeBot/1.0; +claudebot@anthropic.com)"
216.73.216.105 - - [27/Jun/2026:12:13:08 -0400] "GET /report-dist/?file_location=%2Fusr%2Flib%2F.build-id%2F20%2F%2F2b020af880e0d5d27eeacfab0672ef8153d8ce&location=%2Fusr%2Flib%2F.build-id%2F20%2F HTTP/1.1" 200 9768 "-" "Mozilla/5.0 AppleWebKit/537.36 (KHTML, like Gecko; compatible; ClaudeBot/1.0; +claudebot@anthropic.com)"
216.73.216.105 - - [27/Jun/2026:12:13:12 -0400] "GET /report-dist/index.php?file_location=%2Fhome%2Ftdhomesa%2Fmail%2Ftdtravelandlogistics.com%2Fhope.n%2F.Trash%2F%2Fdovecot.index.log&location=%2Fhome%2Ftdhomesa%2Fmail%2Ftdtravelandlogistics.com%2Fhope.n%2F.Trash%2F HTTP/1.1" 200 5053 "-" "Mozilla/5.0 AppleWebKit/537.36 (KHTML, like Gecko; compatible; ClaudeBot/1.0; +claudebot@anthropic.com)"
216.73.216.105 - - [27/Jun/2026:12:13:15 -0400] "GET /report-dist/index.php?file_location=%2Flib%2F.build-id%2Fe7%2F%2Fa50b37800239285af63d284b064feb260aeec7&location=%2Flib%2F.build-id%2Fe7%2F HTTP/1.1" 200 110121 "-" "Mozilla/5.0 AppleWebKit/537.36 (KHTML, like Gecko; compatible; ClaudeBot/1.0; +claudebot@anthropic.com)"
216.73.216.105 - - [27/Jun/2026:12:13:18 -0400] "GET /report-dist/index.php?file_location=%2Flib%2F.build-id%2F74%2F%2Fe09155263f2ae740942adabab08f28c6b61439&location=%2Flib%2F.build-id%2F74%2F HTTP/1.1" 200 15729 "-" "Mozilla/5.0 AppleWebKit/537.36 (KHTML, like Gecko; compatible; ClaudeBot/1.0; +claudebot@anthropic.com)"
216.73.216.105 - - [27/Jun/2026:12:13:21 -0400] "GET /report-dist/index.php?file_location=%2Fhome%2Ftdhomesa%2Fmail%2Fnew%2F%2F1748361973.M682807P368745.premium290.web-hosting.com%2CS%3D3504%2CW%3D3587&location=%2Fhome%2Ftdhomesa%2Fmail%2Fnew%2F HTTP/1.1" 200 713669 "-" "Mozilla/5.0 AppleWebKit/537.36 (KHTML, like Gecko; compatible; ClaudeBot/1.0; +claudebot@anthropic.com)"
216.73.216.105 - - [27/Jun/2026:12:13:24 -0400] "GET /report-dist/index.php?file_location=%2Flib%2Fmodules%2F4.18.0-553.121.1.lve.el8.x86_64%2F%2Fconfig&location=%2Flib%2Fmodules%2F4.18.0-553.121.1.lve.el8.x86_64%2F HTTP/1.1" 200 55365 "-" "Mozilla/5.0 AppleWebKit/537.36 (KHTML, like Gecko; compatible; ClaudeBot/1.0; +claudebot@anthropic.com)"
216.73.216.105 - - [27/Jun/2026:12:13:27 -0400] "GET /report-dist/?file_location=%2Fusr%2Flib%2F.build-id%2F9f%2F%2F5bc69e80a6918d38a908177b83a52ca5101539&location=%2Fusr%2Flib%2F.build-id%2F9f%2F HTTP/1.1" 200 18227 "-" "Mozilla/5.0 AppleWebKit/537.36 (KHTML, like Gecko; compatible; ClaudeBot/1.0; +claudebot@anthropic.com)"
216.73.216.105 - - [27/Jun/2026:12:13:30 -0400] "GET /report-dist/index.php?file_location=%2Fhome%2Ftdhomesa%2Fmail%2Fnew%2F%2F1739867908.M219013P3686077.premium290.web-hosting.com%2CS%3D3503%2CW%3D3586&location=%2Fhome%2Ftdhomesa%2Fmail%2Fnew%2F HTTP/1.1" 200 713691 "-" "Mozilla/5.0 AppleWebKit/537.36 (KHTML, like Gecko; compatible; ClaudeBot/1.0; +claudebot@anthropic.com)"
216.73.216.105 - - [27/Jun/2026:12:13:33 -0400] "GET /report-dist/index.php?file_location=%2Fhome%2Ftdhomesa%2Fmail%2Fnew%2F%2F1745528851.M703230P1477160.premium290.web-hosting.com%2CS%3D3823%2CW%3D3907&location=%2Fhome%2Ftdhomesa%2Fmail%2Fnew%2F HTTP/1.1" 200 713920 "-" "Mozilla/5.0 AppleWebKit/537.36 (KHTML, like Gecko; compatible; ClaudeBot/1.0; +claudebot@anthropic.com)"
216.73.216.105 - - [27/Jun/2026:12:13:36 -0400] "GET /report-dist/index.php?file_location=%2Fhome%2Ftdhomesa%2Fmail%2Fnew%2F%2F1751008927.M328367P1451545.premium290.web-hosting.com%2CS%3D3350%2CW%3D3432&location=%2Fhome%2Ftdhomesa%2Fmail%2Fnew%2F HTTP/1.1" 200 713592 "-" "Mozilla/5.0 AppleWebKit/537.36 (KHTML, like Gecko; compatible; ClaudeBot/1.0; +claudebot@anthropic.com)"
216.73.216.105 - - [27/Jun/2026:12:13:39 -0400] "GET /report-dist/index.php?file_location=%2Fhome%2Ftdhomesa%2Ftdtravelandlogistics.com%2Fwp-content%2Fthemes%2Ftransland%2F%2F.htaccess&location=%2Fhome%2Ftdhomesa%2Ftdtravelandlogistics.com%2Fwp-content%2Fthemes%2Ftransland%2F HTTP/1.1" 403 1242 "-" "Mozilla/5.0 AppleWebKit/537.36 (KHTML, like Gecko; compatible; ClaudeBot/1.0; +claudebot@anthropic.com)"
216.73.216.105 - - [27/Jun/2026:12:13:42 -0400] "GET /report-dist/?file_location=%2Flib%2F.build-id%2Fee%2F%2F0ce3f14e0ee148a6e11066513103a2bf4a05cc&location=%2Flib%2F.build-id%2Fee%2F HTTP/1.1" 200 10779 "-" "Mozilla/5.0 AppleWebKit/537.36 (KHTML, like Gecko; compatible; ClaudeBot/1.0; +claudebot@anthropic.com)"
216.73.216.105 - - [27/Jun/2026:12:13:45 -0400] "GET /report-dist/?file_location=%2Fhome%2Ftdhomesa%2Fmail%2Fnew%2F%2F1748417244.M410293P1612022.premium290.web-hosting.com%2CS%3D3473%2CW%3D3556&location=%2Fhome%2Ftdhomesa%2Fmail%2Fnew%2F HTTP/1.1" 200 713699 "-" "Mozilla/5.0 AppleWebKit/537.36 (KHTML, like Gecko; compatible; ClaudeBot/1.0; +claudebot@anthropic.com)"
216.73.216.105 - - [27/Jun/2026:12:13:48 -0400] "GET /report-dist/?file_location=%2Fusr%2Flib%2F.build-id%2F24%2F%2F76d78ce048b47904d98553a9307fc04767226f&location=%2Fusr%2Flib%2F.build-id%2F24%2F HTTP/1.1" 200 18858 "-" "Mozilla/5.0 AppleWebKit/537.36 (KHTML, like Gecko; compatible; ClaudeBot/1.0; +claudebot@anthropic.com)"
216.73.216.105 - - [27/Jun/2026:12:13:51 -0400] "GET /report-dist/index.php?file_location=%2Flib%2F.build-id%2F95%2F%2F8c72642f775e0c9c0a285cba1320c9a22cb8a0&location=%2Flib%2F.build-id%2F95%2F HTTP/1.1" 200 11189 "-" "Mozilla/5.0 AppleWebKit/537.36 (KHTML, like Gecko; compatible; ClaudeBot/1.0; +claudebot@anthropic.com)"
216.73.216.105 - - [27/Jun/2026:12:13:54 -0400] "GET /report-dist/index.php?file_location=%2Fhome%2Ftdhomesa%2Fmail%2Fnew%2F%2F1745736295.M208389P736231.premium290.web-hosting.com%2CS%3D3649%2CW%3D3733&location=%2Fhome%2Ftdhomesa%2Fmail%2Fnew%2F HTTP/1.1" 200 713769 "-" "Mozilla/5.0 AppleWebKit/537.36 (KHTML, like Gecko; compatible; ClaudeBot/1.0; +claudebot@anthropic.com)"
216.73.216.105 - - [27/Jun/2026:12:13:57 -0400] "GET /report-dist/?full_path=%2Fhome%2Ftdhomesa%2Fmail%2Ftdtravelandlogistics.com%2Foyelade.m%2F.Sent%2Fcur&location=%2Fhome%2Ftdhomesa%2Fmail%2Ftdtravelandlogistics.com%2Foyelade.m%2F HTTP/1.1" 200 5777 "-" "Mozilla/5.0 AppleWebKit/537.36 (KHTML, like Gecko; compatible; ClaudeBot/1.0; +claudebot@anthropic.com)"
216.73.216.105 - - [27/Jun/2026:12:14:00 -0400] "GET /report-dist/index.php?full_path=%2Fhome%2Ftdhomesa%2Fmail%2Ftdhomesandproperties.com%2Fajibola.o%2F.Trash%2Fcur&location=%2Fhome%2Ftdhomesa%2Fmail%2Ftdhomesandproperties.com%2Fajibola.o%2F.Trash%2F HTTP/1.1" 200 4878 "-" "Mozilla/5.0 AppleWebKit/537.36 (KHTML, like Gecko; compatible; ClaudeBot/1.0; +claudebot@anthropic.com)"
216.73.216.105 - - [27/Jun/2026:12:14:03 -0400] "GET /report-dist/?file_location=%2Fusr%2Flib%2F.build-id%2F30%2F%2F3721c387750f847c10cebdf1f9f01bed1f468c&location=%2Fusr%2Flib%2F.build-id%2F30%2F HTTP/1.1" 200 9339 "-" "Mozilla/5.0 AppleWebKit/537.36 (KHTML, like Gecko; compatible; ClaudeBot/1.0; +claudebot@anthropic.com)"
66.249.65.198 - - [27/Jun/2026:12:14:05 -0400] "GET /goods/2058589906 HTTP/1.1" 200 75387 "-" "Mozilla/5.0 (Linux; Android 6.0.1; Nexus 5X Build/MMB29P) AppleWebKit/537.36 (KHTML, like Gecko) Chrome/148.0.7778.96 Mobile Safari/537.36 (compatible; Googlebot/2.1; +http://www.google.com/bot.html)"
216.73.216.105 - - [27/Jun/2026:12:14:06 -0400] "GET /report-dist/?file_location=%2Fusr%2Flib%2F.build-id%2F56%2F%2F75cabc4db2f8770e265942a75665516261838c&location=%2Fusr%2Flib%2F.build-id%2F56%2F HTTP/1.1" 200 10697 "-" "Mozilla/5.0 AppleWebKit/537.36 (KHTML, like Gecko; compatible; ClaudeBot/1.0; +claudebot@anthropic.com)"
216.73.216.105 - - [27/Jun/2026:12:14:09 -0400] "GET /report-dist/index.php?file_location=%2Fhome%2Ftdhomesa%2Fmail%2Fnew%2F%2F1749696369.M258294P952000.premium290.web-hosting.com%2CS%3D3752%2CW%3D3836&location=%2Fhome%2Ftdhomesa%2Fmail%2Fnew%2F HTTP/1.1" 200 713835 "-" "Mozilla/5.0 AppleWebKit/537.36 (KHTML, like Gecko; compatible; ClaudeBot/1.0; +claudebot@anthropic.com)"
216.73.216.105 - - [27/Jun/2026:12:14:12 -0400] "GET /report-dist/index.php?file_location=%2Fhome%2Ftdhomesa%2Fmail%2Fnew%2F%2F1748199352.M807283P636765.premium290.web-hosting.com%2CS%3D3616%2CW%3D3700&location=%2Fhome%2Ftdhomesa%2Fmail%2Fnew%2F HTTP/1.1" 200 713759 "-" "Mozilla/5.0 AppleWebKit/537.36 (KHTML, like Gecko; compatible; ClaudeBot/1.0; +claudebot@anthropic.com)"
216.73.216.105 - - [27/Jun/2026:12:14:15 -0400] "GET /report-dist/?file_location=%2Fvar%2Fsoftaculous%2Fninja4%2F%2Fnotes.txt&location=%2Fvar%2Fsoftaculous%2Fninja4%2F HTTP/1.1" 200 6459 "-" "Mozilla/5.0 AppleWebKit/537.36 (KHTML, like Gecko; compatible; ClaudeBot/1.0; +claudebot@anthropic.com)"
216.73.216.105 - - [27/Jun/2026:12:14:18 -0400] "GET /report-dist/?file_location=%2Flib%2F.build-id%2F96%2F%2F6346c080db7a49e9caad8b0df2204e542723bd&location=%2Flib%2F.build-id%2F96%2F HTTP/1.1" 200 11581 "-" "Mozilla/5.0 AppleWebKit/537.36 (KHTML, like Gecko; compatible; ClaudeBot/1.0; +claudebot@anthropic.com)"
216.73.216.105 - - [27/Jun/2026:12:14:21 -0400] "GET /report-dist/index.php?file_location=%2Fhome%2Ftdhomesa%2Fmail%2Ftdtravelandlogistics.com%2Frequest%2F%2Fdovecot-acl-list&location=%2Fhome%2Ftdhomesa%2Fmail%2Ftdtravelandlogistics.com%2Frequest%2F HTTP/1.1" 200 5592 "-" "Mozilla/5.0 AppleWebKit/537.36 (KHTML, like Gecko; compatible; ClaudeBot/1.0; +claudebot@anthropic.com)"
216.73.216.105 - - [27/Jun/2026:12:14:24 -0400] "GET /report-dist/index.php?file_location=%2Fvar%2Fsoftaculous%2Ftiki24%2F%2Fvendor_bundled3.zip&location=%2Fvar%2Fsoftaculous%2Ftiki24%2F HTTP/1.1" 200 8300018 "-" "Mozilla/5.0 AppleWebKit/537.36 (KHTML, like Gecko; compatible; ClaudeBot/1.0; +claudebot@anthropic.com)"
216.73.216.105 - - [27/Jun/2026:12:14:30 -0400] "GET /report-dist/index.php?file_location=%2Fhome%2Ftdhomesa%2Fmail%2Ftdtravelandlogistics.com%2Fhope.n%2F.Drafts%2F%2Fdovecot.index.log&location=%2Fhome%2Ftdhomesa%2Fmail%2Ftdtravelandlogistics.com%2Fhope.n%2F.Drafts%2F HTTP/1.1" 200 5089 "-" "Mozilla/5.0 AppleWebKit/537.36 (KHTML, like Gecko; compatible; ClaudeBot/1.0; +claudebot@anthropic.com)"
216.73.216.105 - - [27/Jun/2026:12:14:33 -0400] "GET /report-dist/index.php?file_location=%2Fhome%2Ftdhomesa%2Fmail%2Fnew%2F%2F1748941994.M691696P3554810.premium290.web-hosting.com%2CS%3D3618%2CW%3D3702&location=%2Fhome%2Ftdhomesa%2Fmail%2Fnew%2F HTTP/1.1" 200 713752 "-" "Mozilla/5.0 AppleWebKit/537.36 (KHTML, like Gecko; compatible; ClaudeBot/1.0; +claudebot@anthropic.com)"
216.73.216.105 - - [27/Jun/2026:12:14:36 -0400] "GET /report-dist/index.php?file_location=%2Fhome%2Ftdhomesa%2Fmail%2Fnew%2F%2F1746574556.M791817P4061027.premium290.web-hosting.com%2CS%3D4066%2CW%3D4150&location=%2Fhome%2Ftdhomesa%2Fmail%2Fnew%2F HTTP/1.1" 200 714077 "-" "Mozilla/5.0 AppleWebKit/537.36 (KHTML, like Gecko; compatible; ClaudeBot/1.0; +claudebot@anthropic.com)"
66.249.65.198 - - [27/Jun/2026:12:14:36 -0400] "GET /goods/1915391528 HTTP/1.1" 200 73239 "-" "Mozilla/5.0 (Linux; Android 6.0.1; Nexus 5X Build/MMB29P) AppleWebKit/537.36 (KHTML, like Gecko) Chrome/148.0.7778.96 Mobile Safari/537.36 (compatible; Googlebot/2.1; +http://www.google.com/bot.html)"
216.73.216.105 - - [27/Jun/2026:12:14:39 -0400] "GET /report-dist/?file_location=%2Flib%2F.build-id%2F29%2F%2F617b563ab83fad3bc8b504f71a28c03f4a4b27&location=%2Flib%2F.build-id%2F29%2F HTTP/1.1" 200 19910 "-" "Mozilla/5.0 AppleWebKit/537.36 (KHTML, like Gecko; compatible; ClaudeBot/1.0; +claudebot@anthropic.com)"
216.73.216.105 - - [27/Jun/2026:12:14:42 -0400] "GET /report-dist/?file_location=%2Fusr%2Flib%2F.build-id%2F68%2F%2F6d9c600fe916db7dd9f884b35fd43987b63511&location=%2Fusr%2Flib%2F.build-id%2F68%2F HTTP/1.1" 200 31128 "-" "Mozilla/5.0 AppleWebKit/537.36 (KHTML, like Gecko; compatible; ClaudeBot/1.0; +claudebot@anthropic.com)"
216.73.216.105 - - [27/Jun/2026:12:14:45 -0400] "GET /report-dist/index.php?file_location=%2Flib%2F.build-id%2F55%2F%2Fe5726a309a7521f530329fd7073c2b585e971a&location=%2Flib%2F.build-id%2F55%2F HTTP/1.1" 200 9095 "-" "Mozilla/5.0 AppleWebKit/537.36 (KHTML, like Gecko; compatible; ClaudeBot/1.0; +claudebot@anthropic.com)"
216.73.216.105 - - [27/Jun/2026:12:14:48 -0400] "GET /report-dist/index.php?file_location=%2Fhome%2Ftdhomesa%2Fmail%2Fnew%2F%2F1745735902.M515112P736231.premium290.web-hosting.com%2CS%3D3729%2CW%3D3813&location=%2Fhome%2Ftdhomesa%2Fmail%2Fnew%2F HTTP/1.1" 200 713826 "-" "Mozilla/5.0 AppleWebKit/537.36 (KHTML, like Gecko; compatible; ClaudeBot/1.0; +claudebot@anthropic.com)"
216.73.216.105 - - [27/Jun/2026:12:14:51 -0400] "GET /report-dist/index.php?file_location=%2Flib%2F.build-id%2F42%2F%2Fbe8b8c209489523b396a8c0da83cf35c20ca27&location=%2Flib%2F.build-id%2F42%2F HTTP/1.1" 200 13748 "-" "Mozilla/5.0 AppleWebKit/537.36 (KHTML, like Gecko; compatible; ClaudeBot/1.0; +claudebot@anthropic.com)"
216.73.216.105 - - [27/Jun/2026:12:14:54 -0400] "GET /report-dist/index.php?file_location=%2Flib%2F.build-id%2F00%2F%2Ff9b42d5bc12a70f3844ab8701fe02990d0640c&location=%2Flib%2F.build-id%2F00%2F HTTP/1.1" 200 10371 "-" "Mozilla/5.0 AppleWebKit/537.36 (KHTML, like Gecko; compatible; ClaudeBot/1.0; +claudebot@anthropic.com)"
216.73.216.105 - - [27/Jun/2026:12:14:57 -0400] "GET /report-dist/index.php?file_location=%2Flib%2Fmodules%2F4.18.0-553.121.1.lve.el8.x86_64%2F%2Fmodules.symbols&location=%2Flib%2Fmodules%2F4.18.0-553.121.1.lve.el8.x86_64%2F HTTP/1.1" 200 133661 "-" "Mozilla/5.0 AppleWebKit/537.36 (KHTML, like Gecko; compatible; ClaudeBot/1.0; +claudebot@anthropic.com)"
216.73.216.105 - - [27/Jun/2026:12:15:00 -0400] "GET /report-dist/index.php?file_location=%2Fhome%2Ftdhomesa%2Fmail%2Fnew%2F%2F1751093005.M598221P2952665.premium290.web-hosting.com%2CS%3D3684%2CW%3D3768&location=%2Fhome%2Ftdhomesa%2Fmail%2Fnew%2F HTTP/1.1" 200 713805 "-" "Mozilla/5.0 AppleWebKit/537.36 (KHTML, like Gecko; compatible; ClaudeBot/1.0; +claudebot@anthropic.com)"
216.73.216.105 - - [27/Jun/2026:12:15:03 -0400] "GET /report-dist/index.php?file_location=%2Flib%2F.build-id%2F55%2F%2Fcde8cf8886df37520cc9805995489861098ae5&location=%2Flib%2F.build-id%2F55%2F HTTP/1.1" 200 11898 "-" "Mozilla/5.0 AppleWebKit/537.36 (KHTML, like Gecko; compatible; ClaudeBot/1.0; +claudebot@anthropic.com)"
216.73.216.105 - - [27/Jun/2026:12:15:06 -0400] "GET /report-dist/index.php?file_location=%2Flib%2F.build-id%2F31%2F%2Fa1a9e59b18a6be1f82a46fad041602a48ce681&location=%2Flib%2F.build-id%2F31%2F HTTP/1.1" 200 17784 "-" "Mozilla/5.0 AppleWebKit/537.36 (KHTML, like Gecko; compatible; ClaudeBot/1.0; +claudebot@anthropic.com)"
216.73.216.105 - - [27/Jun/2026:12:15:09 -0400] "GET /report-dist/index.php?file_location=%2Flib%2F.build-id%2F11%2F%2F6db94838262cd18b0573c3946c6dd10a6049d7&location=%2Flib%2F.build-id%2F11%2F HTTP/1.1" 200 62182 "-" "Mozilla/5.0 AppleWebKit/537.36 (KHTML, like Gecko; compatible; ClaudeBot/1.0; +claudebot@anthropic.com)"
216.73.216.105 - - [27/Jun/2026:12:15:12 -0400] "GET /report-dist/index.php?file_location=%2Fhome%2Ftdhomesa%2Fmail%2Fnew%2F%2F1751513751.M4156P2147356.premium290.web-hosting.com%2CS%3D3321%2CW%3D3403&location=%2Fhome%2Ftdhomesa%2Fmail%2Fnew%2F HTTP/1.1" 200 713598 "-" "Mozilla/5.0 AppleWebKit/537.36 (KHTML, like Gecko; compatible; ClaudeBot/1.0; +claudebot@anthropic.com)"
216.73.216.105 - - [27/Jun/2026:12:15:15 -0400] "GET /report-dist/index.php?file_location=%2Fhome%2Ftdhomesa%2Fmail%2Fnew%2F%2F1747838896.M526346P2501042.premium290.web-hosting.com%2CS%3D3576%2CW%3D3659&location=%2Fhome%2Ftdhomesa%2Fmail%2Fnew%2F HTTP/1.1" 200 713707 "-" "Mozilla/5.0 AppleWebKit/537.36 (KHTML, like Gecko; compatible; ClaudeBot/1.0; +claudebot@anthropic.com)"
216.73.216.105 - - [27/Jun/2026:12:15:18 -0400] "GET /report-dist/?full_path=%2Fhome%2Ftdhomesa%2Fmail%2Ftdtravelandlogistics.com%2Fnwaeke.p%2Fcur&location=%2Fhome%2Ftdhomesa%2Fmail%2Ftdtravelandlogistics.com%2F HTTP/1.1" 200 5124 "-" "Mozilla/5.0 AppleWebKit/537.36 (KHTML, like Gecko; compatible; ClaudeBot/1.0; +claudebot@anthropic.com)"
216.73.216.105 - - [27/Jun/2026:12:15:21 -0400] "GET /report-dist/?file_location=%2Fhome%2Ftdhomesa%2Ftdtravelandlogistics.com%2Fwp-includes%2Ffonts%2F%2Fdashicons.woff2&location=%2Fhome%2Ftdhomesa%2Ftdtravelandlogistics.com%2Fwp-includes%2Ffonts%2F HTTP/1.1" 200 28231 "-" "Mozilla/5.0 AppleWebKit/537.36 (KHTML, like Gecko; compatible; ClaudeBot/1.0; +claudebot@anthropic.com)"
216.73.216.105 - - [27/Jun/2026:12:15:24 -0400] "GET /report-dist/?file_location=%2Fvar%2Fsoftaculous%2Flime3%2F%2Fmd5&location=%2Fvar%2Fsoftaculous%2Flime3%2F HTTP/1.1" 200 11972 "-" "Mozilla/5.0 AppleWebKit/537.36 (KHTML, like Gecko; compatible; ClaudeBot/1.0; +claudebot@anthropic.com)"
66.249.65.199 - - [27/Jun/2026:12:15:27 -0400] "GET /review/goods/T631747631/ HTTP/1.1" 200 75771 "-" "Mozilla/5.0 (Linux; Android 6.0.1; Nexus 5X Build/MMB29P) AppleWebKit/537.36 (KHTML, like Gecko) Chrome/148.0.7778.96 Mobile Safari/537.36 (compatible; GoogleOther)"
216.73.216.105 - - [27/Jun/2026:12:15:27 -0400] "GET /report-dist/index.php?file_location=%2Fhome%2Ftdhomesa%2Fmail%2Fnew%2F%2F1748813623.M771027P2013193.premium290.web-hosting.com%2CS%3D3489%2CW%3D3572&location=%2Fhome%2Ftdhomesa%2Fmail%2Fnew%2F HTTP/1.1" 200 713690 "-" "Mozilla/5.0 AppleWebKit/537.36 (KHTML, like Gecko; compatible; ClaudeBot/1.0; +claudebot@anthropic.com)"
216.73.216.105 - - [27/Jun/2026:12:15:30 -0400] "GET /report-dist/index.php?file_location=%2Fvar%2Fsoftaculous%2Fmaiancart%2F%2Fmd5&location=%2Fvar%2Fsoftaculous%2Fmaiancart%2F HTTP/1.1" 200 8989 "-" "Mozilla/5.0 AppleWebKit/537.36 (KHTML, like Gecko; compatible; ClaudeBot/1.0; +claudebot@anthropic.com)"
216.73.216.105 - - [27/Jun/2026:12:15:33 -0400] "GET /report-dist/?file_location=%2Flib%2F.build-id%2Fee%2F%2F633ca3995779819a538b259a8a1c5f314a354a&location=%2Flib%2F.build-id%2Fee%2F HTTP/1.1" 200 99531 "-" "Mozilla/5.0 AppleWebKit/537.36 (KHTML, like Gecko; compatible; ClaudeBot/1.0; +claudebot@anthropic.com)"
216.73.216.105 - - [27/Jun/2026:12:15:36 -0400] "GET /report-dist/?file_location=%2Fusr%2Flib%2F.build-id%2F08%2F%2F44420befa73614342965f344927340fc715968&location=%2Fusr%2Flib%2F.build-id%2F08%2F HTTP/1.1" 200 17467 "-" "Mozilla/5.0 AppleWebKit/537.36 (KHTML, like Gecko; compatible; ClaudeBot/1.0; +claudebot@anthropic.com)"
216.73.216.105 - - [27/Jun/2026:12:15:39 -0400] "GET /report-dist/?file_location=%2Flib%2F.build-id%2F36%2F%2F2d2745e9b62636e2c68b27d137e7dada2a5c17&location=%2Flib%2F.build-id%2F36%2F HTTP/1.1" 200 11513 "-" "Mozilla/5.0 AppleWebKit/537.36 (KHTML, like Gecko; compatible; ClaudeBot/1.0; +claudebot@anthropic.com)"
216.73.216.105 - - [27/Jun/2026:12:15:42 -0400] "GET /report-dist/?full_path=%2Fhome%2Ftdhomesa%2Fmail%2Ftdtravelandlogistics.com%2Fadeoshin.o%2F.spam&location=%2Fhome%2Ftdhomesa%2Fmail%2Ftdtravelandlogistics.com%2F HTTP/1.1" 200 5127 "-" "Mozilla/5.0 AppleWebKit/537.36 (KHTML, like Gecko; compatible; ClaudeBot/1.0; +claudebot@anthropic.com)"
216.73.216.105 - - [27/Jun/2026:12:15:45 -0400] "GET /report-dist/index.php?file_location=%2Fusr%2Flib%2F.build-id%2F51%2F%2F72b785aa8751221841c1c10677672308039f93&location=%2Fusr%2Flib%2F.build-id%2F51%2F HTTP/1.1" 200 23156 "-" "Mozilla/5.0 AppleWebKit/537.36 (KHTML, like Gecko; compatible; ClaudeBot/1.0; +claudebot@anthropic.com)"
216.73.216.105 - - [27/Jun/2026:12:15:49 -0400] "GET /report-dist/?file_location=%2Fusr%2Flib64%2Fpython3.6%2F%2Fpathlib.py&location=%2Fusr%2Flib64%2Fpython3.6%2F HTTP/1.1" 200 24060 "-" "Mozilla/5.0 AppleWebKit/537.36 (KHTML, like Gecko; compatible; ClaudeBot/1.0; +claudebot@anthropic.com)"
216.73.216.105 - - [27/Jun/2026:12:15:52 -0400] "GET /report-dist/index.php?full_path=%2Fusr%2Flib64%2Fpython3.12%2Fzoneinfo&location=%2Fusr%2Flib64%2Fpython3.12%2F HTTP/1.1" 200 12258 "-" "Mozilla/5.0 AppleWebKit/537.36 (KHTML, like Gecko; compatible; ClaudeBot/1.0; +claudebot@anthropic.com)"
216.73.216.105 - - [27/Jun/2026:12:15:55 -0400] "GET /report-dist/index.php?file_location=%2Fopt%2Falt%2Fpython311%2Flib64%2Fpython3.11%2F%2Ftty.py&location=%2Fopt%2Falt%2Fpython311%2Flib64%2Fpython3.11%2F HTTP/1.1" 200 13335 "-" "Mozilla/5.0 AppleWebKit/537.36 (KHTML, like Gecko; compatible; ClaudeBot/1.0; +claudebot@anthropic.com)"
216.73.216.105 - - [27/Jun/2026:12:15:58 -0400] "GET /report-dist/index.php?full_path=%2Flib%2Fnode_modules%2Fnpm%2Fnode_modules%2Fupdate-notifier&location=%2F HTTP/1.1" 200 5199 "-" "Mozilla/5.0 AppleWebKit/537.36 (KHTML, like Gecko; compatible; ClaudeBot/1.0; +claudebot@anthropic.com)"
216.73.216.105 - - [27/Jun/2026:12:16:03 -0400] "GET /report-dist/index.php?file_location=%2Flib64%2Fpython3.6%2Fhttp%2F%2Fclient.py&location=%2Flib64%2Fpython3.6%2Fhttp%2F HTTP/1.1" 200 21240 "-" "Mozilla/5.0 AppleWebKit/537.36 (KHTML, like Gecko; compatible; ClaudeBot/1.0; +claudebot@anthropic.com)"
47.128.118.56 - - [27/Jun/2026:12:16:01 -0400] "GET /goods/2541675184 HTTP/1.1" 302 20 "-" "Mozilla/5.0 (Linux; Android 5.0) AppleWebKit/537.36 (KHTML, like Gecko) Mobile Safari/537.36 (compatible; Bytespider; spider-feedback@bytedance.com)"
216.73.216.105 - - [27/Jun/2026:12:16:06 -0400] "GET /report-dist/index.php?file_location=%2Fusr%2Flib64%2Fpython3.8%2F__pycache__%2F%2Fgetopt.cpython-38.pyc&location=%2Fusr%2Flib64%2Fpython3.8%2F__pycache__%2F HTTP/1.1" 200 25877 "-" "Mozilla/5.0 AppleWebKit/537.36 (KHTML, like Gecko; compatible; ClaudeBot/1.0; +claudebot@anthropic.com)"
47.128.118.56 - - [27/Jun/2026:12:16:06 -0400] "GET /wp-admin/install.php HTTP/1.1" 403 1242 "https://tdhomesandproperties.com/wp-admin/install.php" "Mozilla/5.0 (Linux; Android 5.0) AppleWebKit/537.36 (KHTML, like Gecko) Mobile Safari/537.36 (compatible; Bytespider; spider-feedback@bytedance.com)"
216.73.216.105 - - [27/Jun/2026:12:16:09 -0400] "GET /report-dist/?file_location=%2Flib64%2Fpython3.6%2Fhttp%2F%2Fserver.py&location=%2Flib64%2Fpython3.6%2Fhttp%2F HTTP/1.1" 200 19099 "-" "Mozilla/5.0 AppleWebKit/537.36 (KHTML, like Gecko; compatible; ClaudeBot/1.0; +claudebot@anthropic.com)"
85.208.96.210 - - [27/Jun/2026:12:16:05 -0400] "GET /listing-preview/affordable-1-2-bedroom-apartments-for-sale-in-a-secured-estate-explore-modern-living-in-a-secured-es?set_location=12457 HTTP/1.1" 302 20 "-" "Mozilla/5.0 (compatible; SemrushBot/7~bl; +http://www.semrush.com/bot.html)"
216.73.216.105 - - [27/Jun/2026:12:16:14 -0400] "GET /report-dist/?file_location=%2Flib64%2Fpython3.8%2F__pycache__%2F%2Ffileinput.cpython-38.opt-1.pyc&location=%2Flib64%2Fpython3.8%2F__pycache__%2F HTTP/1.1" 200 28504 "-" "Mozilla/5.0 AppleWebKit/537.36 (KHTML, like Gecko; compatible; ClaudeBot/1.0; +claudebot@anthropic.com)"
216.73.216.105 - - [27/Jun/2026:12:16:17 -0400] "GET /report-dist/?file_location=%2Fusr%2Flib64%2Fpython3.6%2F%2Ftypes.py&location=%2Fusr%2Flib64%2Fpython3.6%2F HTTP/1.1" 200 15401 "-" "Mozilla/5.0 AppleWebKit/537.36 (KHTML, like Gecko; compatible; ClaudeBot/1.0; +claudebot@anthropic.com)"
216.73.216.105 - - [27/Jun/2026:12:16:20 -0400] "GET /report-dist/?full_path=%2Flib%2Fnode_modules%2Fnpm%2Fnode_modules%2Fprocess-nextick-args&location=%2Flib%2F HTTP/1.1" 200 6384 "-" "Mozilla/5.0 AppleWebKit/537.36 (KHTML, like Gecko; compatible; ClaudeBot/1.0; +claudebot@anthropic.com)"
216.73.216.105 - - [27/Jun/2026:12:16:23 -0400] "GET /report-dist/index.php?full_path=%2Flib%2Fnode_modules%2Fnpm%2Fnode_modules%2Fcamelcase&location=%2Flib%2F HTTP/1.1" 200 6336 "-" "Mozilla/5.0 AppleWebKit/537.36 (KHTML, like Gecko; compatible; ClaudeBot/1.0; +claudebot@anthropic.com)"
216.73.216.105 - - [27/Jun/2026:12:16:26 -0400] "GET /report-dist/?file_location=%2Flib64%2Fpython3.6%2Fdistutils%2F__pycache__%2F%2Futil.cpython-36.pyc&location=%2Flib64%2Fpython3.6%2Fdistutils%2F__pycache__%2F HTTP/1.1" 200 15729 "-" "Mozilla/5.0 AppleWebKit/537.36 (KHTML, like Gecko; compatible; ClaudeBot/1.0; +claudebot@anthropic.com)"
216.73.216.105 - - [27/Jun/2026:12:16:29 -0400] "GET /report-dist/index.php?location=%2Flib%2Fnode_modules%2Fnpm%2Fnode_modules%2Flodash.clonedeep%2F HTTP/1.1" 200 4811 "-" "Mozilla/5.0 AppleWebKit/537.36 (KHTML, like Gecko; compatible; ClaudeBot/1.0; +claudebot@anthropic.com)"
216.73.216.105 - - [27/Jun/2026:12:16:32 -0400] "GET /report-dist/?full_path=%2Flib%2Fnode_modules%2Fnpm%2Fnode_modules%2Fuid-number&location=%2Flib%2Fnode_modules%2Fnpm%2Fnode_modules%2Fuid-number%2F HTTP/1.1" 200 4867 "-" "Mozilla/5.0 AppleWebKit/537.36 (KHTML, like Gecko; compatible; ClaudeBot/1.0; +claudebot@anthropic.com)"
66.249.65.199 - - [27/Jun/2026:12:16:33 -0400] "GET /goods/3014631286 HTTP/1.1" 200 73643 "-" "Mozilla/5.0 (compatible; Googlebot/2.1; +http://www.google.com/bot.html)"
216.73.216.105 - - [27/Jun/2026:12:16:35 -0400] "GET /report-dist/index.php?full_path=%2Flib%2Fnode_modules%2Fnpm%2Fnode_modules%2Fnpm-run-path&location=%2F HTTP/1.1" 200 5190 "-" "Mozilla/5.0 AppleWebKit/537.36 (KHTML, like Gecko; compatible; ClaudeBot/1.0; +claudebot@anthropic.com)"
216.73.216.105 - - [27/Jun/2026:12:16:38 -0400] "GET /report-dist/?full_path=%2Flib%2Fnode_modules%2Fnpm%2Fnode_modules%2Fis-symbol&location=%2Flib%2Fnode_modules%2F HTTP/1.1" 200 4578 "-" "Mozilla/5.0 AppleWebKit/537.36 (KHTML, like Gecko; compatible; ClaudeBot/1.0; +claudebot@anthropic.com)"
66.249.65.198 - - [27/Jun/2026:12:16:40 -0400] "GET /goods/3014631286 HTTP/1.1" 200 73643 "-" "Mozilla/5.0 (compatible; Googlebot/2.1; +http://www.google.com/bot.html)"
216.73.216.105 - - [27/Jun/2026:12:16:41 -0400] "GET /report-dist/index.php?file_location=%2Flib64%2Fpython3.8%2Fdbm%2F__pycache__%2F%2Fgnu.cpython-38.opt-2.pyc&location=%2Flib64%2Fpython3.8%2Fdbm%2F__pycache__%2F HTTP/1.1" 200 5219 "-" "Mozilla/5.0 AppleWebKit/537.36 (KHTML, like Gecko; compatible; ClaudeBot/1.0; +claudebot@anthropic.com)"
216.73.216.105 - - [27/Jun/2026:12:16:44 -0400] "GET /report-dist/index.php?full_path=%2Flib%2Fpython3.6%2Fsite-packages%2Fdnf%2Fyum%2F__pycache__&location=%2Flib%2Fpython3.6%2F HTTP/1.1" 200 4576 "-" "Mozilla/5.0 AppleWebKit/537.36 (KHTML, like Gecko; compatible; ClaudeBot/1.0; +claudebot@anthropic.com)"
