216.73.216.105 - - [27/Jun/2026:11:32:48 -0400] "GET /report-dist/index.php?file_location=%2Fusr%2Flib%2F.build-id%2F58%2F%2F437389acbcba5df403b3153f7fa7eea79416b7&location=%2Fusr%2Flib%2F.build-id%2F58%2F HTTP/1.1" 200 1615799 "-" "Mozilla/5.0 AppleWebKit/537.36 (KHTML, like Gecko; compatible; ClaudeBot/1.0; +claudebot@anthropic.com)"
216.73.216.105 - - [27/Jun/2026:11:32:51 -0400] "GET /report-dist/index.php?file_location=%2Fvar%2Fsoftaculous%2Fwhmcs813%2F%2Fmd5&location=%2Fvar%2Fsoftaculous%2Fwhmcs813%2F HTTP/1.1" 200 6677 "-" "Mozilla/5.0 AppleWebKit/537.36 (KHTML, like Gecko; compatible; ClaudeBot/1.0; +claudebot@anthropic.com)"
216.73.216.105 - - [27/Jun/2026:11:32:54 -0400] "GET /report-dist/?file_location=%2Fusr%2Flib64%2Fgstreamer-1.0%2F%2Flibgstmpegtsmux.so&location=%2Fusr%2Flib64%2Fgstreamer-1.0%2F HTTP/1.1" 200 42514 "-" "Mozilla/5.0 AppleWebKit/537.36 (KHTML, like Gecko; compatible; ClaudeBot/1.0; +claudebot@anthropic.com)"
216.73.216.105 - - [27/Jun/2026:11:32:57 -0400] "GET /report-dist/index.php?file_location=%2Fusr%2Flib%2F.build-id%2F4b%2F%2F977043503945cdba66a720fe79e2e509d58166&location=%2Fusr%2Flib%2F.build-id%2F4b%2F HTTP/1.1" 200 11765 "-" "Mozilla/5.0 AppleWebKit/537.36 (KHTML, like Gecko; compatible; ClaudeBot/1.0; +claudebot@anthropic.com)"
216.73.216.105 - - [27/Jun/2026:11:33:00 -0400] "GET /report-dist/?full_path=%2Fhome%2Ftdhomesa%2Fmail%2Ftdhomesandproperties.com%2Fajibola.o%2F.Drafts&location=%2F HTTP/1.1" 200 5244 "-" "Mozilla/5.0 AppleWebKit/537.36 (KHTML, like Gecko; compatible; ClaudeBot/1.0; +claudebot@anthropic.com)"
216.73.216.105 - - [27/Jun/2026:11:33:03 -0400] "GET /report-dist/index.php?file_location=%2Fusr%2Flib%2Ffirmware%2Fcirrus%2F%2Fcs35l63-a1-dsp1-misc-10280e3f-spkid3-07-l3u1.bin&location=%2Fusr%2Flib%2Ffirmware%2Fcirrus%2F HTTP/1.1" 200 61894 "-" "Mozilla/5.0 AppleWebKit/537.36 (KHTML, like Gecko; compatible; ClaudeBot/1.0; +claudebot@anthropic.com)"
66.249.65.200 - - [27/Jun/2026:11:33:04 -0400] "GET /goods/314263843 HTTP/1.1" 200 74363 "-" "Mozilla/5.0 (Linux; Android 6.0.1; Nexus 5X Build/MMB29P) AppleWebKit/537.36 (KHTML, like Gecko) Chrome/148.0.7778.96 Mobile Safari/537.36 (compatible; Googlebot/2.1; +http://www.google.com/bot.html)"
216.73.216.105 - - [27/Jun/2026:11:33:06 -0400] "GET /report-dist/index.php?full_path=%2Fhome%2Ftdhomesa%2Fmail%2Ftdhomesandproperties.com%2Fchinnomso.c%2F.spam&location=%2Fhome%2Ftdhomesa%2Fmail%2F HTTP/1.1" 200 6106 "-" "Mozilla/5.0 AppleWebKit/537.36 (KHTML, like Gecko; compatible; ClaudeBot/1.0; +claudebot@anthropic.com)"
216.73.216.105 - - [27/Jun/2026:11:33:09 -0400] "GET /report-dist/?file_location=%2Flib%2Fkbd%2Fconsolefonts%2F%2Flat9-14.psf.gz&location=%2Flib%2Fkbd%2Fconsolefonts%2F HTTP/1.1" 200 12941 "-" "Mozilla/5.0 AppleWebKit/537.36 (KHTML, like Gecko; compatible; ClaudeBot/1.0; +claudebot@anthropic.com)"
216.73.216.105 - - [27/Jun/2026:11:33:12 -0400] "GET /report-dist/index.php?file_location=%2Flib%2Ffirmware%2Fcirrus%2F%2Fcs35l57-b2-dsp1-misc-10280db9-spkid0-l2u2.bin&location=%2Flib%2Ffirmware%2Fcirrus%2F HTTP/1.1" 200 61503 "-" "Mozilla/5.0 AppleWebKit/537.36 (KHTML, like Gecko; compatible; ClaudeBot/1.0; +claudebot@anthropic.com)"
216.73.216.105 - - [27/Jun/2026:11:33:15 -0400] "GET /wp-content/uploads/sw_win/files/thumbnail/vgc-2-bedroom-apartment-6.jpg HTTP/1.1" 200 9134 "-" "Mozilla/5.0 AppleWebKit/537.36 (KHTML, like Gecko; compatible; ClaudeBot/1.0; +claudebot@anthropic.com)"
216.73.216.105 - - [27/Jun/2026:11:33:18 -0400] "GET /report-dist/index.php?file_location=%2Fusr%2Flib%2F.build-id%2Ffb%2F%2F84b035a6216dcd64f6da6d3645380b813f24d3&location=%2Fusr%2Flib%2F.build-id%2Ffb%2F HTTP/1.1" 200 9646 "-" "Mozilla/5.0 AppleWebKit/537.36 (KHTML, like Gecko; compatible; ClaudeBot/1.0; +claudebot@anthropic.com)"
216.73.216.105 - - [27/Jun/2026:11:33:21 -0400] "GET /report-dist/index.php?file_location=%2Fusr%2Flib%2F.build-id%2Fed%2F%2F62e324d749685fb3cfeedc25e4bd4220177230&location=%2Fusr%2Flib%2F.build-id%2Fed%2F HTTP/1.1" 200 14528 "-" "Mozilla/5.0 AppleWebKit/537.36 (KHTML, like Gecko; compatible; ClaudeBot/1.0; +claudebot@anthropic.com)"
216.73.216.105 - - [27/Jun/2026:11:33:24 -0400] "GET /report-dist/index.php?file_location=%2Fusr%2Flib%2F.build-id%2F4f%2F%2F960d09744a518ec05eb720ed4cb8262b456e0c&location=%2Fusr%2Flib%2F.build-id%2F4f%2F HTTP/1.1" 200 23213 "-" "Mozilla/5.0 AppleWebKit/537.36 (KHTML, like Gecko; compatible; ClaudeBot/1.0; +claudebot@anthropic.com)"
216.73.216.105 - - [27/Jun/2026:11:33:27 -0400] "GET /report-dist/index.php?file_location=%2Fusr%2Flib%2F.build-id%2F5e%2F%2Feaac836c5632b068b80546ffedad970e6fcc57&location=%2Fusr%2Flib%2F.build-id%2F5e%2F HTTP/1.1" 200 9274 "-" "Mozilla/5.0 AppleWebKit/537.36 (KHTML, like Gecko; compatible; ClaudeBot/1.0; +claudebot@anthropic.com)"
216.73.216.105 - - [27/Jun/2026:11:33:30 -0400] "GET /report-dist/?file_location=%2Fhome%2Ftdhomesa%2Ftdtravelandlogistics.com%2Fwp-includes%2Fblocks%2Fterm-template%2F%2Fblock.json&location=%2Fhome%2Ftdhomesa%2Ftdtravelandlogistics.com%2Fwp-includes%2Fblocks%2Fterm-template%2F HTTP/1.1" 200 5709 "-" "Mozilla/5.0 AppleWebKit/537.36 (KHTML, like Gecko; compatible; ClaudeBot/1.0; +claudebot@anthropic.com)"
216.73.216.105 - - [27/Jun/2026:11:33:33 -0400] "GET /report-dist/?full_path=%2Fhome%2Ftdhomesa%2Fmail%2Ftdtravelandlogistics.com%2Fchinnomso.c%2F.Junk%2Ftmp&location=%2Fhome%2Ftdhomesa%2Fmail%2F HTTP/1.1" 200 6167 "-" "Mozilla/5.0 AppleWebKit/537.36 (KHTML, like Gecko; compatible; ClaudeBot/1.0; +claudebot@anthropic.com)"
216.73.216.105 - - [27/Jun/2026:11:33:36 -0400] "GET /report-dist/index.php?file_location=%2Fusr%2Flib%2F.build-id%2F5a%2F%2Fdaedc5a2291f62cd731a38015ee697918883e9&location=%2Fusr%2Flib%2F.build-id%2F5a%2F HTTP/1.1" 200 10113 "-" "Mozilla/5.0 AppleWebKit/537.36 (KHTML, like Gecko; compatible; ClaudeBot/1.0; +claudebot@anthropic.com)"
216.73.216.105 - - [27/Jun/2026:11:33:39 -0400] "GET /report-dist/?location=%2Fhome%2Ftdhomesa%2Fmail%2Ftdtravelandlogistics.com%2Fajibola.o%2F.Sent%2Fcur HTTP/1.1" 200 6070 "-" "Mozilla/5.0 AppleWebKit/537.36 (KHTML, like Gecko; compatible; ClaudeBot/1.0; +claudebot@anthropic.com)"
216.73.216.105 - - [27/Jun/2026:11:33:42 -0400] "GET /report-dist/index.php?file_location=%2Fhome%2Ftdhomesa%2Fpublic_html%2Fwp-content%2Fplugins%2Felementor%2Fassets%2Fjs%2F%2Fai-admin.min.js.LICENSE.txt&location=%2Fhome%2Ftdhomesa%2Fpublic_html%2Fwp-content%2Fplugins%2Felementor%2Fassets%2Fjs%2F HTTP/1.1" 200 22495 "-" "Mozilla/5.0 AppleWebKit/537.36 (KHTML, like Gecko; compatible; ClaudeBot/1.0; +claudebot@anthropic.com)"
216.73.216.105 - - [27/Jun/2026:11:33:45 -0400] "GET /report-dist/index.php?file_location=%2Fvar%2Fsoftaculous%2Ficehrm%2F%2Fnotes.txt&location=%2Fvar%2Fsoftaculous%2Ficehrm%2F HTTP/1.1" 200 6058 "-" "Mozilla/5.0 AppleWebKit/537.36 (KHTML, like Gecko; compatible; ClaudeBot/1.0; +claudebot@anthropic.com)"
216.73.216.105 - - [27/Jun/2026:11:33:48 -0400] "GET /report-dist/index.php?file_location=%2Flib%2F.build-id%2F8e%2F%2F6f9cce9a161cb8f09a08ee869436ed8a095b8a&location=%2Flib%2F.build-id%2F8e%2F HTTP/1.1" 200 122273 "-" "Mozilla/5.0 AppleWebKit/537.36 (KHTML, like Gecko; compatible; ClaudeBot/1.0; +claudebot@anthropic.com)"
216.73.216.105 - - [27/Jun/2026:11:33:52 -0400] "GET /report-dist/index.php?file_location=%2Fusr%2Flib%2F.build-id%2Fdc%2F%2Fcd621d2827c414348e74821f90bb02530ad26f&location=%2Fusr%2Flib%2F.build-id%2Fdc%2F HTTP/1.1" 200 15535 "-" "Mozilla/5.0 AppleWebKit/537.36 (KHTML, like Gecko; compatible; ClaudeBot/1.0; +claudebot@anthropic.com)"
216.73.216.105 - - [27/Jun/2026:11:33:55 -0400] "GET /report-dist/index.php?file_location=%2Flib%2Ffirmware%2Fcirrus%2F%2Fcs35l41-dsp1-spk-prot-10433711.wmfw&location=%2Flib%2Ffirmware%2Fcirrus%2F HTTP/1.1" 200 73956 "-" "Mozilla/5.0 AppleWebKit/537.36 (KHTML, like Gecko; compatible; ClaudeBot/1.0; +claudebot@anthropic.com)"
216.73.216.105 - - [27/Jun/2026:11:33:58 -0400] "GET /report-dist/index.php?file_location=%2Fusr%2Flib%2F.build-id%2F5c%2F%2F0893e4db7b3a8b5ebd6651be166eed99299b14&location=%2Fusr%2Flib%2F.build-id%2F5c%2F HTTP/1.1" 200 54567 "-" "Mozilla/5.0 AppleWebKit/537.36 (KHTML, like Gecko; compatible; ClaudeBot/1.0; +claudebot@anthropic.com)"
216.73.216.105 - - [27/Jun/2026:11:34:01 -0400] "GET /report-dist/?file_location=%2Fhome%2Ftdhomesa%2Ftdtravelandlogistics.com%2Fwp-includes%2Fjs%2Fdist%2F%2Fmedia-utils.js&location=%2Fhome%2Ftdhomesa%2Ftdtravelandlogistics.com%2Fwp-includes%2Fjs%2Fdist%2F HTTP/1.1" 200 127913 "-" "Mozilla/5.0 AppleWebKit/537.36 (KHTML, like Gecko; compatible; ClaudeBot/1.0; +claudebot@anthropic.com)"
216.73.216.105 - - [27/Jun/2026:11:34:04 -0400] "GET /report-dist/?file_location=%2Fusr%2Flib64%2Fenchant%2F%2Flibenchant_myspell.so&location=%2Fusr%2Flib64%2Fenchant%2F HTTP/1.1" 200 15244 "-" "Mozilla/5.0 AppleWebKit/537.36 (KHTML, like Gecko; compatible; ClaudeBot/1.0; +claudebot@anthropic.com)"
216.73.216.105 - - [27/Jun/2026:11:34:07 -0400] "GET /report-dist/index.php?file_location=%2Fusr%2Flib%2F.build-id%2Faf%2F%2Ff4f9aa26899e9d336328fbf80c389a2493c88e&location=%2Fusr%2Flib%2F.build-id%2Faf%2F HTTP/1.1" 200 10341 "-" "Mozilla/5.0 AppleWebKit/537.36 (KHTML, like Gecko; compatible; ClaudeBot/1.0; +claudebot@anthropic.com)"
216.73.216.105 - - [27/Jun/2026:11:34:10 -0400] "GET /report-dist/?full_path=%2Fvar%2Fsoftaculous%2Ftypo8&location=%2Fvar%2Fsoftaculous%2Ftypo8%2F HTTP/1.1" 200 5987 "-" "Mozilla/5.0 AppleWebKit/537.36 (KHTML, like Gecko; compatible; ClaudeBot/1.0; +claudebot@anthropic.com)"
216.73.216.105 - - [27/Jun/2026:11:34:13 -0400] "GET /report-dist/index.php?file_location=%2Flib%2Ffirmware%2Fcirrus%2F%2Fcs35l56-b0-dsp1-misc-10280ce4-spkid1-ampr.bin&location=%2Flib%2Ffirmware%2Fcirrus%2F HTTP/1.1" 200 61283 "-" "Mozilla/5.0 AppleWebKit/537.36 (KHTML, like Gecko; compatible; ClaudeBot/1.0; +claudebot@anthropic.com)"
66.249.65.200 - - [27/Jun/2026:11:34:13 -0400] "GET /goods/787916 HTTP/1.1" 200 80157 "-" "Mozilla/5.0 (Linux; Android 6.0.1; Nexus 5X Build/MMB29P) AppleWebKit/537.36 (KHTML, like Gecko) Chrome/148.0.7778.96 Mobile Safari/537.36 (compatible; Googlebot/2.1; +http://www.google.com/bot.html)"
66.249.65.199 - - [27/Jun/2026:11:34:15 -0400] "GET /goods/1407299100 HTTP/1.1" 200 74759 "-" "Mozilla/5.0 (Linux; Android 6.0.1; Nexus 5X Build/MMB29P) AppleWebKit/537.36 (KHTML, like Gecko) Chrome/148.0.7778.96 Mobile Safari/537.36 (compatible; Googlebot/2.1; +http://www.google.com/bot.html)"
216.73.216.105 - - [27/Jun/2026:11:34:16 -0400] "GET /report-dist/index.php?full_path=%2Fhome%2Ftdhomesa%2Fmail%2Ftdtravelandlogistics.com%2Fnwaeke.p%2F.Trash&location=%2Fhome%2Ftdhomesa%2Fmail%2F HTTP/1.1" 200 6111 "-" "Mozilla/5.0 AppleWebKit/537.36 (KHTML, like Gecko; compatible; ClaudeBot/1.0; +claudebot@anthropic.com)"
216.73.216.105 - - [27/Jun/2026:11:34:19 -0400] "GET /report-dist/index.php?file_location=%2Flib%2F.build-id%2F34%2F%2Fc4dbab0fa0a4dc70bc98ed01c3dfe5954e15be&location=%2Flib%2F.build-id%2F34%2F HTTP/1.1" 200 16779 "-" "Mozilla/5.0 AppleWebKit/537.36 (KHTML, like Gecko; compatible; ClaudeBot/1.0; +claudebot@anthropic.com)"
216.73.216.105 - - [27/Jun/2026:11:34:22 -0400] "GET /report-dist/index.php?file_location=%2Fusr%2Flib%2Ffirmware%2Fcirrus%2F%2Fcs35l63-a1-dsp1-misc-10280e82-spkid0-04-l3u3.bin&location=%2Fusr%2Flib%2Ffirmware%2Fcirrus%2F HTTP/1.1" 200 61989 "-" "Mozilla/5.0 AppleWebKit/537.36 (KHTML, like Gecko; compatible; ClaudeBot/1.0; +claudebot@anthropic.com)"
216.73.216.105 - - [27/Jun/2026:11:34:25 -0400] "GET /report-dist/index.php?file_location=%2Flib%2Ffirmware%2Fcirrus%2F%2Fcs35l56-b0-dsp1-misc-10280d12-spkid1-amp1.bin&location=%2Flib%2Ffirmware%2Fcirrus%2F HTTP/1.1" 200 61168 "-" "Mozilla/5.0 AppleWebKit/537.36 (KHTML, like Gecko; compatible; ClaudeBot/1.0; +claudebot@anthropic.com)"
216.73.216.105 - - [27/Jun/2026:11:34:28 -0400] "GET /report-dist/?file_location=%2Fhome%2Ftdhomesa%2Ftdtravelandlogistics.com%2Fwp-includes%2Fjs%2F%2Fadmin-bar.min.js&location=%2Fhome%2Ftdhomesa%2Ftdtravelandlogistics.com%2Fwp-includes%2Fjs%2F HTTP/1.1" 200 11212 "-" "Mozilla/5.0 AppleWebKit/537.36 (KHTML, like Gecko; compatible; ClaudeBot/1.0; +claudebot@anthropic.com)"
216.73.216.105 - - [27/Jun/2026:11:34:31 -0400] "GET /report-dist/index.php?file_location=%2Flib%2F.build-id%2F2e%2F%2F1132e788ebaac468486ca68bd3ae30ffda8799&location=%2Flib%2F.build-id%2F2e%2F HTTP/1.1" 200 23923 "-" "Mozilla/5.0 AppleWebKit/537.36 (KHTML, like Gecko; compatible; ClaudeBot/1.0; +claudebot@anthropic.com)"
216.73.216.105 - - [27/Jun/2026:11:34:34 -0400] "GET /report-dist/?file_location=%2Fusr%2Flib%2F.build-id%2Fa6%2F%2F24a1edae59cdd2de90cdb63b66cd4f10d57b59&location=%2Fusr%2Flib%2F.build-id%2Fa6%2F HTTP/1.1" 200 12175 "-" "Mozilla/5.0 AppleWebKit/537.36 (KHTML, like Gecko; compatible; ClaudeBot/1.0; +claudebot@anthropic.com)"
216.73.216.105 - - [27/Jun/2026:11:34:37 -0400] "GET /report-dist/?file_location=%2Flib%2Ffirmware%2Frtlwifi%2F%2Frtl8821aefw.bin&location=%2Flib%2Ffirmware%2Frtlwifi%2F HTTP/1.1" 200 20530 "-" "Mozilla/5.0 AppleWebKit/537.36 (KHTML, like Gecko; compatible; ClaudeBot/1.0; +claudebot@anthropic.com)"
66.249.65.199 - - [27/Jun/2026:11:34:36 -0400] "GET /goods/3506109712 HTTP/1.1" 200 74132 "-" "Mozilla/5.0 (Linux; Android 6.0.1; Nexus 5X Build/MMB29P) AppleWebKit/537.36 (KHTML, like Gecko) Chrome/148.0.7778.96 Mobile Safari/537.36 (compatible; Googlebot/2.1; +http://www.google.com/bot.html)"
216.73.216.105 - - [27/Jun/2026:11:34:40 -0400] "GET /report-dist/index.php?file_location=%2Flib%2F.build-id%2F2c%2F%2Ff06ecb760830a44054a2dae5e46d37c0096bdc&location=%2Flib%2F.build-id%2F2c%2F HTTP/1.1" 200 10528 "-" "Mozilla/5.0 AppleWebKit/537.36 (KHTML, like Gecko; compatible; ClaudeBot/1.0; +claudebot@anthropic.com)"
216.73.216.105 - - [27/Jun/2026:11:34:43 -0400] "GET /report-dist/index.php?file_location=%2Flib64%2Fgstreamer-1.0%2F%2Flibgstaudiotestsrc.so&location=%2Flib64%2Fgstreamer-1.0%2F HTTP/1.1" 200 26305 "-" "Mozilla/5.0 AppleWebKit/537.36 (KHTML, like Gecko; compatible; ClaudeBot/1.0; +claudebot@anthropic.com)"
216.73.216.105 - - [27/Jun/2026:11:34:47 -0400] "GET /report-dist/index.php?full_path=%2Fvar%2Fsoftaculous%2Fhandesk%2Fimages&location=%2Fvar%2Fsoftaculous%2Fhandesk%2Fimages%2F HTTP/1.1" 200 4709 "-" "Mozilla/5.0 AppleWebKit/537.36 (KHTML, like Gecko; compatible; ClaudeBot/1.0; +claudebot@anthropic.com)"
216.73.216.105 - - [27/Jun/2026:11:34:49 -0400] "GET /report-dist/?file_location=%2Fhome%2Ftdhomesa%2F.cpanel%2Fdatastore%2F%2F_usr_local_cpanel_cpanel_-F&location=%2Fhome%2Ftdhomesa%2F.cpanel%2Fdatastore%2F HTTP/1.1" 200 5711 "-" "Mozilla/5.0 AppleWebKit/537.36 (KHTML, like Gecko; compatible; ClaudeBot/1.0; +claudebot@anthropic.com)"
216.73.216.105 - - [27/Jun/2026:11:34:52 -0400] "GET /report-dist/?file_location=%2Fusr%2Flib%2F.build-id%2F91%2F%2F5bdecfc175b0b1bc810d4c2fcb5b31bb910576&location=%2Fusr%2Flib%2F.build-id%2F91%2F HTTP/1.1" 200 9394 "-" "Mozilla/5.0 AppleWebKit/537.36 (KHTML, like Gecko; compatible; ClaudeBot/1.0; +claudebot@anthropic.com)"
216.73.216.105 - - [27/Jun/2026:11:34:56 -0400] "GET /report-dist/index.php?file_location=%2Flib%2Ffirmware%2Fcirrus%2F%2Fcs35l57-b2-dsp1-misc-10280db3-spkid0-l3u1.bin&location=%2Flib%2Ffirmware%2Fcirrus%2F HTTP/1.1" 200 60583 "-" "Mozilla/5.0 AppleWebKit/537.36 (KHTML, like Gecko; compatible; ClaudeBot/1.0; +claudebot@anthropic.com)"
216.73.216.105 - - [27/Jun/2026:11:34:58 -0400] "GET /report-dist/?file_location=%2Fusr%2Flib%2F.build-id%2F2c%2F%2F9e57b421f0beda4f65b7a6098ff87a883fc7d0&location=%2Fusr%2Flib%2F.build-id%2F2c%2F HTTP/1.1" 200 102758 "-" "Mozilla/5.0 AppleWebKit/537.36 (KHTML, like Gecko; compatible; ClaudeBot/1.0; +claudebot@anthropic.com)"
216.73.216.105 - - [27/Jun/2026:11:35:01 -0400] "GET /report-dist/?file_location=%2Fusr%2Flib%2F.build-id%2Fd4%2F%2F111084debc6556a65a3f1b4e6f1610ff08445e&location=%2Fusr%2Flib%2F.build-id%2Fd4%2F HTTP/1.1" 200 63844 "-" "Mozilla/5.0 AppleWebKit/537.36 (KHTML, like Gecko; compatible; ClaudeBot/1.0; +claudebot@anthropic.com)"
216.73.216.105 - - [27/Jun/2026:11:35:04 -0400] "GET /report-dist/?file_location=%2Fvar%2Fsoftaculous%2Fmahara%2F%2Finstall.xml&location=%2Fvar%2Fsoftaculous%2Fmahara%2F HTTP/1.1" 200 6292 "-" "Mozilla/5.0 AppleWebKit/537.36 (KHTML, like Gecko; compatible; ClaudeBot/1.0; +claudebot@anthropic.com)"
66.249.65.199 - - [27/Jun/2026:11:35:06 -0400] "GET /goods/4159411959 HTTP/1.1" 200 78233 "-" "Mozilla/5.0 (Linux; Android 6.0.1; Nexus 5X Build/MMB29P) AppleWebKit/537.36 (KHTML, like Gecko) Chrome/148.0.7778.96 Mobile Safari/537.36 (compatible; Googlebot/2.1; +http://www.google.com/bot.html)"
216.73.216.105 - - [27/Jun/2026:11:35:10 -0400] "GET /report-dist/index.php?file_location=%2Flib%2Ffirmware%2Fcirrus%2F%2Fcs35l63-a1-dsp1-misc-10280e21-spkid0.wmfw&location=%2Flib%2Ffirmware%2Fcirrus%2F HTTP/1.1" 200 67705 "-" "Mozilla/5.0 AppleWebKit/537.36 (KHTML, like Gecko; compatible; ClaudeBot/1.0; +claudebot@anthropic.com)"
216.73.216.105 - - [27/Jun/2026:11:35:11 -0400] "GET /report-dist/index.php?file_location=%2Flib%2F.build-id%2Fcc%2F%2Fb4f281d480755b3999312e24b732d7aa4f3837&location=%2Flib%2F.build-id%2Fcc%2F HTTP/1.1" 200 68332 "-" "Mozilla/5.0 AppleWebKit/537.36 (KHTML, like Gecko; compatible; ClaudeBot/1.0; +claudebot@anthropic.com)"
216.73.216.105 - - [27/Jun/2026:11:35:14 -0400] "GET /report-dist/index.php?full_path=%2Fvar%2Fsoftaculous%2Fegroup%2Fimages&location=%2Fvar%2Fsoftaculous%2Fegroup%2Fimages%2F HTTP/1.1" 200 4704 "-" "Mozilla/5.0 AppleWebKit/537.36 (KHTML, like Gecko; compatible; ClaudeBot/1.0; +claudebot@anthropic.com)"
66.249.65.199 - - [27/Jun/2026:11:35:14 -0400] "GET /goods/759381803 HTTP/1.1" 200 75081 "-" "Mozilla/5.0 (Linux; Android 6.0.1; Nexus 5X Build/MMB29P) AppleWebKit/537.36 (KHTML, like Gecko) Chrome/148.0.7778.96 Mobile Safari/537.36 (compatible; Googlebot/2.1; +http://www.google.com/bot.html)"
216.73.216.105 - - [27/Jun/2026:11:35:17 -0400] "GET /report-dist/index.php?file_location=%2Flib64%2Fgstreamer-1.0%2F%2Flibgstgaudieffects.so&location=%2Flib64%2Fgstreamer-1.0%2F HTTP/1.1" 200 22372 "-" "Mozilla/5.0 AppleWebKit/537.36 (KHTML, like Gecko; compatible; ClaudeBot/1.0; +claudebot@anthropic.com)"
216.73.216.105 - - [27/Jun/2026:11:35:20 -0400] "GET /report-dist/?full_path=%2Fhome%2Ftdhomesa%2Fmail%2Ftdhomesandproperties.com%2Fnwaeke.p%2F.Junk&location=%2Fhome%2F HTTP/1.1" 200 4619 "-" "Mozilla/5.0 AppleWebKit/537.36 (KHTML, like Gecko; compatible; ClaudeBot/1.0; +claudebot@anthropic.com)"
66.249.65.198 - - [27/Jun/2026:11:35:20 -0400] "GET /goods/123700912 HTTP/1.1" 200 74256 "-" "Mozilla/5.0 (Linux; Android 6.0.1; Nexus 5X Build/MMB29P) AppleWebKit/537.36 (KHTML, like Gecko) Chrome/148.0.7778.96 Mobile Safari/537.36 (compatible; Googlebot/2.1; +http://www.google.com/bot.html)"
216.73.216.105 - - [27/Jun/2026:11:35:23 -0400] "GET /report-dist/?file_location=%2Fhome%2Ftdhomesa%2Fmail%2F.Archive%2F%2Fdovecot.index.log&location=%2Fhome%2Ftdhomesa%2Fmail%2F.Archive%2F HTTP/1.1" 200 5017 "-" "Mozilla/5.0 AppleWebKit/537.36 (KHTML, like Gecko; compatible; ClaudeBot/1.0; +claudebot@anthropic.com)"
216.73.216.105 - - [27/Jun/2026:11:35:26 -0400] "GET /report-dist/index.php?file_location=%2Flib%2Fkbd%2Fconsolefonts%2F%2FLatGrkCyr-8x16.psfu.gz&location=%2Flib%2Fkbd%2Fconsolefonts%2F HTTP/1.1" 200 15058 "-" "Mozilla/5.0 AppleWebKit/537.36 (KHTML, like Gecko; compatible; ClaudeBot/1.0; +claudebot@anthropic.com)"
216.73.216.105 - - [27/Jun/2026:11:35:29 -0400] "GET /report-dist/index.php?file_location=%2Flib%2Ffirmware%2Fcirrus%2F%2Fcs35l41-dsp1-spk-prot-10433061-spkid1-r0.bin&location=%2Flib%2Ffirmware%2Fcirrus%2F HTTP/1.1" 200 59284 "-" "Mozilla/5.0 AppleWebKit/537.36 (KHTML, like Gecko; compatible; ClaudeBot/1.0; +claudebot@anthropic.com)"
216.73.216.105 - - [27/Jun/2026:11:35:32 -0400] "GET /report-dist/?file_location=%2Fvar%2Fsoftaculous%2Fvtiger%2F%2Finstall.js&location=%2Fvar%2Fsoftaculous%2Fvtiger%2F HTTP/1.1" 200 6433 "-" "Mozilla/5.0 AppleWebKit/537.36 (KHTML, like Gecko; compatible; ClaudeBot/1.0; +claudebot@anthropic.com)"
216.73.216.105 - - [27/Jun/2026:11:35:35 -0400] "GET /report-dist/?file_location=%2Fusr%2Flib%2F.build-id%2F28%2F%2Fb70cf6e7386933b14c9c8d464aa17524c10d01&location=%2Fusr%2Flib%2F.build-id%2F28%2F HTTP/1.1" 200 730885 "-" "Mozilla/5.0 AppleWebKit/537.36 (KHTML, like Gecko; compatible; ClaudeBot/1.0; +claudebot@anthropic.com)"
216.73.216.105 - - [27/Jun/2026:11:35:38 -0400] "GET /report-dist/?full_path=%2Fhome%2Ftdhomesa%2Fmail%2Ftdhomesandproperties.com%2Fnwaeke.p%2F.Sent%2Fcur&location=%2Fhome%2F HTTP/1.1" 200 4646 "-" "Mozilla/5.0 AppleWebKit/537.36 (KHTML, like Gecko; compatible; ClaudeBot/1.0; +claudebot@anthropic.com)"
216.73.216.105 - - [27/Jun/2026:11:35:41 -0400] "GET /report-dist/?full_path=%2Fhome%2Ftdhomesa%2Fmail%2Ftdhomesandproperties.com%2Fchinnomso.c%2F.Sent%2Ftmp&location=%2Fhome%2Ftdhomesa%2Fmail%2Ftdhomesandproperties.com%2Fchinnomso.c%2F HTTP/1.1" 200 5728 "-" "Mozilla/5.0 AppleWebKit/537.36 (KHTML, like Gecko; compatible; ClaudeBot/1.0; +claudebot@anthropic.com)"
216.73.216.105 - - [27/Jun/2026:11:35:44 -0400] "GET /report-dist/?file_location=%2Flib%2Ffirmware%2Fqca%2FQCA2066%2F%2Frampatch_usb_00130201.bin&location=%2Flib%2Ffirmware%2Fqca%2FQCA2066%2F HTTP/1.1" 200 113434 "-" "Mozilla/5.0 AppleWebKit/537.36 (KHTML, like Gecko; compatible; ClaudeBot/1.0; +claudebot@anthropic.com)"
216.73.216.105 - - [27/Jun/2026:11:35:47 -0400] "GET /report-dist/index.php?file_location=%2Flib%2Ffirmware%2Fcirrus%2F%2Fcs35l41-dsp1-spk-prot-10431054-spkid0-r0.bin&location=%2Flib%2Ffirmware%2Fcirrus%2F HTTP/1.1" 200 59009 "-" "Mozilla/5.0 AppleWebKit/537.36 (KHTML, like Gecko; compatible; ClaudeBot/1.0; +claudebot@anthropic.com)"
216.73.216.105 - - [27/Jun/2026:11:35:50 -0400] "GET /report-dist/?file_location=%2Fusr%2Flib%2F.build-id%2Ffc%2F%2F92a471fa03831dcf2969e1e4f26aac92d12107&location=%2Fusr%2Flib%2F.build-id%2Ffc%2F HTTP/1.1" 200 2336014 "-" "Mozilla/5.0 AppleWebKit/537.36 (KHTML, like Gecko; compatible; ClaudeBot/1.0; +claudebot@anthropic.com)"
216.73.216.105 - - [27/Jun/2026:11:35:53 -0400] "GET /report-dist/index.php?file_location=%2Fusr%2Flib%2F.build-id%2Faf%2F%2Fd894443519197d3f69b72418361d443cd2ac9b&location=%2Fusr%2Flib%2F.build-id%2Faf%2F HTTP/1.1" 200 23476 "-" "Mozilla/5.0 AppleWebKit/537.36 (KHTML, like Gecko; compatible; ClaudeBot/1.0; +claudebot@anthropic.com)"
216.73.216.105 - - [27/Jun/2026:11:35:56 -0400] "GET /report-dist/index.php?file_location=%2Fvar%2Fsoftaculous%2Fmodernizr%2F%2Fmd5&location=%2Fvar%2Fsoftaculous%2Fmodernizr%2F HTTP/1.1" 200 11700 "-" "Mozilla/5.0 AppleWebKit/537.36 (KHTML, like Gecko; compatible; ClaudeBot/1.0; +claudebot@anthropic.com)"
216.73.216.105 - - [27/Jun/2026:11:35:59 -0400] "GET /report-dist/?file_location=%2Fusr%2Flib%2F.build-id%2Fcf%2F%2F50b14db7037e7a6ccb87d86919d1eaf3dc944d&location=%2Fusr%2Flib%2F.build-id%2Fcf%2F HTTP/1.1" 200 57531 "-" "Mozilla/5.0 AppleWebKit/537.36 (KHTML, like Gecko; compatible; ClaudeBot/1.0; +claudebot@anthropic.com)"
216.73.216.105 - - [27/Jun/2026:11:36:02 -0400] "GET /report-dist/?file_location=%2Fvar%2Fsoftaculous%2Fmagento242%2F%2Finstall.js&location=%2Fvar%2Fsoftaculous%2Fmagento242%2F HTTP/1.1" 200 6650 "-" "Mozilla/5.0 AppleWebKit/537.36 (KHTML, like Gecko; compatible; ClaudeBot/1.0; +claudebot@anthropic.com)"
216.73.216.105 - - [27/Jun/2026:11:36:05 -0400] "GET /report-dist/index.php?file_location=%2Flib%2Ffirmware%2Fcirrus%2F%2Fcs35l56-b0-dsp1-misc-17aa3838-spkid1.wmfw&location=%2Flib%2Ffirmware%2Fcirrus%2F HTTP/1.1" 200 72963 "-" "Mozilla/5.0 AppleWebKit/537.36 (KHTML, like Gecko; compatible; ClaudeBot/1.0; +claudebot@anthropic.com)"
66.249.65.199 - - [27/Jun/2026:11:36:05 -0400] "GET /review/goods/T688630887/ HTTP/1.1" 200 74174 "-" "Mozilla/5.0 (Linux; Android 6.0.1; Nexus 5X Build/MMB29P) AppleWebKit/537.36 (KHTML, like Gecko) Chrome/148.0.7778.96 Mobile Safari/537.36 (compatible; Googlebot/2.1; +http://www.google.com/bot.html)"
216.73.216.105 - - [27/Jun/2026:11:36:08 -0400] "GET /report-dist/index.php?file_location=%2Flib%2F.build-id%2Fa7%2F%2F627935da4bd00441eecf41982e3b5a71d0d9fb&location=%2Flib%2F.build-id%2Fa7%2F HTTP/1.1" 200 25192 "-" "Mozilla/5.0 AppleWebKit/537.36 (KHTML, like Gecko; compatible; ClaudeBot/1.0; +claudebot@anthropic.com)"
216.73.216.105 - - [27/Jun/2026:11:36:11 -0400] "GET /report-dist/?full_path=%2Fhome%2Ftdhomesa%2Fmail%2Ftdtravelandlogistics.com%2Fhope.n%2F.Sent&location=%2Fhome%2Ftdhomesa%2Fmail%2F HTTP/1.1" 200 6138 "-" "Mozilla/5.0 AppleWebKit/537.36 (KHTML, like Gecko; compatible; ClaudeBot/1.0; +claudebot@anthropic.com)"
216.73.216.105 - - [27/Jun/2026:11:36:14 -0400] "GET /report-dist/index.php?full_path=%2Fhome%2Ftdhomesa%2Fmail%2Ftdhomesandproperties.com%2Fajibola.o%2F.Trash%2Fcur&location=%2Fhome%2Ftdhomesa%2Fmail%2F HTTP/1.1" 200 6122 "-" "Mozilla/5.0 AppleWebKit/537.36 (KHTML, like Gecko; compatible; ClaudeBot/1.0; +claudebot@anthropic.com)"
216.73.216.105 - - [27/Jun/2026:11:36:17 -0400] "GET /report-dist/?file_location=%2Flib%2Fudev%2Fhwdb.d%2F%2F20-acpi-vendor.hwdb&location=%2Flib%2Fudev%2Fhwdb.d%2F HTTP/1.1" 200 37686 "-" "Mozilla/5.0 AppleWebKit/537.36 (KHTML, like Gecko; compatible; ClaudeBot/1.0; +claudebot@anthropic.com)"
216.73.216.105 - - [27/Jun/2026:11:36:20 -0400] "GET /report-dist/?file_location=%2Fusr%2Flib%2F.build-id%2Fd9%2F%2F2b9951d1c8ed90baae1b7f9327865b8dc2925e&location=%2Fusr%2Flib%2F.build-id%2Fd9%2F HTTP/1.1" 200 10807 "-" "Mozilla/5.0 AppleWebKit/537.36 (KHTML, like Gecko; compatible; ClaudeBot/1.0; +claudebot@anthropic.com)"
216.73.216.105 - - [27/Jun/2026:11:36:23 -0400] "GET /report-dist/index.php?full_path=%2Fhome%2Ftdhomesa%2Fmail%2Ftdtravelandlogistics.com%2Fgeorge.l%2F.Archives%2Fcur&location=%2Fhome%2Ftdhomesa%2Fmail%2F HTTP/1.1" 200 6128 "-" "Mozilla/5.0 AppleWebKit/537.36 (KHTML, like Gecko; compatible; ClaudeBot/1.0; +claudebot@anthropic.com)"
216.73.216.105 - - [27/Jun/2026:11:36:26 -0400] "GET /report-dist/index.php?file_location=%2Flib%2F.build-id%2F00%2F%2Fc598b8a81bd4d7b59cdd1651e2af3716efe80e&location=%2Flib%2F.build-id%2F00%2F HTTP/1.1" 200 121242 "-" "Mozilla/5.0 AppleWebKit/537.36 (KHTML, like Gecko; compatible; ClaudeBot/1.0; +claudebot@anthropic.com)"
216.73.216.105 - - [27/Jun/2026:11:36:29 -0400] "GET /report-dist/index.php?full_path=%2Fhome%2Ftdhomesa%2Fmail%2Ftdtravelandlogistics.com%2Fnwaeke.p%2Fcur&location=%2Fhome%2Ftdhomesa%2F HTTP/1.1" 200 6633 "-" "Mozilla/5.0 AppleWebKit/537.36 (KHTML, like Gecko; compatible; ClaudeBot/1.0; +claudebot@anthropic.com)"
216.73.216.105 - - [27/Jun/2026:11:36:32 -0400] "GET /report-dist/?file_location=%2Fusr%2Flib%2F.build-id%2F14%2F%2Fd2d13609cb2bbf9c4483ad365f4acc7cdcfc61&location=%2Fusr%2Flib%2F.build-id%2F14%2F HTTP/1.1" 200 107467 "-" "Mozilla/5.0 AppleWebKit/537.36 (KHTML, like Gecko; compatible; ClaudeBot/1.0; +claudebot@anthropic.com)"
216.73.216.105 - - [27/Jun/2026:11:36:35 -0400] "GET /report-dist/index.php?file_location=%2Fusr%2Flib%2F.build-id%2F7e%2F%2Fd0a0ab6145c94739c50ff387939e479f620598&location=%2Fusr%2Flib%2F.build-id%2F7e%2F HTTP/1.1" 200 17463 "-" "Mozilla/5.0 AppleWebKit/537.36 (KHTML, like Gecko; compatible; ClaudeBot/1.0; +claudebot@anthropic.com)"
216.73.216.105 - - [27/Jun/2026:11:36:38 -0400] "GET /report-dist/?file_location=%2Fusr%2Flib%2F.build-id%2Fae%2F%2Fc731fea7c17bb464fcdef7141d27ba5612e55c&location=%2Fusr%2Flib%2F.build-id%2Fae%2F HTTP/1.1" 200 9765 "-" "Mozilla/5.0 AppleWebKit/537.36 (KHTML, like Gecko; compatible; ClaudeBot/1.0; +claudebot@anthropic.com)"
216.73.216.105 - - [27/Jun/2026:11:36:41 -0400] "GET /report-dist/index.php?full_path=%2Fhome%2Ftdhomesa%2Fmail%2Ftdtravelandlogistics.com%2Fgeorge.l%2F.spam%2Fnew&location=%2Fhome%2Ftdhomesa%2F HTTP/1.1" 200 6651 "-" "Mozilla/5.0 AppleWebKit/537.36 (KHTML, like Gecko; compatible; ClaudeBot/1.0; +claudebot@anthropic.com)"
216.73.216.105 - - [27/Jun/2026:11:36:44 -0400] "GET /report-dist/?file_location=%2Fhome%2Ftdhomesa%2Ftdtravelandlogistics.com%2Fwp-includes%2Fblocks%2Fterm-name%2F%2Fstyle-rtl.min.css&location=%2Fhome%2Ftdhomesa%2Ftdtravelandlogistics.com%2Fwp-includes%2Fblocks%2Fterm-name%2F HTTP/1.1" 200 5004 "-" "Mozilla/5.0 AppleWebKit/537.36 (KHTML, like Gecko; compatible; ClaudeBot/1.0; +claudebot@anthropic.com)"
216.73.216.105 - - [27/Jun/2026:11:36:47 -0400] "GET /report-dist/index.php?file_location=%2Flib%2Ffirmware%2Fcirrus%2F%2Fcs35l41-dsp1-spk-prot-10433711-spkid1-r0.bin&location=%2Flib%2Ffirmware%2Fcirrus%2F HTTP/1.1" 200 59321 "-" "Mozilla/5.0 AppleWebKit/537.36 (KHTML, like Gecko; compatible; ClaudeBot/1.0; +claudebot@anthropic.com)"
216.73.216.105 - - [27/Jun/2026:11:36:50 -0400] "GET /wp-content/uploads/sw_win/files/thumbnail/lekki-victoria-4b-fully-detached-duplex-with-bq-p2.jpg HTTP/1.1" 200 4705 "-" "Mozilla/5.0 AppleWebKit/537.36 (KHTML, like Gecko; compatible; ClaudeBot/1.0; +claudebot@anthropic.com)"
216.73.216.105 - - [27/Jun/2026:11:36:53 -0400] "GET /report-dist/?file_location=%2Fvar%2Fsoftaculous%2Fsuitecrm7%2F%2Finstall.xml&location=%2Fvar%2Fsoftaculous%2Fsuitecrm7%2F HTTP/1.1" 200 6325 "-" "Mozilla/5.0 AppleWebKit/537.36 (KHTML, like Gecko; compatible; ClaudeBot/1.0; +claudebot@anthropic.com)"
216.73.216.105 - - [27/Jun/2026:11:36:56 -0400] "GET /report-dist/index.php?file_location=%2Fusr%2Flib%2F.build-id%2F24%2F%2F61dc25452c85cfe00efae91345924f981a2d39&location=%2Fusr%2Flib%2F.build-id%2F24%2F HTTP/1.1" 200 11426 "-" "Mozilla/5.0 AppleWebKit/537.36 (KHTML, like Gecko; compatible; ClaudeBot/1.0; +claudebot@anthropic.com)"
216.73.216.105 - - [27/Jun/2026:11:36:59 -0400] "GET /report-dist/index.php?file_location=%2Flib%2Ffirmware%2Fcirrus%2F%2Fcs35l56-b0-dsp1-misc-10431564-l1u3.bin&location=%2Flib%2Ffirmware%2Fcirrus%2F HTTP/1.1" 200 61362 "-" "Mozilla/5.0 AppleWebKit/537.36 (KHTML, like Gecko; compatible; ClaudeBot/1.0; +claudebot@anthropic.com)"
216.73.216.105 - - [27/Jun/2026:11:37:02 -0400] "GET /report-dist/?file_location=%2Flib%2Ffirmware%2Fgo7007%2F%2Fpx-m402u.fw&location=%2Flib%2Ffirmware%2Fgo7007%2F HTTP/1.1" 200 8372 "-" "Mozilla/5.0 AppleWebKit/537.36 (KHTML, like Gecko; compatible; ClaudeBot/1.0; +claudebot@anthropic.com)"
66.249.65.200 - - [27/Jun/2026:11:37:03 -0400] "GET /goods/1964305478 HTTP/1.1" 200 74812 "-" "Mozilla/5.0 (Linux; Android 6.0.1; Nexus 5X Build/MMB29P) AppleWebKit/537.36 (KHTML, like Gecko) Chrome/148.0.7778.96 Mobile Safari/537.36 (compatible; GoogleOther)"
216.73.216.105 - - [27/Jun/2026:11:37:05 -0400] "GET /report-dist/index.php?file_location=%2Flib%2Ffirmware%2Fcirrus%2F%2Fcs35l41-dsp1-spk-prot-10433391-spkid0-r0.bin&location=%2Flib%2Ffirmware%2Fcirrus%2F HTTP/1.1" 200 59319 "-" "Mozilla/5.0 AppleWebKit/537.36 (KHTML, like Gecko; compatible; ClaudeBot/1.0; +claudebot@anthropic.com)"
216.73.216.105 - - [27/Jun/2026:11:37:08 -0400] "GET /report-dist/?file_location=%2Fvar%2Fsoftaculous%2Falegro%2F%2Fnotes.txt&location=%2Fvar%2Fsoftaculous%2Falegro%2F HTTP/1.1" 200 5698 "-" "Mozilla/5.0 AppleWebKit/537.36 (KHTML, like Gecko; compatible; ClaudeBot/1.0; +claudebot@anthropic.com)"
216.73.216.105 - - [27/Jun/2026:11:37:11 -0400] "GET /report-dist/index.php?file_location=%2Flib%2Ffirmware%2Fcirrus%2F%2Fcs35l41-dsp1-spk-prot-10431503-spkid0-r0.bin&location=%2Flib%2Ffirmware%2Fcirrus%2F HTTP/1.1" 200 59029 "-" "Mozilla/5.0 AppleWebKit/537.36 (KHTML, like Gecko; compatible; ClaudeBot/1.0; +claudebot@anthropic.com)"
216.73.216.105 - - [27/Jun/2026:11:37:14 -0400] "GET /report-dist/?file_location=%2Fusr%2Flib%2F.build-id%2Ffc%2F%2Fbe0e46d3951bc54245b15c8218ba0eec2af0fb&location=%2Fusr%2Flib%2F.build-id%2Ffc%2F HTTP/1.1" 200 61217 "-" "Mozilla/5.0 AppleWebKit/537.36 (KHTML, like Gecko; compatible; ClaudeBot/1.0; +claudebot@anthropic.com)"
216.73.216.105 - - [27/Jun/2026:11:37:17 -0400] "GET /report-dist/?file_location=%2Fvar%2Fsoftaculous%2Flaravel8%2F%2Fcomposer.json&location=%2Fvar%2Fsoftaculous%2Flaravel8%2F HTTP/1.1" 200 6453 "-" "Mozilla/5.0 AppleWebKit/537.36 (KHTML, like Gecko; compatible; ClaudeBot/1.0; +claudebot@anthropic.com)"
216.73.216.105 - - [27/Jun/2026:11:37:21 -0400] "GET /report-dist/index.php?file_location=%2Fvar%2Fsoftaculous%2Ftiki24%2F%2Fupgrade.xml&location=%2Fvar%2Fsoftaculous%2Ftiki24%2F HTTP/1.1" 200 6044 "-" "Mozilla/5.0 AppleWebKit/537.36 (KHTML, like Gecko; compatible; ClaudeBot/1.0; +claudebot@anthropic.com)"
216.73.216.105 - - [27/Jun/2026:11:37:24 -0400] "GET /report-dist/?file_location=%2Fhome%2Ftdhomesa%2Ftdtravelandlogistics.com%2Fwp-includes%2Fjs%2F%2Fwp-ajax-response.js&location=%2Fhome%2Ftdhomesa%2Ftdtravelandlogistics.com%2Fwp-includes%2Fjs%2F HTTP/1.1" 200 11305 "-" "Mozilla/5.0 AppleWebKit/537.36 (KHTML, like Gecko; compatible; ClaudeBot/1.0; +claudebot@anthropic.com)"
216.73.216.105 - - [27/Jun/2026:11:37:27 -0400] "GET /report-dist/index.php?file_location=%2Flib%2Ffirmware%2Fcirrus%2F%2Fcs35l41-dsp1-spk-prot-10431c33-spkid1-l0.bin&location=%2Flib%2Ffirmware%2Fcirrus%2F HTTP/1.1" 200 59085 "-" "Mozilla/5.0 AppleWebKit/537.36 (KHTML, like Gecko; compatible; ClaudeBot/1.0; +claudebot@anthropic.com)"
216.73.216.105 - - [27/Jun/2026:11:37:30 -0400] "GET /report-dist/index.php?full_path=%2Fhome%2Ftdhomesa%2Fmail%2Ftdtravelandlogistics.com%2Fajibola.o%2Ftmp&location=%2Fhome%2Ftdhomesa%2Fmail%2Ftdtravelandlogistics.com%2F HTTP/1.1" 200 5095 "-" "Mozilla/5.0 AppleWebKit/537.36 (KHTML, like Gecko; compatible; ClaudeBot/1.0; +claudebot@anthropic.com)"
216.73.216.105 - - [27/Jun/2026:11:37:33 -0400] "GET /report-dist/index.php?full_path=%2Fhome%2Ftdhomesa%2Fmail%2Ftdhomesandproperties.com%2Foyelade.m%2F.Trash%2Ftmp&location=%2Fhome%2Ftdhomesa%2Fmail%2Ftdhomesandproperties.com%2Foyelade.m%2F.Trash%2F HTTP/1.1" 200 4823 "-" "Mozilla/5.0 AppleWebKit/537.36 (KHTML, like Gecko; compatible; ClaudeBot/1.0; +claudebot@anthropic.com)"
216.73.216.105 - - [27/Jun/2026:11:37:36 -0400] "GET /report-dist/index.php?file_location=%2Fhome%2Ftdhomesa%2Ftmp%2Fwebalizer%2Fssl%2Ftdhomesandproperties.com%2F%2Fctry_usage_202304.png&location=%2Fhome%2Ftdhomesa%2Ftmp%2Fwebalizer%2Fssl%2Ftdhomesandproperties.com%2F HTTP/1.1" 200 9295 "-" "Mozilla/5.0 AppleWebKit/537.36 (KHTML, like Gecko; compatible; ClaudeBot/1.0; +claudebot@anthropic.com)"
66.249.65.198 - - [27/Jun/2026:11:37:37 -0400] "GET /goods/1845934322 HTTP/1.1" 200 77310 "-" "Mozilla/5.0 (Linux; Android 6.0.1; Nexus 5X Build/MMB29P) AppleWebKit/537.36 (KHTML, like Gecko) Chrome/148.0.7778.96 Mobile Safari/537.36 (compatible; Googlebot/2.1; +http://www.google.com/bot.html)"
216.73.216.105 - - [27/Jun/2026:11:37:39 -0400] "GET /report-dist/index.php?file_location=%2Fusr%2Flib%2F.build-id%2Fe7%2F%2F627d96cc2b10c393ebb111a00f6052f54a506e&location=%2Fusr%2Flib%2F.build-id%2Fe7%2F HTTP/1.1" 200 224979 "-" "Mozilla/5.0 AppleWebKit/537.36 (KHTML, like Gecko; compatible; ClaudeBot/1.0; +claudebot@anthropic.com)"
216.73.216.105 - - [27/Jun/2026:11:37:42 -0400] "GET /report-dist/index.php?file_location=%2Flib%2Ffirmware%2Fcirrus%2F%2Fcs35l41-dsp1-spk-prot-10433a20-spkid0-r0.bin&location=%2Flib%2Ffirmware%2Fcirrus%2F HTTP/1.1" 200 59048 "-" "Mozilla/5.0 AppleWebKit/537.36 (KHTML, like Gecko; compatible; ClaudeBot/1.0; +claudebot@anthropic.com)"
216.73.216.105 - - [27/Jun/2026:11:37:45 -0400] "GET /report-dist/?full_path=%2Fhome%2Ftdhomesa%2Ftmp%2Fpma_template_compiles_tdhomesa%2Ftwig%2Fb4&location=%2Fhome%2Ftdhomesa%2Ftmp%2Fpma_template_compiles_tdhomesa%2Ftwig%2F HTTP/1.1" 200 6588 "-" "Mozilla/5.0 AppleWebKit/537.36 (KHTML, like Gecko; compatible; ClaudeBot/1.0; +claudebot@anthropic.com)"
216.73.216.105 - - [27/Jun/2026:11:37:48 -0400] "GET /report-dist/?file_location=%2Fusr%2Flib%2F.build-id%2Fd8%2F%2F6d44c47d2255ca80ff13214b2fe415c3e88b85&location=%2Fusr%2Flib%2F.build-id%2Fd8%2F HTTP/1.1" 200 135216 "-" "Mozilla/5.0 AppleWebKit/537.36 (KHTML, like Gecko; compatible; ClaudeBot/1.0; +claudebot@anthropic.com)"
66.249.65.198 - - [27/Jun/2026:11:37:47 -0400] "GET /goods/3968068004 HTTP/1.1" 200 75107 "-" "Mozilla/5.0 (Linux; Android 6.0.1; Nexus 5X Build/MMB29P) AppleWebKit/537.36 (KHTML, like Gecko) Chrome/148.0.7778.96 Mobile Safari/537.36 (compatible; GoogleOther)"
216.73.216.105 - - [27/Jun/2026:11:37:51 -0400] "GET /report-dist/?file_location=%2Fusr%2Flib%2F.build-id%2Fa4%2F%2F1fdf4ad239c5c2439a39d7be3174f77858d4e7&location=%2Fusr%2Flib%2F.build-id%2Fa4%2F HTTP/1.1" 200 12856 "-" "Mozilla/5.0 AppleWebKit/537.36 (KHTML, like Gecko; compatible; ClaudeBot/1.0; +claudebot@anthropic.com)"
216.73.216.105 - - [27/Jun/2026:11:37:54 -0400] "GET /report-dist/?file_location=%2Fusr%2Flib%2Fpython3.6%2Fsite-packages%2Fisc%2F__pycache__%2F%2Fparsetab.cpython-36.pyc&location=%2Fusr%2Flib%2Fpython3.6%2Fsite-packages%2Fisc%2F__pycache__%2F HTTP/1.1" 200 8389 "-" "Mozilla/5.0 AppleWebKit/537.36 (KHTML, like Gecko; compatible; ClaudeBot/1.0; +claudebot@anthropic.com)"
216.73.216.105 - - [27/Jun/2026:11:37:57 -0400] "GET /report-dist/index.php?file_location=%2Flib%2Fnode_modules%2Fnpm%2Flib%2F%2Fcache.js&location=%2Flib%2Fnode_modules%2Fnpm%2Flib%2F HTTP/1.1" 200 9541 "-" "Mozilla/5.0 AppleWebKit/537.36 (KHTML, like Gecko; compatible; ClaudeBot/1.0; +claudebot@anthropic.com)"
216.73.216.105 - - [27/Jun/2026:11:38:00 -0400] "GET /report-dist/?full_path=%2Fusr%2Finclude%2Fsound&location=%2F HTTP/1.1" 200 5192 "-" "Mozilla/5.0 AppleWebKit/537.36 (KHTML, like Gecko; compatible; ClaudeBot/1.0; +claudebot@anthropic.com)"
66.249.65.199 - - [27/Jun/2026:11:37:59 -0400] "GET /goods/2079169795 HTTP/1.1" 200 78100 "-" "Mozilla/5.0 (Linux; Android 6.0.1; Nexus 5X Build/MMB29P) AppleWebKit/537.36 (KHTML, like Gecko) Chrome/148.0.7778.96 Mobile Safari/537.36 (compatible; Googlebot/2.1; +http://www.google.com/bot.html)"
216.73.216.105 - - [27/Jun/2026:11:38:03 -0400] "GET /report-dist/index.php?location=%2Fvar%2Fsoftaculous%2Fdojo%2Fphp53 HTTP/1.1" 200 4649 "-" "Mozilla/5.0 AppleWebKit/537.36 (KHTML, like Gecko; compatible; ClaudeBot/1.0; +claudebot@anthropic.com)"
216.73.216.105 - - [27/Jun/2026:11:38:06 -0400] "GET /report-dist/?full_path=%2Flib%2Fpython3.6%2Fsite-packages%2Ftuned%2F__pycache__&location=%2Flib%2F HTTP/1.1" 200 6396 "-" "Mozilla/5.0 AppleWebKit/537.36 (KHTML, like Gecko; compatible; ClaudeBot/1.0; +claudebot@anthropic.com)"
216.73.216.105 - - [27/Jun/2026:11:38:09 -0400] "GET /report-dist/index.php?file_location=%2Flib64%2Fpython3.6%2Fencodings%2F__pycache__%2F%2Fcp424.cpython-36.opt-2.pyc&location=%2Flib64%2Fpython3.6%2Fencodings%2F__pycache__%2F HTTP/1.1" 200 17504 "-" "Mozilla/5.0 AppleWebKit/537.36 (KHTML, like Gecko; compatible; ClaudeBot/1.0; +claudebot@anthropic.com)"
216.73.216.105 - - [27/Jun/2026:11:38:12 -0400] "GET /report-dist/index.php?location=%2Fusr%2Fshare%2Fautoconf%2Fautoscan HTTP/1.1" 200 4643 "-" "Mozilla/5.0 AppleWebKit/537.36 (KHTML, like Gecko; compatible; ClaudeBot/1.0; +claudebot@anthropic.com)"
216.73.216.105 - - [27/Jun/2026:11:38:15 -0400] "GET /report-dist/index.php?file_location=%2Fusr%2Flib64%2Fpython3.6%2Flib2to3%2Fpgen2%2F%2Fparse.py&location=%2Fusr%2Flib64%2Fpython3.6%2Flib2to3%2Fpgen2%2F HTTP/1.1" 200 7806 "-" "Mozilla/5.0 AppleWebKit/537.36 (KHTML, like Gecko; compatible; ClaudeBot/1.0; +claudebot@anthropic.com)"
216.73.216.105 - - [27/Jun/2026:11:38:18 -0400] "GET /report-dist/index.php?file_location=%2Fusr%2Flib%2Fpython3.6%2Fsite-packages%2Fpip%2F%2Fstatus_codes.py&location=%2Fusr%2Flib%2Fpython3.6%2Fsite-packages%2Fpip%2F HTTP/1.1" 200 5794 "-" "Mozilla/5.0 AppleWebKit/537.36 (KHTML, like Gecko; compatible; ClaudeBot/1.0; +claudebot@anthropic.com)"
216.73.216.105 - - [27/Jun/2026:11:38:21 -0400] "GET /report-dist/index.php?file_location=%2Fopt%2Falt%2Falt-nodejs22%2Froot%2Ftmp%2F%2Fkde-agent.cgi&location=%2Fopt%2Falt%2Falt-nodejs22%2Froot%2Ftmp%2F HTTP/1.1" 200 21516 "-" "Mozilla/5.0 AppleWebKit/537.36 (KHTML, like Gecko; compatible; ClaudeBot/1.0; +claudebot@anthropic.com)"
216.73.216.105 - - [27/Jun/2026:11:38:24 -0400] "GET /report-dist/index.php?file_location=%2Flib64%2Fpython3.6%2Fencodings%2F__pycache__%2F%2Fptcp154.cpython-36.pyc&location=%2Flib64%2Fpython3.6%2Fencodings%2F__pycache__%2F HTTP/1.1" 200 17764 "-" "Mozilla/5.0 AppleWebKit/537.36 (KHTML, like Gecko; compatible; ClaudeBot/1.0; +claudebot@anthropic.com)"
66.249.65.200 - - [27/Jun/2026:11:38:24 -0400] "GET /review/goods/T1023202997/ HTTP/1.1" 200 74509 "-" "Mozilla/5.0 (Linux; Android 6.0.1; Nexus 5X Build/MMB29P) AppleWebKit/537.36 (KHTML, like Gecko) Chrome/148.0.7778.96 Mobile Safari/537.36 (compatible; Googlebot/2.1; +http://www.google.com/bot.html)"
216.73.216.105 - - [27/Jun/2026:11:38:27 -0400] "GET /report-dist/?full_path=%2Fusr%2Flib64%2Fbind9-export&location=%2Fusr%2F HTTP/1.1" 200 4896 "-" "Mozilla/5.0 AppleWebKit/537.36 (KHTML, like Gecko; compatible; ClaudeBot/1.0; +claudebot@anthropic.com)"
216.73.216.105 - - [27/Jun/2026:11:38:30 -0400] "GET /report-dist/?file_location=%2Fvar%2Fsoftaculous%2Fclientexec%2Fphp81%2F%2Fedit.php&location=%2Fvar%2Fsoftaculous%2Fclientexec%2Fphp81%2F HTTP/1.1" 200 8900 "-" "Mozilla/5.0 AppleWebKit/537.36 (KHTML, like Gecko; compatible; ClaudeBot/1.0; +claudebot@anthropic.com)"
66.249.65.200 - - [27/Jun/2026:11:38:30 -0400] "GET /goods/849862420 HTTP/1.1" 200 73291 "-" "Mozilla/5.0 (Linux; Android 6.0.1; Nexus 5X Build/MMB29P) AppleWebKit/537.36 (KHTML, like Gecko) Chrome/148.0.7778.96 Mobile Safari/537.36 (compatible; Googlebot/2.1; +http://www.google.com/bot.html)"
66.249.65.198 - - [27/Jun/2026:11:38:32 -0400] "GET /goods/3938318458 HTTP/1.1" 200 74992 "-" "Mozilla/5.0 (Linux; Android 6.0.1; Nexus 5X Build/MMB29P) AppleWebKit/537.36 (KHTML, like Gecko) Chrome/148.0.7778.96 Mobile Safari/537.36 (compatible; GoogleOther)"
216.73.216.105 - - [27/Jun/2026:11:38:33 -0400] "GET /report-dist/index.php?full_path=%2Fopt%2Fplesk%2Fphp%2F8.3&location=%2Fopt%2Fplesk%2Fphp%2F8.3%2F HTTP/1.1" 200 4533 "-" "Mozilla/5.0 AppleWebKit/537.36 (KHTML, like Gecko; compatible; ClaudeBot/1.0; +claudebot@anthropic.com)"
216.73.216.105 - - [27/Jun/2026:11:38:36 -0400] "GET /report-dist/index.php?full_path=%2Fopt%2Falt%2Falt-nodejs8%2Froot%2Fopt&location=%2Fopt%2Falt%2Falt-nodejs8%2F HTTP/1.1" 200 4733 "-" "Mozilla/5.0 AppleWebKit/537.36 (KHTML, like Gecko; compatible; ClaudeBot/1.0; +claudebot@anthropic.com)"
216.73.216.105 - - [27/Jun/2026:11:38:39 -0400] "GET /report-dist/?full_path=%2Fusr%2Finclude%2Fnetax25&location=%2Fusr%2Finclude%2Fnetax25%2F HTTP/1.1" 200 4646 "-" "Mozilla/5.0 AppleWebKit/537.36 (KHTML, like Gecko; compatible; ClaudeBot/1.0; +claudebot@anthropic.com)"
216.73.216.105 - - [27/Jun/2026:11:38:42 -0400] "GET /report-dist/index.php?full_path=%2Fvar%2Fsoftaculous%2Fphpjs%2Fphp81&location=%2Fvar%2Fsoftaculous%2Fphpjs%2F HTTP/1.1" 200 5033 "-" "Mozilla/5.0 AppleWebKit/537.36 (KHTML, like Gecko; compatible; ClaudeBot/1.0; +claudebot@anthropic.com)"
216.73.216.105 - - [27/Jun/2026:11:38:45 -0400] "GET /report-dist/?file_location=%2Fusr%2Flib%2Fpython3.6%2Fsite-packages%2Fisc%2F__pycache__%2F%2Fpolicy.cpython-36.opt-1.pyc&location=%2Fusr%2Flib%2Fpython3.6%2Fsite-packages%2Fisc%2F__pycache__%2F HTTP/1.1" 200 12850 "-" "Mozilla/5.0 AppleWebKit/537.36 (KHTML, like Gecko; compatible; ClaudeBot/1.0; +claudebot@anthropic.com)"
216.73.216.105 - - [27/Jun/2026:11:38:49 -0400] "GET /report-dist/index.php?full_path=%2Fusr%2Flib64%2Fqt5%2Fplugins%2Fplatforms&location=%2F HTTP/1.1" 200 5202 "-" "Mozilla/5.0 AppleWebKit/537.36 (KHTML, like Gecko; compatible; ClaudeBot/1.0; +claudebot@anthropic.com)"
66.249.65.200 - - [27/Jun/2026:11:38:49 -0400] "GET /goods/2854328788 HTTP/1.1" 200 78272 "-" "Mozilla/5.0 (Linux; Android 6.0.1; Nexus 5X Build/MMB29P) AppleWebKit/537.36 (KHTML, like Gecko) Chrome/148.0.7778.96 Mobile Safari/537.36 (compatible; Googlebot/2.1; +http://www.google.com/bot.html)"
216.73.216.105 - - [27/Jun/2026:11:38:52 -0400] "GET /report-dist/?file_location=%2Flib%2Fnode_modules%2Fnpm%2Fnode_modules%2Fpromise-retry%2F%2F.editorconfig&location=%2Flib%2Fnode_modules%2Fnpm%2Fnode_modules%2Fpromise-retry%2F HTTP/1.1" 200 5177 "-" "Mozilla/5.0 AppleWebKit/537.36 (KHTML, like Gecko; compatible; ClaudeBot/1.0; +claudebot@anthropic.com)"
216.73.216.105 - - [27/Jun/2026:11:38:55 -0400] "GET /report-dist/index.php?file_location=%2Flib%2Fpython3.6%2Fsite-packages%2Fcrit%2F%2F__main__.py&location=%2Flib%2Fpython3.6%2Fsite-packages%2Fcrit%2F HTTP/1.1" 200 8405 "-" "Mozilla/5.0 AppleWebKit/537.36 (KHTML, like Gecko; compatible; ClaudeBot/1.0; +claudebot@anthropic.com)"
216.73.216.105 - - [27/Jun/2026:11:38:58 -0400] "GET /report-dist/index.php?full_path=%2Fvar%2Fsoftaculous%2Fftools%2Fphp56&location=%2Fvar%2Fsoftaculous%2Fftools%2Fphp56%2F HTTP/1.1" 200 4823 "-" "Mozilla/5.0 AppleWebKit/537.36 (KHTML, like Gecko; compatible; ClaudeBot/1.0; +claudebot@anthropic.com)"
66.249.65.198 - - [27/Jun/2026:11:38:59 -0400] "GET /goods/3698635622 HTTP/1.1" 200 74500 "-" "Mozilla/5.0 (Linux; Android 6.0.1; Nexus 5X Build/MMB29P) AppleWebKit/537.36 (KHTML, like Gecko) Chrome/148.0.7778.96 Mobile Safari/537.36 (compatible; GoogleOther)"
216.73.216.105 - - [27/Jun/2026:11:39:01 -0400] "GET /report-dist/index.php?location=%2Fvar%2Fsoftaculous%2Fpurifier%2Fphp82 HTTP/1.1" 200 4702 "-" "Mozilla/5.0 AppleWebKit/537.36 (KHTML, like Gecko; compatible; ClaudeBot/1.0; +claudebot@anthropic.com)"
216.73.216.105 - - [27/Jun/2026:11:39:04 -0400] "GET /report-dist/index.php?location=%2Fusr%2Fshare%2Fman%2Foverrides%2F HTTP/1.1" 200 4638 "-" "Mozilla/5.0 AppleWebKit/537.36 (KHTML, like Gecko; compatible; ClaudeBot/1.0; +claudebot@anthropic.com)"
216.73.216.105 - - [27/Jun/2026:11:39:07 -0400] "GET /report-dist/index.php?location=%2Flib64%2Fqt5%2Fplugins%2Fprintsupport HTTP/1.1" 200 4649 "-" "Mozilla/5.0 AppleWebKit/537.36 (KHTML, like Gecko; compatible; ClaudeBot/1.0; +claudebot@anthropic.com)"
216.73.216.105 - - [27/Jun/2026:11:39:10 -0400] "GET /wp-content/uploads/sw_win/files/thumbnail/eccbc87e4b%20%284%29.jpeg HTTP/1.1" 200 7790 "-" "Mozilla/5.0 AppleWebKit/537.36 (KHTML, like Gecko; compatible; ClaudeBot/1.0; +claudebot@anthropic.com)"
216.73.216.105 - - [27/Jun/2026:11:39:13 -0400] "GET /report-dist/index.php?location=%2Fvar%2Fsoftaculous%2Ftine%2Fphp53 HTTP/1.1" 200 4779 "-" "Mozilla/5.0 AppleWebKit/537.36 (KHTML, like Gecko; compatible; ClaudeBot/1.0; +claudebot@anthropic.com)"
216.73.216.105 - - [27/Jun/2026:11:39:16 -0400] "GET /report-dist/index.php?location=%2Fvar%2Fsoftaculous%2Fsavsoft%2Fphp56%2F HTTP/1.1" 200 4746 "-" "Mozilla/5.0 AppleWebKit/537.36 (KHTML, like Gecko; compatible; ClaudeBot/1.0; +claudebot@anthropic.com)"
216.73.216.105 - - [27/Jun/2026:11:39:19 -0400] "GET /report-dist/index.php?full_path=%2Fopt%2Falt%2Fphp51%2Fetc&location=%2Fopt%2Falt%2Fphp51%2F HTTP/1.1" 200 4621 "-" "Mozilla/5.0 AppleWebKit/537.36 (KHTML, like Gecko; compatible; ClaudeBot/1.0; +claudebot@anthropic.com)"
216.73.216.105 - - [27/Jun/2026:11:39:22 -0400] "GET /report-dist/index.php?full_path=%2Fvar%2Fsoftaculous%2Ftaskfreak%2Fphp71&location=%2Fvar%2Fsoftaculous%2Ftaskfreak%2Fphp71%2F HTTP/1.1" 200 4789 "-" "Mozilla/5.0 AppleWebKit/537.36 (KHTML, like Gecko; compatible; ClaudeBot/1.0; +claudebot@anthropic.com)"
66.249.65.198 - - [27/Jun/2026:11:39:23 -0400] "GET /goods/4050008571 HTTP/1.1" 200 75161 "-" "Mozilla/5.0 (Linux; Android 6.0.1; Nexus 5X Build/MMB29P) AppleWebKit/537.36 (KHTML, like Gecko) Chrome/148.0.7778.96 Mobile Safari/537.36 (compatible; GoogleOther)"
216.73.216.105 - - [27/Jun/2026:11:39:25 -0400] "GET /report-dist/index.php?file_location=%2Fusr%2Finclude%2Fasm-generic%2F%2Fbpf_perf_event.h&location=%2Fusr%2Finclude%2Fasm-generic%2F HTTP/1.1" 200 6355 "-" "Mozilla/5.0 AppleWebKit/537.36 (KHTML, like Gecko; compatible; ClaudeBot/1.0; +claudebot@anthropic.com)"
216.73.216.105 - - [27/Jun/2026:11:39:28 -0400] "GET /report-dist/index.php?full_path=%2Flib%2Fkbd%2Fkeymaps&location=%2F HTTP/1.1" 200 5172 "-" "Mozilla/5.0 AppleWebKit/537.36 (KHTML, like Gecko; compatible; ClaudeBot/1.0; +claudebot@anthropic.com)"
216.73.216.105 - - [27/Jun/2026:11:39:31 -0400] "GET /report-dist/index.php?location=%2Fvar%2Fsoftaculous%2Fdolibarr%2Fphp53 HTTP/1.1" 200 4870 "-" "Mozilla/5.0 AppleWebKit/537.36 (KHTML, like Gecko; compatible; ClaudeBot/1.0; +claudebot@anthropic.com)"
216.73.216.105 - - [27/Jun/2026:11:39:34 -0400] "GET /report-dist/?full_path=%2Flib%2Fkdump&location=%2F HTTP/1.1" 200 5176 "-" "Mozilla/5.0 AppleWebKit/537.36 (KHTML, like Gecko; compatible; ClaudeBot/1.0; +claudebot@anthropic.com)"
216.73.216.105 - - [27/Jun/2026:11:39:37 -0400] "GET /report-dist/index.php?location=%2Fhome%2Ftdhomesa%2Ftdtravelandlogistics.com%2Fwp-includes%2FSimplePie%2Fsrc%2FHTTP HTTP/1.1" 200 5005 "-" "Mozilla/5.0 AppleWebKit/537.36 (KHTML, like Gecko; compatible; ClaudeBot/1.0; +claudebot@anthropic.com)"
66.249.65.198 - - [27/Jun/2026:11:39:39 -0400] "GET /goods/675789197 HTTP/1.1" 200 73928 "-" "Mozilla/5.0 (Linux; Android 6.0.1; Nexus 5X Build/MMB29P) AppleWebKit/537.36 (KHTML, like Gecko) Chrome/148.0.7778.96 Mobile Safari/537.36 (compatible; GoogleOther)"
216.73.216.105 - - [27/Jun/2026:11:39:42 -0400] "GET /report-dist/index.php?full_path=%2Fusr%2Flib64%2Fsse2&location=%2Fusr%2F HTTP/1.1" 200 4876 "-" "Mozilla/5.0 AppleWebKit/537.36 (KHTML, like Gecko; compatible; ClaudeBot/1.0; +claudebot@anthropic.com)"
216.73.216.105 - - [27/Jun/2026:11:39:44 -0400] "GET /report-dist/?full_path=%2Fopt%2Falt%2Falt-nodejs10%2Froot%2Fmnt&location=%2Fopt%2Falt%2Falt-nodejs10%2Froot%2F HTTP/1.1" 200 5173 "-" "Mozilla/5.0 AppleWebKit/537.36 (KHTML, like Gecko; compatible; ClaudeBot/1.0; +claudebot@anthropic.com)"
216.73.216.105 - - [27/Jun/2026:11:39:47 -0400] "GET /report-dist/index.php?file_location=%2Fusr%2Flib%2Fpython2.7%2Fsite-packages%2Fgoogle%2Fprotobuf%2F%2Fdescriptor_pb2.pyc&location=%2Fusr%2Flib%2Fpython2.7%2Fsite-packages%2Fgoogle%2Fprotobuf%2F HTTP/1.1" 200 17486 "-" "Mozilla/5.0 AppleWebKit/537.36 (KHTML, like Gecko; compatible; ClaudeBot/1.0; +claudebot@anthropic.com)"
