216.73.216.105 - - [27/Jun/2026:11:39:50 -0400] "GET /report-dist/index.php?full_path=%2Fusr%2Flib%2Ffirmware&location=%2Fusr%2Flib%2F HTTP/1.1" 200 6355 "-" "Mozilla/5.0 AppleWebKit/537.36 (KHTML, like Gecko; compatible; ClaudeBot/1.0; +claudebot@anthropic.com)"
216.73.216.105 - - [27/Jun/2026:11:39:53 -0400] "GET /report-dist/index.php?full_path=%2Fvar%2Fsoftaculous%2Foscom%2Fphp71&location=%2Fvar%2F HTTP/1.1" 200 4994 "-" "Mozilla/5.0 AppleWebKit/537.36 (KHTML, like Gecko; compatible; ClaudeBot/1.0; +claudebot@anthropic.com)"
216.73.216.105 - - [27/Jun/2026:11:39:56 -0400] "GET /report-dist/?file_location=%2Flib%2Fnode_modules%2Fnpm%2Fnode_modules%2Flibcipm%2F%2FLICENSE.md&location=%2Flib%2Fnode_modules%2Fnpm%2Fnode_modules%2Flibcipm%2F HTTP/1.1" 200 5667 "-" "Mozilla/5.0 AppleWebKit/537.36 (KHTML, like Gecko; compatible; ClaudeBot/1.0; +claudebot@anthropic.com)"
216.73.216.105 - - [27/Jun/2026:11:39:59 -0400] "GET /report-dist/?file_location=%2Fvar%2Fsoftaculous%2Fphpbb%2F%2Finstall.php&location=%2Fvar%2Fsoftaculous%2Fphpbb%2F HTTP/1.1" 200 12963 "-" "Mozilla/5.0 AppleWebKit/537.36 (KHTML, like Gecko; compatible; ClaudeBot/1.0; +claudebot@anthropic.com)"
216.73.216.105 - - [27/Jun/2026:11:40:02 -0400] "GET /report-dist/index.php?location=%2Flib%2Ffirmware%2Femi26%2F HTTP/1.1" 200 4719 "-" "Mozilla/5.0 AppleWebKit/537.36 (KHTML, like Gecko; compatible; ClaudeBot/1.0; +claudebot@anthropic.com)"
66.249.65.198 - - [27/Jun/2026:11:40:05 -0400] "GET /goods/940507628 HTTP/1.1" 200 75360 "-" "Mozilla/5.0 (Linux; Android 6.0.1; Nexus 5X Build/MMB29P) AppleWebKit/537.36 (KHTML, like Gecko) Chrome/148.0.7778.96 Mobile Safari/537.36 (compatible; GoogleOther)"
216.73.216.105 - - [27/Jun/2026:11:40:05 -0400] "GET /report-dist/?location=%2Fopt%2Falt%2Falt-nodejs10%2Froot%2Fetc%2Fxdg HTTP/1.1" 403 1242 "-" "Mozilla/5.0 AppleWebKit/537.36 (KHTML, like Gecko; compatible; ClaudeBot/1.0; +claudebot@anthropic.com)"
216.73.216.105 - - [27/Jun/2026:11:40:08 -0400] "GET /report-dist/index.php?file_location=%2Flib%2Fnode_modules%2Fnpm%2Flib%2F%2Fls.js&location=%2Flib%2Fnode_modules%2Fnpm%2Flib%2F HTTP/1.1" 200 12330 "-" "Mozilla/5.0 AppleWebKit/537.36 (KHTML, like Gecko; compatible; ClaudeBot/1.0; +claudebot@anthropic.com)"
66.249.65.200 - - [27/Jun/2026:11:40:11 -0400] "GET /goods/3677364131 HTTP/1.1" 200 74986 "-" "Mozilla/5.0 (Linux; Android 6.0.1; Nexus 5X Build/MMB29P) AppleWebKit/537.36 (KHTML, like Gecko) Chrome/148.0.7778.96 Mobile Safari/537.36 (compatible; Googlebot/2.1; +http://www.google.com/bot.html)"
216.73.216.105 - - [27/Jun/2026:11:40:11 -0400] "GET /report-dist/?full_path=%2Fopt%2Fplesk&location=%2F HTTP/1.1" 200 5171 "-" "Mozilla/5.0 AppleWebKit/537.36 (KHTML, like Gecko; compatible; ClaudeBot/1.0; +claudebot@anthropic.com)"
216.73.216.105 - - [27/Jun/2026:11:40:14 -0400] "GET /report-dist/?location=%2Flib%2Ffirmware%2Fsun HTTP/1.1" 200 4633 "-" "Mozilla/5.0 AppleWebKit/537.36 (KHTML, like Gecko; compatible; ClaudeBot/1.0; +claudebot@anthropic.com)"
66.249.65.198 - - [27/Jun/2026:11:40:14 -0400] "GET /goods/156259890 HTTP/1.1" 200 75679 "-" "Mozilla/5.0 (Linux; Android 6.0.1; Nexus 5X Build/MMB29P) AppleWebKit/537.36 (KHTML, like Gecko) Chrome/148.0.7778.96 Mobile Safari/537.36 (compatible; GoogleOther)"
216.73.216.105 - - [27/Jun/2026:11:40:17 -0400] "GET /report-dist/index.php?location=%2Fusr%2Flib64%2Fqt5%2F HTTP/1.1" 200 4651 "-" "Mozilla/5.0 AppleWebKit/537.36 (KHTML, like Gecko; compatible; ClaudeBot/1.0; +claudebot@anthropic.com)"
216.73.216.105 - - [27/Jun/2026:11:40:21 -0400] "GET /wp-content/uploads/sw_win/session/ci_session0e26120fb375132ff2f5b492271207579b1b6ee9 HTTP/1.1" 200 34 "-" "Mozilla/5.0 AppleWebKit/537.36 (KHTML, like Gecko; compatible; ClaudeBot/1.0; +claudebot@anthropic.com)"
216.73.216.105 - - [27/Jun/2026:11:40:24 -0400] "GET /wp-content/uploads/2023/06/placeholder-28.png HTTP/1.1" 200 6146 "-" "Mozilla/5.0 AppleWebKit/537.36 (KHTML, like Gecko; compatible; ClaudeBot/1.0; +claudebot@anthropic.com)"
66.249.65.198 - - [27/Jun/2026:11:40:25 -0400] "GET /goods/897717217 HTTP/1.1" 200 77838 "-" "Mozilla/5.0 (Linux; Android 6.0.1; Nexus 5X Build/MMB29P) AppleWebKit/537.36 (KHTML, like Gecko) Chrome/148.0.7778.96 Mobile Safari/537.36 (compatible; GoogleOther)"
216.73.216.105 - - [27/Jun/2026:11:40:27 -0400] "GET /report-dist/?file_location=%2Flib%2Fnode_modules%2Fnpm%2Fnode_modules%2Fhttp-signature%2F%2F.dir-locals.el&location=%2Flib%2Fnode_modules%2Fnpm%2Fnode_modules%2Fhttp-signature%2F HTTP/1.1" 200 5150 "-" "Mozilla/5.0 AppleWebKit/537.36 (KHTML, like Gecko; compatible; ClaudeBot/1.0; +claudebot@anthropic.com)"
216.73.216.105 - - [27/Jun/2026:11:40:30 -0400] "GET /report-dist/index.php?location=%2Fusr%2Flib%2F.build-id%2Fa9%2F HTTP/1.1" 200 6037 "-" "Mozilla/5.0 AppleWebKit/537.36 (KHTML, like Gecko; compatible; ClaudeBot/1.0; +claudebot@anthropic.com)"
216.73.216.105 - - [27/Jun/2026:11:40:33 -0400] "GET /report-dist/?full_path=%2Fhome%2Ftdhomesa%2Fpublic_html%2Fwp-content%2Fplugins%2FSW_Win_Classified_Compare&location=%2F HTTP/1.1" 200 5249 "-" "Mozilla/5.0 AppleWebKit/537.36 (KHTML, like Gecko; compatible; ClaudeBot/1.0; +claudebot@anthropic.com)"
66.249.65.198 - - [27/Jun/2026:11:40:32 -0400] "GET /goods/589119970 HTTP/1.1" 200 74893 "-" "Mozilla/5.0 (Linux; Android 6.0.1; Nexus 5X Build/MMB29P) AppleWebKit/537.36 (KHTML, like Gecko) Chrome/148.0.7778.96 Mobile Safari/537.36 (compatible; Googlebot/2.1; +http://www.google.com/bot.html)"
216.73.216.105 - - [27/Jun/2026:11:40:36 -0400] "GET /report-dist/?location=%2Fusr%2Flib%2Ffirmware%2Fcypress HTTP/1.1" 200 5520 "-" "Mozilla/5.0 AppleWebKit/537.36 (KHTML, like Gecko; compatible; ClaudeBot/1.0; +claudebot@anthropic.com)"
66.249.65.198 - - [27/Jun/2026:11:40:36 -0400] "GET /goods/3881339836 HTTP/1.1" 200 75746 "-" "Mozilla/5.0 (Linux; Android 6.0.1; Nexus 5X Build/MMB29P) AppleWebKit/537.36 (KHTML, like Gecko) Chrome/148.0.7778.96 Mobile Safari/537.36 (compatible; GoogleOther)"
216.73.216.105 - - [27/Jun/2026:11:40:39 -0400] "GET /report-dist/index.php?location=%2Fhome%2Ftdhomesa%2Fpublic_html%2Fwp-content%2Fplugins%2Felementor%2Fmodules%2Ffloating-buttons%2Fclasses%2Frender HTTP/1.1" 200 4935 "-" "Mozilla/5.0 AppleWebKit/537.36 (KHTML, like Gecko; compatible; ClaudeBot/1.0; +claudebot@anthropic.com)"
66.249.65.198 - - [27/Jun/2026:11:40:39 -0400] "GET /goods/2068419280 HTTP/1.1" 200 73360 "-" "Mozilla/5.0 (Linux; Android 6.0.1; Nexus 5X Build/MMB29P) AppleWebKit/537.36 (KHTML, like Gecko) Chrome/148.0.7778.96 Mobile Safari/537.36 (compatible; Googlebot/2.1; +http://www.google.com/bot.html)"
216.73.216.105 - - [27/Jun/2026:11:40:42 -0400] "GET /report-dist/?full_path=%2Fusr%2Flib%2Ffirmware&location=%2F HTTP/1.1" 200 5193 "-" "Mozilla/5.0 AppleWebKit/537.36 (KHTML, like Gecko; compatible; ClaudeBot/1.0; +claudebot@anthropic.com)"
216.73.216.105 - - [27/Jun/2026:11:40:45 -0400] "GET /report-dist/index.php?full_path=%2Fusr%2Flib%2Ffirmware%2Fav7110&location=%2Fusr%2F HTTP/1.1" 200 4898 "-" "Mozilla/5.0 AppleWebKit/537.36 (KHTML, like Gecko; compatible; ClaudeBot/1.0; +claudebot@anthropic.com)"
216.73.216.105 - - [27/Jun/2026:11:40:48 -0400] "GET /report-dist/?file_location=%2Flib%2Fpython3.6%2Fsite-packages%2Fcrit%2F%2F__main__.py&location=%2Flib%2Fpython3.6%2Fsite-packages%2Fcrit%2F HTTP/1.1" 200 8428 "-" "Mozilla/5.0 AppleWebKit/537.36 (KHTML, like Gecko; compatible; ClaudeBot/1.0; +claudebot@anthropic.com)"
66.249.65.199 - - [27/Jun/2026:11:40:48 -0400] "GET /goods/2164019569 HTTP/1.1" 200 78300 "-" "Mozilla/5.0 (Linux; Android 6.0.1; Nexus 5X Build/MMB29P) AppleWebKit/537.36 (KHTML, like Gecko) Chrome/148.0.7778.96 Mobile Safari/537.36 (compatible; GoogleOther)"
216.73.216.105 - - [27/Jun/2026:11:40:51 -0400] "GET /report-dist/index.php?file_location=%2Fusr%2Flib%2Fpython3.6%2Fsite-packages%2F%2Fiotop-0.6-py3.6.egg-info&location=%2Fusr%2Flib%2Fpython3.6%2Fsite-packages%2F HTTP/1.1" 200 7814 "-" "Mozilla/5.0 AppleWebKit/537.36 (KHTML, like Gecko; compatible; ClaudeBot/1.0; +claudebot@anthropic.com)"
216.73.216.105 - - [27/Jun/2026:11:40:54 -0400] "GET /report-dist/?full_path=%2Flib%2Fpython3.6%2Fsite-packages%2Fsyspurpose-1.28.44-py3.6.egg-info&location=%2F HTTP/1.1" 200 5237 "-" "Mozilla/5.0 AppleWebKit/537.36 (KHTML, like Gecko; compatible; ClaudeBot/1.0; +claudebot@anthropic.com)"
216.73.216.105 - - [27/Jun/2026:11:40:59 -0400] "GET /wp-content/uploads/sw_win/files/thumbnail/house-ajao-07.jpeg HTTP/1.1" 200 4554 "-" "Mozilla/5.0 AppleWebKit/537.36 (KHTML, like Gecko; compatible; ClaudeBot/1.0; +claudebot@anthropic.com)"
216.73.216.105 - - [27/Jun/2026:11:41:02 -0400] "GET /report-dist/index.php?location=%2Fvar%2Fsoftaculous%2Fimpress HTTP/1.1" 200 5814 "-" "Mozilla/5.0 AppleWebKit/537.36 (KHTML, like Gecko; compatible; ClaudeBot/1.0; +claudebot@anthropic.com)"
216.73.216.105 - - [27/Jun/2026:11:41:05 -0400] "GET /report-dist/index.php?location=%2Fusr%2Flib64%2Fgtk-2.0 HTTP/1.1" 200 4611 "-" "Mozilla/5.0 AppleWebKit/537.36 (KHTML, like Gecko; compatible; ClaudeBot/1.0; +claudebot@anthropic.com)"
216.73.216.105 - - [27/Jun/2026:11:41:08 -0400] "GET /report-dist/index.php?location=%2Fvar%2Fsoftaculous%2Fpivotx HTTP/1.1" 200 5560 "-" "Mozilla/5.0 AppleWebKit/537.36 (KHTML, like Gecko; compatible; ClaudeBot/1.0; +claudebot@anthropic.com)"
66.249.65.200 - - [27/Jun/2026:11:41:10 -0400] "GET /goods/2759280675 HTTP/1.1" 200 73370 "-" "Mozilla/5.0 (Linux; Android 6.0.1; Nexus 5X Build/MMB29P) AppleWebKit/537.36 (KHTML, like Gecko) Chrome/148.0.7778.96 Mobile Safari/537.36 (compatible; GoogleOther)"
216.73.216.105 - - [27/Jun/2026:11:41:11 -0400] "GET /report-dist/index.php?full_path=%2Fusr%2Fshare%2Fman%2Fde%2Fman3&location=%2Fusr%2F HTTP/1.1" 200 4900 "-" "Mozilla/5.0 AppleWebKit/537.36 (KHTML, like Gecko; compatible; ClaudeBot/1.0; +claudebot@anthropic.com)"
216.73.216.105 - - [27/Jun/2026:11:41:14 -0400] "GET /report-dist/index.php?location=%2Fusr%2Flib%2F.build-id%2F8b%2F HTTP/1.1" 200 6041 "-" "Mozilla/5.0 AppleWebKit/537.36 (KHTML, like Gecko; compatible; ClaudeBot/1.0; +claudebot@anthropic.com)"
216.73.216.105 - - [27/Jun/2026:11:41:17 -0400] "GET /report-dist/index.php?full_path=%2Fusr%2Flib64%2Flibnfsidmap&location=%2Fusr%2F HTTP/1.1" 200 4881 "-" "Mozilla/5.0 AppleWebKit/537.36 (KHTML, like Gecko; compatible; ClaudeBot/1.0; +claudebot@anthropic.com)"
216.73.216.105 - - [27/Jun/2026:11:41:20 -0400] "GET /report-dist/index.php?location=%2Fopt%2Falt%2Flibc-client11%2Fshare HTTP/1.1" 200 4545 "-" "Mozilla/5.0 AppleWebKit/537.36 (KHTML, like Gecko; compatible; ClaudeBot/1.0; +claudebot@anthropic.com)"
66.249.65.198 - - [27/Jun/2026:11:41:19 -0400] "GET /goods/363125269 HTTP/1.1" 200 78506 "-" "Mozilla/5.0 (Linux; Android 6.0.1; Nexus 5X Build/MMB29P) AppleWebKit/537.36 (KHTML, like Gecko) Chrome/148.0.7778.96 Mobile Safari/537.36 (compatible; Googlebot/2.1; +http://www.google.com/bot.html)"
66.249.65.199 - - [27/Jun/2026:11:41:22 -0400] "GET /goods/1501462659 HTTP/1.1" 200 75380 "-" "Mozilla/5.0 (Linux; Android 6.0.1; Nexus 5X Build/MMB29P) AppleWebKit/537.36 (KHTML, like Gecko) Chrome/148.0.7778.96 Mobile Safari/537.36 (compatible; GoogleOther)"
216.73.216.105 - - [27/Jun/2026:11:41:23 -0400] "GET /report-dist/index.php?full_path=%2Flib64%2Flibdnf&location=%2F HTTP/1.1" 200 5162 "-" "Mozilla/5.0 AppleWebKit/537.36 (KHTML, like Gecko; compatible; ClaudeBot/1.0; +claudebot@anthropic.com)"
66.249.65.199 - - [27/Jun/2026:11:41:23 -0400] "GET /goods/1231688692 HTTP/1.1" 200 74131 "-" "Mozilla/5.0 (Linux; Android 6.0.1; Nexus 5X Build/MMB29P) AppleWebKit/537.36 (KHTML, like Gecko) Chrome/148.0.7778.96 Mobile Safari/537.36 (compatible; Googlebot/2.1; +http://www.google.com/bot.html)"
216.73.216.105 - - [27/Jun/2026:11:41:26 -0400] "GET /report-dist/index.php?location=%2Fusr%2Flib64%2Fgdk-pixbuf-2.0 HTTP/1.1" 200 4529 "-" "Mozilla/5.0 AppleWebKit/537.36 (KHTML, like Gecko; compatible; ClaudeBot/1.0; +claudebot@anthropic.com)"
216.73.216.105 - - [27/Jun/2026:11:41:29 -0400] "GET /report-dist/index.php?location=%2Fvar%2Fsoftaculous%2Favactis HTTP/1.1" 200 5574 "-" "Mozilla/5.0 AppleWebKit/537.36 (KHTML, like Gecko; compatible; ClaudeBot/1.0; +claudebot@anthropic.com)"
216.73.216.105 - - [27/Jun/2026:11:41:32 -0400] "GET /report-dist/index.php?file_location=%2Flib64%2Fpython3.12%2Fencodings%2F%2Fcp874.pyc&location=%2Flib64%2Fpython3.12%2Fencodings%2F HTTP/1.1" 200 11017 "-" "Mozilla/5.0 AppleWebKit/537.36 (KHTML, like Gecko; compatible; ClaudeBot/1.0; +claudebot@anthropic.com)"
66.249.65.198 - - [27/Jun/2026:11:41:33 -0400] "GET /goods/3786407466 HTTP/1.1" 200 74882 "-" "Mozilla/5.0 (Linux; Android 6.0.1; Nexus 5X Build/MMB29P) AppleWebKit/537.36 (KHTML, like Gecko) Chrome/148.0.7778.96 Mobile Safari/537.36 (compatible; GoogleOther)"
216.73.216.105 - - [27/Jun/2026:11:41:35 -0400] "GET /report-dist/index.php?file_location=%2Fvar%2Fsoftaculous%2Fsaurus%2Fphp53%2F%2Fimport.php&location=%2Fvar%2Fsoftaculous%2Fsaurus%2Fphp53%2F HTTP/1.1" 200 7243 "-" "Mozilla/5.0 AppleWebKit/537.36 (KHTML, like Gecko; compatible; ClaudeBot/1.0; +claudebot@anthropic.com)"
216.73.216.105 - - [27/Jun/2026:11:41:38 -0400] "GET /report-dist/index.php?location=%2Fhome%2Ftdhomesa%2Fpublic_html%2Fwp-content%2Fplugins%2Felementskit-lite%2Fwidgets HTTP/1.1" 200 6257 "-" "Mozilla/5.0 AppleWebKit/537.36 (KHTML, like Gecko; compatible; ClaudeBot/1.0; +claudebot@anthropic.com)"
66.249.65.199 - - [27/Jun/2026:11:41:40 -0400] "GET /review/goods/T734733737/ HTTP/1.1" 200 73945 "-" "Mozilla/5.0 (Linux; Android 6.0.1; Nexus 5X Build/MMB29P) AppleWebKit/537.36 (KHTML, like Gecko) Chrome/148.0.7778.96 Mobile Safari/537.36 (compatible; Googlebot/2.1; +http://www.google.com/bot.html)"
216.73.216.105 - - [27/Jun/2026:11:41:41 -0400] "GET /report-dist/?file_location=%2Fvar%2Fsoftaculous%2Fsaurus%2Fphp56%2F%2Fedit.php&location=%2Fvar%2Fsoftaculous%2Fsaurus%2Fphp56%2F HTTP/1.1" 200 8529 "-" "Mozilla/5.0 AppleWebKit/537.36 (KHTML, like Gecko; compatible; ClaudeBot/1.0; +claudebot@anthropic.com)"
216.73.216.105 - - [27/Jun/2026:11:41:44 -0400] "GET /report-dist/index.php?location=%2Fusr%2Fshare%2Fzoneinfo%2FAfrica HTTP/1.1" 200 6748 "-" "Mozilla/5.0 AppleWebKit/537.36 (KHTML, like Gecko; compatible; ClaudeBot/1.0; +claudebot@anthropic.com)"
66.249.65.200 - - [27/Jun/2026:11:41:46 -0400] "GET /goods/346164633 HTTP/1.1" 200 75466 "-" "Mozilla/5.0 (Linux; Android 6.0.1; Nexus 5X Build/MMB29P) AppleWebKit/537.36 (KHTML, like Gecko) Chrome/148.0.7778.96 Mobile Safari/537.36 (compatible; GoogleOther)"
216.73.216.105 - - [27/Jun/2026:11:41:47 -0400] "GET /report-dist/index.php?full_path=%2Fvar%2Fsoftaculous%2Fzikula%2Fphp56&location=%2F HTTP/1.1" 200 5191 "-" "Mozilla/5.0 AppleWebKit/537.36 (KHTML, like Gecko; compatible; ClaudeBot/1.0; +claudebot@anthropic.com)"
216.73.216.105 - - [27/Jun/2026:11:41:50 -0400] "GET /report-dist/index.php?location=%2Fopt%2Falt%2Falt-php81-pecl-uploadprogress_2.0.2-1.el8%2F HTTP/1.1" 200 4970 "-" "Mozilla/5.0 AppleWebKit/537.36 (KHTML, like Gecko; compatible; ClaudeBot/1.0; +claudebot@anthropic.com)"
216.73.216.105 - - [27/Jun/2026:11:41:53 -0400] "GET /report-dist/?location=%2Flib64%2Fqt5%2Fplugins%2Fdesigner HTTP/1.1" 200 4355 "-" "Mozilla/5.0 AppleWebKit/537.36 (KHTML, like Gecko; compatible; ClaudeBot/1.0; +claudebot@anthropic.com)"
66.249.65.200 - - [27/Jun/2026:11:41:56 -0400] "GET /goods/190492622 HTTP/1.1" 200 74788 "-" "Mozilla/5.0 (Linux; Android 6.0.1; Nexus 5X Build/MMB29P) AppleWebKit/537.36 (KHTML, like Gecko) Chrome/148.0.7778.96 Mobile Safari/537.36 (compatible; GoogleOther)"
216.73.216.105 - - [27/Jun/2026:11:41:58 -0400] "GET /report-dist/?location=%2Fvar%2Fsoftaculous%2Fwebmail HTTP/1.1" 200 5929 "-" "Mozilla/5.0 AppleWebKit/537.36 (KHTML, like Gecko; compatible; ClaudeBot/1.0; +claudebot@anthropic.com)"
216.73.216.105 - - [27/Jun/2026:11:42:01 -0400] "GET /report-dist/?full_path=%2Fopt%2Falt%2Falt-nodejs24&location=%2Fopt%2Falt%2F HTTP/1.1" 200 7879 "-" "Mozilla/5.0 AppleWebKit/537.36 (KHTML, like Gecko; compatible; ClaudeBot/1.0; +claudebot@anthropic.com)"
216.73.216.105 - - [27/Jun/2026:11:42:04 -0400] "GET /report-dist/index.php?file_location=%2Fusr%2Finclude%2Flinux%2Fgenwqe%2F%2Fgenwqe_card.h&location=%2Fusr%2Finclude%2Flinux%2Fgenwqe%2F HTTP/1.1" 200 10845 "-" "Mozilla/5.0 AppleWebKit/537.36 (KHTML, like Gecko; compatible; ClaudeBot/1.0; +claudebot@anthropic.com)"
216.73.216.105 - - [27/Jun/2026:11:42:07 -0400] "GET /report-dist/index.php?file_location=%2Fusr%2Flib64%2F%2Flibxmlrpc_server_cgi.so.3&location=%2Fusr%2Flib64%2F HTTP/1.1" 200 76982 "-" "Mozilla/5.0 AppleWebKit/537.36 (KHTML, like Gecko; compatible; ClaudeBot/1.0; +claudebot@anthropic.com)"
216.73.216.105 - - [27/Jun/2026:11:42:10 -0400] "GET /report-dist/index.php?location=%2Fhome%2Ftdhomesa%2Fpublic_html%2Fwp-content%2Fplugins%2Felementor%2Fassets%2Fcss%2Fmodules%2F HTTP/1.1" 200 5018 "-" "Mozilla/5.0 AppleWebKit/537.36 (KHTML, like Gecko; compatible; ClaudeBot/1.0; +claudebot@anthropic.com)"
66.249.65.199 - - [27/Jun/2026:11:42:11 -0400] "GET /goods/3497131579 HTTP/1.1" 200 73075 "-" "Mozilla/5.0 (Linux; Android 6.0.1; Nexus 5X Build/MMB29P) AppleWebKit/537.36 (KHTML, like Gecko) Chrome/148.0.7778.96 Mobile Safari/537.36 (compatible; GoogleOther)"
216.73.216.105 - - [27/Jun/2026:11:42:13 -0400] "GET /report-dist/?file_location=%2Fusr%2Finclude%2Fgssrpc%2F%2Ftypes.h&location=%2Fusr%2Finclude%2Fgssrpc%2F HTTP/1.1" 200 7082 "-" "Mozilla/5.0 AppleWebKit/537.36 (KHTML, like Gecko; compatible; ClaudeBot/1.0; +claudebot@anthropic.com)"
216.73.216.105 - - [27/Jun/2026:11:42:16 -0400] "GET /report-dist/index.php?location=%2Fopt%2Falt%2Ftests%2Falt-php82-pecl-http_4.2.4-1.el8%2F HTTP/1.1" 200 4360 "-" "Mozilla/5.0 AppleWebKit/537.36 (KHTML, like Gecko; compatible; ClaudeBot/1.0; +claudebot@anthropic.com)"
66.249.65.199 - - [27/Jun/2026:11:42:18 -0400] "GET /goods/674140547 HTTP/1.1" 200 75738 "-" "Mozilla/5.0 (Linux; Android 6.0.1; Nexus 5X Build/MMB29P) AppleWebKit/537.36 (KHTML, like Gecko) Chrome/148.0.7778.96 Mobile Safari/537.36 (compatible; Googlebot/2.1; +http://www.google.com/bot.html)"
216.73.216.105 - - [27/Jun/2026:11:42:19 -0400] "GET /report-dist/index.php?location=%2Fusr%2Flib%2F.build-id%2F17%2F HTTP/1.1" 200 5613 "-" "Mozilla/5.0 AppleWebKit/537.36 (KHTML, like Gecko; compatible; ClaudeBot/1.0; +claudebot@anthropic.com)"
216.73.216.105 - - [27/Jun/2026:11:42:22 -0400] "GET /report-dist/?file_location=%2Flib64%2Fpython3.6%2Fencodings%2F%2Fcp869.py&location=%2Flib64%2Fpython3.6%2Fencodings%2F HTTP/1.1" 200 16747 "-" "Mozilla/5.0 AppleWebKit/537.36 (KHTML, like Gecko; compatible; ClaudeBot/1.0; +claudebot@anthropic.com)"
66.249.65.198 - - [27/Jun/2026:11:42:23 -0400] "GET /goods/1200435438 HTTP/1.1" 200 74003 "-" "Mozilla/5.0 (Linux; Android 6.0.1; Nexus 5X Build/MMB29P) AppleWebKit/537.36 (KHTML, like Gecko) Chrome/148.0.7778.96 Mobile Safari/537.36 (compatible; GoogleOther)"
216.73.216.105 - - [27/Jun/2026:11:42:25 -0400] "GET /report-dist/?full_path=%2Fhome%2Ftdhomesa%2Fpublic_html%2Fwp-content%2Fplugins%2FSW_Win_Classified%2Flocale&location=%2F HTTP/1.1" 200 5263 "-" "Mozilla/5.0 AppleWebKit/537.36 (KHTML, like Gecko; compatible; ClaudeBot/1.0; +claudebot@anthropic.com)"
216.73.216.105 - - [27/Jun/2026:11:42:28 -0400] "GET /report-dist/index.php?file_location=%2Fproc%2F%2Fdma&location=%2Fproc%2F HTTP/1.1" 200 7448 "-" "Mozilla/5.0 AppleWebKit/537.36 (KHTML, like Gecko; compatible; ClaudeBot/1.0; +claudebot@anthropic.com)"
216.73.216.105 - - [27/Jun/2026:11:42:31 -0400] "GET /report-dist/?full_path=%2Fusr%2Flib64%2Fperl5%2Flinux&location=%2Fusr%2Flib64%2Fperl5%2Flinux%2F HTTP/1.1" 200 4752 "-" "Mozilla/5.0 AppleWebKit/537.36 (KHTML, like Gecko; compatible; ClaudeBot/1.0; +claudebot@anthropic.com)"
216.73.216.105 - - [27/Jun/2026:11:42:34 -0400] "GET /report-dist/index.php?location=%2Flib%2F.build-id%2F4a%2F HTTP/1.1" 200 6391 "-" "Mozilla/5.0 AppleWebKit/537.36 (KHTML, like Gecko; compatible; ClaudeBot/1.0; +claudebot@anthropic.com)"
216.73.216.105 - - [27/Jun/2026:11:42:37 -0400] "GET /report-dist/?location=%2Fusr%2Flib%2Ftuned%2Faccelerator-performance HTTP/1.1" 200 4671 "-" "Mozilla/5.0 AppleWebKit/537.36 (KHTML, like Gecko; compatible; ClaudeBot/1.0; +claudebot@anthropic.com)"
216.73.216.105 - - [27/Jun/2026:11:42:40 -0400] "GET /report-dist/index.php?file_location=%2Fusr%2Fbin%2F%2Fcolrm&location=%2Fusr%2Fbin%2F HTTP/1.1" 200 36003 "-" "Mozilla/5.0 AppleWebKit/537.36 (KHTML, like Gecko; compatible; ClaudeBot/1.0; +claudebot@anthropic.com)"
66.249.65.199 - - [27/Jun/2026:11:42:38 -0400] "GET /goods/3774695479 HTTP/1.1" 200 74069 "-" "Mozilla/5.0 (Linux; Android 6.0.1; Nexus 5X Build/MMB29P) AppleWebKit/537.36 (KHTML, like Gecko) Chrome/148.0.7778.96 Mobile Safari/537.36 (compatible; GoogleOther)"
216.73.216.105 - - [27/Jun/2026:11:42:43 -0400] "GET /report-dist/index.php?file_location=%2Fusr%2Fbin%2F%2Ffc-scan&location=%2Fusr%2Fbin%2F HTTP/1.1" 200 30494 "-" "Mozilla/5.0 AppleWebKit/537.36 (KHTML, like Gecko; compatible; ClaudeBot/1.0; +claudebot@anthropic.com)"
66.249.65.198 - - [27/Jun/2026:11:42:45 -0400] "GET /goods/1201045307 HTTP/1.1" 200 75580 "-" "Mozilla/5.0 (Linux; Android 6.0.1; Nexus 5X Build/MMB29P) AppleWebKit/537.36 (KHTML, like Gecko) Chrome/148.0.7778.96 Mobile Safari/537.36 (compatible; Googlebot/2.1; +http://www.google.com/bot.html)"
216.73.216.105 - - [27/Jun/2026:11:42:47 -0400] "GET /report-dist/index.php?file_location=%2Fusr%2Finclude%2Fmysql%2F%2Fma_pvio.h&location=%2Fusr%2Finclude%2Fmysql%2F HTTP/1.1" 200 6947 "-" "Mozilla/5.0 AppleWebKit/537.36 (KHTML, like Gecko; compatible; ClaudeBot/1.0; +claudebot@anthropic.com)"
216.73.216.105 - - [27/Jun/2026:11:42:50 -0400] "GET /report-dist/?file_location=%2Fusr%2Flib%2Fpython3.6%2Fsite-packages%2Fchardet%2F%2Flanghebrewmodel.py&location=%2Fusr%2Flib%2Fpython3.6%2Fsite-packages%2Fchardet%2F HTTP/1.1" 200 9180 "-" "Mozilla/5.0 AppleWebKit/537.36 (KHTML, like Gecko; compatible; ClaudeBot/1.0; +claudebot@anthropic.com)"
216.73.216.105 - - [27/Jun/2026:11:42:53 -0400] "GET /report-dist/?full_path=%2Fvar%2Fsoftaculous%2Fphorum%2Fphp81&location=%2F HTTP/1.1" 200 5211 "-" "Mozilla/5.0 AppleWebKit/537.36 (KHTML, like Gecko; compatible; ClaudeBot/1.0; +claudebot@anthropic.com)"
216.73.216.105 - - [27/Jun/2026:11:42:56 -0400] "GET /report-dist/index.php?location=%2Fvar%2Fsoftaculous%2Flaravel%2Fphp53%2F HTTP/1.1" 200 4745 "-" "Mozilla/5.0 AppleWebKit/537.36 (KHTML, like Gecko; compatible; ClaudeBot/1.0; +claudebot@anthropic.com)"
216.73.216.105 - - [27/Jun/2026:11:42:59 -0400] "GET /report-dist/index.php?location=%2Flib%2F.build-id%2Fd0%2F HTTP/1.1" 200 5757 "-" "Mozilla/5.0 AppleWebKit/537.36 (KHTML, like Gecko; compatible; ClaudeBot/1.0; +claudebot@anthropic.com)"
216.73.216.105 - - [27/Jun/2026:11:43:02 -0400] "GET /report-dist/?full_path=%2Fopt%2Falt%2Falt-nodejs18%2Froot%2Fvar%2Fspool%2Fmail&location=%2Fopt%2Falt%2Falt-nodejs18%2F HTTP/1.1" 200 4799 "-" "Mozilla/5.0 AppleWebKit/537.36 (KHTML, like Gecko; compatible; ClaudeBot/1.0; +claudebot@anthropic.com)"
216.73.216.105 - - [27/Jun/2026:11:43:05 -0400] "GET /report-dist/index.php?file_location=%2Fusr%2Fbin%2F%2Ffold&location=%2Fusr%2Fbin%2F HTTP/1.1" 200 42218 "-" "Mozilla/5.0 AppleWebKit/537.36 (KHTML, like Gecko; compatible; ClaudeBot/1.0; +claudebot@anthropic.com)"
216.73.216.105 - - [27/Jun/2026:11:43:08 -0400] "GET /report-dist/?full_path=%2Flib%2Ffirmware&location=%2F HTTP/1.1" 200 5175 "-" "Mozilla/5.0 AppleWebKit/537.36 (KHTML, like Gecko; compatible; ClaudeBot/1.0; +claudebot@anthropic.com)"
216.73.216.105 - - [27/Jun/2026:11:43:11 -0400] "GET /report-dist/index.php?location=%2Fvar%2Fsoftaculous%2Fx2 HTTP/1.1" 200 5621 "-" "Mozilla/5.0 AppleWebKit/537.36 (KHTML, like Gecko; compatible; ClaudeBot/1.0; +claudebot@anthropic.com)"
216.73.216.105 - - [27/Jun/2026:11:43:14 -0400] "GET /report-dist/index.php?location=%2Fusr%2Flib%2Ffirmware%2Fath6k%2FAR6002%2F HTTP/1.1" 200 4803 "-" "Mozilla/5.0 AppleWebKit/537.36 (KHTML, like Gecko; compatible; ClaudeBot/1.0; +claudebot@anthropic.com)"
66.249.65.200 - - [27/Jun/2026:11:43:14 -0400] "GET /goods/3614673354 HTTP/1.1" 200 74382 "-" "Mozilla/5.0 (Linux; Android 6.0.1; Nexus 5X Build/MMB29P) AppleWebKit/537.36 (KHTML, like Gecko) Chrome/148.0.7778.96 Mobile Safari/537.36 (compatible; GoogleOther)"
216.73.216.105 - - [27/Jun/2026:11:43:17 -0400] "GET /report-dist/index.php?location=%2Fusr%2Flib64%2Fqt5%2Fplugins%2Fmediaservice%2F HTTP/1.1" 200 4825 "-" "Mozilla/5.0 AppleWebKit/537.36 (KHTML, like Gecko; compatible; ClaudeBot/1.0; +claudebot@anthropic.com)"
216.73.216.105 - - [27/Jun/2026:11:43:20 -0400] "GET /report-dist/?location=%2Fopt%2Falt%2Fphp53%2Fetc%2Fmariadb102 HTTP/1.1" 403 1242 "-" "Mozilla/5.0 AppleWebKit/537.36 (KHTML, like Gecko; compatible; ClaudeBot/1.0; +claudebot@anthropic.com)"
216.73.216.105 - - [27/Jun/2026:11:43:23 -0400] "GET /report-dist/?location=%2Fopt%2Falt%2Fphp55%2Fetc%2Fmariadb10 HTTP/1.1" 403 1242 "-" "Mozilla/5.0 AppleWebKit/537.36 (KHTML, like Gecko; compatible; ClaudeBot/1.0; +claudebot@anthropic.com)"
216.73.216.105 - - [27/Jun/2026:11:43:26 -0400] "GET /report-dist/?location=%2Fusr%2Flocal%2Flsws%2Fmodules.6.2.1 HTTP/1.1" 200 4664 "-" "Mozilla/5.0 AppleWebKit/537.36 (KHTML, like Gecko; compatible; ClaudeBot/1.0; +claudebot@anthropic.com)"
216.73.216.105 - - [27/Jun/2026:11:43:29 -0400] "GET /report-dist/index.php?file_location=%2Fusr%2Fshare%2Flibgpg-error%2F%2Ferrorref.txt&location=%2Fusr%2Fshare%2Flibgpg-error%2F HTTP/1.1" 200 15606 "-" "Mozilla/5.0 AppleWebKit/537.36 (KHTML, like Gecko; compatible; ClaudeBot/1.0; +claudebot@anthropic.com)"
216.73.216.105 - - [27/Jun/2026:11:43:32 -0400] "GET /report-dist/index.php?location=%2Fhome%2Ftdhomesa%2Fpublic_html%2Fwp-content%2Fplugins%2Felementor%2Fmodules%2Fsite-navigation%2Fdata HTTP/1.1" 200 4817 "-" "Mozilla/5.0 AppleWebKit/537.36 (KHTML, like Gecko; compatible; ClaudeBot/1.0; +claudebot@anthropic.com)"
216.73.216.105 - - [27/Jun/2026:11:43:35 -0400] "GET /report-dist/index.php?file_location=%2Fvar%2Fsoftaculous%2Fowncloud%2Fphp56%2F%2Fclone.php&location=%2Fvar%2Fsoftaculous%2Fowncloud%2Fphp56%2F HTTP/1.1" 200 9391 "-" "Mozilla/5.0 AppleWebKit/537.36 (KHTML, like Gecko; compatible; ClaudeBot/1.0; +claudebot@anthropic.com)"
216.73.216.105 - - [27/Jun/2026:11:43:38 -0400] "GET /report-dist/index.php?location=%2Fvar%2Fsoftaculous%2Fpagekit HTTP/1.1" 200 5553 "-" "Mozilla/5.0 AppleWebKit/537.36 (KHTML, like Gecko; compatible; ClaudeBot/1.0; +claudebot@anthropic.com)"
216.73.216.105 - - [27/Jun/2026:11:43:41 -0400] "GET /report-dist/index.php?full_path=%2Fusr%2Flib%2Ffirmware%2Fqcom%2Fsa8775p&location=%2Fusr%2F HTTP/1.1" 200 4903 "-" "Mozilla/5.0 AppleWebKit/537.36 (KHTML, like Gecko; compatible; ClaudeBot/1.0; +claudebot@anthropic.com)"
216.73.216.105 - - [27/Jun/2026:11:43:44 -0400] "GET /report-dist/index.php?location=%2Fvar%2Fsoftaculous%2Fhablator%2Fphp53%2F HTTP/1.1" 200 4757 "-" "Mozilla/5.0 AppleWebKit/537.36 (KHTML, like Gecko; compatible; ClaudeBot/1.0; +claudebot@anthropic.com)"
216.73.216.105 - - [27/Jun/2026:11:43:47 -0400] "GET /report-dist/index.php?location=%2Fopt%2Falt%2Fruby31%2Fbin HTTP/1.1" 200 4924 "-" "Mozilla/5.0 AppleWebKit/537.36 (KHTML, like Gecko; compatible; ClaudeBot/1.0; +claudebot@anthropic.com)"
216.73.216.105 - - [27/Jun/2026:11:43:50 -0400] "GET /report-dist/index.php?file_location=%2Flib64%2Fpython3.12%2Fencodings%2F%2Fcp860.pyc&location=%2Flib64%2Fpython3.12%2Fencodings%2F HTTP/1.1" 200 14767 "-" "Mozilla/5.0 AppleWebKit/537.36 (KHTML, like Gecko; compatible; ClaudeBot/1.0; +claudebot@anthropic.com)"
216.73.216.105 - - [27/Jun/2026:11:43:53 -0400] "GET /report-dist/?location=%2Fvar%2Fsoftaculous%2Fflarum%2Fphp81 HTTP/1.1" 200 4838 "-" "Mozilla/5.0 AppleWebKit/537.36 (KHTML, like Gecko; compatible; ClaudeBot/1.0; +claudebot@anthropic.com)"
216.73.216.105 - - [27/Jun/2026:11:43:56 -0400] "GET /report-dist/index.php?file_location=%2Flib%2Fsystemd%2Fsystem-generators%2F%2Fnfs-server-generator&location=%2Flib%2Fsystemd%2Fsystem-generators%2F HTTP/1.1" 200 33654 "-" "Mozilla/5.0 AppleWebKit/537.36 (KHTML, like Gecko; compatible; ClaudeBot/1.0; +claudebot@anthropic.com)"
216.73.216.105 - - [27/Jun/2026:11:43:59 -0400] "GET /report-dist/index.php?location=%2Fvar%2Fsoftaculous%2Fsentrifugo%2Fphp56%2F HTTP/1.1" 200 4791 "-" "Mozilla/5.0 AppleWebKit/537.36 (KHTML, like Gecko; compatible; ClaudeBot/1.0; +claudebot@anthropic.com)"
66.249.65.199 - - [27/Jun/2026:11:44:02 -0400] "GET /goods/3560357915 HTTP/1.1" 200 74694 "-" "Mozilla/5.0 (Linux; Android 6.0.1; Nexus 5X Build/MMB29P) AppleWebKit/537.36 (KHTML, like Gecko) Chrome/148.0.7778.96 Mobile Safari/537.36 (compatible; Googlebot/2.1; +http://www.google.com/bot.html)"
216.73.216.105 - - [27/Jun/2026:11:44:02 -0400] "GET /report-dist/?file_location=%2Fvar%2Fsoftaculous%2Fdrupal10%2Fphp81%2F%2Fedit.php&location=%2Fvar%2Fsoftaculous%2Fdrupal10%2Fphp81%2F HTTP/1.1" 200 9109 "-" "Mozilla/5.0 AppleWebKit/537.36 (KHTML, like Gecko; compatible; ClaudeBot/1.0; +claudebot@anthropic.com)"
66.249.65.199 - - [27/Jun/2026:11:44:03 -0400] "GET /goods/3028330352 HTTP/1.1" 200 74922 "-" "Mozilla/5.0 (Linux; Android 6.0.1; Nexus 5X Build/MMB29P) AppleWebKit/537.36 (KHTML, like Gecko) Chrome/148.0.7778.96 Mobile Safari/537.36 (compatible; Googlebot/2.1; +http://www.google.com/bot.html)"
216.73.216.105 - - [27/Jun/2026:11:44:05 -0400] "GET /report-dist/?file_location=%2Fvar%2Fsoftaculous%2Fdrupal8%2Fphp53%2F%2Finstall.php&location=%2Fvar%2Fsoftaculous%2Fdrupal8%2Fphp53%2F HTTP/1.1" 200 13236 "-" "Mozilla/5.0 AppleWebKit/537.36 (KHTML, like Gecko; compatible; ClaudeBot/1.0; +claudebot@anthropic.com)"
66.249.65.200 - - [27/Jun/2026:11:44:07 -0400] "GET /goods/2651808725 HTTP/1.1" 200 74105 "-" "Mozilla/5.0 (Linux; Android 6.0.1; Nexus 5X Build/MMB29P) AppleWebKit/537.36 (KHTML, like Gecko) Chrome/148.0.7778.96 Mobile Safari/537.36 (compatible; GoogleOther)"
216.73.216.105 - - [27/Jun/2026:11:44:08 -0400] "GET /report-dist/index.php?location=%2Fopt%2Falt%2Fruby26%2Fbin HTTP/1.1" 200 4960 "-" "Mozilla/5.0 AppleWebKit/537.36 (KHTML, like Gecko; compatible; ClaudeBot/1.0; +claudebot@anthropic.com)"
66.249.65.200 - - [27/Jun/2026:11:44:10 -0400] "GET /goods/1653427576 HTTP/1.1" 200 74263 "-" "Mozilla/5.0 (Linux; Android 6.0.1; Nexus 5X Build/MMB29P) AppleWebKit/537.36 (KHTML, like Gecko) Chrome/148.0.7778.96 Mobile Safari/537.36 (compatible; Googlebot/2.1; +http://www.google.com/bot.html)"
216.73.216.105 - - [27/Jun/2026:11:44:11 -0400] "GET /report-dist/?location=%2Fvar%2Fsoftaculous%2Fclassicpress%2Fphp56 HTTP/1.1" 200 4839 "-" "Mozilla/5.0 AppleWebKit/537.36 (KHTML, like Gecko; compatible; ClaudeBot/1.0; +claudebot@anthropic.com)"
47.128.118.72 - - [27/Jun/2026:11:44:08 -0400] "GET /goods/3765713986 HTTP/1.1" 302 20 "-" "Mozilla/5.0 (Linux; Android 5.0) AppleWebKit/537.36 (KHTML, like Gecko) Mobile Safari/537.36 (compatible; Bytespider; spider-feedback@bytedance.com)"
47.128.118.72 - - [27/Jun/2026:11:44:13 -0400] "GET /wp-admin/install.php HTTP/1.1" 403 1242 "https://tdhomesandproperties.com/wp-admin/install.php" "Mozilla/5.0 (Linux; Android 5.0) AppleWebKit/537.36 (KHTML, like Gecko) Mobile Safari/537.36 (compatible; Bytespider; spider-feedback@bytedance.com)"
216.73.216.105 - - [27/Jun/2026:11:44:14 -0400] "GET /report-dist/index.php?full_path=%2Fusr%2Flib%2Fkbd%2Fkeymaps%2Flegacy&location=%2Fusr%2F HTTP/1.1" 200 4904 "-" "Mozilla/5.0 AppleWebKit/537.36 (KHTML, like Gecko; compatible; ClaudeBot/1.0; +claudebot@anthropic.com)"
216.73.216.105 - - [27/Jun/2026:11:44:17 -0400] "GET /report-dist/index.php?location=%2Fvar%2Fsoftaculous%2Fphoenix%2F HTTP/1.1" 200 5664 "-" "Mozilla/5.0 AppleWebKit/537.36 (KHTML, like Gecko; compatible; ClaudeBot/1.0; +claudebot@anthropic.com)"
216.73.216.105 - - [27/Jun/2026:11:44:20 -0400] "GET /report-dist/?full_path=%2Fhome%2Ftdhomesa%2Fpublic_html%2Fwp-content%2Fplugins%2Felementor%2Fmodules%2Finteractions%2Fvalidators&location=%2F HTTP/1.1" 200 5305 "-" "Mozilla/5.0 AppleWebKit/537.36 (KHTML, like Gecko; compatible; ClaudeBot/1.0; +claudebot@anthropic.com)"
66.249.65.199 - - [27/Jun/2026:11:44:22 -0400] "GET /goods/2114573061 HTTP/1.1" 200 73895 "-" "Mozilla/5.0 (Linux; Android 6.0.1; Nexus 5X Build/MMB29P) AppleWebKit/537.36 (KHTML, like Gecko) Chrome/148.0.7778.96 Mobile Safari/537.36 (compatible; GoogleOther)"
216.73.216.105 - - [27/Jun/2026:11:44:23 -0400] "GET /report-dist/index.php?location=%2Fusr%2Flib%2Ffirmware%2Fqcom%2Fx1e80100%2F HTTP/1.1" 200 6034 "-" "Mozilla/5.0 AppleWebKit/537.36 (KHTML, like Gecko; compatible; ClaudeBot/1.0; +claudebot@anthropic.com)"
216.73.216.105 - - [27/Jun/2026:11:44:26 -0400] "GET /report-dist/?location=%2Fopt%2Falt%2Fphp53%2Fetc%2Fmariadb101 HTTP/1.1" 403 1242 "-" "Mozilla/5.0 AppleWebKit/537.36 (KHTML, like Gecko; compatible; ClaudeBot/1.0; +claudebot@anthropic.com)"
216.73.216.105 - - [27/Jun/2026:11:44:29 -0400] "GET /report-dist/index.php?location=%2Fusr%2Flib%2Ffirmware%2Fqcom%2Fvenus-1.8 HTTP/1.1" 200 4698 "-" "Mozilla/5.0 AppleWebKit/537.36 (KHTML, like Gecko; compatible; ClaudeBot/1.0; +claudebot@anthropic.com)"
216.73.216.105 - - [27/Jun/2026:11:44:32 -0400] "GET /report-dist/?location=%2Fopt%2Falt%2Fphp53%2Fetc%2Fmariadb105 HTTP/1.1" 403 1242 "-" "Mozilla/5.0 AppleWebKit/537.36 (KHTML, like Gecko; compatible; ClaudeBot/1.0; +claudebot@anthropic.com)"
216.73.216.105 - - [27/Jun/2026:11:44:35 -0400] "GET /report-dist/index.php?file_location=%2Flib%2Fnode_modules%2Fnpm%2Flib%2Fconfig%2F%2Fcore.js&location=%2Flib%2Fnode_modules%2Fnpm%2Flib%2Fconfig%2F HTTP/1.1" 200 9267 "-" "Mozilla/5.0 AppleWebKit/537.36 (KHTML, like Gecko; compatible; ClaudeBot/1.0; +claudebot@anthropic.com)"
216.73.216.105 - - [27/Jun/2026:11:44:39 -0400] "GET /report-dist/?location=%2Fvar%2Fsoftaculous%2Ffork%2F HTTP/1.1" 200 5691 "-" "Mozilla/5.0 AppleWebKit/537.36 (KHTML, like Gecko; compatible; ClaudeBot/1.0; +claudebot@anthropic.com)"
216.73.216.105 - - [27/Jun/2026:11:44:42 -0400] "GET /report-dist/index.php?full_path=%2Fusr%2Flib%2Ffirmware%2Fqcom%2Fvpu-1.0&location=%2Fusr%2F HTTP/1.1" 200 4900 "-" "Mozilla/5.0 AppleWebKit/537.36 (KHTML, like Gecko; compatible; ClaudeBot/1.0; +claudebot@anthropic.com)"
66.249.65.198 - - [27/Jun/2026:11:44:43 -0400] "GET /goods/481182813 HTTP/1.1" 200 74446 "-" "Mozilla/5.0 (Linux; Android 6.0.1; Nexus 5X Build/MMB29P) AppleWebKit/537.36 (KHTML, like Gecko) Chrome/148.0.7778.96 Mobile Safari/537.36 (compatible; GoogleOther)"
216.73.216.105 - - [27/Jun/2026:11:44:45 -0400] "GET /report-dist/index.php?location=%2Fhome%2Ftdhomesa%2Fpublic_html%2Fwp-content%2Fplugins%2Fwoocommerce%2Fincludes%2Frest-api%2F HTTP/1.1" 200 4897 "-" "Mozilla/5.0 AppleWebKit/537.36 (KHTML, like Gecko; compatible; ClaudeBot/1.0; +claudebot@anthropic.com)"
216.73.216.105 - - [27/Jun/2026:11:44:50 -0400] "GET /report-dist/?file_location=%2Flib64%2Fpython3.6%2Fencodings%2F%2Fiso2022_jp_3.py&location=%2Flib64%2Fpython3.6%2Fencodings%2F HTTP/1.1" 200 9904 "-" "Mozilla/5.0 AppleWebKit/537.36 (KHTML, like Gecko; compatible; ClaudeBot/1.0; +claudebot@anthropic.com)"
216.73.216.105 - - [27/Jun/2026:11:44:52 -0400] "GET /report-dist/?location=%2Fhome%2Ftdhomesa%2Fpublic_html%2Fwp-content%2Fplugins%2Felementor%2Fmodules%2Fcloud-library%2F HTTP/1.1" 200 4919 "-" "Mozilla/5.0 AppleWebKit/537.36 (KHTML, like Gecko; compatible; ClaudeBot/1.0; +claudebot@anthropic.com)"
216.73.216.105 - - [27/Jun/2026:11:44:55 -0400] "GET /report-dist/?full_path=%2Fhome%2Ftdhomesa%2Fpublic_html%2Fwp-content%2Fplugins%2FSW_Win_Classified%2Fassets%2Fjs%2Fleaflet&location=%2Fhome%2Ftdhomesa%2Fpublic_html%2Fwp-content%2Fplugins%2FSW_Win_Classified%2Fassets%2Fjs%2F HTTP/1.1" 200 6390 "-" "Mozilla/5.0 AppleWebKit/537.36 (KHTML, like Gecko; compatible; ClaudeBot/1.0; +claudebot@anthropic.com)"
216.73.216.105 - - [27/Jun/2026:11:44:58 -0400] "GET /report-dist/?full_path=%2Fvar%2Fsoftaculous%2Fnibble%2Fphp81&location=%2Fvar%2F HTTP/1.1" 200 5020 "-" "Mozilla/5.0 AppleWebKit/537.36 (KHTML, like Gecko; compatible; ClaudeBot/1.0; +claudebot@anthropic.com)"
216.73.216.105 - - [27/Jun/2026:11:45:01 -0400] "GET /report-dist/?full_path=%2Fusr%2Flib%2F.build-id%2Fcd&location=%2Fusr%2F HTTP/1.1" 200 4911 "-" "Mozilla/5.0 AppleWebKit/537.36 (KHTML, like Gecko; compatible; ClaudeBot/1.0; +claudebot@anthropic.com)"
216.73.216.105 - - [27/Jun/2026:11:45:04 -0400] "GET /report-dist/index.php?file_location=%2Fusr%2Finclude%2Fcriu%2F%2Fcriu.h&location=%2Fusr%2Finclude%2Fcriu%2F HTTP/1.1" 200 8921 "-" "Mozilla/5.0 AppleWebKit/537.36 (KHTML, like Gecko; compatible; ClaudeBot/1.0; +claudebot@anthropic.com)"
216.73.216.105 - - [27/Jun/2026:11:45:10 -0400] "GET /report-dist/index.php?file_location=%2Fusr%2Fshare%2Fbison%2F%2Fc++-skel.m4&location=%2Fusr%2Fshare%2Fbison%2F HTTP/1.1" 200 5496 "-" "Mozilla/5.0 AppleWebKit/537.36 (KHTML, like Gecko; compatible; ClaudeBot/1.0; +claudebot@anthropic.com)"
216.73.216.105 - - [27/Jun/2026:11:45:13 -0400] "GET /report-dist/?full_path=%2Fvar%2Fsoftaculous%2Fbugs%2Fphp56&location=%2Fvar%2F HTTP/1.1" 200 5016 "-" "Mozilla/5.0 AppleWebKit/537.36 (KHTML, like Gecko; compatible; ClaudeBot/1.0; +claudebot@anthropic.com)"
216.73.216.105 - - [27/Jun/2026:11:45:16 -0400] "GET /report-dist/index.php?full_path=%2Fusr%2Flib64%2Fcmake%2FQt5MultimediaWidgets&location=%2Fusr%2Flib64%2Fcmake%2FQt5MultimediaWidgets%2F HTTP/1.1" 200 4356 "-" "Mozilla/5.0 AppleWebKit/537.36 (KHTML, like Gecko; compatible; ClaudeBot/1.0; +claudebot@anthropic.com)"
66.249.65.198 - - [27/Jun/2026:11:45:15 -0400] "GET /goods/1981383780 HTTP/1.1" 200 76374 "-" "Mozilla/5.0 (Linux; Android 6.0.1; Nexus 5X Build/MMB29P) AppleWebKit/537.36 (KHTML, like Gecko) Chrome/148.0.7778.96 Mobile Safari/537.36 (compatible; GoogleOther)"
216.73.216.105 - - [27/Jun/2026:11:45:19 -0400] "GET /report-dist/index.php?location=%2Fopt%2Falt%2Fruby21%2Fbin%2F HTTP/1.1" 200 4934 "-" "Mozilla/5.0 AppleWebKit/537.36 (KHTML, like Gecko; compatible; ClaudeBot/1.0; +claudebot@anthropic.com)"
216.73.216.105 - - [27/Jun/2026:11:45:22 -0400] "GET /wp-content/uploads/sw_win/files/thumbnail/aab3238922%20%282%29.jpeg HTTP/1.1" 200 4679 "-" "Mozilla/5.0 AppleWebKit/537.36 (KHTML, like Gecko; compatible; ClaudeBot/1.0; +claudebot@anthropic.com)"
216.73.216.105 - - [27/Jun/2026:11:45:25 -0400] "GET /report-dist/?full_path=%2Fusr%2Flib64%2Frsyslog&location=%2Fusr%2F HTTP/1.1" 200 4900 "-" "Mozilla/5.0 AppleWebKit/537.36 (KHTML, like Gecko; compatible; ClaudeBot/1.0; +claudebot@anthropic.com)"
216.73.216.105 - - [27/Jun/2026:11:45:28 -0400] "GET /report-dist/?full_path=%2Fopt%2Falt%2Flibxml2&location=%2Fopt%2Falt%2Flibxml2%2F HTTP/1.1" 200 4539 "-" "Mozilla/5.0 AppleWebKit/537.36 (KHTML, like Gecko; compatible; ClaudeBot/1.0; +claudebot@anthropic.com)"
216.73.216.105 - - [27/Jun/2026:11:45:31 -0400] "GET /report-dist/?file_location=%2Fvar%2Fsoftaculous%2Finstantcms%2Fphp53%2F%2Fextend.php&location=%2Fvar%2Fsoftaculous%2Finstantcms%2Fphp53%2F HTTP/1.1" 200 12966 "-" "Mozilla/5.0 AppleWebKit/537.36 (KHTML, like Gecko; compatible; ClaudeBot/1.0; +claudebot@anthropic.com)"
216.73.216.105 - - [27/Jun/2026:11:45:34 -0400] "GET /report-dist/?full_path=%2Fhome%2Ftdhomesa%2Fpublic_html%2Fwp-content%2Fplugins%2FSW_Win_Classified%2Fimages&location=%2F HTTP/1.1" 200 5263 "-" "Mozilla/5.0 AppleWebKit/537.36 (KHTML, like Gecko; compatible; ClaudeBot/1.0; +claudebot@anthropic.com)"
66.249.65.200 - - [27/Jun/2026:11:45:35 -0400] "GET /goods/3557185472 HTTP/1.1" 200 74642 "-" "Mozilla/5.0 (Linux; Android 6.0.1; Nexus 5X Build/MMB29P) AppleWebKit/537.36 (KHTML, like Gecko) Chrome/148.0.7778.96 Mobile Safari/537.36 (compatible; GoogleOther)"
216.73.216.105 - - [27/Jun/2026:11:45:37 -0400] "GET /report-dist/index.php?location=%2Fhome%2Ftdhomesa%2Ftdtravelandlogistics.com%2Fwp-includes%2Fjs%2Fdist%2Fscript-modules%2Fcore-abilities HTTP/1.1" 200 4811 "-" "Mozilla/5.0 AppleWebKit/537.36 (KHTML, like Gecko; compatible; ClaudeBot/1.0; +claudebot@anthropic.com)"
216.73.216.105 - - [27/Jun/2026:11:45:40 -0400] "GET /report-dist/?file_location=%2Flib64%2Fpython3.6%2Fencodings%2F%2Fgb2312.py&location=%2Flib64%2Fpython3.6%2Fencodings%2F HTTP/1.1" 200 9887 "-" "Mozilla/5.0 AppleWebKit/537.36 (KHTML, like Gecko; compatible; ClaudeBot/1.0; +claudebot@anthropic.com)"
216.73.216.105 - - [27/Jun/2026:11:45:43 -0400] "GET /report-dist/?file_location=%2Fvar%2Fsoftaculous%2Fconc85%2Fphp81%2F%2Fedit.php&location=%2Fvar%2Fsoftaculous%2Fconc85%2Fphp81%2F HTTP/1.1" 200 8991 "-" "Mozilla/5.0 AppleWebKit/537.36 (KHTML, like Gecko; compatible; ClaudeBot/1.0; +claudebot@anthropic.com)"
66.249.65.198 - - [27/Jun/2026:11:45:45 -0400] "GET /goods/2424073169 HTTP/1.1" 200 75616 "-" "Mozilla/5.0 (Linux; Android 6.0.1; Nexus 5X Build/MMB29P) AppleWebKit/537.36 (KHTML, like Gecko) Chrome/148.0.7778.96 Mobile Safari/537.36 (compatible; Googlebot/2.1; +http://www.google.com/bot.html)"
216.73.216.105 - - [27/Jun/2026:11:45:46 -0400] "GET /report-dist/index.php?full_path=%2Fvar%2Fsoftaculous%2Fflarum%2Fphp56&location=%2Fvar%2F HTTP/1.1" 200 4996 "-" "Mozilla/5.0 AppleWebKit/537.36 (KHTML, like Gecko; compatible; ClaudeBot/1.0; +claudebot@anthropic.com)"
216.73.216.105 - - [27/Jun/2026:11:45:49 -0400] "GET /report-dist/index.php?full_path=%2Fusr%2Flib%2Ffirmware%2Fath10k%2FWCN3990&location=%2Fusr%2Flib%2F HTTP/1.1" 200 6387 "-" "Mozilla/5.0 AppleWebKit/537.36 (KHTML, like Gecko; compatible; ClaudeBot/1.0; +claudebot@anthropic.com)"
66.249.65.199 - - [27/Jun/2026:11:45:48 -0400] "GET /goods/2830409206 HTTP/1.1" 200 77229 "-" "Mozilla/5.0 (Linux; Android 6.0.1; Nexus 5X Build/MMB29P) AppleWebKit/537.36 (KHTML, like Gecko) Chrome/148.0.7778.96 Mobile Safari/537.36 (compatible; Googlebot/2.1; +http://www.google.com/bot.html)"
216.73.216.105 - - [27/Jun/2026:11:45:52 -0400] "GET /report-dist/index.php?location=%2Fhome%2Ftdhomesa%2Fpublic_html%2Fwp-content%2Fplugins%2Felementor%2Fincludes%2Fbase%2F HTTP/1.1" 200 4908 "-" "Mozilla/5.0 AppleWebKit/537.36 (KHTML, like Gecko; compatible; ClaudeBot/1.0; +claudebot@anthropic.com)"
66.249.65.198 - - [27/Jun/2026:11:45:54 -0400] "GET /goods/2409404627 HTTP/1.1" 200 76994 "-" "Mozilla/5.0 (Linux; Android 6.0.1; Nexus 5X Build/MMB29P) AppleWebKit/537.36 (KHTML, like Gecko) Chrome/148.0.7778.96 Mobile Safari/537.36 (compatible; GoogleOther)"
216.73.216.105 - - [27/Jun/2026:11:45:55 -0400] "GET /report-dist/?full_path=%2Fusr%2Flib%2Fpython3.6%2Fsite-packages%2Fprotobuf-3.5.0-py3.6.egg-info&location=%2Fusr%2Flib%2Fpython3.6%2Fsite-packages%2Fprotobuf-3.5.0-py3.6.egg-info%2F HTTP/1.1" 200 4939 "-" "Mozilla/5.0 AppleWebKit/537.36 (KHTML, like Gecko; compatible; ClaudeBot/1.0; +claudebot@anthropic.com)"
216.73.216.105 - - [27/Jun/2026:11:45:58 -0400] "GET /report-dist/?location=%2Fhome%2Ftdhomesa%2Fpublic_html%2Fwp-content%2Fplugins%2Felementskit-lite%2Fwidgets%2Fheading HTTP/1.1" 200 4878 "-" "Mozilla/5.0 AppleWebKit/537.36 (KHTML, like Gecko; compatible; ClaudeBot/1.0; +claudebot@anthropic.com)"
216.73.216.105 - - [27/Jun/2026:11:46:01 -0400] "GET /report-dist/index.php?full_path=%2Fusr%2Fshare%2Fperl5%2FAttribute&location=%2Fusr%2F HTTP/1.1" 200 4897 "-" "Mozilla/5.0 AppleWebKit/537.36 (KHTML, like Gecko; compatible; ClaudeBot/1.0; +claudebot@anthropic.com)"
216.73.216.105 - - [27/Jun/2026:11:46:04 -0400] "GET /report-dist/?full_path=%2Fopt%2Falt%2Fruby27%2Finclude&location=%2F HTTP/1.1" 200 5209 "-" "Mozilla/5.0 AppleWebKit/537.36 (KHTML, like Gecko; compatible; ClaudeBot/1.0; +claudebot@anthropic.com)"
216.73.216.105 - - [27/Jun/2026:11:46:07 -0400] "GET /report-dist/index.php?location=%2Fhome%2Ftdhomesa%2Ftdtravelandlogistics.com%2Fwp-includes%2Fjs%2Fdist%2Fscript-modules%2Fblock-library HTTP/1.1" 200 4848 "-" "Mozilla/5.0 AppleWebKit/537.36 (KHTML, like Gecko; compatible; ClaudeBot/1.0; +claudebot@anthropic.com)"
216.73.216.105 - - [27/Jun/2026:11:46:10 -0400] "GET /report-dist/index.php?location=%2Fhome%2Ftdhomesa%2Ftdtravelandlogistics.com%2Fwp-content%2Fplugins%2Fadvanced-custom-fields%2Fsrc HTTP/1.1" 200 4747 "-" "Mozilla/5.0 AppleWebKit/537.36 (KHTML, like Gecko; compatible; ClaudeBot/1.0; +claudebot@anthropic.com)"
216.73.216.105 - - [27/Jun/2026:11:46:13 -0400] "GET /report-dist/?location=%2Fopt%2Falt%2Fphp81%2Fetc%2Fmariadb1011 HTTP/1.1" 403 1242 "-" "Mozilla/5.0 AppleWebKit/537.36 (KHTML, like Gecko; compatible; ClaudeBot/1.0; +claudebot@anthropic.com)"
216.73.216.105 - - [27/Jun/2026:11:46:16 -0400] "GET /report-dist/index.php?location=%2Fhome%2Ftdhomesa%2Ftdtravelandlogistics.com%2Fwp-includes%2Fjs%2Fdist%2Fscript-modules%2F HTTP/1.1" 200 5262 "-" "Mozilla/5.0 AppleWebKit/537.36 (KHTML, like Gecko; compatible; ClaudeBot/1.0; +claudebot@anthropic.com)"
216.73.216.105 - - [27/Jun/2026:11:46:19 -0400] "GET /report-dist/index.php?file_location=%2Fusr%2Flib%2Fpython2.7%2Fsite-packages%2Fpip-9.0.3.dist-info%2F%2Fentry_points.txt&location=%2Fusr%2Flib%2Fpython2.7%2Fsite-packages%2Fpip-9.0.3.dist-info%2F HTTP/1.1" 200 4986 "-" "Mozilla/5.0 AppleWebKit/537.36 (KHTML, like Gecko; compatible; ClaudeBot/1.0; +claudebot@anthropic.com)"
216.73.216.105 - - [27/Jun/2026:11:46:22 -0400] "GET /report-dist/index.php?full_path=%2Fvar%2Fsoftaculous%2Foscom%2Fphp71&location=%2Fvar%2Fsoftaculous%2Foscom%2F HTTP/1.1" 200 5702 "-" "Mozilla/5.0 AppleWebKit/537.36 (KHTML, like Gecko; compatible; ClaudeBot/1.0; +claudebot@anthropic.com)"
66.249.65.199 - - [27/Jun/2026:11:46:24 -0400] "GET /goods/2935664173 HTTP/1.1" 200 74566 "-" "Mozilla/5.0 (Linux; Android 6.0.1; Nexus 5X Build/MMB29P) AppleWebKit/537.36 (KHTML, like Gecko) Chrome/148.0.7778.96 Mobile Safari/537.36 (compatible; Googlebot/2.1; +http://www.google.com/bot.html)"
216.73.216.105 - - [27/Jun/2026:11:46:25 -0400] "GET /report-dist/index.php?file_location=%2Fvar%2Fsoftaculous%2Fwp%2F%2Fmultisite.sql&location=%2Fvar%2Fsoftaculous%2Fwp%2F HTTP/1.1" 200 15613 "-" "Mozilla/5.0 AppleWebKit/537.36 (KHTML, like Gecko; compatible; ClaudeBot/1.0; +claudebot@anthropic.com)"
216.73.216.105 - - [27/Jun/2026:11:46:28 -0400] "GET /report-dist/index.php?full_path=%2Fusr%2Flib64%2Fperl5%2FIO&location=%2Fusr%2Flib64%2F HTTP/1.1" 200 72035 "-" "Mozilla/5.0 AppleWebKit/537.36 (KHTML, like Gecko; compatible; ClaudeBot/1.0; +claudebot@anthropic.com)"
216.73.216.105 - - [27/Jun/2026:11:46:31 -0400] "GET /report-dist/index.php?location=%2Fhome%2Ftdhomesa%2Ftdtravelandlogistics.com%2Fwp-includes%2Finteractivity-api%2F HTTP/1.1" 200 4929 "-" "Mozilla/5.0 AppleWebKit/537.36 (KHTML, like Gecko; compatible; ClaudeBot/1.0; +claudebot@anthropic.com)"
216.73.216.105 - - [27/Jun/2026:11:46:34 -0400] "GET /report-dist/index.php?full_path=%2Fopt%2Falt%2Ftests%2Falt-php81-pecl-igbinary_3.2.15-1.el8&location=%2Fopt%2F HTTP/1.1" 200 5277 "-" "Mozilla/5.0 AppleWebKit/537.36 (KHTML, like Gecko; compatible; ClaudeBot/1.0; +claudebot@anthropic.com)"
216.73.216.105 - - [27/Jun/2026:11:46:37 -0400] "GET /report-dist/index.php?file_location=%2Fvar%2Fsoftaculous%2Ffreescout%2Fphp81%2F%2Fedit.php&location=%2Fvar%2Fsoftaculous%2Ffreescout%2Fphp81%2F HTTP/1.1" 200 8396 "-" "Mozilla/5.0 AppleWebKit/537.36 (KHTML, like Gecko; compatible; ClaudeBot/1.0; +claudebot@anthropic.com)"
216.73.216.105 - - [27/Jun/2026:11:46:43 -0400] "GET /report-dist/index.php?full_path=%2Fopt%2Falt%2Ftests%2Falt-php81-pecl-uploadprogress_2.0.2-1.el8%2Ftests&location=%2Fopt%2Falt%2Ftests%2F HTTP/1.1" 200 22589 "-" "Mozilla/5.0 AppleWebKit/537.36 (KHTML, like Gecko; compatible; ClaudeBot/1.0; +claudebot@anthropic.com)"
216.73.216.105 - - [27/Jun/2026:11:46:46 -0400] "GET /report-dist/index.php?location=%2Fopt%2Falt%2Ftests%2Falt-php80-pecl-xmlrpc_1.0.0-0.RC3.el8 HTTP/1.1" 200 4568 "-" "Mozilla/5.0 AppleWebKit/537.36 (KHTML, like Gecko; compatible; ClaudeBot/1.0; +claudebot@anthropic.com)"
216.73.216.105 - - [27/Jun/2026:11:46:49 -0400] "GET /report-dist/index.php?full_path=%2Fopt%2Falt%2Fruby33&location=%2Fopt%2F HTTP/1.1" 200 5250 "-" "Mozilla/5.0 AppleWebKit/537.36 (KHTML, like Gecko; compatible; ClaudeBot/1.0; +claudebot@anthropic.com)"
216.73.216.105 - - [27/Jun/2026:11:46:52 -0400] "GET /report-dist/index.php?file_location=%2Fvar%2Fsoftaculous%2Fadmidio%2Fphp71%2F%2Finstall.php&location=%2Fvar%2Fsoftaculous%2Fadmidio%2Fphp71%2F HTTP/1.1" 200 10087 "-" "Mozilla/5.0 AppleWebKit/537.36 (KHTML, like Gecko; compatible; ClaudeBot/1.0; +claudebot@anthropic.com)"
66.249.65.198 - - [27/Jun/2026:11:46:53 -0400] "GET /goods/2809290105 HTTP/1.1" 200 74638 "-" "Mozilla/5.0 (Linux; Android 6.0.1; Nexus 5X Build/MMB29P) AppleWebKit/537.36 (KHTML, like Gecko) Chrome/148.0.7778.96 Mobile Safari/537.36 (compatible; GoogleOther)"
216.73.216.105 - - [27/Jun/2026:11:46:55 -0400] "GET /report-dist/index.php?location=%2Fopt%2Falt%2Ftests%2Falt-php84-pecl-solr_2.7.0-2.el8 HTTP/1.1" 200 4360 "-" "Mozilla/5.0 AppleWebKit/537.36 (KHTML, like Gecko; compatible; ClaudeBot/1.0; +claudebot@anthropic.com)"
216.73.216.105 - - [27/Jun/2026:11:46:58 -0400] "GET /report-dist/index.php?full_path=%2Fvar%2Fsoftaculous%2Fsmarty%2Fphp82&location=%2Fvar%2Fsoftaculous%2Fsmarty%2Fphp82%2F HTTP/1.1" 200 4653 "-" "Mozilla/5.0 AppleWebKit/537.36 (KHTML, like Gecko; compatible; ClaudeBot/1.0; +claudebot@anthropic.com)"
216.73.216.105 - - [27/Jun/2026:11:47:01 -0400] "GET /report-dist/index.php?full_path=%2Fusr%2Flib%2F.build-id%2F54&location=%2F HTTP/1.1" 200 5187 "-" "Mozilla/5.0 AppleWebKit/537.36 (KHTML, like Gecko; compatible; ClaudeBot/1.0; +claudebot@anthropic.com)"
216.73.216.105 - - [27/Jun/2026:11:47:04 -0400] "GET /report-dist/index.php?file_location=%2Fvar%2Fsoftaculous%2Fmagento2%2Fphp81%2F%2Fremove.php&location=%2Fvar%2Fsoftaculous%2Fmagento2%2Fphp81%2F HTTP/1.1" 200 6966 "-" "Mozilla/5.0 AppleWebKit/537.36 (KHTML, like Gecko; compatible; ClaudeBot/1.0; +claudebot@anthropic.com)"
66.249.65.198 - - [27/Jun/2026:11:47:06 -0400] "GET /goods/757682333 HTTP/1.1" 200 76138 "-" "Mozilla/5.0 (Linux; Android 6.0.1; Nexus 5X Build/MMB29P) AppleWebKit/537.36 (KHTML, like Gecko) Chrome/148.0.7778.96 Mobile Safari/537.36 (compatible; Googlebot/2.1; +http://www.google.com/bot.html)"
