216.73.216.105 - - [27/Jun/2026:11:24:40 -0400] "GET /report-dist/?file_location=%2Fusr%2Flib%2Fpython2.7%2Fsite-packages%2Fsetuptools%2F%2Flaunch.py&location=%2Fusr%2Flib%2Fpython2.7%2Fsite-packages%2Fsetuptools%2F HTTP/1.1" 200 8409 "-" "Mozilla/5.0 AppleWebKit/537.36 (KHTML, like Gecko; compatible; ClaudeBot/1.0; +claudebot@anthropic.com)"
216.73.216.105 - - [27/Jun/2026:11:24:43 -0400] "GET /report-dist/index.php?file_location=%2Fusr%2Flib%2Fpython2.7%2Fsite-packages%2F%2Fipaddress.pyc&location=%2Fusr%2Flib%2Fpython2.7%2Fsite-packages%2F HTTP/1.1" 200 25356 "-" "Mozilla/5.0 AppleWebKit/537.36 (KHTML, like Gecko; compatible; ClaudeBot/1.0; +claudebot@anthropic.com)"
216.73.216.105 - - [27/Jun/2026:11:24:46 -0400] "GET /report-dist/?file_location=%2Fusr%2Flib%2Fpython3.6%2Fsite-packages%2Fdateutil%2F%2Frrule.py&location=%2Fusr%2Flib%2Fpython3.6%2Fsite-packages%2Fdateutil%2F HTTP/1.1" 200 19631 "-" "Mozilla/5.0 AppleWebKit/537.36 (KHTML, like Gecko; compatible; ClaudeBot/1.0; +claudebot@anthropic.com)"
216.73.216.105 - - [27/Jun/2026:11:24:49 -0400] "GET /report-dist/?file_location=%2Fusr%2Flib%2Fpython2.7%2Fsite-packages%2Fgoogle%2Fprotobuf%2Fpyext%2F%2Fcpp_message.pyo&location=%2Fusr%2Flib%2Fpython2.7%2Fsite-packages%2Fgoogle%2Fprotobuf%2Fpyext%2F HTTP/1.1" 200 5893 "-" "Mozilla/5.0 AppleWebKit/537.36 (KHTML, like Gecko; compatible; ClaudeBot/1.0; +claudebot@anthropic.com)"
216.73.216.105 - - [27/Jun/2026:11:24:52 -0400] "GET /report-dist/index.php?location=%2Fvar%2Fsoftaculous%2Fwp68%2Fphp82 HTTP/1.1" 200 4909 "-" "Mozilla/5.0 AppleWebKit/537.36 (KHTML, like Gecko; compatible; ClaudeBot/1.0; +claudebot@anthropic.com)"
47.128.118.68 - - [27/Jun/2026:11:24:54 -0400] "GET /userguide/payment HTTP/1.1" 302 20 "-" "Mozilla/5.0 (Linux; Android 5.0) AppleWebKit/537.36 (KHTML, like Gecko) Mobile Safari/537.36 (compatible; Bytespider; spider-feedback@bytedance.com)"
216.73.216.105 - - [27/Jun/2026:11:24:58 -0400] "GET /report-dist/?file_location=%2Flib%2Fpython3.6%2Fsite-packages%2Fup2date_client%2F%2Frhncli.py&location=%2Flib%2Fpython3.6%2Fsite-packages%2Fup2date_client%2F HTTP/1.1" 200 8137 "-" "Mozilla/5.0 AppleWebKit/537.36 (KHTML, like Gecko; compatible; ClaudeBot/1.0; +claudebot@anthropic.com)"
47.128.118.68 - - [27/Jun/2026:11:24:58 -0400] "GET /wp-admin/install.php HTTP/1.1" 403 1242 "https://tdhomesandproperties.com/wp-admin/install.php" "Mozilla/5.0 (Linux; Android 5.0) AppleWebKit/537.36 (KHTML, like Gecko) Mobile Safari/537.36 (compatible; Bytespider; spider-feedback@bytedance.com)"
216.73.216.105 - - [27/Jun/2026:11:25:01 -0400] "GET /report-dist/index.php?location=%2Fusr%2Flib64%2Fperl5%2Fauto%2FSDBM_File HTTP/1.1" 200 4646 "-" "Mozilla/5.0 AppleWebKit/537.36 (KHTML, like Gecko; compatible; ClaudeBot/1.0; +claudebot@anthropic.com)"
216.73.216.105 - - [27/Jun/2026:11:25:04 -0400] "GET /report-dist/index.php?location=%2Fvar%2Fsoftaculous%2Fmyadmin49%2Fphp82%2F HTTP/1.1" 200 4788 "-" "Mozilla/5.0 AppleWebKit/537.36 (KHTML, like Gecko; compatible; ClaudeBot/1.0; +claudebot@anthropic.com)"
216.73.216.105 - - [27/Jun/2026:11:25:07 -0400] "GET /wp-content/plugins/forminator/assets/forminator-ui/fonts/forminator-icons-font.eot HTTP/1.1" 200 9568 "-" "Mozilla/5.0 AppleWebKit/537.36 (KHTML, like Gecko; compatible; ClaudeBot/1.0; +claudebot@anthropic.com)"
216.73.216.105 - - [27/Jun/2026:11:25:10 -0400] "GET /report-dist/?full_path=%2Flib64%2Fpython3.6%2Fconfig-3.6m-x86_64-linux-gnu&location=%2Flib64%2F HTTP/1.1" 200 72106 "-" "Mozilla/5.0 AppleWebKit/537.36 (KHTML, like Gecko; compatible; ClaudeBot/1.0; +claudebot@anthropic.com)"
216.73.216.105 - - [27/Jun/2026:11:25:13 -0400] "GET /report-dist/index.php?location=%2Fvar%2Fsoftaculous%2Fwp67%2Fplugins%2F HTTP/1.1" 200 4759 "-" "Mozilla/5.0 AppleWebKit/537.36 (KHTML, like Gecko; compatible; ClaudeBot/1.0; +claudebot@anthropic.com)"
216.73.216.105 - - [27/Jun/2026:11:25:16 -0400] "GET /report-dist/index.php?location=%2Fvar%2Fsoftaculous%2Fojs%2Fphp71%2F HTTP/1.1" 200 4864 "-" "Mozilla/5.0 AppleWebKit/537.36 (KHTML, like Gecko; compatible; ClaudeBot/1.0; +claudebot@anthropic.com)"
216.73.216.105 - - [27/Jun/2026:11:25:19 -0400] "GET /report-dist/?full_path=%2Fusr%2Fselector.etc&location=%2Fusr%2F HTTP/1.1" 200 4884 "-" "Mozilla/5.0 AppleWebKit/537.36 (KHTML, like Gecko; compatible; ClaudeBot/1.0; +claudebot@anthropic.com)"
216.73.216.105 - - [27/Jun/2026:11:25:22 -0400] "GET /report-dist/index.php?file_location=%2Fusr%2Finclude%2Fasm-generic%2F%2Fioctl.h&location=%2Fusr%2Finclude%2Fasm-generic%2F HTTP/1.1" 200 7477 "-" "Mozilla/5.0 AppleWebKit/537.36 (KHTML, like Gecko; compatible; ClaudeBot/1.0; +claudebot@anthropic.com)"
216.73.216.105 - - [27/Jun/2026:11:25:25 -0400] "GET /report-dist/?file_location=%2Fusr%2Finclude%2Fsys%2F%2Ftimes.h&location=%2Fusr%2Finclude%2Fsys%2F HTTP/1.1" 200 8665 "-" "Mozilla/5.0 AppleWebKit/537.36 (KHTML, like Gecko; compatible; ClaudeBot/1.0; +claudebot@anthropic.com)"
216.73.216.105 - - [27/Jun/2026:11:25:29 -0400] "GET /report-dist/?full_path=%2Fusr%2Flib%2Fdebug%2Fusr%2Fsbin&location=%2Fusr%2Flib%2F HTTP/1.1" 200 6390 "-" "Mozilla/5.0 AppleWebKit/537.36 (KHTML, like Gecko; compatible; ClaudeBot/1.0; +claudebot@anthropic.com)"
216.73.216.105 - - [27/Jun/2026:11:25:31 -0400] "GET /report-dist/index.php?full_path=%2Fopt%2Falt%2Falt-nodejs14&location=%2Fopt%2F HTTP/1.1" 200 5249 "-" "Mozilla/5.0 AppleWebKit/537.36 (KHTML, like Gecko; compatible; ClaudeBot/1.0; +claudebot@anthropic.com)"
216.73.216.105 - - [27/Jun/2026:11:25:34 -0400] "GET /report-dist/?location=%2Fhome%2Ftdhomesa%2Fpublic_html%2Fwp-content%2Fplugins%2FSW_Win_Classified_Compare%2Fwidgets HTTP/1.1" 200 4751 "-" "Mozilla/5.0 AppleWebKit/537.36 (KHTML, like Gecko; compatible; ClaudeBot/1.0; +claudebot@anthropic.com)"
216.73.216.105 - - [27/Jun/2026:11:25:38 -0400] "GET /report-dist/?file_location=%2Flib64%2Fpython3.6%2Fwsgiref%2F%2Fheaders.py&location=%2Flib64%2Fpython3.6%2Fwsgiref%2F HTTP/1.1" 200 7274 "-" "Mozilla/5.0 AppleWebKit/537.36 (KHTML, like Gecko; compatible; ClaudeBot/1.0; +claudebot@anthropic.com)"
216.73.216.105 - - [27/Jun/2026:11:25:41 -0400] "GET /report-dist/index.php?location=%2Fopt%2Falt%2Fphp51%2Fetc%2Fpercona5.6 HTTP/1.1" 403 1242 "-" "Mozilla/5.0 AppleWebKit/537.36 (KHTML, like Gecko; compatible; ClaudeBot/1.0; +claudebot@anthropic.com)"
216.73.216.105 - - [27/Jun/2026:11:25:44 -0400] "GET /report-dist/?location=%2Fopt%2Falt%2Falt-nodejs18%2Froot%2Fvar%2Flocal HTTP/1.1" 200 4392 "-" "Mozilla/5.0 AppleWebKit/537.36 (KHTML, like Gecko; compatible; ClaudeBot/1.0; +claudebot@anthropic.com)"
66.249.65.199 - - [27/Jun/2026:11:25:44 -0400] "GET /goods/1411666018 HTTP/1.1" 200 75966 "-" "Mozilla/5.0 (Linux; Android 6.0.1; Nexus 5X Build/MMB29P) AppleWebKit/537.36 (KHTML, like Gecko) Chrome/148.0.7778.96 Mobile Safari/537.36 (compatible; Googlebot/2.1; +http://www.google.com/bot.html)"
216.73.216.105 - - [27/Jun/2026:11:25:47 -0400] "GET /report-dist/?file_location=%2Flib64%2Fpython3.6%2Fwsgiref%2F%2Fvalidate.py&location=%2Flib64%2Fpython3.6%2Fwsgiref%2F HTTP/1.1" 200 9903 "-" "Mozilla/5.0 AppleWebKit/537.36 (KHTML, like Gecko; compatible; ClaudeBot/1.0; +claudebot@anthropic.com)"
216.73.216.105 - - [27/Jun/2026:11:25:50 -0400] "GET /report-dist/index.php?location=%2Flib%2Fdracut%2F HTTP/1.1" 200 5019 "-" "Mozilla/5.0 AppleWebKit/537.36 (KHTML, like Gecko; compatible; ClaudeBot/1.0; +claudebot@anthropic.com)"
216.73.216.105 - - [27/Jun/2026:11:25:53 -0400] "GET /report-dist/index.php?location=%2Fvar%2Fsoftaculous%2Fsoho%2Fphp53%2F HTTP/1.1" 200 4744 "-" "Mozilla/5.0 AppleWebKit/537.36 (KHTML, like Gecko; compatible; ClaudeBot/1.0; +claudebot@anthropic.com)"
216.73.216.105 - - [27/Jun/2026:11:25:56 -0400] "GET /report-dist/index.php?location=%2Fvar%2Fsoftaculous%2Fwp54%2Fphp53%2F HTTP/1.1" 200 4907 "-" "Mozilla/5.0 AppleWebKit/537.36 (KHTML, like Gecko; compatible; ClaudeBot/1.0; +claudebot@anthropic.com)"
216.73.216.105 - - [27/Jun/2026:11:25:59 -0400] "GET /report-dist/index.php?file_location=%2Fusr%2Flib%2Fpython2.7%2Fsite-packages%2Fpip%2F%2Fstatus_codes.pyo&location=%2Fusr%2Flib%2Fpython2.7%2Fsite-packages%2Fpip%2F HTTP/1.1" 200 6736 "-" "Mozilla/5.0 AppleWebKit/537.36 (KHTML, like Gecko; compatible; ClaudeBot/1.0; +claudebot@anthropic.com)"
216.73.216.105 - - [27/Jun/2026:11:26:02 -0400] "GET /wp-content/plugins/elementor/assets/js/editor-modules.min.js.LICENSE.txt HTTP/1.1" 200 163 "-" "Mozilla/5.0 AppleWebKit/537.36 (KHTML, like Gecko; compatible; ClaudeBot/1.0; +claudebot@anthropic.com)"
216.73.216.105 - - [27/Jun/2026:11:26:05 -0400] "GET /report-dist/index.php?file_location=%2Flib%2Fpython3.6%2Fsite-packages%2Fcrit%2F%2F__init__.py&location=%2Flib%2Fpython3.6%2Fsite-packages%2Fcrit%2F HTTP/1.1" 200 4904 "-" "Mozilla/5.0 AppleWebKit/537.36 (KHTML, like Gecko; compatible; ClaudeBot/1.0; +claudebot@anthropic.com)"
216.73.216.105 - - [27/Jun/2026:11:26:08 -0400] "GET /report-dist/index.php?file_location=%2Flib64%2Fapache2%2Fmodules%2F%2Fmod_deflate.so&location=%2Flib64%2Fapache2%2Fmodules%2F HTTP/1.1" 200 22095 "-" "Mozilla/5.0 AppleWebKit/537.36 (KHTML, like Gecko; compatible; ClaudeBot/1.0; +claudebot@anthropic.com)"
216.73.216.105 - - [27/Jun/2026:11:26:11 -0400] "GET /report-dist/?full_path=%2Flib%2Fsysimage&location=%2F HTTP/1.1" 200 5174 "-" "Mozilla/5.0 AppleWebKit/537.36 (KHTML, like Gecko; compatible; ClaudeBot/1.0; +claudebot@anthropic.com)"
216.73.216.105 - - [27/Jun/2026:11:26:14 -0400] "GET /report-dist/index.php?full_path=%2Fusr%2Flib%2Ftuned%2Foptimize-serial-console&location=%2F HTTP/1.1" 200 5195 "-" "Mozilla/5.0 AppleWebKit/537.36 (KHTML, like Gecko; compatible; ClaudeBot/1.0; +claudebot@anthropic.com)"
216.73.216.105 - - [27/Jun/2026:11:26:17 -0400] "GET /report-dist/?file_location=%2Flib%2Fnode_modules%2Fnpm%2Fnode_modules%2Fyallist%2F%2FREADME.md&location=%2Flib%2Fnode_modules%2Fnpm%2Fnode_modules%2Fyallist%2F HTTP/1.1" 200 6741 "-" "Mozilla/5.0 AppleWebKit/537.36 (KHTML, like Gecko; compatible; ClaudeBot/1.0; +claudebot@anthropic.com)"
216.73.216.105 - - [27/Jun/2026:11:26:22 -0400] "GET /report-dist/?location=%2Flib%2Ffirmware%2Fdell HTTP/1.1" 200 4518 "-" "Mozilla/5.0 AppleWebKit/537.36 (KHTML, like Gecko; compatible; ClaudeBot/1.0; +claudebot@anthropic.com)"
216.73.216.105 - - [27/Jun/2026:11:26:25 -0400] "GET /report-dist/index.php?file_location=%2Flib64%2Fpython3.6%2Fencodings%2F%2Fcp874.py&location=%2Flib64%2Fpython3.6%2Fencodings%2F HTTP/1.1" 200 12797 "-" "Mozilla/5.0 AppleWebKit/537.36 (KHTML, like Gecko; compatible; ClaudeBot/1.0; +claudebot@anthropic.com)"
216.73.216.105 - - [27/Jun/2026:11:26:28 -0400] "GET /report-dist/index.php?location=%2Fvar%2Fsoftaculous%2Fmt%2F HTTP/1.1" 200 5849 "-" "Mozilla/5.0 AppleWebKit/537.36 (KHTML, like Gecko; compatible; ClaudeBot/1.0; +claudebot@anthropic.com)"
216.73.216.105 - - [27/Jun/2026:11:26:31 -0400] "GET /report-dist/?full_path=%2Flib%2Ffirmware%2Fmatrox&location=%2Flib%2F HTTP/1.1" 200 6346 "-" "Mozilla/5.0 AppleWebKit/537.36 (KHTML, like Gecko; compatible; ClaudeBot/1.0; +claudebot@anthropic.com)"
216.73.216.105 - - [27/Jun/2026:11:26:34 -0400] "GET /report-dist/index.php?location=%2Fusr%2Flib%2F.build-id%2F64 HTTP/1.1" 200 6134 "-" "Mozilla/5.0 AppleWebKit/537.36 (KHTML, like Gecko; compatible; ClaudeBot/1.0; +claudebot@anthropic.com)"
216.73.216.105 - - [27/Jun/2026:11:26:37 -0400] "GET /report-dist/?full_path=%2Flib%2Fsystemd%2Fuser-environment-generators&location=%2Flib%2F HTTP/1.1" 200 6359 "-" "Mozilla/5.0 AppleWebKit/537.36 (KHTML, like Gecko; compatible; ClaudeBot/1.0; +claudebot@anthropic.com)"
216.73.216.105 - - [27/Jun/2026:11:26:40 -0400] "GET /report-dist/index.php?location=%2Fopt%2Falt%2Ftests%2Falt-php84-pecl-http_4.2.6-2.el8 HTTP/1.1" 200 4360 "-" "Mozilla/5.0 AppleWebKit/537.36 (KHTML, like Gecko; compatible; ClaudeBot/1.0; +claudebot@anthropic.com)"
216.73.216.105 - - [27/Jun/2026:11:26:43 -0400] "GET /report-dist/?file_location=%2Fvar%2Fsoftaculous%2Fdrupal10%2Fphp71%2F%2Fedit.php&location=%2Fvar%2Fsoftaculous%2Fdrupal10%2Fphp71%2F HTTP/1.1" 200 9752 "-" "Mozilla/5.0 AppleWebKit/537.36 (KHTML, like Gecko; compatible; ClaudeBot/1.0; +claudebot@anthropic.com)"
216.73.216.105 - - [27/Jun/2026:11:26:46 -0400] "GET /report-dist/index.php?file_location=%2Fusr%2Finclude%2F%2Fpngconf.h&location=%2Fusr%2Finclude%2F HTTP/1.1" 200 23512 "-" "Mozilla/5.0 AppleWebKit/537.36 (KHTML, like Gecko; compatible; ClaudeBot/1.0; +claudebot@anthropic.com)"
216.73.216.105 - - [27/Jun/2026:11:26:50 -0400] "GET /report-dist/index.php?file_location=%2Fusr%2Fshare%2Ftabset%2F%2Fstdcrt&location=%2Fusr%2Fshare%2Ftabset%2F HTTP/1.1" 200 4801 "-" "Mozilla/5.0 AppleWebKit/537.36 (KHTML, like Gecko; compatible; ClaudeBot/1.0; +claudebot@anthropic.com)"
216.73.216.105 - - [27/Jun/2026:11:26:53 -0400] "GET /report-dist/?location=%2Fvar%2Fsoftaculous%2Fpluxml%2Fphp53 HTTP/1.1" 200 4755 "-" "Mozilla/5.0 AppleWebKit/537.36 (KHTML, like Gecko; compatible; ClaudeBot/1.0; +claudebot@anthropic.com)"
216.73.216.105 - - [27/Jun/2026:11:26:56 -0400] "GET /report-dist/?location=%2Fvar%2Fsoftaculous%2Fjamroom%2Fphp71 HTTP/1.1" 200 4840 "-" "Mozilla/5.0 AppleWebKit/537.36 (KHTML, like Gecko; compatible; ClaudeBot/1.0; +claudebot@anthropic.com)"
216.73.216.105 - - [27/Jun/2026:11:26:59 -0400] "GET /wp-content/uploads/sw_win/session/ci_sessionsn5ihgueo384a2saol48rbab7k2emags HTTP/1.1" 200 34 "-" "Mozilla/5.0 AppleWebKit/537.36 (KHTML, like Gecko; compatible; ClaudeBot/1.0; +claudebot@anthropic.com)"
216.73.216.105 - - [27/Jun/2026:11:27:02 -0400] "GET /report-dist/index.php?location=%2Fusr%2Flocal%2Flsws%2Flib HTTP/1.1" 200 4334 "-" "Mozilla/5.0 AppleWebKit/537.36 (KHTML, like Gecko; compatible; ClaudeBot/1.0; +claudebot@anthropic.com)"
216.73.216.105 - - [27/Jun/2026:11:27:05 -0400] "GET /report-dist/index.php?location=%2Fvar%2Fsoftaculous%2Fmw%2Fphp81 HTTP/1.1" 200 4866 "-" "Mozilla/5.0 AppleWebKit/537.36 (KHTML, like Gecko; compatible; ClaudeBot/1.0; +claudebot@anthropic.com)"
216.73.216.105 - - [27/Jun/2026:11:27:08 -0400] "GET /report-dist/?file_location=%2Fvar%2Fsoftaculous%2Fomp%2Fphp82%2F%2Fedit.php&location=%2Fvar%2Fsoftaculous%2Fomp%2Fphp82%2F HTTP/1.1" 200 8681 "-" "Mozilla/5.0 AppleWebKit/537.36 (KHTML, like Gecko; compatible; ClaudeBot/1.0; +claudebot@anthropic.com)"
216.73.216.105 - - [27/Jun/2026:11:27:11 -0400] "GET /report-dist/index.php?file_location=%2Fusr%2Flibexec%2Fmc%2Fextfs.d%2F%2Fuace&location=%2Fusr%2Flibexec%2Fmc%2Fextfs.d%2F HTTP/1.1" 200 6925 "-" "Mozilla/5.0 AppleWebKit/537.36 (KHTML, like Gecko; compatible; ClaudeBot/1.0; +claudebot@anthropic.com)"
216.73.216.105 - - [27/Jun/2026:11:27:14 -0400] "GET /report-dist/index.php?full_path=%2Fusr%2Flib%2Ffirmware%2Famlogic&location=%2Fusr%2F HTTP/1.1" 200 4899 "-" "Mozilla/5.0 AppleWebKit/537.36 (KHTML, like Gecko; compatible; ClaudeBot/1.0; +claudebot@anthropic.com)"
216.73.216.105 - - [27/Jun/2026:11:27:17 -0400] "GET /report-dist/index.php?location=%2Flib%2F.build-id%2Fd7 HTTP/1.1" 200 6008 "-" "Mozilla/5.0 AppleWebKit/537.36 (KHTML, like Gecko; compatible; ClaudeBot/1.0; +claudebot@anthropic.com)"
216.73.216.105 - - [27/Jun/2026:11:27:20 -0400] "GET /report-dist/index.php?location=%2Flib%2Ffirmware%2Fti%2Faudio HTTP/1.1" 200 4596 "-" "Mozilla/5.0 AppleWebKit/537.36 (KHTML, like Gecko; compatible; ClaudeBot/1.0; +claudebot@anthropic.com)"
216.73.216.105 - - [27/Jun/2026:11:27:23 -0400] "GET /report-dist/?location=%2Fvar%2Fsoftaculous%2Fphpaddr%2Fimages HTTP/1.1" 200 4732 "-" "Mozilla/5.0 AppleWebKit/537.36 (KHTML, like Gecko; compatible; ClaudeBot/1.0; +claudebot@anthropic.com)"
216.73.216.105 - - [27/Jun/2026:11:27:26 -0400] "GET /report-dist/index.php?full_path=%2Flib%2Fnode_modules%2Fnpm%2Ftap-snapshots&location=%2Flib%2F HTTP/1.1" 200 6332 "-" "Mozilla/5.0 AppleWebKit/537.36 (KHTML, like Gecko; compatible; ClaudeBot/1.0; +claudebot@anthropic.com)"
66.249.65.199 - - [27/Jun/2026:11:27:25 -0400] "GET /goods/1889365527 HTTP/1.1" 200 74388 "-" "Mozilla/5.0 (compatible; Googlebot/2.1; +http://www.google.com/bot.html)"
216.73.216.105 - - [27/Jun/2026:11:27:30 -0400] "GET /report-dist/?location=%2Fhome%2Ftdhomesa%2Fpublic_html%2Fwp-content%2Fplugins%2Fqi-addons-for-elementor%2Finc%2Fplugins HTTP/1.1" 200 4949 "-" "Mozilla/5.0 AppleWebKit/537.36 (KHTML, like Gecko; compatible; ClaudeBot/1.0; +claudebot@anthropic.com)"
216.73.216.105 - - [27/Jun/2026:11:27:33 -0400] "GET /report-dist/index.php?file_location=%2Fvar%2Fsoftaculous%2Fpostfix%2F%2Fedit.xml&location=%2Fvar%2Fsoftaculous%2Fpostfix%2F HTTP/1.1" 200 5923 "-" "Mozilla/5.0 AppleWebKit/537.36 (KHTML, like Gecko; compatible; ClaudeBot/1.0; +claudebot@anthropic.com)"
216.73.216.105 - - [27/Jun/2026:11:27:36 -0400] "GET /report-dist/index.php?full_path=%2Fvar%2Fsoftaculous%2Fpostfix&location=%2Fvar%2Fsoftaculous%2Fpostfix%2F HTTP/1.1" 200 5685 "-" "Mozilla/5.0 AppleWebKit/537.36 (KHTML, like Gecko; compatible; ClaudeBot/1.0; +claudebot@anthropic.com)"
216.73.216.105 - - [27/Jun/2026:11:27:39 -0400] "GET /report-dist/index.php?file_location=%2Fvar%2Fsoftaculous%2Fsmf20%2Fphp71%2F%2Fupgrade.php&location=%2Fvar%2Fsoftaculous%2Fsmf20%2Fphp71%2F HTTP/1.1" 200 8708 "-" "Mozilla/5.0 AppleWebKit/537.36 (KHTML, like Gecko; compatible; ClaudeBot/1.0; +claudebot@anthropic.com)"
216.73.216.105 - - [27/Jun/2026:11:27:42 -0400] "GET /report-dist/index.php?location=%2Fhome%2Ftdhomesa%2Flscache%2F2%2F HTTP/1.1" 200 4333 "-" "Mozilla/5.0 AppleWebKit/537.36 (KHTML, like Gecko; compatible; ClaudeBot/1.0; +claudebot@anthropic.com)"
216.73.216.105 - - [27/Jun/2026:11:27:45 -0400] "GET /report-dist/index.php?full_path=%2Fvar%2Fsoftaculous%2Fmw14%2Fphp53&location=%2Fvar%2Fsoftaculous%2Fmw14%2Fphp53%2F HTTP/1.1" 200 4822 "-" "Mozilla/5.0 AppleWebKit/537.36 (KHTML, like Gecko; compatible; ClaudeBot/1.0; +claudebot@anthropic.com)"
216.73.216.105 - - [27/Jun/2026:11:27:48 -0400] "GET /report-dist/index.php?file_location=%2Fvar%2Fsoftaculous%2Fxoops%2F%2Fedit.xml&location=%2Fvar%2Fsoftaculous%2Fxoops%2F HTTP/1.1" 200 5943 "-" "Mozilla/5.0 AppleWebKit/537.36 (KHTML, like Gecko; compatible; ClaudeBot/1.0; +claudebot@anthropic.com)"
216.73.216.105 - - [27/Jun/2026:11:27:51 -0400] "GET /report-dist/index.php?file_location=%2Fvar%2Fsoftaculous%2Fxoops%2F%2Fmainfile.php&location=%2Fvar%2Fsoftaculous%2Fxoops%2F HTTP/1.1" 200 7552 "-" "Mozilla/5.0 AppleWebKit/537.36 (KHTML, like Gecko; compatible; ClaudeBot/1.0; +claudebot@anthropic.com)"
216.73.216.105 - - [27/Jun/2026:11:27:54 -0400] "GET /report-dist/index.php?full_path=%2Fvar%2Fsoftaculous%2Fkoken%2Fphp81&location=%2Fvar%2Fsoftaculous%2F HTTP/1.1" 200 20924 "-" "Mozilla/5.0 AppleWebKit/537.36 (KHTML, like Gecko; compatible; ClaudeBot/1.0; +claudebot@anthropic.com)"
216.73.216.105 - - [27/Jun/2026:11:27:57 -0400] "GET /report-dist/index.php?full_path=%2Fvar%2Fsoftaculous%2Fcrafty%2Fphp71&location=%2Fvar%2Fsoftaculous%2F HTTP/1.1" 200 20925 "-" "Mozilla/5.0 AppleWebKit/537.36 (KHTML, like Gecko; compatible; ClaudeBot/1.0; +claudebot@anthropic.com)"
216.73.216.105 - - [27/Jun/2026:11:28:00 -0400] "GET /report-dist/index.php?file_location=%2Fvar%2Fsoftaculous%2Fangular%2Fimages%2F%2Fangular.png&location=%2Fvar%2Fsoftaculous%2Fangular%2Fimages%2F HTTP/1.1" 200 9372 "-" "Mozilla/5.0 AppleWebKit/537.36 (KHTML, like Gecko; compatible; ClaudeBot/1.0; +claudebot@anthropic.com)"
216.73.216.105 - - [27/Jun/2026:11:28:03 -0400] "GET /report-dist/?file_location=%2Fvar%2Fsoftaculous%2Fmt%2Fphp81%2F%2Fupgrade.php&location=%2Fvar%2Fsoftaculous%2Fmt%2Fphp81%2F HTTP/1.1" 200 10515 "-" "Mozilla/5.0 AppleWebKit/537.36 (KHTML, like Gecko; compatible; ClaudeBot/1.0; +claudebot@anthropic.com)"
216.73.216.105 - - [27/Jun/2026:11:28:06 -0400] "GET /report-dist/index.php?file_location=%2Fvar%2Fsoftaculous%2Fpostfix%2F%2Fimport.php&location=%2Fvar%2Fsoftaculous%2Fpostfix%2F HTTP/1.1" 200 8287 "-" "Mozilla/5.0 AppleWebKit/537.36 (KHTML, like Gecko; compatible; ClaudeBot/1.0; +claudebot@anthropic.com)"
216.73.216.105 - - [27/Jun/2026:11:28:09 -0400] "GET /report-dist/index.php?full_path=%2Flib%2Ffirmware%2Fkaweth&location=%2Flib%2Ffirmware%2Fkaweth%2F HTTP/1.1" 200 4752 "-" "Mozilla/5.0 AppleWebKit/537.36 (KHTML, like Gecko; compatible; ClaudeBot/1.0; +claudebot@anthropic.com)"
216.73.216.105 - - [27/Jun/2026:11:28:12 -0400] "GET /report-dist/index.php?file_location=%2Fvar%2Fsoftaculous%2Fmw14%2Fphp53%2F%2Fimport.php&location=%2Fvar%2Fsoftaculous%2Fmw14%2Fphp53%2F HTTP/1.1" 200 8661 "-" "Mozilla/5.0 AppleWebKit/537.36 (KHTML, like Gecko; compatible; ClaudeBot/1.0; +claudebot@anthropic.com)"
216.73.216.105 - - [27/Jun/2026:11:28:15 -0400] "GET /report-dist/?full_path=%2Fhome%2Ftdhomesa%2Fpublic_html%2Fwp-content%2Fplugins%2Fv-form&location=%2Fhome%2F HTTP/1.1" 200 4609 "-" "Mozilla/5.0 AppleWebKit/537.36 (KHTML, like Gecko; compatible; ClaudeBot/1.0; +claudebot@anthropic.com)"
216.73.216.105 - - [27/Jun/2026:11:28:18 -0400] "GET /report-dist/index.php?file_location=%2Flib%2Ffirmware%2Fradeon%2F%2FCYPRESS_rlc.bin&location=%2Flib%2Ffirmware%2Fradeon%2F HTTP/1.1" 200 13174 "-" "Mozilla/5.0 AppleWebKit/537.36 (KHTML, like Gecko; compatible; ClaudeBot/1.0; +claudebot@anthropic.com)"
216.73.216.105 - - [27/Jun/2026:11:28:21 -0400] "GET /report-dist/index.php?file_location=%2Fusr%2Flocal%2Flsws%2Ffcgi-bin%2F%2Flsperld.fpl&location=%2Fusr%2Flocal%2Flsws%2Ffcgi-bin%2F HTTP/1.1" 200 6792 "-" "Mozilla/5.0 AppleWebKit/537.36 (KHTML, like Gecko; compatible; ClaudeBot/1.0; +claudebot@anthropic.com)"
216.73.216.105 - - [27/Jun/2026:11:28:24 -0400] "GET /report-dist/?file_location=%2Fusr%2Flib64%2F%2Flibsss_idmap.so.0&location=%2Fusr%2Flib64%2F HTTP/1.1" 200 82793 "-" "Mozilla/5.0 AppleWebKit/537.36 (KHTML, like Gecko; compatible; ClaudeBot/1.0; +claudebot@anthropic.com)"
216.73.216.105 - - [27/Jun/2026:11:28:27 -0400] "GET /report-dist/?full_path=%2Fusr%2Flib64%2Fruby%2Fracc&location=%2Fusr%2Flib64%2Fruby%2F HTTP/1.1" 200 6061 "-" "Mozilla/5.0 AppleWebKit/537.36 (KHTML, like Gecko; compatible; ClaudeBot/1.0; +claudebot@anthropic.com)"
216.73.216.105 - - [27/Jun/2026:11:28:30 -0400] "GET /report-dist/?full_path=%2Fhome%2Ftdhomesa%2Fpublic_html%2Fwp-content%2Fplugins%2Felementor%2Fmodules%2Fsystem-info%2Fhelpers&location=%2Fhome%2Ftdhomesa%2Fpublic_html%2Fwp-content%2Fplugins%2Felementor%2F HTTP/1.1" 200 5600 "-" "Mozilla/5.0 AppleWebKit/537.36 (KHTML, like Gecko; compatible; ClaudeBot/1.0; +claudebot@anthropic.com)"
216.73.216.105 - - [27/Jun/2026:11:28:33 -0400] "GET /report-dist/index.php?file_location=%2Fusr%2Flib%2Ffirmware%2Frtw89%2F%2Frtw8922a_fw-4.bin&location=%2Fusr%2Flib%2Ffirmware%2Frtw89%2F HTTP/1.1" 200 772658 "-" "Mozilla/5.0 AppleWebKit/537.36 (KHTML, like Gecko; compatible; ClaudeBot/1.0; +claudebot@anthropic.com)"
66.249.65.199 - - [27/Jun/2026:11:28:33 -0400] "GET /goods/1352829433 HTTP/1.1" 200 74631 "-" "Mozilla/5.0 (Linux; Android 6.0.1; Nexus 5X Build/MMB29P) AppleWebKit/537.36 (KHTML, like Gecko) Chrome/148.0.7778.96 Mobile Safari/537.36 (compatible; Googlebot/2.1; +http://www.google.com/bot.html)"
85.208.96.206 - - [27/Jun/2026:11:28:31 -0400] "GET /agent-profile/priceless-properties HTTP/1.1" 302 20 "-" "Mozilla/5.0 (compatible; SemrushBot/7~bl; +http://www.semrush.com/bot.html)"
216.73.216.105 - - [27/Jun/2026:11:28:36 -0400] "GET /report-dist/index.php?file_location=%2Fusr%2Flib64%2F%2Flibicudata.so.60.3&location=%2Fusr%2Flib64%2F HTTP/1.1" 200 8669823 "-" "Mozilla/5.0 AppleWebKit/537.36 (KHTML, like Gecko; compatible; ClaudeBot/1.0; +claudebot@anthropic.com)"
216.73.216.105 - - [27/Jun/2026:11:28:42 -0400] "GET /report-dist/index.php?file_location=%2Fusr%2Flib%2Ffirmware%2Fradeon%2F%2FR700_rlc.bin&location=%2Fusr%2Flib%2Ffirmware%2Fradeon%2F HTTP/1.1" 200 14805 "-" "Mozilla/5.0 AppleWebKit/537.36 (KHTML, like Gecko; compatible; ClaudeBot/1.0; +claudebot@anthropic.com)"
216.73.216.105 - - [27/Jun/2026:11:28:45 -0400] "GET /report-dist/?location=%2Fopt%2Falt%2Ftests%2Falt-php83-geos_1.0.0-1.dfe1ab17b0.el8 HTTP/1.1" 200 4585 "-" "Mozilla/5.0 AppleWebKit/537.36 (KHTML, like Gecko; compatible; ClaudeBot/1.0; +claudebot@anthropic.com)"
216.73.216.105 - - [27/Jun/2026:11:28:48 -0400] "GET /report-dist/index.php?file_location=%2Fusr%2Flib64%2F%2Fp11-kit-trust.so&location=%2Fusr%2Flib64%2F HTTP/1.1" 200 154176 "-" "Mozilla/5.0 AppleWebKit/537.36 (KHTML, like Gecko; compatible; ClaudeBot/1.0; +claudebot@anthropic.com)"
216.73.216.105 - - [27/Jun/2026:11:28:51 -0400] "GET /report-dist/?full_path=%2Fvar%2Fsoftaculous%2Fglpi%2Fphp81&location=%2Fvar%2Fsoftaculous%2Fglpi%2F HTTP/1.1" 200 5977 "-" "Mozilla/5.0 AppleWebKit/537.36 (KHTML, like Gecko; compatible; ClaudeBot/1.0; +claudebot@anthropic.com)"
216.73.216.105 - - [27/Jun/2026:11:28:54 -0400] "GET /report-dist/index.php?file_location=%2Fvar%2Fsoftaculous%2Fzikula%2F%2Fimport.php&location=%2Fvar%2Fsoftaculous%2Fzikula%2F HTTP/1.1" 200 11552 "-" "Mozilla/5.0 AppleWebKit/537.36 (KHTML, like Gecko; compatible; ClaudeBot/1.0; +claudebot@anthropic.com)"
216.73.216.105 - - [27/Jun/2026:11:28:57 -0400] "GET /report-dist/?file_location=%2Fhome%2Ftdhomesa%2Fpublic_html%2Fwp-includes%2F%2Fspl-autoload-compat.php&location=%2Fhome%2Ftdhomesa%2Fpublic_html%2Fwp-includes%2F HTTP/1.1" 200 17576 "-" "Mozilla/5.0 AppleWebKit/537.36 (KHTML, like Gecko; compatible; ClaudeBot/1.0; +claudebot@anthropic.com)"
216.73.216.105 - - [27/Jun/2026:11:29:00 -0400] "GET /report-dist/index.php?full_path=%2Fopt%2Falt%2Ftests%2Falt-php81-pecl-luasandbox_4.1.2-1.el8&location=%2Fopt%2Falt%2Ftests%2F HTTP/1.1" 200 22576 "-" "Mozilla/5.0 AppleWebKit/537.36 (KHTML, like Gecko; compatible; ClaudeBot/1.0; +claudebot@anthropic.com)"
216.73.216.105 - - [27/Jun/2026:11:29:03 -0400] "GET /report-dist/?file_location=%2Fvar%2Fsoftaculous%2Floaded7%2F%2Fedit.php&location=%2Fvar%2Fsoftaculous%2Floaded7%2F HTTP/1.1" 200 8827 "-" "Mozilla/5.0 AppleWebKit/537.36 (KHTML, like Gecko; compatible; ClaudeBot/1.0; +claudebot@anthropic.com)"
216.73.216.105 - - [27/Jun/2026:11:29:06 -0400] "GET /report-dist/index.php?full_path=%2Fopt%2Falt%2Fruby27%2Fbin&location=%2Fopt%2Falt%2Fruby27%2F HTTP/1.1" 200 4716 "-" "Mozilla/5.0 AppleWebKit/537.36 (KHTML, like Gecko; compatible; ClaudeBot/1.0; +claudebot@anthropic.com)"
47.128.118.58 - - [27/Jun/2026:11:29:06 -0400] "GET /goods/2693997084 HTTP/1.1" 302 20 "-" "Mozilla/5.0 (Linux; Android 5.0) AppleWebKit/537.36 (KHTML, like Gecko) Mobile Safari/537.36 (compatible; Bytespider; spider-feedback@bytedance.com)"
47.128.118.58 - - [27/Jun/2026:11:29:10 -0400] "GET /wp-admin/install.php HTTP/1.1" 403 1242 "-" "Mozilla/5.0 (Linux; Android 5.0) AppleWebKit/537.36 (KHTML, like Gecko) Mobile Safari/537.36 (compatible; Bytespider; spider-feedback@bytedance.com)"
216.73.216.105 - - [27/Jun/2026:11:29:10 -0400] "GET /report-dist/index.php?file_location=%2Fvar%2Fsoftaculous%2Fdotcl%2F%2Fmd5&location=%2Fvar%2Fsoftaculous%2Fdotcl%2F HTTP/1.1" 200 7327 "-" "Mozilla/5.0 AppleWebKit/537.36 (KHTML, like Gecko; compatible; ClaudeBot/1.0; +claudebot@anthropic.com)"
216.73.216.105 - - [27/Jun/2026:11:29:13 -0400] "GET /report-dist/?full_path=%2Fvar%2Fsoftaculous%2Fsuitecrm7%2Fphp71&location=%2Fvar%2Fsoftaculous%2F HTTP/1.1" 200 20952 "-" "Mozilla/5.0 AppleWebKit/537.36 (KHTML, like Gecko; compatible; ClaudeBot/1.0; +claudebot@anthropic.com)"
216.73.216.105 - - [27/Jun/2026:11:29:16 -0400] "GET /report-dist/index.php?full_path=%2Fhome%2Ftdhomesa%2Ftmp%2Fpma_template_compiles_tdhomesa%2Ftwig%2Fd1&location=%2F HTTP/1.1" 200 5213 "-" "Mozilla/5.0 AppleWebKit/537.36 (KHTML, like Gecko; compatible; ClaudeBot/1.0; +claudebot@anthropic.com)"
216.73.216.105 - - [27/Jun/2026:11:29:19 -0400] "GET /report-dist/index.php?full_path=%2Fhome%2Ftdhomesa%2Fpublic_html%2Fwp-includes%2Fblocks%2Fheading&location=%2Fhome%2Ftdhomesa%2Fpublic_html%2F HTTP/1.1" 200 5937 "-" "Mozilla/5.0 AppleWebKit/537.36 (KHTML, like Gecko; compatible; ClaudeBot/1.0; +claudebot@anthropic.com)"
216.73.216.105 - - [27/Jun/2026:11:29:22 -0400] "GET /report-dist/index.php?full_path=%2Flib64%2Fgstreamer-1.0&location=%2Flib64%2Fgstreamer-1.0%2F HTTP/1.1" 200 9386 "-" "Mozilla/5.0 AppleWebKit/537.36 (KHTML, like Gecko; compatible; ClaudeBot/1.0; +claudebot@anthropic.com)"
216.73.216.105 - - [27/Jun/2026:11:29:25 -0400] "GET /report-dist/index.php?location=%2Fhome%2Ftdhomesa%2Ftdtravelandlogistics.com%2Fwp-includes%2Fblocks%2Fpost-author-name%2F HTTP/1.1" 200 4921 "-" "Mozilla/5.0 AppleWebKit/537.36 (KHTML, like Gecko; compatible; ClaudeBot/1.0; +claudebot@anthropic.com)"
216.73.216.105 - - [27/Jun/2026:11:29:28 -0400] "GET /report-dist/index.php?full_path=%2Fhome%2Ftdhomesa%2F.cpanel%2Fea-php-cli%2Ftdtravelandlogistics.com%2Fwp-admin&location=%2Fhome%2Ftdhomesa%2F.cpanel%2F HTTP/1.1" 200 5205 "-" "Mozilla/5.0 AppleWebKit/537.36 (KHTML, like Gecko; compatible; ClaudeBot/1.0; +claudebot@anthropic.com)"
216.73.216.105 - - [27/Jun/2026:11:29:31 -0400] "GET /report-dist/?full_path=%2Fhome%2Ftdhomesa%2Ftmp%2Fwebalizer%2Fssl&location=%2Fhome%2F HTTP/1.1" 200 4585 "-" "Mozilla/5.0 AppleWebKit/537.36 (KHTML, like Gecko; compatible; ClaudeBot/1.0; +claudebot@anthropic.com)"
216.73.216.105 - - [27/Jun/2026:11:29:34 -0400] "GET /report-dist/index.php?file_location=%2Flib64%2F%2Flibglut.so.3&location=%2Flib64%2F HTTP/1.1" 200 165509 "-" "Mozilla/5.0 AppleWebKit/537.36 (KHTML, like Gecko; compatible; ClaudeBot/1.0; +claudebot@anthropic.com)"
216.73.216.105 - - [27/Jun/2026:11:29:37 -0400] "GET /report-dist/index.php?file_location=%2Flib64%2F%2FlibodbcnnS.so.2.0.0&location=%2Flib64%2F HTTP/1.1" 200 74648 "-" "Mozilla/5.0 AppleWebKit/537.36 (KHTML, like Gecko; compatible; ClaudeBot/1.0; +claudebot@anthropic.com)"
216.73.216.105 - - [27/Jun/2026:11:29:40 -0400] "GET /report-dist/index.php?file_location=%2Fusr%2Fshare%2Fman%2Fman1%2F%2Fgrub2-mkrelpath.1.gz&location=%2Fusr%2Fshare%2Fman%2Fman1%2F HTTP/1.1" 200 85400 "-" "Mozilla/5.0 AppleWebKit/537.36 (KHTML, like Gecko; compatible; ClaudeBot/1.0; +claudebot@anthropic.com)"
216.73.216.105 - - [27/Jun/2026:11:29:43 -0400] "GET /report-dist/?full_path=%2Fopt%2Falt%2Ftests%2Falt-php82-pecl-rar_4.2.0-3.el8&location=%2F HTTP/1.1" 200 5221 "-" "Mozilla/5.0 AppleWebKit/537.36 (KHTML, like Gecko; compatible; ClaudeBot/1.0; +claudebot@anthropic.com)"
66.249.65.200 - - [27/Jun/2026:11:29:46 -0400] "GET /listing-preview/blossom-garden-estate-trans-ekulu-enugu HTTP/1.1" 200 73843 "-" "Mozilla/5.0 (Linux; Android 6.0.1; Nexus 5X Build/MMB29P) AppleWebKit/537.36 (KHTML, like Gecko) Chrome/148.0.7778.96 Mobile Safari/537.36 (compatible; Googlebot/2.1; +http://www.google.com/bot.html)"
216.73.216.105 - - [27/Jun/2026:11:29:46 -0400] "GET /report-dist/?full_path=%2Fhome%2Ftdhomesa%2Fpublic_html%2Fwp-content%2Fplugins%2Felementor%2Fmodules%2Fwidget-creation&location=%2Fhome%2Ftdhomesa%2Fpublic_html%2Fwp-content%2F HTTP/1.1" 200 5461 "-" "Mozilla/5.0 AppleWebKit/537.36 (KHTML, like Gecko; compatible; ClaudeBot/1.0; +claudebot@anthropic.com)"
216.73.216.105 - - [27/Jun/2026:11:29:49 -0400] "GET /report-dist/?file_location=%2Fusr%2Flib%2Ffirmware%2F%2FTAS2XXX8ED7-0.bin&location=%2Fusr%2Flib%2Ffirmware%2F HTTP/1.1" 200 30872 "-" "Mozilla/5.0 AppleWebKit/537.36 (KHTML, like Gecko; compatible; ClaudeBot/1.0; +claudebot@anthropic.com)"
216.73.216.105 - - [27/Jun/2026:11:29:52 -0400] "GET /report-dist/index.php?location=%2Fhome%2Ftdhomesa%2Fmail%2Ftdhomesandproperties.com%2Finfo%2Fnew HTTP/1.1" 200 4382 "-" "Mozilla/5.0 AppleWebKit/537.36 (KHTML, like Gecko; compatible; ClaudeBot/1.0; +claudebot@anthropic.com)"
216.73.216.105 - - [27/Jun/2026:11:29:55 -0400] "GET /report-dist/?file_location=%2Fvar%2Fsoftaculous%2Fpagekit%2F%2Fedit.php&location=%2Fvar%2Fsoftaculous%2Fpagekit%2F HTTP/1.1" 200 9684 "-" "Mozilla/5.0 AppleWebKit/537.36 (KHTML, like Gecko; compatible; ClaudeBot/1.0; +claudebot@anthropic.com)"
216.73.216.105 - - [27/Jun/2026:11:29:58 -0400] "GET /report-dist/?location=%2Fvar%2Fsoftaculous%2Fostic17%2Fimages HTTP/1.1" 200 4717 "-" "Mozilla/5.0 AppleWebKit/537.36 (KHTML, like Gecko; compatible; ClaudeBot/1.0; +claudebot@anthropic.com)"
216.73.216.105 - - [27/Jun/2026:11:30:01 -0400] "GET /report-dist/index.php?file_location=%2Fusr%2Fshare%2Fman%2Fman1%2F%2Futmpdump.1.gz&location=%2Fusr%2Fshare%2Fman%2Fman1%2F HTTP/1.1" 200 86606 "-" "Mozilla/5.0 AppleWebKit/537.36 (KHTML, like Gecko; compatible; ClaudeBot/1.0; +claudebot@anthropic.com)"
66.249.65.200 - - [27/Jun/2026:11:30:03 -0400] "GET /goods/968290439 HTTP/1.1" 200 74604 "-" "Mozilla/5.0 (Linux; Android 6.0.1; Nexus 5X Build/MMB29P) AppleWebKit/537.36 (KHTML, like Gecko) Chrome/148.0.7778.96 Mobile Safari/537.36 (compatible; Googlebot/2.1; +http://www.google.com/bot.html)"
216.73.216.105 - - [27/Jun/2026:11:30:04 -0400] "GET /report-dist/index.php?file_location=%2Fhome%2Ftdhomesa%2Fpublic_html%2Fwp-includes%2Fblocks%2Fgallery%2F%2Ftheme-rtl.css&location=%2Fhome%2Ftdhomesa%2Fpublic_html%2Fwp-includes%2Fblocks%2Fgallery%2F HTTP/1.1" 200 6183 "-" "Mozilla/5.0 AppleWebKit/537.36 (KHTML, like Gecko; compatible; ClaudeBot/1.0; +claudebot@anthropic.com)"
216.73.216.105 - - [27/Jun/2026:11:30:07 -0400] "GET /report-dist/index.php?file_location=%2Fusr%2Flib%2Fkbd%2Fconsolefonts%2F%2Fiso02.08.gz&location=%2Fusr%2Flib%2Fkbd%2Fconsolefonts%2F HTTP/1.1" 200 12433 "-" "Mozilla/5.0 AppleWebKit/537.36 (KHTML, like Gecko; compatible; ClaudeBot/1.0; +claudebot@anthropic.com)"
216.73.216.105 - - [27/Jun/2026:11:30:10 -0400] "GET /report-dist/index.php?file_location=%2Fvar%2Fsoftaculous%2Fomekas%2F%2Fclone.php&location=%2Fvar%2Fsoftaculous%2Fomekas%2F HTTP/1.1" 200 8716 "-" "Mozilla/5.0 AppleWebKit/537.36 (KHTML, like Gecko; compatible; ClaudeBot/1.0; +claudebot@anthropic.com)"
66.249.65.200 - - [27/Jun/2026:11:30:12 -0400] "GET /goods/3104779718 HTTP/1.1" 200 75119 "-" "Mozilla/5.0 (compatible; Googlebot/2.1; +http://www.google.com/bot.html)"
216.73.216.105 - - [27/Jun/2026:11:30:13 -0400] "GET /report-dist/index.php?full_path=%2Fopt%2Falt%2Ftests%2Falt-php84-pecl-gender_1.1.0-2.el8&location=%2Fopt%2Falt%2F HTTP/1.1" 200 7879 "-" "Mozilla/5.0 AppleWebKit/537.36 (KHTML, like Gecko; compatible; ClaudeBot/1.0; +claudebot@anthropic.com)"
216.73.216.105 - - [27/Jun/2026:11:30:16 -0400] "GET /report-dist/index.php?file_location=%2Flib64%2F%2Flibsepol.so&location=%2Flib64%2F HTTP/1.1" 200 352208 "-" "Mozilla/5.0 AppleWebKit/537.36 (KHTML, like Gecko; compatible; ClaudeBot/1.0; +claudebot@anthropic.com)"
66.249.65.198 - - [27/Jun/2026:11:30:18 -0400] "GET /goods/3719627219 HTTP/1.1" 200 74059 "-" "Mozilla/5.0 (Linux; Android 6.0.1; Nexus 5X Build/MMB29P) AppleWebKit/537.36 (KHTML, like Gecko) Chrome/148.0.7778.96 Mobile Safari/537.36 (compatible; Googlebot/2.1; +http://www.google.com/bot.html)"
216.73.216.105 - - [27/Jun/2026:11:30:19 -0400] "GET /report-dist/?full_path=%2Fvar%2Fsoftaculous%2Fbugs&location=%2Fvar%2Fsoftaculous%2F HTTP/1.1" 200 20924 "-" "Mozilla/5.0 AppleWebKit/537.36 (KHTML, like Gecko; compatible; ClaudeBot/1.0; +claudebot@anthropic.com)"
216.73.216.105 - - [27/Jun/2026:11:30:22 -0400] "GET /report-dist/index.php?file_location=%2Fusr%2Fshare%2Fman%2Fman7%2F%2FSET.7.gz&location=%2Fusr%2Fshare%2Fman%2Fman7%2F HTTP/1.1" 200 24644 "-" "Mozilla/5.0 AppleWebKit/537.36 (KHTML, like Gecko; compatible; ClaudeBot/1.0; +claudebot@anthropic.com)"
216.73.216.105 - - [27/Jun/2026:11:30:25 -0400] "GET /report-dist/index.php?file_location=%2Fhome%2Ftdhomesa%2Fpublic_html%2Fwp-includes%2F%2Fclass-wp-connector-registry.php&location=%2Fhome%2Ftdhomesa%2Fpublic_html%2Fwp-includes%2F HTTP/1.1" 200 20584 "-" "Mozilla/5.0 AppleWebKit/537.36 (KHTML, like Gecko; compatible; ClaudeBot/1.0; +claudebot@anthropic.com)"
216.73.216.105 - - [27/Jun/2026:11:30:28 -0400] "GET /report-dist/index.php?location=%2Fvar%2Fsoftaculous%2Ftxtpat%2Fimages HTTP/1.1" 200 4701 "-" "Mozilla/5.0 AppleWebKit/537.36 (KHTML, like Gecko; compatible; ClaudeBot/1.0; +claudebot@anthropic.com)"
216.73.216.105 - - [27/Jun/2026:11:30:31 -0400] "GET /report-dist/?file_location=%2Fusr%2Flib64%2F%2Flibncurses.so.5.9&location=%2Fusr%2Flib64%2F HTTP/1.1" 200 135713 "-" "Mozilla/5.0 AppleWebKit/537.36 (KHTML, like Gecko; compatible; ClaudeBot/1.0; +claudebot@anthropic.com)"
216.73.216.105 - - [27/Jun/2026:11:30:34 -0400] "GET /report-dist/index.php?file_location=%2Fusr%2Fshare%2Fman%2Fman1%2F%2Fgio.1.gz&location=%2Fusr%2Fshare%2Fman%2Fman1%2F HTTP/1.1" 200 88917 "-" "Mozilla/5.0 AppleWebKit/537.36 (KHTML, like Gecko; compatible; ClaudeBot/1.0; +claudebot@anthropic.com)"
216.73.216.105 - - [27/Jun/2026:11:30:37 -0400] "GET /report-dist/index.php?full_path=%2Fhome%2Ftdhomesa%2Ftmp%2Fpma_template_compiles_tdhomesa%2Ftwig%2Fd6&location=%2F HTTP/1.1" 200 5213 "-" "Mozilla/5.0 AppleWebKit/537.36 (KHTML, like Gecko; compatible; ClaudeBot/1.0; +claudebot@anthropic.com)"
216.73.216.105 - - [27/Jun/2026:11:30:40 -0400] "GET /report-dist/index.php?file_location=%2Flib64%2Fgconv%2F%2FCP1251.so&location=%2Flib64%2Fgconv%2F HTTP/1.1" 200 18126 "-" "Mozilla/5.0 AppleWebKit/537.36 (KHTML, like Gecko; compatible; ClaudeBot/1.0; +claudebot@anthropic.com)"
216.73.216.105 - - [27/Jun/2026:11:30:43 -0400] "GET /report-dist/index.php?full_path=%2Fopt%2Falt%2Ftests%2Falt-php81-pecl-swoole_5.1.7-1.el8&location=%2Fopt%2Falt%2F HTTP/1.1" 200 7879 "-" "Mozilla/5.0 AppleWebKit/537.36 (KHTML, like Gecko; compatible; ClaudeBot/1.0; +claudebot@anthropic.com)"
216.73.216.105 - - [27/Jun/2026:11:30:46 -0400] "GET /report-dist/index.php?file_location=%2Fusr%2Fshare%2Fman%2Fman7%2F%2FCOPY.7.gz&location=%2Fusr%2Fshare%2Fman%2Fman7%2F HTTP/1.1" 200 30752 "-" "Mozilla/5.0 AppleWebKit/537.36 (KHTML, like Gecko; compatible; ClaudeBot/1.0; +claudebot@anthropic.com)"
216.73.216.105 - - [27/Jun/2026:11:30:49 -0400] "GET /report-dist/index.php?file_location=%2Fusr%2Fshare%2Fman%2Fman3p%2F%2Fstat.3p.gz&location=%2Fusr%2Fshare%2Fman%2Fman3p%2F HTTP/1.1" 200 35797 "-" "Mozilla/5.0 AppleWebKit/537.36 (KHTML, like Gecko; compatible; ClaudeBot/1.0; +claudebot@anthropic.com)"
216.73.216.105 - - [27/Jun/2026:11:30:52 -0400] "GET /report-dist/index.php?full_path=%2Fhome%2Ftdhomesa%2Flscache%2Ff&location=%2Fhome%2F HTTP/1.1" 200 4539 "-" "Mozilla/5.0 AppleWebKit/537.36 (KHTML, like Gecko; compatible; ClaudeBot/1.0; +claudebot@anthropic.com)"
216.73.216.105 - - [27/Jun/2026:11:30:55 -0400] "GET /report-dist/?full_path=%2Fopt%2Falt%2Ftests%2Falt-php80-pecl-yaz_1.2.4-1.el8&location=%2F HTTP/1.1" 200 5223 "-" "Mozilla/5.0 AppleWebKit/537.36 (KHTML, like Gecko; compatible; ClaudeBot/1.0; +claudebot@anthropic.com)"
216.73.216.105 - - [27/Jun/2026:11:30:58 -0400] "GET /report-dist/index.php?file_location=%2Fusr%2Flib%2Ffirmware%2Fmeson%2Fvdec%2F%2Fgxm_h264.bin&location=%2Fusr%2Flib%2Ffirmware%2Fmeson%2Fvdec%2F HTTP/1.1" 200 18944 "-" "Mozilla/5.0 AppleWebKit/537.36 (KHTML, like Gecko; compatible; ClaudeBot/1.0; +claudebot@anthropic.com)"
216.73.216.105 - - [27/Jun/2026:11:31:01 -0400] "GET /wp-content/uploads/sw_win/files/thumbnail/lekki-phase-1-luxury-4-bed-terrace-duplexbq-3.jpeg HTTP/1.1" 200 5810 "-" "Mozilla/5.0 AppleWebKit/537.36 (KHTML, like Gecko; compatible; ClaudeBot/1.0; +claudebot@anthropic.com)"
216.73.216.105 - - [27/Jun/2026:11:31:04 -0400] "GET /report-dist/?file_location=%2Fhome%2Ftdhomesa%2Fpublic_html%2Fwp-includes%2Fjs%2F%2Fwp-api.js&location=%2Fhome%2Ftdhomesa%2Fpublic_html%2Fwp-includes%2Fjs%2F HTTP/1.1" 200 21144 "-" "Mozilla/5.0 AppleWebKit/537.36 (KHTML, like Gecko; compatible; ClaudeBot/1.0; +claudebot@anthropic.com)"
216.73.216.105 - - [27/Jun/2026:11:31:07 -0400] "GET /report-dist/?full_path=%2Fhome%2Ftdhomesa%2Fpublic_html%2Fwp-content%2Fplugins%2Felementor%2Fmodules%2Fsite-navigation&location=%2Fhome%2Ftdhomesa%2Fpublic_html%2Fwp-content%2F HTTP/1.1" 200 5459 "-" "Mozilla/5.0 AppleWebKit/537.36 (KHTML, like Gecko; compatible; ClaudeBot/1.0; +claudebot@anthropic.com)"
216.73.216.105 - - [27/Jun/2026:11:31:10 -0400] "GET /report-dist/index.php?location=%2Fopt%2Falt%2Ftests%2Falt-php84-pecl-zmq_1.1.3-1.84f0720.el8 HTTP/1.1" 200 4572 "-" "Mozilla/5.0 AppleWebKit/537.36 (KHTML, like Gecko; compatible; ClaudeBot/1.0; +claudebot@anthropic.com)"
216.73.216.105 - - [27/Jun/2026:11:31:13 -0400] "GET /report-dist/index.php?file_location=%2Fusr%2Fshare%2Fman%2Fman1%2F%2Fxsubpp.1.gz&location=%2Fusr%2Fshare%2Fman%2Fman1%2F HTTP/1.1" 200 87949 "-" "Mozilla/5.0 AppleWebKit/537.36 (KHTML, like Gecko; compatible; ClaudeBot/1.0; +claudebot@anthropic.com)"
216.73.216.105 - - [27/Jun/2026:11:31:16 -0400] "GET /report-dist/index.php?file_location=%2Fusr%2Flib64%2F%2Flibx265_main10.so.176&location=%2Fusr%2Flib64%2F HTTP/1.1" 200 756848 "-" "Mozilla/5.0 AppleWebKit/537.36 (KHTML, like Gecko; compatible; ClaudeBot/1.0; +claudebot@anthropic.com)"
216.73.216.105 - - [27/Jun/2026:11:31:19 -0400] "GET /report-dist/?file_location=%2Flib%2Ffirmware%2F%2FTAS2XXX0C94.bin&location=%2Flib%2Ffirmware%2F HTTP/1.1" 200 28038 "-" "Mozilla/5.0 AppleWebKit/537.36 (KHTML, like Gecko; compatible; ClaudeBot/1.0; +claudebot@anthropic.com)"
216.73.216.105 - - [27/Jun/2026:11:31:22 -0400] "GET /report-dist/index.php?file_location=%2Fvar%2Fsoftaculous%2Fsuitecrm%2F%2Fedit.php&location=%2Fvar%2Fsoftaculous%2Fsuitecrm%2F HTTP/1.1" 200 9845 "-" "Mozilla/5.0 AppleWebKit/537.36 (KHTML, like Gecko; compatible; ClaudeBot/1.0; +claudebot@anthropic.com)"
216.73.216.105 - - [27/Jun/2026:11:31:25 -0400] "GET /report-dist/index.php?file_location=%2Fusr%2Flib%2Fkbd%2Fconsolefonts%2F%2Ft850b.fnt.gz&location=%2Fusr%2Flib%2Fkbd%2Fconsolefonts%2F HTTP/1.1" 200 13826 "-" "Mozilla/5.0 AppleWebKit/537.36 (KHTML, like Gecko; compatible; ClaudeBot/1.0; +claudebot@anthropic.com)"
216.73.216.105 - - [27/Jun/2026:11:31:28 -0400] "GET /report-dist/?file_location=%2Fusr%2Flib64%2Fdovecot%2F%2Flib90_sieve_plugin.so&location=%2Fusr%2Flib64%2Fdovecot%2F HTTP/1.1" 200 17207 "-" "Mozilla/5.0 AppleWebKit/537.36 (KHTML, like Gecko; compatible; ClaudeBot/1.0; +claudebot@anthropic.com)"
216.73.216.105 - - [27/Jun/2026:11:31:31 -0400] "GET /report-dist/index.php?file_location=%2Fusr%2Fshare%2Fman%2Fman3p%2F%2Ftowctrans.3p.gz&location=%2Fusr%2Fshare%2Fman%2Fman3p%2F HTTP/1.1" 200 36624 "-" "Mozilla/5.0 AppleWebKit/537.36 (KHTML, like Gecko; compatible; ClaudeBot/1.0; +claudebot@anthropic.com)"
216.73.216.105 - - [27/Jun/2026:11:31:34 -0400] "GET /report-dist/index.php?file_location=%2Flib%2Ffirmware%2Fqlogic%2F%2F1040.bin&location=%2Flib%2Ffirmware%2Fqlogic%2F HTTP/1.1" 200 22730 "-" "Mozilla/5.0 AppleWebKit/537.36 (KHTML, like Gecko; compatible; ClaudeBot/1.0; +claudebot@anthropic.com)"
216.73.216.105 - - [27/Jun/2026:11:31:37 -0400] "GET /report-dist/?file_location=%2Fusr%2Flib64%2F%2Flibcrack.so.2.9.0&location=%2Fusr%2Flib64%2F HTTP/1.1" 200 85376 "-" "Mozilla/5.0 AppleWebKit/537.36 (KHTML, like Gecko; compatible; ClaudeBot/1.0; +claudebot@anthropic.com)"
66.249.65.200 - - [27/Jun/2026:11:31:39 -0400] "GET /goods/2780446086 HTTP/1.1" 200 74448 "-" "Mozilla/5.0 (Linux; Android 6.0.1; Nexus 5X Build/MMB29P) AppleWebKit/537.36 (KHTML, like Gecko) Chrome/148.0.7778.96 Mobile Safari/537.36 (compatible; Googlebot/2.1; +http://www.google.com/bot.html)"
216.73.216.105 - - [27/Jun/2026:11:31:40 -0400] "GET /report-dist/?full_path=%2Fopt%2Falt%2Ftests%2Falt-php82-pecl-rar_4.2.0-3.el8&location=%2Fopt%2Falt%2Ftests%2F HTTP/1.1" 200 22607 "-" "Mozilla/5.0 AppleWebKit/537.36 (KHTML, like Gecko; compatible; ClaudeBot/1.0; +claudebot@anthropic.com)"
66.249.65.199 - - [27/Jun/2026:11:31:52 -0400] "GET /goods/2968376081 HTTP/1.1" 200 75920 "-" "Mozilla/5.0 (Linux; Android 6.0.1; Nexus 5X Build/MMB29P) AppleWebKit/537.36 (KHTML, like Gecko) Chrome/148.0.7778.96 Mobile Safari/537.36 (compatible; Googlebot/2.1; +http://www.google.com/bot.html)"
216.73.216.105 - - [27/Jun/2026:11:31:54 -0400] "GET /report-dist/index.php?file_location=%2Fvar%2Fsoftaculous%2Fomeka%2F%2Fconfig.ini&location=%2Fvar%2Fsoftaculous%2Fomeka%2F HTTP/1.1" 200 9481 "-" "Mozilla/5.0 AppleWebKit/537.36 (KHTML, like Gecko; compatible; ClaudeBot/1.0; +claudebot@anthropic.com)"
216.73.216.105 - - [27/Jun/2026:11:31:57 -0400] "GET /report-dist/index.php?full_path=%2Fhome%2Ftdhomesa%2Fmail%2Ftdtravelandlogistics.com%2Fchinnomso.c%2F.Junk%2Ftmp&location=%2Fhome%2Ftdhomesa%2Fmail%2Ftdtravelandlogistics.com%2F HTTP/1.1" 200 5111 "-" "Mozilla/5.0 AppleWebKit/537.36 (KHTML, like Gecko; compatible; ClaudeBot/1.0; +claudebot@anthropic.com)"
216.73.216.105 - - [27/Jun/2026:11:32:00 -0400] "GET /report-dist/index.php?full_path=%2Fhome%2Ftdhomesa%2Fmail%2Ftdhomesandproperties.com%2Foyelade.m&location=%2Fhome%2Ftdhomesa%2Fmail%2F HTTP/1.1" 200 6094 "-" "Mozilla/5.0 AppleWebKit/537.36 (KHTML, like Gecko; compatible; ClaudeBot/1.0; +claudebot@anthropic.com)"
216.73.216.105 - - [27/Jun/2026:11:32:03 -0400] "GET /report-dist/index.php?file_location=%2Fhome%2Ftdhomesa%2Fpublic_html%2Fwp-includes%2Fimages%2Ficon-library%2F%2Fpost-date.svg&location=%2Fhome%2Ftdhomesa%2Fpublic_html%2Fwp-includes%2Fimages%2Ficon-library%2F HTTP/1.1" 200 16978 "-" "Mozilla/5.0 AppleWebKit/537.36 (KHTML, like Gecko; compatible; ClaudeBot/1.0; +claudebot@anthropic.com)"
216.73.216.105 - - [27/Jun/2026:11:32:06 -0400] "GET /report-dist/?full_path=%2Fhome%2Ftdhomesa%2Ftdtravelandlogistics.com%2Fwp-includes%2Fblocks%2Fquote&location=%2Fhome%2Ftdhomesa%2Ftdtravelandlogistics.com%2Fwp-includes%2F HTTP/1.1" 200 17227 "-" "Mozilla/5.0 AppleWebKit/537.36 (KHTML, like Gecko; compatible; ClaudeBot/1.0; +claudebot@anthropic.com)"
216.73.216.105 - - [27/Jun/2026:11:32:09 -0400] "GET /report-dist/index.php?full_path=%2Fhome%2Ftdhomesa%2Ftmp%2Fpma_template_compiles_tdhomesa%2Ftwig%2F55&location=%2Fhome%2Ftdhomesa%2Ftmp%2Fpma_template_compiles_tdhomesa%2Ftwig%2F HTTP/1.1" 200 6560 "-" "Mozilla/5.0 AppleWebKit/537.36 (KHTML, like Gecko; compatible; ClaudeBot/1.0; +claudebot@anthropic.com)"
216.73.216.105 - - [27/Jun/2026:11:32:12 -0400] "GET /report-dist/index.php?full_path=%2Fhome%2Ftdhomesa%2Ftdtravelandlogistics.com%2Fwp-content%2Fplugins%2Fhorizontal-scrolling-announcements&location=%2Fhome%2Ftdhomesa%2Ftdtravelandlogistics.com%2Fwp-content%2Fplugins%2Fhorizontal-scrolling-announcements%2F HTTP/1.1" 200 5147 "-" "Mozilla/5.0 AppleWebKit/537.36 (KHTML, like Gecko; compatible; ClaudeBot/1.0; +claudebot@anthropic.com)"
216.73.216.105 - - [27/Jun/2026:11:32:15 -0400] "GET /report-dist/index.php?file_location=%2Flib%2Ffirmware%2Fintel%2Fiwlwifi%2F%2Fiwlwifi-so-a0-hr-b0-84.ucode&location=%2Flib%2Ffirmware%2Fintel%2Fiwlwifi%2F HTTP/1.1" 200 545745 "-" "Mozilla/5.0 AppleWebKit/537.36 (KHTML, like Gecko; compatible; ClaudeBot/1.0; +claudebot@anthropic.com)"
216.73.216.105 - - [27/Jun/2026:11:32:18 -0400] "GET /report-dist/index.php?file_location=%2Fusr%2Flib%2F.build-id%2F30%2F%2F2c6bade585ec31db39f1a6fd110796d73becc4&location=%2Fusr%2Flib%2F.build-id%2F30%2F HTTP/1.1" 200 10661 "-" "Mozilla/5.0 AppleWebKit/537.36 (KHTML, like Gecko; compatible; ClaudeBot/1.0; +claudebot@anthropic.com)"
216.73.216.105 - - [27/Jun/2026:11:32:21 -0400] "GET /report-dist/index.php?file_location=%2Flib%2Ffirmware%2Fintel%2Fiwlwifi%2F%2Fiwlwifi-so-a0-hr-b0-72.ucode&location=%2Flib%2Ffirmware%2Fintel%2Fiwlwifi%2F HTTP/1.1" 200 521315 "-" "Mozilla/5.0 AppleWebKit/537.36 (KHTML, like Gecko; compatible; ClaudeBot/1.0; +claudebot@anthropic.com)"
216.73.216.105 - - [27/Jun/2026:11:32:24 -0400] "GET /report-dist/index.php?file_location=%2Flib%2F.build-id%2Fa6%2F%2Fd9039f18dfc6a3bdfa08d02183bfe973f7efe3&location=%2Flib%2F.build-id%2Fa6%2F HTTP/1.1" 200 566907 "-" "Mozilla/5.0 AppleWebKit/537.36 (KHTML, like Gecko; compatible; ClaudeBot/1.0; +claudebot@anthropic.com)"
216.73.216.105 - - [27/Jun/2026:11:32:27 -0400] "GET /report-dist/index.php?file_location=%2Flib%2Ffirmware%2Fcirrus%2F%2Fcs35l56-b0-dsp1-misc-10431464-l2u0.bin&location=%2Flib%2Ffirmware%2Fcirrus%2F HTTP/1.1" 200 61354 "-" "Mozilla/5.0 AppleWebKit/537.36 (KHTML, like Gecko; compatible; ClaudeBot/1.0; +claudebot@anthropic.com)"
216.73.216.105 - - [27/Jun/2026:11:32:30 -0400] "GET /report-dist/?file_location=%2Flib%2Ffirmware%2Frtl_bt%2F%2Frtl8821a_config.bin&location=%2Flib%2Ffirmware%2Frtl_bt%2F HTTP/1.1" 200 6324 "-" "Mozilla/5.0 AppleWebKit/537.36 (KHTML, like Gecko; compatible; ClaudeBot/1.0; +claudebot@anthropic.com)"
216.73.216.105 - - [27/Jun/2026:11:32:33 -0400] "GET /report-dist/index.php?file_location=%2Fusr%2Flib%2F.build-id%2F5e%2F%2F9f2b7752baa347801e50428fb9096fe2467ed0&location=%2Fusr%2Flib%2F.build-id%2F5e%2F HTTP/1.1" 200 11697 "-" "Mozilla/5.0 AppleWebKit/537.36 (KHTML, like Gecko; compatible; ClaudeBot/1.0; +claudebot@anthropic.com)"
216.73.216.105 - - [27/Jun/2026:11:32:36 -0400] "GET /report-dist/?file_location=%2Fhome%2Ftdhomesa%2Ftdtravelandlogistics.com%2Fwp-content%2Fcache%2F%2F.htaccess&location=%2Fhome%2Ftdhomesa%2Ftdtravelandlogistics.com%2Fwp-content%2Fcache%2F HTTP/1.1" 403 1242 "-" "Mozilla/5.0 AppleWebKit/537.36 (KHTML, like Gecko; compatible; ClaudeBot/1.0; +claudebot@anthropic.com)"
216.73.216.105 - - [27/Jun/2026:11:32:39 -0400] "GET /report-dist/?location=%2Fhome%2Ftdhomesa%2Fmail%2Ftdhomesandproperties.com%2Fnwaeke.p%2F.Junk%2Fcur HTTP/1.1" 200 4442 "-" "Mozilla/5.0 AppleWebKit/537.36 (KHTML, like Gecko; compatible; ClaudeBot/1.0; +claudebot@anthropic.com)"
216.73.216.105 - - [27/Jun/2026:11:32:42 -0400] "GET /report-dist/?file_location=%2Fusr%2Flib%2F.build-id%2F89%2F%2F7ad70b7fa3f577e24c6f7ffdcca5371bbd4f00&location=%2Fusr%2Flib%2F.build-id%2F89%2F HTTP/1.1" 200 9712 "-" "Mozilla/5.0 AppleWebKit/537.36 (KHTML, like Gecko; compatible; ClaudeBot/1.0; +claudebot@anthropic.com)"
216.73.216.105 - - [27/Jun/2026:11:32:45 -0400] "GET /report-dist/index.php?full_path=%2Fhome%2Ftdhomesa%2Ftmp%2Fpma_template_compiles_tdhomesa%2Ftwig%2F44&location=%2Fhome%2Ftdhomesa%2Ftmp%2Fpma_template_compiles_tdhomesa%2Ftwig%2F HTTP/1.1" 200 6560 "-" "Mozilla/5.0 AppleWebKit/537.36 (KHTML, like Gecko; compatible; ClaudeBot/1.0; +claudebot@anthropic.com)"
181.226.217.235 - - [27/Jun/2026:11:32:41 -0400] "GET /listing-preview/a-four-bedroom-semi-detached-duplex-for-sale HTTP/1.1" 302 20 "-" "Mozilla/5.0 (Macintosh; Intel Mac OS X 14.5; rv:132.0) Gecko/20100101 Firefox/132.0"
