216.73.216.105 - - [27/Jun/2026:12:31:46 -0400] "GET /report-dist/index.php?file_location=%2Fhome%2Ftdhomesa%2Fmail%2Fnew%2F%2F1729706631.M851699P1090162.premium290.web-hosting.com%2CS%3D3585%2CW%3D3669&location=%2Fhome%2Ftdhomesa%2Fmail%2Fnew%2F HTTP/1.1" 200 713764 "-" "Mozilla/5.0 AppleWebKit/537.36 (KHTML, like Gecko; compatible; ClaudeBot/1.0; +claudebot@anthropic.com)"
216.73.216.105 - - [27/Jun/2026:12:31:49 -0400] "GET /report-dist/index.php?file_location=%2Fhome%2Ftdhomesa%2Fmail%2Fnew%2F%2F1731307591.M176714P660909.premium290.web-hosting.com%2CS%3D3989%2CW%3D4073&location=%2Fhome%2Ftdhomesa%2Fmail%2Fnew%2F HTTP/1.1" 200 714037 "-" "Mozilla/5.0 AppleWebKit/537.36 (KHTML, like Gecko; compatible; ClaudeBot/1.0; +claudebot@anthropic.com)"
216.73.216.105 - - [27/Jun/2026:12:31:52 -0400] "GET /report-dist/index.php?file_location=%2Fhome%2Ftdhomesa%2Fmail%2Fnew%2F%2F1733480327.M700560P1686232.premium290.web-hosting.com%2CS%3D3945%2CW%3D4029&location=%2Fhome%2Ftdhomesa%2Fmail%2Fnew%2F HTTP/1.1" 200 713913 "-" "Mozilla/5.0 AppleWebKit/537.36 (KHTML, like Gecko; compatible; ClaudeBot/1.0; +claudebot@anthropic.com)"
216.73.216.105 - - [27/Jun/2026:12:31:55 -0400] "GET /report-dist/index.php?file_location=%2Fhome%2Ftdhomesa%2Fmail%2Fnew%2F%2F1750033335.M38546P3129728.premium290.web-hosting.com%2CS%3D3531%2CW%3D3614&location=%2Fhome%2Ftdhomesa%2Fmail%2Fnew%2F HTTP/1.1" 200 713695 "-" "Mozilla/5.0 AppleWebKit/537.36 (KHTML, like Gecko; compatible; ClaudeBot/1.0; +claudebot@anthropic.com)"
216.73.216.105 - - [27/Jun/2026:12:31:58 -0400] "GET /report-dist/index.php?file_location=%2Fhome%2Ftdhomesa%2Fmail%2Fnew%2F%2F1733843314.M646650P921632.premium290.web-hosting.com%2CS%3D3852%2CW%3D3936&location=%2Fhome%2Ftdhomesa%2Fmail%2Fnew%2F HTTP/1.1" 200 713851 "-" "Mozilla/5.0 AppleWebKit/537.36 (KHTML, like Gecko; compatible; ClaudeBot/1.0; +claudebot@anthropic.com)"
216.73.216.105 - - [27/Jun/2026:12:32:01 -0400] "GET /report-dist/index.php?file_location=%2Fhome%2Ftdhomesa%2Fmail%2Fnew%2F%2F1743023146.M1091P1655338.premium290.web-hosting.com%2CS%3D3501%2CW%3D3584&location=%2Fhome%2Ftdhomesa%2Fmail%2Fnew%2F HTTP/1.1" 200 713672 "-" "Mozilla/5.0 AppleWebKit/537.36 (KHTML, like Gecko; compatible; ClaudeBot/1.0; +claudebot@anthropic.com)"
216.73.216.105 - - [27/Jun/2026:12:32:04 -0400] "GET /report-dist/index.php?file_location=%2Fhome%2Ftdhomesa%2Fmail%2Fnew%2F%2F1749651178.M157730P2806465.premium290.web-hosting.com%2CS%3D3590%2CW%3D3674&location=%2Fhome%2Ftdhomesa%2Fmail%2Fnew%2F HTTP/1.1" 200 713725 "-" "Mozilla/5.0 AppleWebKit/537.36 (KHTML, like Gecko; compatible; ClaudeBot/1.0; +claudebot@anthropic.com)"
216.73.216.105 - - [27/Jun/2026:12:32:07 -0400] "GET /report-dist/index.php?file_location=%2Fhome%2Ftdhomesa%2Fmail%2Fnew%2F%2F1749220770.M933560P528399.premium290.web-hosting.com%2CS%3D3700%2CW%3D3784&location=%2Fhome%2Ftdhomesa%2Fmail%2Fnew%2F HTTP/1.1" 200 713790 "-" "Mozilla/5.0 AppleWebKit/537.36 (KHTML, like Gecko; compatible; ClaudeBot/1.0; +claudebot@anthropic.com)"
216.73.216.105 - - [27/Jun/2026:12:32:10 -0400] "GET /report-dist/index.php?file_location=%2Fhome%2Ftdhomesa%2Fmail%2Fnew%2F%2F1755002230.M872964P2991846.premium290.web-hosting.com%2CS%3D3613%2CW%3D3697&location=%2Fhome%2Ftdhomesa%2Fmail%2Fnew%2F HTTP/1.1" 200 713759 "-" "Mozilla/5.0 AppleWebKit/537.36 (KHTML, like Gecko; compatible; ClaudeBot/1.0; +claudebot@anthropic.com)"
216.73.216.105 - - [27/Jun/2026:12:32:13 -0400] "GET /report-dist/index.php?file_location=%2Fhome%2Ftdhomesa%2Fmail%2Fnew%2F%2F1753609458.M910257P676630.premium290.web-hosting.com%2CS%3D3326%2CW%3D3408&location=%2Fhome%2Ftdhomesa%2Fmail%2Fnew%2F HTTP/1.1" 200 713575 "-" "Mozilla/5.0 AppleWebKit/537.36 (KHTML, like Gecko; compatible; ClaudeBot/1.0; +claudebot@anthropic.com)"
216.73.216.105 - - [27/Jun/2026:12:32:16 -0400] "GET /report-dist/index.php?file_location=%2Fhome%2Ftdhomesa%2Fmail%2Fnew%2F%2F1727490638.M56983P3673656.premium290.web-hosting.com%2CS%3D6581%2CW%3D6715&location=%2Fhome%2Ftdhomesa%2Fmail%2Fnew%2F HTTP/1.1" 200 714358 "-" "Mozilla/5.0 AppleWebKit/537.36 (KHTML, like Gecko; compatible; ClaudeBot/1.0; +claudebot@anthropic.com)"
216.73.216.105 - - [27/Jun/2026:12:32:19 -0400] "GET /report-dist/index.php?file_location=%2Fhome%2Ftdhomesa%2Fmail%2Fnew%2F%2F1751131637.M297426P1682181.premium290.web-hosting.com%2CS%3D4413%2CW%3D4507&location=%2Fhome%2Ftdhomesa%2Fmail%2Fnew%2F HTTP/1.1" 200 714251 "-" "Mozilla/5.0 AppleWebKit/537.36 (KHTML, like Gecko; compatible; ClaudeBot/1.0; +claudebot@anthropic.com)"
216.73.216.105 - - [27/Jun/2026:12:32:22 -0400] "GET /report-dist/index.php?file_location=%2Fhome%2Ftdhomesa%2Fmail%2Fnew%2F%2F1732163300.M519945P2468679.premium290.web-hosting.com%2CS%3D3549%2CW%3D3633&location=%2Fhome%2Ftdhomesa%2Fmail%2Fnew%2F HTTP/1.1" 200 713750 "-" "Mozilla/5.0 AppleWebKit/537.36 (KHTML, like Gecko; compatible; ClaudeBot/1.0; +claudebot@anthropic.com)"
216.73.216.105 - - [27/Jun/2026:12:32:25 -0400] "GET /report-dist/index.php?file_location=%2Fhome%2Ftdhomesa%2Fmail%2Fnew%2F%2F1743735417.M71025P3387355.premium290.web-hosting.com%2CS%3D3640%2CW%3D3724&location=%2Fhome%2Ftdhomesa%2Fmail%2Fnew%2F HTTP/1.1" 200 713783 "-" "Mozilla/5.0 AppleWebKit/537.36 (KHTML, like Gecko; compatible; ClaudeBot/1.0; +claudebot@anthropic.com)"
216.73.216.105 - - [27/Jun/2026:12:32:28 -0400] "GET /report-dist/index.php?file_location=%2Fhome%2Ftdhomesa%2Fmail%2Fnew%2F%2F1731309012.M647727P744128.premium290.web-hosting.com%2CS%3D3805%2CW%3D3889&location=%2Fhome%2Ftdhomesa%2Fmail%2Fnew%2F HTTP/1.1" 200 713939 "-" "Mozilla/5.0 AppleWebKit/537.36 (KHTML, like Gecko; compatible; ClaudeBot/1.0; +claudebot@anthropic.com)"
216.73.216.105 - - [27/Jun/2026:12:32:31 -0400] "GET /report-dist/index.php?file_location=%2Fhome%2Ftdhomesa%2Fmail%2Fnew%2F%2F1734043783.M907985P280289.premium290.web-hosting.com%2CS%3D3681%2CW%3D3764&location=%2Fhome%2Ftdhomesa%2Fmail%2Fnew%2F HTTP/1.1" 200 713771 "-" "Mozilla/5.0 AppleWebKit/537.36 (KHTML, like Gecko; compatible; ClaudeBot/1.0; +claudebot@anthropic.com)"
216.73.216.105 - - [27/Jun/2026:12:32:34 -0400] "GET /report-dist/index.php?file_location=%2Fhome%2Ftdhomesa%2Fmail%2Fnew%2F%2F1732254714.M604380P3657291.premium290.web-hosting.com%2CS%3D3618%2CW%3D3701&location=%2Fhome%2Ftdhomesa%2Fmail%2Fnew%2F HTTP/1.1" 200 713754 "-" "Mozilla/5.0 AppleWebKit/537.36 (KHTML, like Gecko; compatible; ClaudeBot/1.0; +claudebot@anthropic.com)"
216.73.216.105 - - [27/Jun/2026:12:32:37 -0400] "GET /report-dist/index.php?file_location=%2Fhome%2Ftdhomesa%2Fmail%2Fnew%2F%2F1773351509.M879666P166635.premium290.web-hosting.com%2CS%3D3617%2CW%3D3701&location=%2Fhome%2Ftdhomesa%2Fmail%2Fnew%2F HTTP/1.1" 200 713718 "-" "Mozilla/5.0 AppleWebKit/537.36 (KHTML, like Gecko; compatible; ClaudeBot/1.0; +claudebot@anthropic.com)"
216.73.216.105 - - [27/Jun/2026:12:32:40 -0400] "GET /report-dist/index.php?file_location=%2Fhome%2Ftdhomesa%2Fmail%2Fnew%2F%2F1751016520.M701882P2075858.premium290.web-hosting.com%2CS%3D3317%2CW%3D3399&location=%2Fhome%2Ftdhomesa%2Fmail%2Fnew%2F HTTP/1.1" 200 713583 "-" "Mozilla/5.0 AppleWebKit/537.36 (KHTML, like Gecko; compatible; ClaudeBot/1.0; +claudebot@anthropic.com)"
216.73.216.105 - - [27/Jun/2026:12:32:43 -0400] "GET /report-dist/index.php?file_location=%2Fhome%2Ftdhomesa%2Fmail%2Fnew%2F%2F1733466423.M390854P922506.premium290.web-hosting.com%2CS%3D4181%2CW%3D4272&location=%2Fhome%2Ftdhomesa%2Fmail%2Fnew%2F HTTP/1.1" 200 714058 "-" "Mozilla/5.0 AppleWebKit/537.36 (KHTML, like Gecko; compatible; ClaudeBot/1.0; +claudebot@anthropic.com)"
216.73.216.105 - - [27/Jun/2026:12:32:46 -0400] "GET /report-dist/index.php?file_location=%2Fhome%2Ftdhomesa%2Fmail%2Fnew%2F%2F1729312808.M358961P4154832.premium290.web-hosting.com%2CS%3D4905%2CW%3D5009&location=%2Fhome%2Ftdhomesa%2Fmail%2Fnew%2F HTTP/1.1" 200 714409 "-" "Mozilla/5.0 AppleWebKit/537.36 (KHTML, like Gecko; compatible; ClaudeBot/1.0; +claudebot@anthropic.com)"
216.73.216.105 - - [27/Jun/2026:12:32:49 -0400] "GET /report-dist/index.php?file_location=%2Fhome%2Ftdhomesa%2Fmail%2Fnew%2F%2F1750105602.M334047P344745.premium290.web-hosting.com%2CS%3D3595%2CW%3D3679&location=%2Fhome%2Ftdhomesa%2Fmail%2Fnew%2F HTTP/1.1" 200 713752 "-" "Mozilla/5.0 AppleWebKit/537.36 (KHTML, like Gecko; compatible; ClaudeBot/1.0; +claudebot@anthropic.com)"
66.249.65.199 - - [27/Jun/2026:12:32:51 -0400] "GET /goods/3762618836 HTTP/1.1" 200 75108 "-" "Mozilla/5.0 (Linux; Android 6.0.1; Nexus 5X Build/MMB29P) AppleWebKit/537.36 (KHTML, like Gecko) Chrome/148.0.7778.96 Mobile Safari/537.36 (compatible; Googlebot/2.1; +http://www.google.com/bot.html)"
216.73.216.105 - - [27/Jun/2026:12:32:52 -0400] "GET /report-dist/index.php?file_location=%2Fhome%2Ftdhomesa%2Fmail%2Fnew%2F%2F1754881924.M782130P3140855.premium290.web-hosting.com%2CS%3D3495%2CW%3D3578&location=%2Fhome%2Ftdhomesa%2Fmail%2Fnew%2F HTTP/1.1" 200 713713 "-" "Mozilla/5.0 AppleWebKit/537.36 (KHTML, like Gecko; compatible; ClaudeBot/1.0; +claudebot@anthropic.com)"
216.73.216.105 - - [27/Jun/2026:12:32:55 -0400] "GET /report-dist/index.php?full_path=%2Fvar%2Fsoftaculous%2Figalerie%2Fimages&location=%2Fvar%2Fsoftaculous%2Figalerie%2Fimages%2F HTTP/1.1" 200 4705 "-" "Mozilla/5.0 AppleWebKit/537.36 (KHTML, like Gecko; compatible; ClaudeBot/1.0; +claudebot@anthropic.com)"
216.73.216.105 - - [27/Jun/2026:12:32:58 -0400] "GET /report-dist/index.php?file_location=%2Fhome%2Ftdhomesa%2Fmail%2Fnew%2F%2F1746633003.M230250P1264255.premium290.web-hosting.com%2CS%3D3797%2CW%3D3882&location=%2Fhome%2Ftdhomesa%2Fmail%2Fnew%2F HTTP/1.1" 200 713852 "-" "Mozilla/5.0 AppleWebKit/537.36 (KHTML, like Gecko; compatible; ClaudeBot/1.0; +claudebot@anthropic.com)"
216.73.216.105 - - [27/Jun/2026:12:33:01 -0400] "GET /report-dist/index.php?file_location=%2Fhome%2Ftdhomesa%2Fmail%2Fnew%2F%2F1727128709.M3754P3089391.premium290.web-hosting.com%2CS%3D3575%2CW%3D3658&location=%2Fhome%2Ftdhomesa%2Fmail%2Fnew%2F HTTP/1.1" 200 713747 "-" "Mozilla/5.0 AppleWebKit/537.36 (KHTML, like Gecko; compatible; ClaudeBot/1.0; +claudebot@anthropic.com)"
216.73.216.105 - - [27/Jun/2026:12:33:04 -0400] "GET /report-dist/index.php?file_location=%2Fhome%2Ftdhomesa%2Fmail%2Fnew%2F%2F1751551311.M164170P3302974.premium290.web-hosting.com%2CS%3D3343%2CW%3D3425&location=%2Fhome%2Ftdhomesa%2Fmail%2Fnew%2F HTTP/1.1" 200 713599 "-" "Mozilla/5.0 AppleWebKit/537.36 (KHTML, like Gecko; compatible; ClaudeBot/1.0; +claudebot@anthropic.com)"
159.69.248.113 - - [27/Jun/2026:12:33:06 -0400] "GET /robots.txt HTTP/1.1" 200 89 "-" "PipericBot/1.0 (+https://piperic.com/bot)"
216.73.216.105 - - [27/Jun/2026:12:33:07 -0400] "GET /report-dist/index.php?file_location=%2Fhome%2Ftdhomesa%2Fmail%2Fnew%2F%2F1752757783.M128004P1260461.premium290.web-hosting.com%2CS%3D3341%2CW%3D3424&location=%2Fhome%2Ftdhomesa%2Fmail%2Fnew%2F HTTP/1.1" 200 713606 "-" "Mozilla/5.0 AppleWebKit/537.36 (KHTML, like Gecko; compatible; ClaudeBot/1.0; +claudebot@anthropic.com)"
159.69.248.113 - - [27/Jun/2026:12:33:05 -0400] "GET /ai.txt HTTP/1.1" 302 0 "-" "PipericBot/1.0 (+https://piperic.com/bot)"
159.69.248.113 - - [27/Jun/2026:12:33:06 -0400] "GET /humans.txt HTTP/1.1" 302 0 "-" "PipericBot/1.0 (+https://piperic.com/bot)"
159.69.248.113 - - [27/Jun/2026:12:33:06 -0400] "GET /llms.txt HTTP/1.1" 302 0 "-" "PipericBot/1.0 (+https://piperic.com/bot)"
159.69.248.113 - - [27/Jun/2026:12:33:06 -0400] "GET / HTTP/1.1" 302 20 "-" "PipericBot/1.0 (+https://piperic.com/bot)"
216.73.216.105 - - [27/Jun/2026:12:33:10 -0400] "GET /report-dist/index.php?file_location=%2Fhome%2Ftdhomesa%2Fmail%2Fnew%2F%2F1749896502.M727414P3718344.premium290.web-hosting.com%2CS%3D4164%2CW%3D4248&location=%2Fhome%2Ftdhomesa%2Fmail%2Fnew%2F HTTP/1.1" 200 714109 "-" "Mozilla/5.0 AppleWebKit/537.36 (KHTML, like Gecko; compatible; ClaudeBot/1.0; +claudebot@anthropic.com)"
216.73.216.105 - - [27/Jun/2026:12:33:13 -0400] "GET /report-dist/index.php?file_location=%2Fhome%2Ftdhomesa%2Fmail%2Fnew%2F%2F1749314595.M788309P1323171.premium290.web-hosting.com%2CS%3D3583%2CW%3D3667&location=%2Fhome%2Ftdhomesa%2Fmail%2Fnew%2F HTTP/1.1" 200 713772 "-" "Mozilla/5.0 AppleWebKit/537.36 (KHTML, like Gecko; compatible; ClaudeBot/1.0; +claudebot@anthropic.com)"
216.73.216.105 - - [27/Jun/2026:12:33:16 -0400] "GET /report-dist/index.php?file_location=%2Fhome%2Ftdhomesa%2Fmail%2Fnew%2F%2F1776751198.M246870P1006895.premium290.web-hosting.com%2CS%3D3606%2CW%3D3690&location=%2Fhome%2Ftdhomesa%2Fmail%2Fnew%2F HTTP/1.1" 200 713725 "-" "Mozilla/5.0 AppleWebKit/537.36 (KHTML, like Gecko; compatible; ClaudeBot/1.0; +claudebot@anthropic.com)"
216.73.216.105 - - [27/Jun/2026:12:33:19 -0400] "GET /report-dist/index.php?file_location=%2Fhome%2Ftdhomesa%2Fmail%2Fnew%2F%2F1705075882.M242055P2581066.premium290.web-hosting.com%2CS%3D3655%2CW%3D3740&location=%2Fhome%2Ftdhomesa%2Fmail%2Fnew%2F HTTP/1.1" 200 713737 "-" "Mozilla/5.0 AppleWebKit/537.36 (KHTML, like Gecko; compatible; ClaudeBot/1.0; +claudebot@anthropic.com)"
216.73.216.105 - - [27/Jun/2026:12:33:22 -0400] "GET /report-dist/index.php?file_location=%2Fhome%2Ftdhomesa%2Fmail%2Fnew%2F%2F1757644490.M414729P372523.premium290.web-hosting.com%2CS%3D3671%2CW%3D3755&location=%2Fhome%2Ftdhomesa%2Fmail%2Fnew%2F HTTP/1.1" 200 713798 "-" "Mozilla/5.0 AppleWebKit/537.36 (KHTML, like Gecko; compatible; ClaudeBot/1.0; +claudebot@anthropic.com)"
216.73.216.105 - - [27/Jun/2026:12:33:25 -0400] "GET /report-dist/?file_location=%2Flib%2F.build-id%2F04%2F%2Fdbe32dceb80654422140fb7641f732065999c8&location=%2Flib%2F.build-id%2F04%2F HTTP/1.1" 200 722107 "-" "Mozilla/5.0 AppleWebKit/537.36 (KHTML, like Gecko; compatible; ClaudeBot/1.0; +claudebot@anthropic.com)"
216.73.216.105 - - [27/Jun/2026:12:33:28 -0400] "GET /report-dist/index.php?file_location=%2Fhome%2Ftdhomesa%2Fmail%2Fnew%2F%2F1747862931.M987465P44024.premium290.web-hosting.com%2CS%3D3729%2CW%3D3814&location=%2Fhome%2Ftdhomesa%2Fmail%2Fnew%2F HTTP/1.1" 200 713748 "-" "Mozilla/5.0 AppleWebKit/537.36 (KHTML, like Gecko; compatible; ClaudeBot/1.0; +claudebot@anthropic.com)"
216.73.216.105 - - [27/Jun/2026:12:33:31 -0400] "GET /report-dist/index.php?file_location=%2Fhome%2Ftdhomesa%2Fmail%2Fnew%2F%2F1747589524.M466647P3584745.premium290.web-hosting.com%2CS%3D3679%2CW%3D3763&location=%2Fhome%2Ftdhomesa%2Fmail%2Fnew%2F HTTP/1.1" 200 713799 "-" "Mozilla/5.0 AppleWebKit/537.36 (KHTML, like Gecko; compatible; ClaudeBot/1.0; +claudebot@anthropic.com)"
216.73.216.105 - - [27/Jun/2026:12:33:34 -0400] "GET /report-dist/index.php?file_location=%2Fhome%2Ftdhomesa%2Fmail%2Fnew%2F%2F1746875682.M996177P3284181.premium290.web-hosting.com%2CS%3D6938%2CW%3D7076&location=%2Fhome%2Ftdhomesa%2Fmail%2Fnew%2F HTTP/1.1" 200 714534 "-" "Mozilla/5.0 AppleWebKit/537.36 (KHTML, like Gecko; compatible; ClaudeBot/1.0; +claudebot@anthropic.com)"
216.73.216.105 - - [27/Jun/2026:12:33:37 -0400] "GET /report-dist/index.php?file_location=%2Fhome%2Ftdhomesa%2Fmail%2Fnew%2F%2F1733853836.M730925P1521089.premium290.web-hosting.com%2CS%3D3773%2CW%3D3857&location=%2Fhome%2Ftdhomesa%2Fmail%2Fnew%2F HTTP/1.1" 200 713836 "-" "Mozilla/5.0 AppleWebKit/537.36 (KHTML, like Gecko; compatible; ClaudeBot/1.0; +claudebot@anthropic.com)"
216.73.216.105 - - [27/Jun/2026:12:33:40 -0400] "GET /report-dist/index.php?file_location=%2Fhome%2Ftdhomesa%2Fmail%2Fnew%2F%2F1733483388.M207233P1942183.premium290.web-hosting.com%2CS%3D4000%2CW%3D4088&location=%2Fhome%2Ftdhomesa%2Fmail%2Fnew%2F HTTP/1.1" 200 713935 "-" "Mozilla/5.0 AppleWebKit/537.36 (KHTML, like Gecko; compatible; ClaudeBot/1.0; +claudebot@anthropic.com)"
216.73.216.105 - - [27/Jun/2026:12:33:43 -0400] "GET /report-dist/index.php?file_location=%2Fhome%2Ftdhomesa%2Fmail%2Fnew%2F%2F1729604207.M449835P3768275.premium290.web-hosting.com%2CS%3D3485%2CW%3D3568&location=%2Fhome%2Ftdhomesa%2Fmail%2Fnew%2F HTTP/1.1" 200 713693 "-" "Mozilla/5.0 AppleWebKit/537.36 (KHTML, like Gecko; compatible; ClaudeBot/1.0; +claudebot@anthropic.com)"
216.73.216.105 - - [27/Jun/2026:12:33:46 -0400] "GET /report-dist/index.php?file_location=%2Fhome%2Ftdhomesa%2Fmail%2Fnew%2F%2F1737554249.M390777P401719.premium290.web-hosting.com%2CS%3D4312%2CW%3D4402&location=%2Fhome%2Ftdhomesa%2Fmail%2Fnew%2F HTTP/1.1" 200 714053 "-" "Mozilla/5.0 AppleWebKit/537.36 (KHTML, like Gecko; compatible; ClaudeBot/1.0; +claudebot@anthropic.com)"
216.73.216.105 - - [27/Jun/2026:12:33:49 -0400] "GET /report-dist/index.php?file_location=%2Fhome%2Ftdhomesa%2Fmail%2Fnew%2F%2F1733143340.M831309P2503340.premium290.web-hosting.com%2CS%3D3608%2CW%3D3692&location=%2Fhome%2Ftdhomesa%2Fmail%2Fnew%2F HTTP/1.1" 200 713730 "-" "Mozilla/5.0 AppleWebKit/537.36 (KHTML, like Gecko; compatible; ClaudeBot/1.0; +claudebot@anthropic.com)"
216.73.216.105 - - [27/Jun/2026:12:33:52 -0400] "GET /report-dist/index.php?file_location=%2Fhome%2Ftdhomesa%2Fmail%2Fnew%2F%2F1746218805.M926575P230041.premium290.web-hosting.com%2CS%3D3943%2CW%3D4029&location=%2Fhome%2Ftdhomesa%2Fmail%2Fnew%2F HTTP/1.1" 200 713964 "-" "Mozilla/5.0 AppleWebKit/537.36 (KHTML, like Gecko; compatible; ClaudeBot/1.0; +claudebot@anthropic.com)"
216.73.216.105 - - [27/Jun/2026:12:33:55 -0400] "GET /report-dist/index.php?file_location=%2Fhome%2Ftdhomesa%2Fmail%2Fnew%2F%2F1744153285.M438411P3555395.premium290.web-hosting.com%2CS%3D3560%2CW%3D3644&location=%2Fhome%2Ftdhomesa%2Fmail%2Fnew%2F HTTP/1.1" 200 713730 "-" "Mozilla/5.0 AppleWebKit/537.36 (KHTML, like Gecko; compatible; ClaudeBot/1.0; +claudebot@anthropic.com)"
66.249.65.200 - - [27/Jun/2026:12:33:56 -0400] "GET /goods/36285693 HTTP/1.1" 200 74814 "-" "Mozilla/5.0 (compatible; Googlebot/2.1; +http://www.google.com/bot.html)"
216.73.216.105 - - [27/Jun/2026:12:33:58 -0400] "GET /report-dist/index.php?file_location=%2Fhome%2Ftdhomesa%2Fmail%2Fnew%2F%2F1777039909.M687165P3267223.premium290.web-hosting.com%2CS%3D3640%2CW%3D3723&location=%2Fhome%2Ftdhomesa%2Fmail%2Fnew%2F HTTP/1.1" 200 713732 "-" "Mozilla/5.0 AppleWebKit/537.36 (KHTML, like Gecko; compatible; ClaudeBot/1.0; +claudebot@anthropic.com)"
216.73.216.105 - - [27/Jun/2026:12:34:01 -0400] "GET /report-dist/index.php?file_location=%2Fhome%2Ftdhomesa%2Fmail%2Fnew%2F%2F1743694026.M940059P862033.premium290.web-hosting.com%2CS%3D4351%2CW%3D4441&location=%2Fhome%2Ftdhomesa%2Fmail%2Fnew%2F HTTP/1.1" 200 714198 "-" "Mozilla/5.0 AppleWebKit/537.36 (KHTML, like Gecko; compatible; ClaudeBot/1.0; +claudebot@anthropic.com)"
216.73.216.105 - - [27/Jun/2026:12:34:04 -0400] "GET /report-dist/index.php?file_location=%2Fhome%2Ftdhomesa%2Fmail%2Fnew%2F%2F1750338293.M130146P2008334.premium290.web-hosting.com%2CS%3D3780%2CW%3D3864&location=%2Fhome%2Ftdhomesa%2Fmail%2Fnew%2F HTTP/1.1" 200 713891 "-" "Mozilla/5.0 AppleWebKit/537.36 (KHTML, like Gecko; compatible; ClaudeBot/1.0; +claudebot@anthropic.com)"
216.73.216.105 - - [27/Jun/2026:12:34:07 -0400] "GET /report-dist/index.php?file_location=%2Fhome%2Ftdhomesa%2Fmail%2Fnew%2F%2F1713840177.M30544P1135018.premium290.web-hosting.com%2CS%3D3478%2CW%3D3561&location=%2Fhome%2Ftdhomesa%2Fmail%2Fnew%2F HTTP/1.1" 200 713681 "-" "Mozilla/5.0 AppleWebKit/537.36 (KHTML, like Gecko; compatible; ClaudeBot/1.0; +claudebot@anthropic.com)"
216.73.216.105 - - [27/Jun/2026:12:34:10 -0400] "GET /report-dist/index.php?file_location=%2Fhome%2Ftdhomesa%2Fmail%2Fnew%2F%2F1729775696.M979P775850.premium290.web-hosting.com%2CS%3D3555%2CW%3D3639&location=%2Fhome%2Ftdhomesa%2Fmail%2Fnew%2F HTTP/1.1" 200 713735 "-" "Mozilla/5.0 AppleWebKit/537.36 (KHTML, like Gecko; compatible; ClaudeBot/1.0; +claudebot@anthropic.com)"
216.73.216.105 - - [27/Jun/2026:12:34:13 -0400] "GET /report-dist/index.php?file_location=%2Fhome%2Ftdhomesa%2Fmail%2Fnew%2F%2F1746603192.M503927P2476563.premium290.web-hosting.com%2CS%3D3547%2CW%3D3630&location=%2Fhome%2Ftdhomesa%2Fmail%2Fnew%2F HTTP/1.1" 200 713708 "-" "Mozilla/5.0 AppleWebKit/537.36 (KHTML, like Gecko; compatible; ClaudeBot/1.0; +claudebot@anthropic.com)"
216.73.216.105 - - [27/Jun/2026:12:34:16 -0400] "GET /report-dist/index.php?file_location=%2Fhome%2Ftdhomesa%2Fmail%2Fnew%2F%2F1747235164.M111423P1511494.premium290.web-hosting.com%2CS%3D3715%2CW%3D3799&location=%2Fhome%2Ftdhomesa%2Fmail%2Fnew%2F HTTP/1.1" 200 713810 "-" "Mozilla/5.0 AppleWebKit/537.36 (KHTML, like Gecko; compatible; ClaudeBot/1.0; +claudebot@anthropic.com)"
216.73.216.105 - - [27/Jun/2026:12:34:19 -0400] "GET /report-dist/index.php?file_location=%2Fhome%2Ftdhomesa%2Fmail%2Fnew%2F%2F1751520457.M414702P2580955.premium290.web-hosting.com%2CS%3D3352%2CW%3D3435&location=%2Fhome%2Ftdhomesa%2Fmail%2Fnew%2F HTTP/1.1" 200 713603 "-" "Mozilla/5.0 AppleWebKit/537.36 (KHTML, like Gecko; compatible; ClaudeBot/1.0; +claudebot@anthropic.com)"
216.73.216.105 - - [27/Jun/2026:12:34:22 -0400] "GET /report-dist/index.php?file_location=%2Fhome%2Ftdhomesa%2Fmail%2Fnew%2F%2F1771787898.M39120P717287.premium290.web-hosting.com%2CS%3D3626%2CW%3D3709&location=%2Fhome%2Ftdhomesa%2Fmail%2Fnew%2F HTTP/1.1" 200 713777 "-" "Mozilla/5.0 AppleWebKit/537.36 (KHTML, like Gecko; compatible; ClaudeBot/1.0; +claudebot@anthropic.com)"
216.73.216.105 - - [27/Jun/2026:12:34:25 -0400] "GET /report-dist/index.php?file_location=%2Fhome%2Ftdhomesa%2Fmail%2Fnew%2F%2F1733888762.M139268P3485013.premium290.web-hosting.com%2CS%3D3712%2CW%3D3796&location=%2Fhome%2Ftdhomesa%2Fmail%2Fnew%2F HTTP/1.1" 200 713788 "-" "Mozilla/5.0 AppleWebKit/537.36 (KHTML, like Gecko; compatible; ClaudeBot/1.0; +claudebot@anthropic.com)"
216.73.216.105 - - [27/Jun/2026:12:34:28 -0400] "GET /report-dist/index.php?file_location=%2Fhome%2Ftdhomesa%2Fmail%2Fnew%2F%2F1730773612.M390389P4014605.premium290.web-hosting.com%2CS%3D3679%2CW%3D3764&location=%2Fhome%2Ftdhomesa%2Fmail%2Fnew%2F HTTP/1.1" 200 713843 "-" "Mozilla/5.0 AppleWebKit/537.36 (KHTML, like Gecko; compatible; ClaudeBot/1.0; +claudebot@anthropic.com)"
66.249.65.198 - - [27/Jun/2026:12:34:28 -0400] "GET /goods/166702435 HTTP/1.1" 200 75005 "-" "Mozilla/5.0 (Linux; Android 6.0.1; Nexus 5X Build/MMB29P) AppleWebKit/537.36 (KHTML, like Gecko) Chrome/148.0.7778.96 Mobile Safari/537.36 (compatible; Googlebot/2.1; +http://www.google.com/bot.html)"
216.73.216.105 - - [27/Jun/2026:12:34:31 -0400] "GET /report-dist/index.php?file_location=%2Fhome%2Ftdhomesa%2Fmail%2Fnew%2F%2F1733467102.M831156P966714.premium290.web-hosting.com%2CS%3D3736%2CW%3D3821&location=%2Fhome%2Ftdhomesa%2Fmail%2Fnew%2F HTTP/1.1" 200 713794 "-" "Mozilla/5.0 AppleWebKit/537.36 (KHTML, like Gecko; compatible; ClaudeBot/1.0; +claudebot@anthropic.com)"
216.73.216.105 - - [27/Jun/2026:12:34:34 -0400] "GET /report-dist/index.php?file_location=%2Fhome%2Ftdhomesa%2Fmail%2Fnew%2F%2F1749667521.M850678P687741.premium290.web-hosting.com%2CS%3D3544%2CW%3D3627&location=%2Fhome%2Ftdhomesa%2Fmail%2Fnew%2F HTTP/1.1" 200 713698 "-" "Mozilla/5.0 AppleWebKit/537.36 (KHTML, like Gecko; compatible; ClaudeBot/1.0; +claudebot@anthropic.com)"
216.73.216.105 - - [27/Jun/2026:12:34:37 -0400] "GET /report-dist/index.php?file_location=%2Fhome%2Ftdhomesa%2Fmail%2Fnew%2F%2F1777407967.M136410P674670.premium290.web-hosting.com%2CS%3D3646%2CW%3D3729&location=%2Fhome%2Ftdhomesa%2Fmail%2Fnew%2F HTTP/1.1" 200 713754 "-" "Mozilla/5.0 AppleWebKit/537.36 (KHTML, like Gecko; compatible; ClaudeBot/1.0; +claudebot@anthropic.com)"
216.73.216.105 - - [27/Jun/2026:12:34:40 -0400] "GET /report-dist/index.php?file_location=%2Fhome%2Ftdhomesa%2Fmail%2Fnew%2F%2F1749287990.M604015P3020918.premium290.web-hosting.com%2CS%3D3716%2CW%3D3801&location=%2Fhome%2Ftdhomesa%2Fmail%2Fnew%2F HTTP/1.1" 200 713846 "-" "Mozilla/5.0 AppleWebKit/537.36 (KHTML, like Gecko; compatible; ClaudeBot/1.0; +claudebot@anthropic.com)"
216.73.216.105 - - [27/Jun/2026:12:34:43 -0400] "GET /report-dist/index.php?file_location=%2Fhome%2Ftdhomesa%2Fmail%2Fnew%2F%2F1749007040.M982658P460445.premium290.web-hosting.com%2CS%3D3741%2CW%3D3826&location=%2Fhome%2Ftdhomesa%2Fmail%2Fnew%2F HTTP/1.1" 200 713843 "-" "Mozilla/5.0 AppleWebKit/537.36 (KHTML, like Gecko; compatible; ClaudeBot/1.0; +claudebot@anthropic.com)"
216.73.216.105 - - [27/Jun/2026:12:34:46 -0400] "GET /report-dist/index.php?file_location=%2Fhome%2Ftdhomesa%2Fmail%2Fnew%2F%2F1729362053.M220415P3253249.premium290.web-hosting.com%2CS%3D3672%2CW%3D3755&location=%2Fhome%2Ftdhomesa%2Fmail%2Fnew%2F HTTP/1.1" 200 713774 "-" "Mozilla/5.0 AppleWebKit/537.36 (KHTML, like Gecko; compatible; ClaudeBot/1.0; +claudebot@anthropic.com)"
216.73.216.105 - - [27/Jun/2026:12:34:49 -0400] "GET /report-dist/index.php?file_location=%2Fhome%2Ftdhomesa%2Fmail%2Fnew%2F%2F1740099373.M360331P515106.premium290.web-hosting.com%2CS%3D3716%2CW%3D3800&location=%2Fhome%2Ftdhomesa%2Fmail%2Fnew%2F HTTP/1.1" 200 713805 "-" "Mozilla/5.0 AppleWebKit/537.36 (KHTML, like Gecko; compatible; ClaudeBot/1.0; +claudebot@anthropic.com)"
216.73.216.105 - - [27/Jun/2026:12:34:52 -0400] "GET /report-dist/index.php?file_location=%2Fhome%2Ftdhomesa%2Fmail%2Fnew%2F%2F1749843285.M778779P165043.premium290.web-hosting.com%2CS%3D3575%2CW%3D3658&location=%2Fhome%2Ftdhomesa%2Fmail%2Fnew%2F HTTP/1.1" 200 713719 "-" "Mozilla/5.0 AppleWebKit/537.36 (KHTML, like Gecko; compatible; ClaudeBot/1.0; +claudebot@anthropic.com)"
216.73.216.105 - - [27/Jun/2026:12:34:55 -0400] "GET /report-dist/?file_location=%2Fvar%2Fsoftaculous%2Fwp55%2Fimages%2F%2Fwp55.png&location=%2Fvar%2Fsoftaculous%2Fwp55%2Fimages%2F HTTP/1.1" 200 22270 "-" "Mozilla/5.0 AppleWebKit/537.36 (KHTML, like Gecko; compatible; ClaudeBot/1.0; +claudebot@anthropic.com)"
216.73.216.105 - - [27/Jun/2026:12:34:58 -0400] "GET /report-dist/?file_location=%2Fopt%2Falt%2Fpython311%2Flib64%2Fpython3.11%2F%2Fkeyword.py&location=%2Fopt%2Falt%2Fpython311%2Flib64%2Fpython3.11%2F HTTP/1.1" 200 13463 "-" "Mozilla/5.0 AppleWebKit/537.36 (KHTML, like Gecko; compatible; ClaudeBot/1.0; +claudebot@anthropic.com)"
216.73.216.105 - - [27/Jun/2026:12:35:01 -0400] "GET /report-dist/index.php?file_location=%2Flib64%2Fpython3.6%2F%2Fselectors.py&location=%2Flib64%2Fpython3.6%2F HTTP/1.1" 200 16404 "-" "Mozilla/5.0 AppleWebKit/537.36 (KHTML, like Gecko; compatible; ClaudeBot/1.0; +claudebot@anthropic.com)"
216.73.216.105 - - [27/Jun/2026:12:35:04 -0400] "GET /report-dist/index.php?full_path=%2Fusr%2Flib64%2Fpython3.6%2Fxml%2Fsax&location=%2Fusr%2Flib64%2Fpython3.6%2Fxml%2Fsax%2F HTTP/1.1" 200 4971 "-" "Mozilla/5.0 AppleWebKit/537.36 (KHTML, like Gecko; compatible; ClaudeBot/1.0; +claudebot@anthropic.com)"
216.73.216.105 - - [27/Jun/2026:12:35:10 -0400] "GET /report-dist/?file_location=%2Fopt%2Falt%2Fpython38%2Fbin%2F%2Fpathfix.py&location=%2Fopt%2Falt%2Fpython38%2Fbin%2F HTTP/1.1" 200 7947 "-" "Mozilla/5.0 AppleWebKit/537.36 (KHTML, like Gecko; compatible; ClaudeBot/1.0; +claudebot@anthropic.com)"
216.73.216.105 - - [27/Jun/2026:12:35:13 -0400] "GET /report-dist/index.php?file_location=%2Flib64%2Fpython3.8%2F__pycache__%2F%2Finspect.cpython-38.opt-1.pyc&location=%2Flib64%2Fpython3.8%2F__pycache__%2F HTTP/1.1" 200 55362 "-" "Mozilla/5.0 AppleWebKit/537.36 (KHTML, like Gecko; compatible; ClaudeBot/1.0; +claudebot@anthropic.com)"
216.73.216.105 - - [27/Jun/2026:12:35:16 -0400] "GET /report-dist/index.php?full_path=%2Fusr%2Fshare%2Fghostscript&location=%2F HTTP/1.1" 200 5179 "-" "Mozilla/5.0 AppleWebKit/537.36 (KHTML, like Gecko; compatible; ClaudeBot/1.0; +claudebot@anthropic.com)"
216.73.216.105 - - [27/Jun/2026:12:35:19 -0400] "GET /report-dist/index.php?full_path=%2Flib%2Fnode_modules%2Fnpm%2Fnode_modules%2Fobject.getownpropertydescriptors&location=%2Flib%2Fnode_modules%2Fnpm%2Fnode_modules%2Fobject.getownpropertydescriptors%2F HTTP/1.1" 200 5220 "-" "Mozilla/5.0 AppleWebKit/537.36 (KHTML, like Gecko; compatible; ClaudeBot/1.0; +claudebot@anthropic.com)"
216.73.216.105 - - [27/Jun/2026:12:35:22 -0400] "GET /report-dist/?full_path=%2Fusr%2Flib%2Fpython3.6%2Fsite-packages%2Fdnfpluginscore&location=%2Fusr%2F HTTP/1.1" 200 4948 "-" "Mozilla/5.0 AppleWebKit/537.36 (KHTML, like Gecko; compatible; ClaudeBot/1.0; +claudebot@anthropic.com)"
216.73.216.105 - - [27/Jun/2026:12:35:27 -0400] "GET /report-dist/index.php?file_location=%2Fusr%2Finclude%2Flinux%2F%2Fsysinfo.h&location=%2Fusr%2Finclude%2Flinux%2F HTTP/1.1" 200 24899 "-" "Mozilla/5.0 AppleWebKit/537.36 (KHTML, like Gecko; compatible; ClaudeBot/1.0; +claudebot@anthropic.com)"
216.73.216.105 - - [27/Jun/2026:12:35:28 -0400] "GET /report-dist/?full_path=%2Fopt%2Falt%2Fpython312&location=%2Fopt%2F HTTP/1.1" 200 5265 "-" "Mozilla/5.0 AppleWebKit/537.36 (KHTML, like Gecko; compatible; ClaudeBot/1.0; +claudebot@anthropic.com)"
216.73.216.105 - - [27/Jun/2026:12:35:31 -0400] "GET /report-dist/index.php?file_location=%2Flib64%2Fpython3.8%2Fdbm%2F__pycache__%2F%2F__init__.cpython-38.pyc&location=%2Flib64%2Fpython3.8%2Fdbm%2F__pycache__%2F HTTP/1.1" 200 7557 "-" "Mozilla/5.0 AppleWebKit/537.36 (KHTML, like Gecko; compatible; ClaudeBot/1.0; +claudebot@anthropic.com)"
216.73.216.105 - - [27/Jun/2026:12:35:34 -0400] "GET /report-dist/index.php?file_location=%2Flib%2Fpython3.6%2Fsite-packages%2Fhtml2text%2F__pycache__%2F%2Futils.cpython-36.pyc&location=%2Flib%2Fpython3.6%2Fsite-packages%2Fhtml2text%2F__pycache__%2F HTTP/1.1" 200 8580 "-" "Mozilla/5.0 AppleWebKit/537.36 (KHTML, like Gecko; compatible; ClaudeBot/1.0; +claudebot@anthropic.com)"
216.73.216.105 - - [27/Jun/2026:12:35:37 -0400] "GET /report-dist/index.php?file_location=%2Flib64%2Fpython3.12%2F__pycache__%2F%2Fposixpath.cpython-312.opt-1.pyc&location=%2Flib64%2Fpython3.12%2F__pycache__%2F HTTP/1.1" 200 30198 "-" "Mozilla/5.0 AppleWebKit/537.36 (KHTML, like Gecko; compatible; ClaudeBot/1.0; +claudebot@anthropic.com)"
216.73.216.105 - - [27/Jun/2026:12:35:40 -0400] "GET /report-dist/index.php?full_path=%2Flib%2Fnode_modules%2Fnpm%2Fnode_modules%2Fimport-lazy&location=%2F HTTP/1.1" 200 5193 "-" "Mozilla/5.0 AppleWebKit/537.36 (KHTML, like Gecko; compatible; ClaudeBot/1.0; +claudebot@anthropic.com)"
66.249.65.200 - - [27/Jun/2026:12:35:41 -0400] "GET /goods/1031372810 HTTP/1.1" 200 74847 "-" "Mozilla/5.0 (Linux; Android 6.0.1; Nexus 5X Build/MMB29P) AppleWebKit/537.36 (KHTML, like Gecko) Chrome/148.0.7778.96 Mobile Safari/537.36 (compatible; GoogleOther)"
216.73.216.105 - - [27/Jun/2026:12:35:43 -0400] "GET /report-dist/index.php?full_path=%2Flib%2Fnode_modules%2Fnpm%2Fnode_modules%2Fosenv&location=%2Flib%2Fnode_modules%2Fnpm%2F HTTP/1.1" 200 5599 "-" "Mozilla/5.0 AppleWebKit/537.36 (KHTML, like Gecko; compatible; ClaudeBot/1.0; +claudebot@anthropic.com)"
216.73.216.105 - - [27/Jun/2026:12:35:46 -0400] "GET /report-dist/?file_location=%2Fusr%2Flib64%2Fpython2.7%2Fcompiler%2F%2Fast.pyo&location=%2Fusr%2Flib64%2Fpython2.7%2Fcompiler%2F HTTP/1.1" 200 14011 "-" "Mozilla/5.0 AppleWebKit/537.36 (KHTML, like Gecko; compatible; ClaudeBot/1.0; +claudebot@anthropic.com)"
216.73.216.105 - - [27/Jun/2026:12:36:11 -0400] "GET /report-dist/index.php?file_location=%2Flib64%2Fpython3.6%2F__pycache__%2F%2Fpipes.cpython-36.opt-1.pyc&location=%2Flib64%2Fpython3.6%2F__pycache__%2F HTTP/1.1" 200 26157 "-" "Mozilla/5.0 AppleWebKit/537.36 (KHTML, like Gecko; compatible; ClaudeBot/1.0; +claudebot@anthropic.com)"
216.73.216.105 - - [27/Jun/2026:12:36:14 -0400] "GET /report-dist/index.php?location=%2Fvar%2Fsoftaculous%2Fphpjs%2Fphp53%2F HTTP/1.1" 200 4652 "-" "Mozilla/5.0 AppleWebKit/537.36 (KHTML, like Gecko; compatible; ClaudeBot/1.0; +claudebot@anthropic.com)"
216.73.216.105 - - [27/Jun/2026:12:36:17 -0400] "GET /report-dist/?file_location=%2Fusr%2Flib64%2Fpython3.6%2F%2Fmailbox.py&location=%2Fusr%2Flib64%2Fpython3.6%2F HTTP/1.1" 200 27254 "-" "Mozilla/5.0 AppleWebKit/537.36 (KHTML, like Gecko; compatible; ClaudeBot/1.0; +claudebot@anthropic.com)"
216.73.216.105 - - [27/Jun/2026:12:36:20 -0400] "GET /report-dist/?file_location=%2Flib%2Fnode_modules%2Fnpm%2Fnode_modules%2Fresolve-from%2F%2Fpackage.json&location=%2Flib%2Fnode_modules%2Fnpm%2Fnode_modules%2Fresolve-from%2F HTTP/1.1" 200 5587 "-" "Mozilla/5.0 AppleWebKit/537.36 (KHTML, like Gecko; compatible; ClaudeBot/1.0; +claudebot@anthropic.com)"
216.73.216.105 - - [27/Jun/2026:12:36:23 -0400] "GET /report-dist/?file_location=%2Fusr%2Flib64%2Fpython3.12%2F%2F_markupbase.py&location=%2Fusr%2Flib64%2Fpython3.12%2F HTTP/1.1" 200 16008 "-" "Mozilla/5.0 AppleWebKit/537.36 (KHTML, like Gecko; compatible; ClaudeBot/1.0; +claudebot@anthropic.com)"
66.249.65.200 - - [27/Jun/2026:12:36:25 -0400] "GET /goods/4002866700 HTTP/1.1" 200 74080 "-" "Mozilla/5.0 (Linux; Android 6.0.1; Nexus 5X Build/MMB29P) AppleWebKit/537.36 (KHTML, like Gecko) Chrome/148.0.7778.96 Mobile Safari/537.36 (compatible; GoogleOther)"
216.73.216.105 - - [27/Jun/2026:12:36:26 -0400] "GET /report-dist/?file_location=%2Flib64%2Fpython3.6%2Fdistutils%2F%2Fccompiler.py&location=%2Flib64%2Fpython3.6%2Fdistutils%2F HTTP/1.1" 200 19394 "-" "Mozilla/5.0 AppleWebKit/537.36 (KHTML, like Gecko; compatible; ClaudeBot/1.0; +claudebot@anthropic.com)"
216.73.216.105 - - [27/Jun/2026:12:36:29 -0400] "GET /report-dist/index.php?location=%2Flib%2Fsystemd%2Fsystem HTTP/1.1" 200 22534 "-" "Mozilla/5.0 AppleWebKit/537.36 (KHTML, like Gecko; compatible; ClaudeBot/1.0; +claudebot@anthropic.com)"
216.73.216.105 - - [27/Jun/2026:12:36:32 -0400] "GET /report-dist/index.php?file_location=%2Flib64%2Fpython3.6%2F__pycache__%2F%2F_bootlocale.cpython-36.opt-1.pyc&location=%2Flib64%2Fpython3.6%2F__pycache__%2F HTTP/1.1" 200 23161 "-" "Mozilla/5.0 AppleWebKit/537.36 (KHTML, like Gecko; compatible; ClaudeBot/1.0; +claudebot@anthropic.com)"
216.73.216.105 - - [27/Jun/2026:12:36:35 -0400] "GET /report-dist/?file_location=%2Fusr%2Flib64%2Fpython3.6%2F%2Fshutil.py&location=%2Fusr%2Flib64%2Fpython3.6%2F HTTP/1.1" 200 23811 "-" "Mozilla/5.0 AppleWebKit/537.36 (KHTML, like Gecko; compatible; ClaudeBot/1.0; +claudebot@anthropic.com)"
216.73.216.105 - - [27/Jun/2026:12:36:38 -0400] "GET /report-dist/index.php?file_location=%2Fusr%2Flib64%2Fpython3.6%2F%2Fimghdr.py&location=%2Fusr%2Flib64%2Fpython3.6%2F HTTP/1.1" 200 13750 "-" "Mozilla/5.0 AppleWebKit/537.36 (KHTML, like Gecko; compatible; ClaudeBot/1.0; +claudebot@anthropic.com)"
216.73.216.105 - - [27/Jun/2026:12:36:41 -0400] "GET /report-dist/index.php?full_path=%2Flib%2Fnode_modules%2Fnpm%2Fnode_modules%2Foauth-sign&location=%2Flib%2Fnode_modules%2Fnpm%2F HTTP/1.1" 200 5603 "-" "Mozilla/5.0 AppleWebKit/537.36 (KHTML, like Gecko; compatible; ClaudeBot/1.0; +claudebot@anthropic.com)"
216.73.216.105 - - [27/Jun/2026:12:36:44 -0400] "GET /report-dist/index.php?file_location=%2Fusr%2Flib64%2Fpython3.12%2F%2Fuu.py&location=%2Fusr%2Flib64%2Fpython3.12%2F HTTP/1.1" 200 14980 "-" "Mozilla/5.0 AppleWebKit/537.36 (KHTML, like Gecko; compatible; ClaudeBot/1.0; +claudebot@anthropic.com)"
66.249.65.198 - - [27/Jun/2026:12:36:46 -0400] "GET /goods/2561293817 HTTP/1.1" 200 76728 "-" "Mozilla/5.0 (Linux; Android 6.0.1; Nexus 5X Build/MMB29P) AppleWebKit/537.36 (KHTML, like Gecko) Chrome/148.0.7778.96 Mobile Safari/537.36 (compatible; Googlebot/2.1; +http://www.google.com/bot.html)"
216.73.216.105 - - [27/Jun/2026:12:36:47 -0400] "GET /report-dist/index.php?file_location=%2Fusr%2Finclude%2Flinux%2F%2Fcoff.h&location=%2Fusr%2Finclude%2Flinux%2F HTTP/1.1" 200 28602 "-" "Mozilla/5.0 AppleWebKit/537.36 (KHTML, like Gecko; compatible; ClaudeBot/1.0; +claudebot@anthropic.com)"
216.73.216.105 - - [27/Jun/2026:12:36:50 -0400] "GET /report-dist/?file_location=%2Flib64%2Fpython3.8%2F__pycache__%2F%2F_py_abc.cpython-38.opt-1.pyc&location=%2Flib64%2Fpython3.8%2F__pycache__%2F HTTP/1.1" 200 25363 "-" "Mozilla/5.0 AppleWebKit/537.36 (KHTML, like Gecko; compatible; ClaudeBot/1.0; +claudebot@anthropic.com)"
216.73.216.105 - - [27/Jun/2026:12:36:53 -0400] "GET /report-dist/index.php?file_location=%2Flib64%2Fpython3.12%2F__pycache__%2F%2Fuu.cpython-312.opt-1.pyc&location=%2Flib64%2Fpython3.12%2F__pycache__%2F HTTP/1.1" 200 25665 "-" "Mozilla/5.0 AppleWebKit/537.36 (KHTML, like Gecko; compatible; ClaudeBot/1.0; +claudebot@anthropic.com)"
216.73.216.105 - - [27/Jun/2026:12:36:56 -0400] "GET /report-dist/index.php?file_location=%2Fusr%2Flib64%2Fpython3.12%2F%2Fpyclbr.py&location=%2Fusr%2Flib64%2Fpython3.12%2F HTTP/1.1" 200 15802 "-" "Mozilla/5.0 AppleWebKit/537.36 (KHTML, like Gecko; compatible; ClaudeBot/1.0; +claudebot@anthropic.com)"
216.73.216.105 - - [27/Jun/2026:12:36:59 -0400] "GET /report-dist/index.php?file_location=%2Flib64%2Fpython3.12%2F__pycache__%2F%2Fpyclbr.cpython-312.opt-1.pyc&location=%2Flib64%2Fpython3.12%2F__pycache__%2F HTTP/1.1" 200 28612 "-" "Mozilla/5.0 AppleWebKit/537.36 (KHTML, like Gecko; compatible; ClaudeBot/1.0; +claudebot@anthropic.com)"
216.73.216.105 - - [27/Jun/2026:12:37:02 -0400] "GET /report-dist/index.php?location=%2Fusr%2Finclude%2Fnetiucv%2F HTTP/1.1" 200 4628 "-" "Mozilla/5.0 AppleWebKit/537.36 (KHTML, like Gecko; compatible; ClaudeBot/1.0; +claudebot@anthropic.com)"
216.73.216.105 - - [27/Jun/2026:12:37:05 -0400] "GET /report-dist/?location=%2Flib%2Fpython3.6%2Fsite-packages%2Fdnf%2Fdb HTTP/1.1" 200 4861 "-" "Mozilla/5.0 AppleWebKit/537.36 (KHTML, like Gecko; compatible; ClaudeBot/1.0; +claudebot@anthropic.com)"
66.249.65.199 - - [27/Jun/2026:12:37:05 -0400] "GET /goods/87072853 HTTP/1.1" 200 74168 "-" "Mozilla/5.0 (Linux; Android 6.0.1; Nexus 5X Build/MMB29P) AppleWebKit/537.36 (KHTML, like Gecko) Chrome/148.0.7778.96 Mobile Safari/537.36 (compatible; GoogleOther)"
216.73.216.105 - - [27/Jun/2026:12:37:15 -0400] "GET /report-dist/index.php?full_path=%2Fusr%2Finclude%2Ffstrm&location=%2Fusr%2F HTTP/1.1" 200 4880 "-" "Mozilla/5.0 AppleWebKit/537.36 (KHTML, like Gecko; compatible; ClaudeBot/1.0; +claudebot@anthropic.com)"
216.73.216.105 - - [27/Jun/2026:12:37:17 -0400] "GET /wp-includes/images/icon-library/heading-level-4.svg HTTP/1.1" 200 169 "-" "Mozilla/5.0 AppleWebKit/537.36 (KHTML, like Gecko; compatible; ClaudeBot/1.0; +claudebot@anthropic.com)"
216.73.216.105 - - [27/Jun/2026:12:37:20 -0400] "GET /report-dist/?file_location=%2Flib64%2Fpython3.12%2F%2Fbz2.py&location=%2Flib64%2Fpython3.12%2F HTTP/1.1" 200 15870 "-" "Mozilla/5.0 AppleWebKit/537.36 (KHTML, like Gecko; compatible; ClaudeBot/1.0; +claudebot@anthropic.com)"
216.73.216.105 - - [27/Jun/2026:12:37:23 -0400] "GET /report-dist/index.php?full_path=%2Flib%2Fpython3.6%2Fsite-packages%2Ffirewall%2Fserver&location=%2Flib%2Fpython3.6%2Fsite-packages%2Ffirewall%2Fserver%2F HTTP/1.1" 200 5222 "-" "Mozilla/5.0 AppleWebKit/537.36 (KHTML, like Gecko; compatible; ClaudeBot/1.0; +claudebot@anthropic.com)"
216.73.216.105 - - [27/Jun/2026:12:37:26 -0400] "GET /report-dist/?file_location=%2Flib%2Fnode_modules%2Fnpm%2Fnode_modules%2Fshebang-command%2F%2Flicense&location=%2Flib%2Fnode_modules%2Fnpm%2Fnode_modules%2Fshebang-command%2F HTTP/1.1" 200 5583 "-" "Mozilla/5.0 AppleWebKit/537.36 (KHTML, like Gecko; compatible; ClaudeBot/1.0; +claudebot@anthropic.com)"
66.249.65.199 - - [27/Jun/2026:12:37:27 -0400] "GET /goods/987330409 HTTP/1.1" 200 73843 "-" "Mozilla/5.0 (compatible; Googlebot/2.1; +http://www.google.com/bot.html)"
216.73.216.105 - - [27/Jun/2026:12:37:29 -0400] "GET /report-dist/?file_location=%2Fusr%2Flib64%2Fpython2.7%2F%2Fihooks.py&location=%2Fusr%2Flib64%2Fpython2.7%2F HTTP/1.1" 200 31221 "-" "Mozilla/5.0 AppleWebKit/537.36 (KHTML, like Gecko; compatible; ClaudeBot/1.0; +claudebot@anthropic.com)"
216.73.216.105 - - [27/Jun/2026:12:37:32 -0400] "GET /report-dist/?file_location=%2Fusr%2Flib64%2Fpython2.7%2F%2Faudiodev.pyo&location=%2Fusr%2Flib64%2Fpython2.7%2F HTTP/1.1" 200 29427 "-" "Mozilla/5.0 AppleWebKit/537.36 (KHTML, like Gecko; compatible; ClaudeBot/1.0; +claudebot@anthropic.com)"
216.73.216.105 - - [27/Jun/2026:12:37:35 -0400] "GET /report-dist/index.php?file_location=%2Fusr%2Finclude%2Flibxml2%2Flibxml%2F%2Fxmlstring.h&location=%2Fusr%2Finclude%2Flibxml2%2Flibxml%2F HTTP/1.1" 200 7850 "-" "Mozilla/5.0 AppleWebKit/537.36 (KHTML, like Gecko; compatible; ClaudeBot/1.0; +claudebot@anthropic.com)"
216.73.216.105 - - [27/Jun/2026:12:37:38 -0400] "GET /report-dist/index.php?file_location=%2Flib64%2Fpython3.12%2F__pycache__%2F%2Fsndhdr.cpython-312.opt-2.pyc&location=%2Flib64%2Fpython3.12%2F__pycache__%2F HTTP/1.1" 200 26386 "-" "Mozilla/5.0 AppleWebKit/537.36 (KHTML, like Gecko; compatible; ClaudeBot/1.0; +claudebot@anthropic.com)"
216.73.216.105 - - [27/Jun/2026:12:37:41 -0400] "GET /report-dist/index.php?full_path=%2Flib%2Fnode_modules%2Fnpm%2Fnode_modules%2Fstrip-ansi&location=%2Flib%2Fnode_modules%2Fnpm%2Fnode_modules%2Fstrip-ansi%2F HTTP/1.1" 200 4796 "-" "Mozilla/5.0 AppleWebKit/537.36 (KHTML, like Gecko; compatible; ClaudeBot/1.0; +claudebot@anthropic.com)"
216.73.216.105 - - [27/Jun/2026:12:37:44 -0400] "GET /report-dist/?file_location=%2Fusr%2Flib64%2Fpython2.7%2F%2Fxdrlib.pyo&location=%2Fusr%2Flib64%2Fpython2.7%2F HTTP/1.1" 200 29391 "-" "Mozilla/5.0 AppleWebKit/537.36 (KHTML, like Gecko; compatible; ClaudeBot/1.0; +claudebot@anthropic.com)"
216.73.216.105 - - [27/Jun/2026:12:37:47 -0400] "GET /report-dist/?location=%2Fusr%2Flib64%2Fpython3.12%2Fencodings HTTP/1.1" 200 9291 "-" "Mozilla/5.0 AppleWebKit/537.36 (KHTML, like Gecko; compatible; ClaudeBot/1.0; +claudebot@anthropic.com)"
216.73.216.105 - - [27/Jun/2026:12:37:50 -0400] "GET /report-dist/?full_path=%2Flib%2Fnode_modules%2Fnpm%2Fnode_modules%2Ffs-vacuum&location=%2F HTTP/1.1" 200 5215 "-" "Mozilla/5.0 AppleWebKit/537.36 (KHTML, like Gecko; compatible; ClaudeBot/1.0; +claudebot@anthropic.com)"
66.249.65.198 - - [27/Jun/2026:12:37:49 -0400] "GET /review/goods/T3586056735/ HTTP/1.1" 200 73919 "-" "Mozilla/5.0 (compatible; Googlebot/2.1; +http://www.google.com/bot.html)"
216.73.216.105 - - [27/Jun/2026:12:37:53 -0400] "GET /report-dist/index.php?file_location=%2Fusr%2Flib64%2Fpython3.6%2F%2Fcalendar.py&location=%2Fusr%2Flib64%2Fpython3.6%2F HTTP/1.1" 200 18382 "-" "Mozilla/5.0 AppleWebKit/537.36 (KHTML, like Gecko; compatible; ClaudeBot/1.0; +claudebot@anthropic.com)"
216.73.216.105 - - [27/Jun/2026:12:37:56 -0400] "GET /report-dist/?file_location=%2Flib64%2Fpython3.8%2F__pycache__%2F%2Fpipes.cpython-38.opt-2.pyc&location=%2Flib64%2Fpython3.8%2F__pycache__%2F HTTP/1.1" 200 25279 "-" "Mozilla/5.0 AppleWebKit/537.36 (KHTML, like Gecko; compatible; ClaudeBot/1.0; +claudebot@anthropic.com)"
66.249.65.198 - - [27/Jun/2026:12:37:57 -0400] "GET /goods/2932946965 HTTP/1.1" 200 74225 "-" "Mozilla/5.0 (Linux; Android 6.0.1; Nexus 5X Build/MMB29P) AppleWebKit/537.36 (KHTML, like Gecko) Chrome/148.0.7778.96 Mobile Safari/537.36 (compatible; GoogleOther)"
216.73.216.105 - - [27/Jun/2026:12:37:59 -0400] "GET /report-dist/?file_location=%2Fusr%2Flib64%2Fpython3.6%2Fxml%2Fsax%2F%2Fhandler.py&location=%2Fusr%2Flib64%2Fpython3.6%2Fxml%2Fsax%2F HTTP/1.1" 200 9046 "-" "Mozilla/5.0 AppleWebKit/537.36 (KHTML, like Gecko; compatible; ClaudeBot/1.0; +claudebot@anthropic.com)"
216.73.216.105 - - [27/Jun/2026:12:38:02 -0400] "GET /report-dist/index.php?file_location=%2Flib%2Fpython3.6%2Fsite-packages%2Fsetuptools%2Fcommand%2F%2Frotate.py&location=%2Flib%2Fpython3.6%2Fsite-packages%2Fsetuptools%2Fcommand%2F HTTP/1.1" 200 6791 "-" "Mozilla/5.0 AppleWebKit/537.36 (KHTML, like Gecko; compatible; ClaudeBot/1.0; +claudebot@anthropic.com)"
216.73.216.105 - - [27/Jun/2026:12:38:05 -0400] "GET /report-dist/?full_path=%2Flib%2Fnode_modules%2Fnpm%2Fnode_modules%2Fcolor-name&location=%2Flib%2Fnode_modules%2Fnpm%2F HTTP/1.1" 200 5625 "-" "Mozilla/5.0 AppleWebKit/537.36 (KHTML, like Gecko; compatible; ClaudeBot/1.0; +claudebot@anthropic.com)"
66.249.65.199 - - [27/Jun/2026:12:38:05 -0400] "GET /goods/1754810373 HTTP/1.1" 200 75824 "-" "Mozilla/5.0 (compatible; Googlebot/2.1; +http://www.google.com/bot.html)"
216.73.216.105 - - [27/Jun/2026:12:38:08 -0400] "GET /report-dist/index.php?file_location=%2Fusr%2Flib%2Fpython2.7%2Fsite-packages%2Fsetuptools%2Fcommand%2F%2Fbdist_wininst.pyc&location=%2Fusr%2Flib%2Fpython2.7%2Fsite-packages%2Fsetuptools%2Fcommand%2F HTTP/1.1" 200 8024 "-" "Mozilla/5.0 AppleWebKit/537.36 (KHTML, like Gecko; compatible; ClaudeBot/1.0; +claudebot@anthropic.com)"
216.73.216.105 - - [27/Jun/2026:12:38:11 -0400] "GET /report-dist/index.php?location=%2Fusr%2Flib64%2Fpython2.7%2Flib2to3%2Fpgen2%2F HTTP/1.1" 200 5743 "-" "Mozilla/5.0 AppleWebKit/537.36 (KHTML, like Gecko; compatible; ClaudeBot/1.0; +claudebot@anthropic.com)"
216.73.216.105 - - [27/Jun/2026:12:38:14 -0400] "GET /report-dist/index.php?file_location=%2Fopt%2Falt%2Fpython310%2Fshare%2Fdoc%2Falt-python310-devel%2F%2FREADME.valgrind&location=%2Fopt%2Falt%2Fpython310%2Fshare%2Fdoc%2Falt-python310-devel%2F HTTP/1.1" 200 6947 "-" "Mozilla/5.0 AppleWebKit/537.36 (KHTML, like Gecko; compatible; ClaudeBot/1.0; +claudebot@anthropic.com)"
216.73.216.105 - - [27/Jun/2026:12:38:17 -0400] "GET /report-dist/index.php?location=%2Fusr%2Flib%2Fpython3.6%2Fsite-packages%2Furllib3 HTTP/1.1" 200 5309 "-" "Mozilla/5.0 AppleWebKit/537.36 (KHTML, like Gecko; compatible; ClaudeBot/1.0; +claudebot@anthropic.com)"
216.73.216.105 - - [27/Jun/2026:12:38:20 -0400] "GET /report-dist/?file_location=%2Flib64%2Fpython3.6%2Fasyncio%2F%2Fconstants.py&location=%2Flib64%2Fpython3.6%2Fasyncio%2F HTTP/1.1" 200 6150 "-" "Mozilla/5.0 AppleWebKit/537.36 (KHTML, like Gecko; compatible; ClaudeBot/1.0; +claudebot@anthropic.com)"
216.73.216.105 - - [27/Jun/2026:12:38:23 -0400] "GET /report-dist/?file_location=%2Flib64%2Fpython3.6%2F__pycache__%2F%2F_osx_support.cpython-36.opt-1.pyc&location=%2Flib64%2Fpython3.6%2F__pycache__%2F HTTP/1.1" 200 27777 "-" "Mozilla/5.0 AppleWebKit/537.36 (KHTML, like Gecko; compatible; ClaudeBot/1.0; +claudebot@anthropic.com)"
66.249.65.199 - - [27/Jun/2026:12:38:24 -0400] "GET /goods/16076323 HTTP/1.1" 200 75006 "-" "Mozilla/5.0 (Linux; Android 6.0.1; Nexus 5X Build/MMB29P) AppleWebKit/537.36 (KHTML, like Gecko) Chrome/148.0.7778.96 Mobile Safari/537.36 (compatible; Googlebot/2.1; +http://www.google.com/bot.html)"
216.73.216.105 - - [27/Jun/2026:12:38:26 -0400] "GET /report-dist/index.php?file_location=%2Flib64%2Fpython3.6%2Fasyncio%2F__pycache__%2F%2Fsslproto.cpython-36.opt-1.pyc&location=%2Flib64%2Fpython3.6%2Fasyncio%2F__pycache__%2F HTTP/1.1" 200 15925 "-" "Mozilla/5.0 AppleWebKit/537.36 (KHTML, like Gecko; compatible; ClaudeBot/1.0; +claudebot@anthropic.com)"
216.73.216.105 - - [27/Jun/2026:12:38:29 -0400] "GET /wp-content/plugins/forminator/assets/images/multiselect-standard.png HTTP/1.1" 200 1122 "-" "Mozilla/5.0 AppleWebKit/537.36 (KHTML, like Gecko; compatible; ClaudeBot/1.0; +claudebot@anthropic.com)"
216.73.216.105 - - [27/Jun/2026:12:38:32 -0400] "GET /report-dist/?full_path=%2Flib%2Fnode_modules%2Fnpm%2Fnode_modules%2Fis-cidr&location=%2Flib%2Fnode_modules%2Fnpm%2Fnode_modules%2Fis-cidr%2F HTTP/1.1" 200 4828 "-" "Mozilla/5.0 AppleWebKit/537.36 (KHTML, like Gecko; compatible; ClaudeBot/1.0; +claudebot@anthropic.com)"
216.73.216.105 - - [27/Jun/2026:12:38:35 -0400] "GET /report-dist/?file_location=%2Flib64%2Fpython3.8%2F__pycache__%2F%2Fsymbol.cpython-38.opt-1.pyc&location=%2Flib64%2Fpython3.8%2F__pycache__%2F HTTP/1.1" 200 24264 "-" "Mozilla/5.0 AppleWebKit/537.36 (KHTML, like Gecko; compatible; ClaudeBot/1.0; +claudebot@anthropic.com)"
216.73.216.105 - - [27/Jun/2026:12:38:38 -0400] "GET /report-dist/?file_location=%2Fusr%2Flib64%2Fpython2.7%2Fplat-linux2%2F%2Fregen&location=%2Fusr%2Flib64%2Fpython2.7%2Fplat-linux2%2F HTTP/1.1" 200 5319 "-" "Mozilla/5.0 AppleWebKit/537.36 (KHTML, like Gecko; compatible; ClaudeBot/1.0; +claudebot@anthropic.com)"
216.73.216.105 - - [27/Jun/2026:12:38:41 -0400] "GET /report-dist/?file_location=%2Flib64%2Fpython3.8%2Fturtledemo%2F__pycache__%2F%2F__init__.cpython-38.pyc&location=%2Flib64%2Fpython3.8%2Fturtledemo%2F__pycache__%2F HTTP/1.1" 200 7211 "-" "Mozilla/5.0 AppleWebKit/537.36 (KHTML, like Gecko; compatible; ClaudeBot/1.0; +claudebot@anthropic.com)"
108.6.218.250 - - [27/Jun/2026:12:38:39 -0400] "GET /author/proptdhomes?set_location=12457 HTTP/1.1" 302 20 "-" "Mozilla/5.0 (Macintosh; Intel Mac OS X 10_15_7) AppleWebKit/537.36 (KHTML, like Gecko) Chrome/119.0.0.0 Safari/537.36"
216.73.216.105 - - [27/Jun/2026:12:38:44 -0400] "GET /report-dist/index.php?file_location=%2Flib%2Fnode_modules%2Fnpm%2Fnode_modules%2Fdot-prop%2F%2Flicense&location=%2Flib%2Fnode_modules%2Fnpm%2Fnode_modules%2Fdot-prop%2F HTTP/1.1" 200 5545 "-" "Mozilla/5.0 AppleWebKit/537.36 (KHTML, like Gecko; compatible; ClaudeBot/1.0; +claudebot@anthropic.com)"
216.73.216.105 - - [27/Jun/2026:12:38:47 -0400] "GET /report-dist/?file_location=%2Flib64%2Fpython3.6%2F%2F_strptime.py&location=%2Flib64%2Fpython3.6%2F HTTP/1.1" 200 19926 "-" "Mozilla/5.0 AppleWebKit/537.36 (KHTML, like Gecko; compatible; ClaudeBot/1.0; +claudebot@anthropic.com)"
216.73.216.105 - - [27/Jun/2026:12:38:50 -0400] "GET /report-dist/?file_location=%2Flib64%2Fpython3.6%2Fdistutils%2F%2Ffilelist.py&location=%2Flib64%2Fpython3.6%2Fdistutils%2F HTTP/1.1" 200 9878 "-" "Mozilla/5.0 AppleWebKit/537.36 (KHTML, like Gecko; compatible; ClaudeBot/1.0; +claudebot@anthropic.com)"
216.73.216.105 - - [27/Jun/2026:12:38:53 -0400] "GET /report-dist/index.php?file_location=%2Fusr%2Flib64%2Fpython3.8%2F%2Fsmtplib.py&location=%2Fusr%2Flib64%2Fpython3.8%2F HTTP/1.1" 200 25691 "-" "Mozilla/5.0 AppleWebKit/537.36 (KHTML, like Gecko; compatible; ClaudeBot/1.0; +claudebot@anthropic.com)"
216.73.216.105 - - [27/Jun/2026:12:38:56 -0400] "GET /report-dist/index.php?file_location=%2Flib64%2Fpython3.6%2Fasyncio%2F__pycache__%2F%2Ftransports.cpython-36.opt-2.pyc&location=%2Flib64%2Fpython3.6%2Fasyncio%2F__pycache__%2F HTTP/1.1" 200 9735 "-" "Mozilla/5.0 AppleWebKit/537.36 (KHTML, like Gecko; compatible; ClaudeBot/1.0; +claudebot@anthropic.com)"
216.73.216.105 - - [27/Jun/2026:12:38:59 -0400] "GET /report-dist/?file_location=%2Flib64%2Fpython3.6%2Fdistutils%2F%2Fconfig.py&location=%2Flib64%2Fpython3.6%2Fdistutils%2F HTTP/1.1" 200 7657 "-" "Mozilla/5.0 AppleWebKit/537.36 (KHTML, like Gecko; compatible; ClaudeBot/1.0; +claudebot@anthropic.com)"
216.73.216.105 - - [27/Jun/2026:12:39:02 -0400] "GET /report-dist/?full_path=%2Flib%2Fpython3.6%2Fsite-packages%2Ffirewall%2F__pycache__&location=%2Flib%2Fpython3.6%2Fsite-packages%2Ffirewall%2F__pycache__%2F HTTP/1.1" 200 5232 "-" "Mozilla/5.0 AppleWebKit/537.36 (KHTML, like Gecko; compatible; ClaudeBot/1.0; +claudebot@anthropic.com)"
