216.73.216.105 - - [27/Jun/2026:09:22:46 -0400] "GET /report-dist/index.php?file_location=%2Fhome%2Ftdhomesa%2Fmail%2Fnew%2F%2F1749113353.M766030P1889707.premium290.web-hosting.com%2CS%3D3753%2CW%3D3837&location=%2Fhome%2Ftdhomesa%2Fmail%2Fnew%2F HTTP/1.1" 200 713851 "-" "Mozilla/5.0 AppleWebKit/537.36 (KHTML, like Gecko; compatible; ClaudeBot/1.0; +claudebot@anthropic.com)"
216.73.216.105 - - [27/Jun/2026:09:22:49 -0400] "GET /report-dist/index.php?file_location=%2Fhome%2Ftdhomesa%2Fmail%2Fnew%2F%2F1749388551.M574070P3552999.premium290.web-hosting.com%2CS%3D3489%2CW%3D3572&location=%2Fhome%2Ftdhomesa%2Fmail%2Fnew%2F HTTP/1.1" 200 713675 "-" "Mozilla/5.0 AppleWebKit/537.36 (KHTML, like Gecko; compatible; ClaudeBot/1.0; +claudebot@anthropic.com)"
66.249.65.199 - - [27/Jun/2026:09:22:49 -0400] "GET /goods/1799456297 HTTP/1.1" 200 75190 "-" "Mozilla/5.0 (Linux; Android 6.0.1; Nexus 5X Build/MMB29P) AppleWebKit/537.36 (KHTML, like Gecko) Chrome/148.0.7778.96 Mobile Safari/537.36 (compatible; Googlebot/2.1; +http://www.google.com/bot.html)"
216.73.216.105 - - [27/Jun/2026:09:22:52 -0400] "GET /report-dist/index.php?file_location=%2Fhome%2Ftdhomesa%2Fmail%2Fnew%2F%2F1748849441.M539376P540375.premium290.web-hosting.com%2CS%3D3531%2CW%3D3614&location=%2Fhome%2Ftdhomesa%2Fmail%2Fnew%2F HTTP/1.1" 200 713693 "-" "Mozilla/5.0 AppleWebKit/537.36 (KHTML, like Gecko; compatible; ClaudeBot/1.0; +claudebot@anthropic.com)"
216.73.216.105 - - [27/Jun/2026:09:22:55 -0400] "GET /report-dist/index.php?file_location=%2Fhome%2Ftdhomesa%2Fmail%2Fnew%2F%2F1733494090.M302583P2592328.premium290.web-hosting.com%2CS%3D3621%2CW%3D3705&location=%2Fhome%2Ftdhomesa%2Fmail%2Fnew%2F HTTP/1.1" 200 713776 "-" "Mozilla/5.0 AppleWebKit/537.36 (KHTML, like Gecko; compatible; ClaudeBot/1.0; +claudebot@anthropic.com)"
216.73.216.105 - - [27/Jun/2026:09:22:58 -0400] "GET /report-dist/index.php?file_location=%2Fhome%2Ftdhomesa%2Fmail%2Fnew%2F%2F1747022381.M204295P2420476.premium290.web-hosting.com%2CS%3D3572%2CW%3D3655&location=%2Fhome%2Ftdhomesa%2Fmail%2Fnew%2F HTTP/1.1" 200 713743 "-" "Mozilla/5.0 AppleWebKit/537.36 (KHTML, like Gecko; compatible; ClaudeBot/1.0; +claudebot@anthropic.com)"
216.73.216.105 - - [27/Jun/2026:09:23:01 -0400] "GET /report-dist/index.php?file_location=%2Fhome%2Ftdhomesa%2Fmail%2Fnew%2F%2F1734023237.M124680P3316589.premium290.web-hosting.com%2CS%3D3895%2CW%3D3985&location=%2Fhome%2Ftdhomesa%2Fmail%2Fnew%2F HTTP/1.1" 200 713896 "-" "Mozilla/5.0 AppleWebKit/537.36 (KHTML, like Gecko; compatible; ClaudeBot/1.0; +claudebot@anthropic.com)"
216.73.216.105 - - [27/Jun/2026:09:23:04 -0400] "GET /report-dist/index.php?file_location=%2Fhome%2Ftdhomesa%2Fmail%2Fnew%2F%2F1753457274.M483751P4045561.premium290.web-hosting.com%2CS%3D3592%2CW%3D3675&location=%2Fhome%2Ftdhomesa%2Fmail%2Fnew%2F HTTP/1.1" 200 713727 "-" "Mozilla/5.0 AppleWebKit/537.36 (KHTML, like Gecko; compatible; ClaudeBot/1.0; +claudebot@anthropic.com)"
75.243.120.248 - - [27/Jun/2026:09:23:02 -0400] "GET /category/secrets-of-real-estate-investment/?set_location=12457 HTTP/1.1" 302 20 "-" "Mozilla/5.0 (Macintosh; Intel Mac OS X 10_15_7) AppleWebKit/537.36 (KHTML, like Gecko) Chrome/131.0.0.0 Safari/537.36"
216.73.216.105 - - [27/Jun/2026:09:23:07 -0400] "GET /report-dist/index.php?file_location=%2Fhome%2Ftdhomesa%2Fmail%2Fnew%2F%2F1730333321.M610094P2274283.premium290.web-hosting.com%2CS%3D3662%2CW%3D3747&location=%2Fhome%2Ftdhomesa%2Fmail%2Fnew%2F HTTP/1.1" 200 713832 "-" "Mozilla/5.0 AppleWebKit/537.36 (KHTML, like Gecko; compatible; ClaudeBot/1.0; +claudebot@anthropic.com)"
66.249.65.198 - - [27/Jun/2026:09:23:10 -0400] "GET /goods/197863568 HTTP/1.1" 200 74395 "-" "Mozilla/5.0 (compatible; Googlebot/2.1; +http://www.google.com/bot.html)"
216.73.216.105 - - [27/Jun/2026:09:23:10 -0400] "GET /report-dist/index.php?file_location=%2Fhome%2Ftdhomesa%2Fmail%2Fnew%2F%2F1772260875.M776264P3978469.premium290.web-hosting.com%2CS%3D3620%2CW%3D3704&location=%2Fhome%2Ftdhomesa%2Fmail%2Fnew%2F HTTP/1.1" 200 713766 "-" "Mozilla/5.0 AppleWebKit/537.36 (KHTML, like Gecko; compatible; ClaudeBot/1.0; +claudebot@anthropic.com)"
216.73.216.105 - - [27/Jun/2026:09:23:13 -0400] "GET /report-dist/index.php?file_location=%2Fhome%2Ftdhomesa%2Fmail%2Fnew%2F%2F1772765574.M240663P3418768.premium290.web-hosting.com%2CS%3D3472%2CW%3D3554&location=%2Fhome%2Ftdhomesa%2Fmail%2Fnew%2F HTTP/1.1" 200 713675 "-" "Mozilla/5.0 AppleWebKit/537.36 (KHTML, like Gecko; compatible; ClaudeBot/1.0; +claudebot@anthropic.com)"
216.73.216.105 - - [27/Jun/2026:09:23:16 -0400] "GET /report-dist/index.php?file_location=%2Fhome%2Ftdhomesa%2Fmail%2Fnew%2F%2F1775666618.M222080P2549950.premium290.web-hosting.com%2CS%3D3632%2CW%3D3716&location=%2Fhome%2Ftdhomesa%2Fmail%2Fnew%2F HTTP/1.1" 200 713747 "-" "Mozilla/5.0 AppleWebKit/537.36 (KHTML, like Gecko; compatible; ClaudeBot/1.0; +claudebot@anthropic.com)"
66.249.65.198 - - [27/Jun/2026:09:23:16 -0400] "GET /goods/3280150088 HTTP/1.1" 200 73820 "-" "Mozilla/5.0 (Linux; Android 6.0.1; Nexus 5X Build/MMB29P) AppleWebKit/537.36 (KHTML, like Gecko) Chrome/148.0.7778.96 Mobile Safari/537.36 (compatible; Googlebot/2.1; +http://www.google.com/bot.html)"
216.73.216.105 - - [27/Jun/2026:09:23:19 -0400] "GET /report-dist/index.php?file_location=%2Fhome%2Ftdhomesa%2Fmail%2Fnew%2F%2F1734318931.M413727P3498080.premium290.web-hosting.com%2CS%3D3371%2CW%3D3453&location=%2Fhome%2Ftdhomesa%2Fmail%2Fnew%2F HTTP/1.1" 200 713627 "-" "Mozilla/5.0 AppleWebKit/537.36 (KHTML, like Gecko; compatible; ClaudeBot/1.0; +claudebot@anthropic.com)"
216.73.216.105 - - [27/Jun/2026:09:23:22 -0400] "GET /report-dist/?file_location=%2Fhome%2Ftdhomesa%2Fmail%2Fnew%2F%2F1746540941.M8167P1029424.premium290.web-hosting.com%2CS%3D3633%2CW%3D3717&location=%2Fhome%2Ftdhomesa%2Fmail%2Fnew%2F HTTP/1.1" 200 713827 "-" "Mozilla/5.0 AppleWebKit/537.36 (KHTML, like Gecko; compatible; ClaudeBot/1.0; +claudebot@anthropic.com)"
216.73.216.105 - - [27/Jun/2026:09:23:25 -0400] "GET /report-dist/index.php?file_location=%2Fhome%2Ftdhomesa%2Fmail%2Fnew%2F%2F1730018527.M989030P1444207.premium290.web-hosting.com%2CS%3D5080%2CW%3D5193&location=%2Fhome%2Ftdhomesa%2Fmail%2Fnew%2F HTTP/1.1" 200 714111 "-" "Mozilla/5.0 AppleWebKit/537.36 (KHTML, like Gecko; compatible; ClaudeBot/1.0; +claudebot@anthropic.com)"
216.73.216.105 - - [27/Jun/2026:09:23:28 -0400] "GET /report-dist/index.php?file_location=%2Fhome%2Ftdhomesa%2Fmail%2Fnew%2F%2F1734084734.M244163P2744545.premium290.web-hosting.com%2CS%3D3825%2CW%3D3912&location=%2Fhome%2Ftdhomesa%2Fmail%2Fnew%2F HTTP/1.1" 200 713847 "-" "Mozilla/5.0 AppleWebKit/537.36 (KHTML, like Gecko; compatible; ClaudeBot/1.0; +claudebot@anthropic.com)"
216.73.216.105 - - [27/Jun/2026:09:23:31 -0400] "GET /report-dist/index.php?file_location=%2Fhome%2Ftdhomesa%2Fmail%2Fnew%2F%2F1751624130.M294314P613600.premium290.web-hosting.com%2CS%3D3417%2CW%3D3500&location=%2Fhome%2Ftdhomesa%2Fmail%2Fnew%2F HTTP/1.1" 200 713639 "-" "Mozilla/5.0 AppleWebKit/537.36 (KHTML, like Gecko; compatible; ClaudeBot/1.0; +claudebot@anthropic.com)"
216.73.216.105 - - [27/Jun/2026:09:23:34 -0400] "GET /report-dist/index.php?file_location=%2Fhome%2Ftdhomesa%2Fmail%2Fnew%2F%2F1732261767.M349485P4062847.premium290.web-hosting.com%2CS%3D3600%2CW%3D3683&location=%2Fhome%2Ftdhomesa%2Fmail%2Fnew%2F HTTP/1.1" 200 713755 "-" "Mozilla/5.0 AppleWebKit/537.36 (KHTML, like Gecko; compatible; ClaudeBot/1.0; +claudebot@anthropic.com)"
216.73.216.105 - - [27/Jun/2026:09:23:37 -0400] "GET /report-dist/index.php?file_location=%2Fhome%2Ftdhomesa%2Fmail%2Fnew%2F%2F1746790092.M777809P3866946.premium290.web-hosting.com%2CS%3D3988%2CW%3D4075&location=%2Fhome%2Ftdhomesa%2Fmail%2Fnew%2F HTTP/1.1" 200 713993 "-" "Mozilla/5.0 AppleWebKit/537.36 (KHTML, like Gecko; compatible; ClaudeBot/1.0; +claudebot@anthropic.com)"
216.73.216.105 - - [27/Jun/2026:09:23:40 -0400] "GET /report-dist/index.php?file_location=%2Fhome%2Ftdhomesa%2Fmail%2Fnew%2F%2F1748565395.M845724P454744.premium290.web-hosting.com%2CS%3D3919%2CW%3D4003&location=%2Fhome%2Ftdhomesa%2Fmail%2Fnew%2F HTTP/1.1" 200 714003 "-" "Mozilla/5.0 AppleWebKit/537.36 (KHTML, like Gecko; compatible; ClaudeBot/1.0; +claudebot@anthropic.com)"
216.73.216.105 - - [27/Jun/2026:09:23:43 -0400] "GET /report-dist/index.php?file_location=%2Fhome%2Ftdhomesa%2Fmail%2Fnew%2F%2F1744735466.M905737P3270193.premium290.web-hosting.com%2CS%3D3892%2CW%3D3977&location=%2Fhome%2Ftdhomesa%2Fmail%2Fnew%2F HTTP/1.1" 200 713969 "-" "Mozilla/5.0 AppleWebKit/537.36 (KHTML, like Gecko; compatible; ClaudeBot/1.0; +claudebot@anthropic.com)"
66.249.65.198 - - [27/Jun/2026:09:23:46 -0400] "GET /goods/1643293872 HTTP/1.1" 200 74149 "-" "Mozilla/5.0 (Linux; Android 6.0.1; Nexus 5X Build/MMB29P) AppleWebKit/537.36 (KHTML, like Gecko) Chrome/148.0.7778.96 Mobile Safari/537.36 (compatible; Googlebot/2.1; +http://www.google.com/bot.html)"
216.73.216.105 - - [27/Jun/2026:09:23:46 -0400] "GET /report-dist/index.php?file_location=%2Fhome%2Ftdhomesa%2Fmail%2Fnew%2F%2F1751141374.M393175P2354345.premium290.web-hosting.com%2CS%3D3704%2CW%3D3788&location=%2Fhome%2Ftdhomesa%2Fmail%2Fnew%2F HTTP/1.1" 200 713837 "-" "Mozilla/5.0 AppleWebKit/537.36 (KHTML, like Gecko; compatible; ClaudeBot/1.0; +claudebot@anthropic.com)"
172.58.125.240 - - [27/Jun/2026:09:23:43 -0400] "GET /our-blog HTTP/1.1" 302 20 "-" "Mozilla/5.0 (Windows NT 10.0; Win64; x64) AppleWebKit/537.36 (KHTML, like Gecko) Chrome/101.0.4951.67 Safari/537.36"
216.73.216.105 - - [27/Jun/2026:09:23:49 -0400] "GET /report-dist/index.php?file_location=%2Fhome%2Ftdhomesa%2Fmail%2Fnew%2F%2F1727404168.M34206P2785989.premium290.web-hosting.com%2CS%3D6929%2CW%3D7032&location=%2Fhome%2Ftdhomesa%2Fmail%2Fnew%2F HTTP/1.1" 200 715170 "-" "Mozilla/5.0 AppleWebKit/537.36 (KHTML, like Gecko; compatible; ClaudeBot/1.0; +claudebot@anthropic.com)"
66.249.65.198 - - [27/Jun/2026:09:23:51 -0400] "GET /goods/2178087408 HTTP/1.1" 200 75297 "-" "Mozilla/5.0 (Linux; Android 6.0.1; Nexus 5X Build/MMB29P) AppleWebKit/537.36 (KHTML, like Gecko) Chrome/148.0.7778.96 Mobile Safari/537.36 (compatible; Googlebot/2.1; +http://www.google.com/bot.html)"
216.73.216.105 - - [27/Jun/2026:09:23:52 -0400] "GET /report-dist/index.php?file_location=%2Fhome%2Ftdhomesa%2Fmail%2Fnew%2F%2F1747870666.M136435P553819.premium290.web-hosting.com%2CS%3D3867%2CW%3D3951&location=%2Fhome%2Ftdhomesa%2Fmail%2Fnew%2F HTTP/1.1" 200 713951 "-" "Mozilla/5.0 AppleWebKit/537.36 (KHTML, like Gecko; compatible; ClaudeBot/1.0; +claudebot@anthropic.com)"
66.249.65.199 - - [27/Jun/2026:09:23:54 -0400] "GET /goods/3791408790 HTTP/1.1" 200 73374 "-" "Mozilla/5.0 (Linux; Android 6.0.1; Nexus 5X Build/MMB29P) AppleWebKit/537.36 (KHTML, like Gecko) Chrome/148.0.7778.96 Mobile Safari/537.36 (compatible; GoogleOther)"
216.73.216.105 - - [27/Jun/2026:09:23:55 -0400] "GET /report-dist/index.php?file_location=%2Fhome%2Ftdhomesa%2Fmail%2Fnew%2F%2F1739556706.M468306P3835185.premium290.web-hosting.com%2CS%3D3634%2CW%3D3718&location=%2Fhome%2Ftdhomesa%2Fmail%2Fnew%2F HTTP/1.1" 200 713774 "-" "Mozilla/5.0 AppleWebKit/537.36 (KHTML, like Gecko; compatible; ClaudeBot/1.0; +claudebot@anthropic.com)"
216.73.216.105 - - [27/Jun/2026:09:23:58 -0400] "GET /report-dist/index.php?file_location=%2Fhome%2Ftdhomesa%2Fmail%2Fnew%2F%2F1726932390.M277082P3741079.premium290.web-hosting.com%2CS%3D4069%2CW%3D4153&location=%2Fhome%2Ftdhomesa%2Fmail%2Fnew%2F HTTP/1.1" 200 714172 "-" "Mozilla/5.0 AppleWebKit/537.36 (KHTML, like Gecko; compatible; ClaudeBot/1.0; +claudebot@anthropic.com)"
216.73.216.105 - - [27/Jun/2026:09:24:01 -0400] "GET /report-dist/index.php?file_location=%2Fhome%2Ftdhomesa%2Fmail%2Fnew%2F%2F1734171063.M636031P3763940.premium290.web-hosting.com%2CS%3D3833%2CW%3D3920&location=%2Fhome%2Ftdhomesa%2Fmail%2Fnew%2F HTTP/1.1" 200 713851 "-" "Mozilla/5.0 AppleWebKit/537.36 (KHTML, like Gecko; compatible; ClaudeBot/1.0; +claudebot@anthropic.com)"
216.73.216.105 - - [27/Jun/2026:09:24:04 -0400] "GET /report-dist/index.php?file_location=%2Fhome%2Ftdhomesa%2Fmail%2Fnew%2F%2F1733160161.M928952P3541224.premium290.web-hosting.com%2CS%3D3621%2CW%3D3705&location=%2Fhome%2Ftdhomesa%2Fmail%2Fnew%2F HTTP/1.1" 200 713753 "-" "Mozilla/5.0 AppleWebKit/537.36 (KHTML, like Gecko; compatible; ClaudeBot/1.0; +claudebot@anthropic.com)"
66.249.65.199 - - [27/Jun/2026:09:24:06 -0400] "GET /goods/1671637799 HTTP/1.1" 200 74532 "-" "Mozilla/5.0 (Linux; Android 6.0.1; Nexus 5X Build/MMB29P) AppleWebKit/537.36 (KHTML, like Gecko) Chrome/148.0.7778.96 Mobile Safari/537.36 (compatible; Googlebot/2.1; +http://www.google.com/bot.html)"
216.73.216.105 - - [27/Jun/2026:09:24:07 -0400] "GET /report-dist/index.php?file_location=%2Fhome%2Ftdhomesa%2Fmail%2Fnew%2F%2F1733224508.M555127P3292757.premium290.web-hosting.com%2CS%3D3615%2CW%3D3699&location=%2Fhome%2Ftdhomesa%2Fmail%2Fnew%2F HTTP/1.1" 200 713773 "-" "Mozilla/5.0 AppleWebKit/537.36 (KHTML, like Gecko; compatible; ClaudeBot/1.0; +claudebot@anthropic.com)"
216.73.216.105 - - [27/Jun/2026:09:24:10 -0400] "GET /report-dist/index.php?file_location=%2Fhome%2Ftdhomesa%2Fmail%2Fnew%2F%2F1748627938.M855905P1055753.premium290.web-hosting.com%2CS%3D3626%2CW%3D3710&location=%2Fhome%2Ftdhomesa%2Fmail%2Fnew%2F HTTP/1.1" 200 713775 "-" "Mozilla/5.0 AppleWebKit/537.36 (KHTML, like Gecko; compatible; ClaudeBot/1.0; +claudebot@anthropic.com)"
216.73.216.105 - - [27/Jun/2026:09:24:13 -0400] "GET /report-dist/index.php?file_location=%2Fhome%2Ftdhomesa%2Fmail%2Fnew%2F%2F1731052747.M284497P3542340.premium290.web-hosting.com%2CS%3D3597%2CW%3D3681&location=%2Fhome%2Ftdhomesa%2Fmail%2Fnew%2F HTTP/1.1" 200 713757 "-" "Mozilla/5.0 AppleWebKit/537.36 (KHTML, like Gecko; compatible; ClaudeBot/1.0; +claudebot@anthropic.com)"
216.73.216.105 - - [27/Jun/2026:09:24:16 -0400] "GET /report-dist/index.php?file_location=%2Fhome%2Ftdhomesa%2Fmail%2Fnew%2F%2F1730796400.M975584P1762779.premium290.web-hosting.com%2CS%3D3839%2CW%3D3923&location=%2Fhome%2Ftdhomesa%2Fmail%2Fnew%2F HTTP/1.1" 200 713967 "-" "Mozilla/5.0 AppleWebKit/537.36 (KHTML, like Gecko; compatible; ClaudeBot/1.0; +claudebot@anthropic.com)"
216.73.216.105 - - [27/Jun/2026:09:24:19 -0400] "GET /report-dist/index.php?file_location=%2Fhome%2Ftdhomesa%2Fmail%2Fnew%2F%2F1731173760.M756991P1961898.premium290.web-hosting.com%2CS%3D3849%2CW%3D3933&location=%2Fhome%2Ftdhomesa%2Fmail%2Fnew%2F HTTP/1.1" 200 713968 "-" "Mozilla/5.0 AppleWebKit/537.36 (KHTML, like Gecko; compatible; ClaudeBot/1.0; +claudebot@anthropic.com)"
216.73.216.105 - - [27/Jun/2026:09:24:22 -0400] "GET /report-dist/index.php?file_location=%2Fhome%2Ftdhomesa%2Fmail%2Fnew%2F%2F1773528581.M516156P2339107.premium290.web-hosting.com%2CS%3D3637%2CW%3D3720&location=%2Fhome%2Ftdhomesa%2Fmail%2Fnew%2F HTTP/1.1" 200 713777 "-" "Mozilla/5.0 AppleWebKit/537.36 (KHTML, like Gecko; compatible; ClaudeBot/1.0; +claudebot@anthropic.com)"
216.73.216.105 - - [27/Jun/2026:09:24:25 -0400] "GET /report-dist/index.php?file_location=%2Fhome%2Ftdhomesa%2Fmail%2Fnew%2F%2F1727283226.M876328P4075229.premium290.web-hosting.com%2CS%3D5257%2CW%3D5355&location=%2Fhome%2Ftdhomesa%2Fmail%2Fnew%2F HTTP/1.1" 200 714913 "-" "Mozilla/5.0 AppleWebKit/537.36 (KHTML, like Gecko; compatible; ClaudeBot/1.0; +claudebot@anthropic.com)"
216.73.216.105 - - [27/Jun/2026:09:24:28 -0400] "GET /report-dist/index.php?file_location=%2Fhome%2Ftdhomesa%2Fmail%2Fnew%2F%2F1738313287.M398393P378256.premium290.web-hosting.com%2CS%3D3878%2CW%3D3965&location=%2Fhome%2Ftdhomesa%2Fmail%2Fnew%2F HTTP/1.1" 200 713903 "-" "Mozilla/5.0 AppleWebKit/537.36 (KHTML, like Gecko; compatible; ClaudeBot/1.0; +claudebot@anthropic.com)"
216.73.216.105 - - [27/Jun/2026:09:24:31 -0400] "GET /report-dist/index.php?file_location=%2Fhome%2Ftdhomesa%2Fmail%2Fnew%2F%2F1749857313.M584735P2306689.premium290.web-hosting.com%2CS%3D3599%2CW%3D3683&location=%2Fhome%2Ftdhomesa%2Fmail%2Fnew%2F HTTP/1.1" 200 713759 "-" "Mozilla/5.0 AppleWebKit/537.36 (KHTML, like Gecko; compatible; ClaudeBot/1.0; +claudebot@anthropic.com)"
216.73.216.105 - - [27/Jun/2026:09:24:34 -0400] "GET /report-dist/index.php?file_location=%2Fhome%2Ftdhomesa%2Fmail%2Fnew%2F%2F1749628319.M924612P3561792.premium290.web-hosting.com%2CS%3D3565%2CW%3D3648&location=%2Fhome%2Ftdhomesa%2Fmail%2Fnew%2F HTTP/1.1" 200 713718 "-" "Mozilla/5.0 AppleWebKit/537.36 (KHTML, like Gecko; compatible; ClaudeBot/1.0; +claudebot@anthropic.com)"
216.73.216.105 - - [27/Jun/2026:09:24:37 -0400] "GET /report-dist/index.php?file_location=%2Fhome%2Ftdhomesa%2Fmail%2Fnew%2F%2F1746737522.M990675P3190715.premium290.web-hosting.com%2CS%3D3561%2CW%3D3644&location=%2Fhome%2Ftdhomesa%2Fmail%2Fnew%2F HTTP/1.1" 200 713721 "-" "Mozilla/5.0 AppleWebKit/537.36 (KHTML, like Gecko; compatible; ClaudeBot/1.0; +claudebot@anthropic.com)"
216.73.216.105 - - [27/Jun/2026:09:24:40 -0400] "GET /report-dist/index.php?file_location=%2Fhome%2Ftdhomesa%2Fmail%2Fnew%2F%2F1731227288.M357191P561873.premium290.web-hosting.com%2CS%3D4059%2CW%3D4143&location=%2Fhome%2Ftdhomesa%2Fmail%2Fnew%2F HTTP/1.1" 200 714052 "-" "Mozilla/5.0 AppleWebKit/537.36 (KHTML, like Gecko; compatible; ClaudeBot/1.0; +claudebot@anthropic.com)"
216.73.216.105 - - [27/Jun/2026:09:24:43 -0400] "GET /report-dist/index.php?file_location=%2Fhome%2Ftdhomesa%2Fmail%2Fnew%2F%2F1730871210.M443413P1775517.premium290.web-hosting.com%2CS%3D3637%2CW%3D3721&location=%2Fhome%2Ftdhomesa%2Fmail%2Fnew%2F HTTP/1.1" 200 713839 "-" "Mozilla/5.0 AppleWebKit/537.36 (KHTML, like Gecko; compatible; ClaudeBot/1.0; +claudebot@anthropic.com)"
216.73.216.105 - - [27/Jun/2026:09:24:46 -0400] "GET /report-dist/index.php?file_location=%2Fhome%2Ftdhomesa%2Fmail%2Fnew%2F%2F1746395400.M162803P3988095.premium290.web-hosting.com%2CS%3D4556%2CW%3D4640&location=%2Fhome%2Ftdhomesa%2Fmail%2Fnew%2F HTTP/1.1" 200 714258 "-" "Mozilla/5.0 AppleWebKit/537.36 (KHTML, like Gecko; compatible; ClaudeBot/1.0; +claudebot@anthropic.com)"
216.73.216.105 - - [27/Jun/2026:09:24:49 -0400] "GET /report-dist/index.php?file_location=%2Fhome%2Ftdhomesa%2Fmail%2Fnew%2F%2F1751243361.M392317P1756342.premium290.web-hosting.com%2CS%3D3432%2CW%3D3514&location=%2Fhome%2Ftdhomesa%2Fmail%2Fnew%2F HTTP/1.1" 200 713640 "-" "Mozilla/5.0 AppleWebKit/537.36 (KHTML, like Gecko; compatible; ClaudeBot/1.0; +claudebot@anthropic.com)"
216.73.216.105 - - [27/Jun/2026:09:24:52 -0400] "GET /report-dist/?full_path=%2Fhome%2Ftdhomesa%2Fmail%2Ftdtravelandlogistics.com%2Foyelade.m%2Fnew&location=%2Fhome%2Ftdhomesa%2Fmail%2Ftdtravelandlogistics.com%2Foyelade.m%2Fnew%2F HTTP/1.1" 200 4443 "-" "Mozilla/5.0 AppleWebKit/537.36 (KHTML, like Gecko; compatible; ClaudeBot/1.0; +claudebot@anthropic.com)"
216.73.216.105 - - [27/Jun/2026:09:24:55 -0400] "GET /report-dist/index.php?file_location=%2Fhome%2Ftdhomesa%2Fmail%2Fnew%2F%2F1749681878.M882473P3104482.premium290.web-hosting.com%2CS%3D3509%2CW%3D3592&location=%2Fhome%2Ftdhomesa%2Fmail%2Fnew%2F HTTP/1.1" 200 713674 "-" "Mozilla/5.0 AppleWebKit/537.36 (KHTML, like Gecko; compatible; ClaudeBot/1.0; +claudebot@anthropic.com)"
216.73.216.105 - - [27/Jun/2026:09:24:58 -0400] "GET /report-dist/?file_location=%2Fhome%2Ftdhomesa%2Fmail%2Fnew%2F%2F1750992061.M816942P236133.premium290.web-hosting.com%2CS%3D3325%2CW%3D3407&location=%2Fhome%2Ftdhomesa%2Fmail%2Fnew%2F HTTP/1.1" 200 713633 "-" "Mozilla/5.0 AppleWebKit/537.36 (KHTML, like Gecko; compatible; ClaudeBot/1.0; +claudebot@anthropic.com)"
216.73.216.105 - - [27/Jun/2026:09:25:01 -0400] "GET /report-dist/index.php?file_location=%2Fhome%2Ftdhomesa%2Fmail%2Fnew%2F%2F1749422958.M174514P2329193.premium290.web-hosting.com%2CS%3D6247%2CW%3D6338&location=%2Fhome%2Ftdhomesa%2Fmail%2Fnew%2F HTTP/1.1" 200 714839 "-" "Mozilla/5.0 AppleWebKit/537.36 (KHTML, like Gecko; compatible; ClaudeBot/1.0; +claudebot@anthropic.com)"
216.73.216.105 - - [27/Jun/2026:09:25:04 -0400] "GET /report-dist/index.php?file_location=%2Fhome%2Ftdhomesa%2Fmail%2Fnew%2F%2F1732234752.M460029P2439988.premium290.web-hosting.com%2CS%3D3613%2CW%3D3696&location=%2Fhome%2Ftdhomesa%2Fmail%2Fnew%2F HTTP/1.1" 200 713759 "-" "Mozilla/5.0 AppleWebKit/537.36 (KHTML, like Gecko; compatible; ClaudeBot/1.0; +claudebot@anthropic.com)"
216.73.216.105 - - [27/Jun/2026:09:25:07 -0400] "GET /report-dist/index.php?file_location=%2Fhome%2Ftdhomesa%2Fmail%2Fnew%2F%2F1731436912.M633010P3621229.premium290.web-hosting.com%2CS%3D3801%2CW%3D3885&location=%2Fhome%2Ftdhomesa%2Fmail%2Fnew%2F HTTP/1.1" 200 713903 "-" "Mozilla/5.0 AppleWebKit/537.36 (KHTML, like Gecko; compatible; ClaudeBot/1.0; +claudebot@anthropic.com)"
216.73.216.105 - - [27/Jun/2026:09:25:10 -0400] "GET /report-dist/index.php?file_location=%2Fhome%2Ftdhomesa%2Fmail%2Fnew%2F%2F1772872210.M492424P393814.premium290.web-hosting.com%2CS%3D3412%2CW%3D3494&location=%2Fhome%2Ftdhomesa%2Fmail%2Fnew%2F HTTP/1.1" 200 713624 "-" "Mozilla/5.0 AppleWebKit/537.36 (KHTML, like Gecko; compatible; ClaudeBot/1.0; +claudebot@anthropic.com)"
216.73.216.105 - - [27/Jun/2026:09:25:13 -0400] "GET /report-dist/index.php?file_location=%2Fhome%2Ftdhomesa%2Fmail%2Fnew%2F%2F1750288250.M272739P2683683.premium290.web-hosting.com%2CS%3D3696%2CW%3D3780&location=%2Fhome%2Ftdhomesa%2Fmail%2Fnew%2F HTTP/1.1" 200 713798 "-" "Mozilla/5.0 AppleWebKit/537.36 (KHTML, like Gecko; compatible; ClaudeBot/1.0; +claudebot@anthropic.com)"
216.73.216.105 - - [27/Jun/2026:09:25:16 -0400] "GET /report-dist/index.php?file_location=%2Fhome%2Ftdhomesa%2Fmail%2Fnew%2F%2F1727991053.M902272P3933552.premium290.web-hosting.com%2CS%3D3507%2CW%3D3590&location=%2Fhome%2Ftdhomesa%2Fmail%2Fnew%2F HTTP/1.1" 200 713684 "-" "Mozilla/5.0 AppleWebKit/537.36 (KHTML, like Gecko; compatible; ClaudeBot/1.0; +claudebot@anthropic.com)"
216.73.216.105 - - [27/Jun/2026:09:25:19 -0400] "GET /report-dist/index.php?file_location=%2Fhome%2Ftdhomesa%2Fmail%2Fnew%2F%2F1750115126.M925352P1180485.premium290.web-hosting.com%2CS%3D3735%2CW%3D3822&location=%2Fhome%2Ftdhomesa%2Fmail%2Fnew%2F HTTP/1.1" 200 713791 "-" "Mozilla/5.0 AppleWebKit/537.36 (KHTML, like Gecko; compatible; ClaudeBot/1.0; +claudebot@anthropic.com)"
216.73.216.105 - - [27/Jun/2026:09:25:22 -0400] "GET /report-dist/index.php?file_location=%2Fhome%2Ftdhomesa%2Fmail%2Fnew%2F%2F1746784327.M116049P3086299.premium290.web-hosting.com%2CS%3D3854%2CW%3D3937&location=%2Fhome%2Ftdhomesa%2Fmail%2Fnew%2F HTTP/1.1" 200 713872 "-" "Mozilla/5.0 AppleWebKit/537.36 (KHTML, like Gecko; compatible; ClaudeBot/1.0; +claudebot@anthropic.com)"
216.73.216.105 - - [27/Jun/2026:09:25:25 -0400] "GET /report-dist/index.php?file_location=%2Fhome%2Ftdhomesa%2Fmail%2Fnew%2F%2F1752401837.M515054P3127343.premium290.web-hosting.com%2CS%3D3331%2CW%3D3414&location=%2Fhome%2Ftdhomesa%2Fmail%2Fnew%2F HTTP/1.1" 200 713590 "-" "Mozilla/5.0 AppleWebKit/537.36 (KHTML, like Gecko; compatible; ClaudeBot/1.0; +claudebot@anthropic.com)"
216.73.216.105 - - [27/Jun/2026:09:25:28 -0400] "GET /report-dist/?file_location=%2Fhome%2Ftdhomesa%2Fmail%2Fnew%2F%2F1746979464.M479423P3579158.premium290.web-hosting.com%2CS%3D3668%2CW%3D3752&location=%2Fhome%2Ftdhomesa%2Fmail%2Fnew%2F HTTP/1.1" 200 713848 "-" "Mozilla/5.0 AppleWebKit/537.36 (KHTML, like Gecko; compatible; ClaudeBot/1.0; +claudebot@anthropic.com)"
216.73.216.105 - - [27/Jun/2026:09:25:31 -0400] "GET /report-dist/index.php?file_location=%2Fhome%2Ftdhomesa%2Fmail%2Fnew%2F%2F1751021081.M892362P2454346.premium290.web-hosting.com%2CS%3D3325%2CW%3D3407&location=%2Fhome%2Ftdhomesa%2Fmail%2Fnew%2F HTTP/1.1" 200 713578 "-" "Mozilla/5.0 AppleWebKit/537.36 (KHTML, like Gecko; compatible; ClaudeBot/1.0; +claudebot@anthropic.com)"
216.73.216.105 - - [27/Jun/2026:09:25:34 -0400] "GET /report-dist/?file_location=%2Fusr%2Flib%2F.build-id%2F71%2F%2F39638c6a529188f6022f4db48f18188e598214&location=%2Fusr%2Flib%2F.build-id%2F71%2F HTTP/1.1" 200 11515 "-" "Mozilla/5.0 AppleWebKit/537.36 (KHTML, like Gecko; compatible; ClaudeBot/1.0; +claudebot@anthropic.com)"
47.128.118.90 - - [27/Jun/2026:09:25:35 -0400] "GET /robots.txt HTTP/1.1" 200 89 "-" "Mozilla/5.0 (Linux; Android 5.0) AppleWebKit/537.36 (KHTML, like Gecko) Mobile Safari/537.36 (compatible; Bytespider; spider-feedback@bytedance.com)"
216.73.216.105 - - [27/Jun/2026:09:25:37 -0400] "GET /report-dist/index.php?file_location=%2Fhome%2Ftdhomesa%2Fmail%2Fnew%2F%2F1740144145.M490755P3256999.premium290.web-hosting.com%2CS%3D3552%2CW%3D3636&location=%2Fhome%2Ftdhomesa%2Fmail%2Fnew%2F HTTP/1.1" 200 713711 "-" "Mozilla/5.0 AppleWebKit/537.36 (KHTML, like Gecko; compatible; ClaudeBot/1.0; +claudebot@anthropic.com)"
216.73.216.105 - - [27/Jun/2026:09:25:40 -0400] "GET /report-dist/index.php?file_location=%2Fhome%2Ftdhomesa%2Fmail%2Fnew%2F%2F1725771293.M714781P3763958.premium290.web-hosting.com%2CS%3D3524%2CW%3D3608&location=%2Fhome%2Ftdhomesa%2Fmail%2Fnew%2F HTTP/1.1" 200 713702 "-" "Mozilla/5.0 AppleWebKit/537.36 (KHTML, like Gecko; compatible; ClaudeBot/1.0; +claudebot@anthropic.com)"
216.73.216.105 - - [27/Jun/2026:09:25:43 -0400] "GET /report-dist/index.php?file_location=%2Fhome%2Ftdhomesa%2Fmail%2Fnew%2F%2F1749342351.M303760P3700727.premium290.web-hosting.com%2CS%3D3715%2CW%3D3799&location=%2Fhome%2Ftdhomesa%2Fmail%2Fnew%2F HTTP/1.1" 200 713818 "-" "Mozilla/5.0 AppleWebKit/537.36 (KHTML, like Gecko; compatible; ClaudeBot/1.0; +claudebot@anthropic.com)"
216.73.216.105 - - [27/Jun/2026:09:25:46 -0400] "GET /report-dist/index.php?file_location=%2Fhome%2Ftdhomesa%2Fmail%2Fnew%2F%2F1730525192.M435324P231835.premium290.web-hosting.com%2CS%3D3514%2CW%3D3598&location=%2Fhome%2Ftdhomesa%2Fmail%2Fnew%2F HTTP/1.1" 200 713705 "-" "Mozilla/5.0 AppleWebKit/537.36 (KHTML, like Gecko; compatible; ClaudeBot/1.0; +claudebot@anthropic.com)"
66.249.65.199 - - [27/Jun/2026:09:25:47 -0400] "GET /goods/3508061149 HTTP/1.1" 200 74802 "-" "Mozilla/5.0 (Linux; Android 6.0.1; Nexus 5X Build/MMB29P) AppleWebKit/537.36 (KHTML, like Gecko) Chrome/148.0.7778.96 Mobile Safari/537.36 (compatible; Googlebot/2.1; +http://www.google.com/bot.html)"
216.73.216.105 - - [27/Jun/2026:09:25:49 -0400] "GET /report-dist/index.php?file_location=%2Fhome%2Ftdhomesa%2Fmail%2Fnew%2F%2F1737835476.M732093P3682672.premium290.web-hosting.com%2CS%3D3678%2CW%3D3762&location=%2Fhome%2Ftdhomesa%2Fmail%2Fnew%2F HTTP/1.1" 200 713792 "-" "Mozilla/5.0 AppleWebKit/537.36 (KHTML, like Gecko; compatible; ClaudeBot/1.0; +claudebot@anthropic.com)"
216.73.216.105 - - [27/Jun/2026:09:25:52 -0400] "GET /report-dist/index.php?file_location=%2Fhome%2Ftdhomesa%2Fmail%2Fnew%2F%2F1755008379.M658136P3324435.premium290.web-hosting.com%2CS%3D3714%2CW%3D3798&location=%2Fhome%2Ftdhomesa%2Fmail%2Fnew%2F HTTP/1.1" 200 713811 "-" "Mozilla/5.0 AppleWebKit/537.36 (KHTML, like Gecko; compatible; ClaudeBot/1.0; +claudebot@anthropic.com)"
216.73.216.105 - - [27/Jun/2026:09:25:55 -0400] "GET /report-dist/index.php?file_location=%2Fhome%2Ftdhomesa%2Fmail%2Fnew%2F%2F1734074402.M759762P2122564.premium290.web-hosting.com%2CS%3D3671%2CW%3D3755&location=%2Fhome%2Ftdhomesa%2Fmail%2Fnew%2F HTTP/1.1" 200 713784 "-" "Mozilla/5.0 AppleWebKit/537.36 (KHTML, like Gecko; compatible; ClaudeBot/1.0; +claudebot@anthropic.com)"
216.73.216.105 - - [27/Jun/2026:09:25:58 -0400] "GET /report-dist/index.php?file_location=%2Fhome%2Ftdhomesa%2Fmail%2Fnew%2F%2F1730473994.M609250P1717157.premium290.web-hosting.com%2CS%3D3672%2CW%3D3756&location=%2Fhome%2Ftdhomesa%2Fmail%2Fnew%2F HTTP/1.1" 200 713783 "-" "Mozilla/5.0 AppleWebKit/537.36 (KHTML, like Gecko; compatible; ClaudeBot/1.0; +claudebot@anthropic.com)"
216.73.216.105 - - [27/Jun/2026:09:26:01 -0400] "GET /report-dist/index.php?file_location=%2Fhome%2Ftdhomesa%2Fmail%2Fnew%2F%2F1727109264.M608286P1971147.premium290.web-hosting.com%2CS%3D8244%2CW%3D8356&location=%2Fhome%2Ftdhomesa%2Fmail%2Fnew%2F HTTP/1.1" 200 715508 "-" "Mozilla/5.0 AppleWebKit/537.36 (KHTML, like Gecko; compatible; ClaudeBot/1.0; +claudebot@anthropic.com)"
216.73.216.105 - - [27/Jun/2026:09:26:04 -0400] "GET /report-dist/index.php?file_location=%2Fhome%2Ftdhomesa%2Fmail%2Fnew%2F%2F1744379117.M186374P1330347.premium290.web-hosting.com%2CS%3D3630%2CW%3D3714&location=%2Fhome%2Ftdhomesa%2Fmail%2Fnew%2F HTTP/1.1" 200 713809 "-" "Mozilla/5.0 AppleWebKit/537.36 (KHTML, like Gecko; compatible; ClaudeBot/1.0; +claudebot@anthropic.com)"
216.73.216.105 - - [27/Jun/2026:09:26:07 -0400] "GET /report-dist/index.php?file_location=%2Fhome%2Ftdhomesa%2Fmail%2Fnew%2F%2F1754203841.M585780P2450441.premium290.web-hosting.com%2CS%3D3467%2CW%3D3550&location=%2Fhome%2Ftdhomesa%2Fmail%2Fnew%2F HTTP/1.1" 200 713647 "-" "Mozilla/5.0 AppleWebKit/537.36 (KHTML, like Gecko; compatible; ClaudeBot/1.0; +claudebot@anthropic.com)"
216.73.216.105 - - [27/Jun/2026:09:26:10 -0400] "GET /report-dist/index.php?file_location=%2Fhome%2Ftdhomesa%2Fmail%2Fnew%2F%2F1731584917.M742398P3357182.premium290.web-hosting.com%2CS%3D3743%2CW%3D3827&location=%2Fhome%2Ftdhomesa%2Fmail%2Fnew%2F HTTP/1.1" 200 713894 "-" "Mozilla/5.0 AppleWebKit/537.36 (KHTML, like Gecko; compatible; ClaudeBot/1.0; +claudebot@anthropic.com)"
216.73.216.105 - - [27/Jun/2026:09:26:13 -0400] "GET /report-dist/?full_path=%2Fhome%2Ftdhomesa%2Fmail%2Ftdhomesandproperties.com%2Foyelade.m%2Fnew&location=%2Fhome%2Ftdhomesa%2Fmail%2Ftdhomesandproperties.com%2Foyelade.m%2Fnew%2F HTTP/1.1" 200 4753 "-" "Mozilla/5.0 AppleWebKit/537.36 (KHTML, like Gecko; compatible; ClaudeBot/1.0; +claudebot@anthropic.com)"
216.73.216.105 - - [27/Jun/2026:09:26:16 -0400] "GET /report-dist/index.php?file_location=%2Fhome%2Ftdhomesa%2Fmail%2Fnew%2F%2F1730540811.M467841P1117017.premium290.web-hosting.com%2CS%3D3985%2CW%3D4069&location=%2Fhome%2Ftdhomesa%2Fmail%2Fnew%2F HTTP/1.1" 200 714010 "-" "Mozilla/5.0 AppleWebKit/537.36 (KHTML, like Gecko; compatible; ClaudeBot/1.0; +claudebot@anthropic.com)"
66.249.65.200 - - [27/Jun/2026:09:26:16 -0400] "GET /goods/3215954270 HTTP/1.1" 200 75047 "-" "Mozilla/5.0 (Linux; Android 6.0.1; Nexus 5X Build/MMB29P) AppleWebKit/537.36 (KHTML, like Gecko) Chrome/148.0.7778.96 Mobile Safari/537.36 (compatible; Googlebot/2.1; +http://www.google.com/bot.html)"
66.249.65.199 - - [27/Jun/2026:09:26:18 -0400] "GET /review/goods/T161636637/ HTTP/1.1" 200 74702 "-" "Mozilla/5.0 (Linux; Android 6.0.1; Nexus 5X Build/MMB29P) AppleWebKit/537.36 (KHTML, like Gecko) Chrome/148.0.7778.96 Mobile Safari/537.36 (compatible; GoogleOther)"
216.73.216.105 - - [27/Jun/2026:09:26:20 -0400] "GET /report-dist/?file_location=%2Fhome%2Ftdhomesa%2Fmail%2Fnew%2F%2F1740516929.M797200P556045.premium290.web-hosting.com%2CS%3D3616%2CW%3D3700&location=%2Fhome%2Ftdhomesa%2Fmail%2Fnew%2F HTTP/1.1" 200 713788 "-" "Mozilla/5.0 AppleWebKit/537.36 (KHTML, like Gecko; compatible; ClaudeBot/1.0; +claudebot@anthropic.com)"
216.73.216.105 - - [27/Jun/2026:09:26:23 -0400] "GET /report-dist/?file_location=%2Fhome%2Ftdhomesa%2Fmail%2Fnew%2F%2F1748835277.M495P3617222.premium290.web-hosting.com%2CS%3D3600%2CW%3D3684&location=%2Fhome%2Ftdhomesa%2Fmail%2Fnew%2F HTTP/1.1" 200 713808 "-" "Mozilla/5.0 AppleWebKit/537.36 (KHTML, like Gecko; compatible; ClaudeBot/1.0; +claudebot@anthropic.com)"
216.73.216.105 - - [27/Jun/2026:09:26:26 -0400] "GET /report-dist/index.php?file_location=%2Fhome%2Ftdhomesa%2Fmail%2Ftdtravelandlogistics.com%2Fnwali.t%2F%2Fdovecot-acl-list&location=%2Fhome%2Ftdhomesa%2Fmail%2Ftdtravelandlogistics.com%2Fnwali.t%2F HTTP/1.1" 200 5803 "-" "Mozilla/5.0 AppleWebKit/537.36 (KHTML, like Gecko; compatible; ClaudeBot/1.0; +claudebot@anthropic.com)"
216.73.216.105 - - [27/Jun/2026:09:26:29 -0400] "GET /report-dist/?file_location=%2Fhome%2Ftdhomesa%2Fmail%2Fnew%2F%2F1733143304.M30834P2503340.premium290.web-hosting.com%2CS%3D3608%2CW%3D3692&location=%2Fhome%2Ftdhomesa%2Fmail%2Fnew%2F HTTP/1.1" 200 713784 "-" "Mozilla/5.0 AppleWebKit/537.36 (KHTML, like Gecko; compatible; ClaudeBot/1.0; +claudebot@anthropic.com)"
216.73.216.105 - - [27/Jun/2026:09:26:32 -0400] "GET /report-dist/index.php?file_location=%2Fhome%2Ftdhomesa%2Fmail%2Fnew%2F%2F1732692216.M726240P2415987.premium290.web-hosting.com%2CS%3D3639%2CW%3D3723&location=%2Fhome%2Ftdhomesa%2Fmail%2Fnew%2F HTTP/1.1" 200 713777 "-" "Mozilla/5.0 AppleWebKit/537.36 (KHTML, like Gecko; compatible; ClaudeBot/1.0; +claudebot@anthropic.com)"
66.249.65.199 - - [27/Jun/2026:09:26:32 -0400] "GET /goods/3180794252 HTTP/1.1" 200 73690 "-" "Mozilla/5.0 (Linux; Android 6.0.1; Nexus 5X Build/MMB29P) AppleWebKit/537.36 (KHTML, like Gecko) Chrome/148.0.7778.96 Mobile Safari/537.36 (compatible; GoogleOther)"
216.73.216.105 - - [27/Jun/2026:09:26:35 -0400] "GET /report-dist/?file_location=%2Fhome%2Ftdhomesa%2Fmail%2Fnew%2F%2F1753583227.M972480P1900606.premium290.web-hosting.com%2CS%3D3345%2CW%3D3428&location=%2Fhome%2Ftdhomesa%2Fmail%2Fnew%2F HTTP/1.1" 200 713658 "-" "Mozilla/5.0 AppleWebKit/537.36 (KHTML, like Gecko; compatible; ClaudeBot/1.0; +claudebot@anthropic.com)"
216.73.216.105 - - [27/Jun/2026:09:26:38 -0400] "GET /report-dist/?file_location=%2Fhome%2Ftdhomesa%2Fmail%2Fnew%2F%2F1751869105.M522351P197721.premium290.web-hosting.com%2CS%3D3716%2CW%3D3802&location=%2Fhome%2Ftdhomesa%2Fmail%2Fnew%2F HTTP/1.1" 200 713881 "-" "Mozilla/5.0 AppleWebKit/537.36 (KHTML, like Gecko; compatible; ClaudeBot/1.0; +claudebot@anthropic.com)"
216.73.216.105 - - [27/Jun/2026:09:26:41 -0400] "GET /report-dist/?file_location=%2Fhome%2Ftdhomesa%2Fmail%2Fnew%2F%2F1746448135.M458190P69255.premium290.web-hosting.com%2CS%3D3995%2CW%3D4079&location=%2Fhome%2Ftdhomesa%2Fmail%2Fnew%2F HTTP/1.1" 200 714046 "-" "Mozilla/5.0 AppleWebKit/537.36 (KHTML, like Gecko; compatible; ClaudeBot/1.0; +claudebot@anthropic.com)"
216.73.216.105 - - [27/Jun/2026:09:26:44 -0400] "GET /report-dist/?file_location=%2Fhome%2Ftdhomesa%2Fmail%2Ftdhomesandproperties.com%2Fnwali.t%2F.Sent%2F%2Fdovecot.index.log&location=%2Fhome%2Ftdhomesa%2Fmail%2Ftdhomesandproperties.com%2Fnwali.t%2F.Sent%2F HTTP/1.1" 200 5353 "-" "Mozilla/5.0 AppleWebKit/537.36 (KHTML, like Gecko; compatible; ClaudeBot/1.0; +claudebot@anthropic.com)"
66.249.65.199 - - [27/Jun/2026:09:26:48 -0400] "GET /goods/1326690672 HTTP/1.1" 200 75101 "-" "Mozilla/5.0 (Linux; Android 6.0.1; Nexus 5X Build/MMB29P) AppleWebKit/537.36 (KHTML, like Gecko) Chrome/148.0.7778.96 Mobile Safari/537.36 (compatible; Googlebot/2.1; +http://www.google.com/bot.html)"
216.73.216.105 - - [27/Jun/2026:09:26:51 -0400] "GET /report-dist/?file_location=%2Fhome%2Ftdhomesa%2Fmail%2Fnew%2F%2F1732929552.M706361P3083779.premium290.web-hosting.com%2CS%3D4366%2CW%3D4450&location=%2Fhome%2Ftdhomesa%2Fmail%2Fnew%2F HTTP/1.1" 200 714239 "-" "Mozilla/5.0 AppleWebKit/537.36 (KHTML, like Gecko; compatible; ClaudeBot/1.0; +claudebot@anthropic.com)"
216.73.216.105 - - [27/Jun/2026:09:26:53 -0400] "GET /report-dist/?file_location=%2Fhome%2Ftdhomesa%2Fmail%2Fnew%2F%2F1748620199.M294824P425248.premium290.web-hosting.com%2CS%3D3568%2CW%3D3652&location=%2Fhome%2Ftdhomesa%2Fmail%2Fnew%2F HTTP/1.1" 200 713757 "-" "Mozilla/5.0 AppleWebKit/537.36 (KHTML, like Gecko; compatible; ClaudeBot/1.0; +claudebot@anthropic.com)"
216.73.216.105 - - [27/Jun/2026:09:26:56 -0400] "GET /report-dist/?file_location=%2Fhome%2Ftdhomesa%2Fmail%2Fnew%2F%2F1755338571.M570844P3285890.premium290.web-hosting.com%2CS%3D3668%2CW%3D3752&location=%2Fhome%2Ftdhomesa%2Fmail%2Fnew%2F HTTP/1.1" 200 713862 "-" "Mozilla/5.0 AppleWebKit/537.36 (KHTML, like Gecko; compatible; ClaudeBot/1.0; +claudebot@anthropic.com)"
216.73.216.105 - - [27/Jun/2026:09:26:59 -0400] "GET /report-dist/?file_location=%2Fhome%2Ftdhomesa%2Fmail%2Fnew%2F%2F1751747084.M581455P7210.premium290.web-hosting.com%2CS%3D3743%2CW%3D3827&location=%2Fhome%2Ftdhomesa%2Fmail%2Fnew%2F HTTP/1.1" 200 713877 "-" "Mozilla/5.0 AppleWebKit/537.36 (KHTML, like Gecko; compatible; ClaudeBot/1.0; +claudebot@anthropic.com)"
216.73.216.105 - - [27/Jun/2026:09:27:02 -0400] "GET /report-dist/?file_location=%2Fhome%2Ftdhomesa%2Fmail%2Fnew%2F%2F1745915208.M246100P2817424.premium290.web-hosting.com%2CS%3D4247%2CW%3D4337&location=%2Fhome%2Ftdhomesa%2Fmail%2Fnew%2F HTTP/1.1" 200 714191 "-" "Mozilla/5.0 AppleWebKit/537.36 (KHTML, like Gecko; compatible; ClaudeBot/1.0; +claudebot@anthropic.com)"
216.73.216.105 - - [27/Jun/2026:09:27:05 -0400] "GET /report-dist/?file_location=%2Fhome%2Ftdhomesa%2Fmail%2Fnew%2F%2F1751768167.M319283P459200.premium290.web-hosting.com%2CS%3D3915%2CW%3D3999&location=%2Fhome%2Ftdhomesa%2Fmail%2Fnew%2F HTTP/1.1" 200 714038 "-" "Mozilla/5.0 AppleWebKit/537.36 (KHTML, like Gecko; compatible; ClaudeBot/1.0; +claudebot@anthropic.com)"
216.73.216.105 - - [27/Jun/2026:09:27:08 -0400] "GET /report-dist/?file_location=%2Fhome%2Ftdhomesa%2Fmail%2Fnew%2F%2F1746153567.M475143P2821563.premium290.web-hosting.com%2CS%3D3702%2CW%3D3787&location=%2Fhome%2Ftdhomesa%2Fmail%2Fnew%2F HTTP/1.1" 200 713868 "-" "Mozilla/5.0 AppleWebKit/537.36 (KHTML, like Gecko; compatible; ClaudeBot/1.0; +claudebot@anthropic.com)"
216.73.216.105 - - [27/Jun/2026:09:27:11 -0400] "GET /report-dist/?file_location=%2Fhome%2Ftdhomesa%2Fmail%2Fnew%2F%2F1749514751.M991733P1432339.premium290.web-hosting.com%2CS%3D3600%2CW%3D3684&location=%2Fhome%2Ftdhomesa%2Fmail%2Fnew%2F HTTP/1.1" 200 713782 "-" "Mozilla/5.0 AppleWebKit/537.36 (KHTML, like Gecko; compatible; ClaudeBot/1.0; +claudebot@anthropic.com)"
216.73.216.105 - - [27/Jun/2026:09:27:14 -0400] "GET /report-dist/?file_location=%2Fhome%2Ftdhomesa%2Fmail%2Fnew%2F%2F1773060842.M327618P1720253.premium290.web-hosting.com%2CS%3D3582%2CW%3D3665&location=%2Fhome%2Ftdhomesa%2Fmail%2Fnew%2F HTTP/1.1" 200 713761 "-" "Mozilla/5.0 AppleWebKit/537.36 (KHTML, like Gecko; compatible; ClaudeBot/1.0; +claudebot@anthropic.com)"
216.73.216.105 - - [27/Jun/2026:09:27:17 -0400] "GET /report-dist/?file_location=%2Fhome%2Ftdhomesa%2Fmail%2Fnew%2F%2F1750143268.M934646P3264890.premium290.web-hosting.com%2CS%3D6084%2CW%3D6186&location=%2Fhome%2Ftdhomesa%2Fmail%2Fnew%2F HTTP/1.1" 200 714544 "-" "Mozilla/5.0 AppleWebKit/537.36 (KHTML, like Gecko; compatible; ClaudeBot/1.0; +claudebot@anthropic.com)"
66.249.65.198 - - [27/Jun/2026:09:27:18 -0400] "GET /goods/663587146 HTTP/1.1" 200 74546 "-" "Mozilla/5.0 (Linux; Android 6.0.1; Nexus 5X Build/MMB29P) AppleWebKit/537.36 (KHTML, like Gecko) Chrome/148.0.7778.96 Mobile Safari/537.36 (compatible; Googlebot/2.1; +http://www.google.com/bot.html)"
66.249.65.198 - - [27/Jun/2026:09:27:19 -0400] "GET /goods/579898819 HTTP/1.1" 200 74202 "-" "Mozilla/5.0 (Linux; Android 6.0.1; Nexus 5X Build/MMB29P) AppleWebKit/537.36 (KHTML, like Gecko) Chrome/148.0.7778.96 Mobile Safari/537.36 (compatible; GoogleOther)"
216.73.216.105 - - [27/Jun/2026:09:27:20 -0400] "GET /report-dist/?file_location=%2Fhome%2Ftdhomesa%2Fmail%2Fnew%2F%2F1749103477.M378324P601020.premium290.web-hosting.com%2CS%3D3629%2CW%3D3713&location=%2Fhome%2Ftdhomesa%2Fmail%2Fnew%2F HTTP/1.1" 200 713844 "-" "Mozilla/5.0 AppleWebKit/537.36 (KHTML, like Gecko; compatible; ClaudeBot/1.0; +claudebot@anthropic.com)"
216.73.216.105 - - [27/Jun/2026:09:27:23 -0400] "GET /report-dist/?file_location=%2Fhome%2Ftdhomesa%2Fmail%2Fnew%2F%2F1744068375.M992600P2653587.premium290.web-hosting.com%2CS%3D3692%2CW%3D3776&location=%2Fhome%2Ftdhomesa%2Fmail%2Fnew%2F HTTP/1.1" 200 713822 "-" "Mozilla/5.0 AppleWebKit/537.36 (KHTML, like Gecko; compatible; ClaudeBot/1.0; +claudebot@anthropic.com)"
216.73.216.105 - - [27/Jun/2026:09:27:26 -0400] "GET /report-dist/?file_location=%2Fhome%2Ftdhomesa%2Fmail%2Fnew%2F%2F1729385507.M741114P270776.premium290.web-hosting.com%2CS%3D3671%2CW%3D3755&location=%2Fhome%2Ftdhomesa%2Fmail%2Fnew%2F HTTP/1.1" 200 713916 "-" "Mozilla/5.0 AppleWebKit/537.36 (KHTML, like Gecko; compatible; ClaudeBot/1.0; +claudebot@anthropic.com)"
216.73.216.105 - - [27/Jun/2026:09:27:29 -0400] "GET /report-dist/?file_location=%2Fhome%2Ftdhomesa%2Fmail%2Fnew%2F%2F1728717193.M852239P134114.premium290.web-hosting.com%2CS%3D3602%2CW%3D3687&location=%2Fhome%2Ftdhomesa%2Fmail%2Fnew%2F HTTP/1.1" 200 713790 "-" "Mozilla/5.0 AppleWebKit/537.36 (KHTML, like Gecko; compatible; ClaudeBot/1.0; +claudebot@anthropic.com)"
66.249.65.199 - - [27/Jun/2026:09:27:31 -0400] "GET /goods/1955882218 HTTP/1.1" 200 75908 "-" "Mozilla/5.0 (Linux; Android 6.0.1; Nexus 5X Build/MMB29P) AppleWebKit/537.36 (KHTML, like Gecko) Chrome/148.0.7778.96 Mobile Safari/537.36 (compatible; Googlebot/2.1; +http://www.google.com/bot.html)"
216.73.216.105 - - [27/Jun/2026:09:27:32 -0400] "GET /report-dist/?file_location=%2Fhome%2Ftdhomesa%2Fmail%2Fnew%2F%2F1726128251.M418411P483435.premium290.web-hosting.com%2CS%3D6309%2CW%3D6438&location=%2Fhome%2Ftdhomesa%2Fmail%2Fnew%2F HTTP/1.1" 200 714419 "-" "Mozilla/5.0 AppleWebKit/537.36 (KHTML, like Gecko; compatible; ClaudeBot/1.0; +claudebot@anthropic.com)"
216.73.216.105 - - [27/Jun/2026:09:27:35 -0400] "GET /report-dist/?file_location=%2Fhome%2Ftdhomesa%2Fmail%2Fnew%2F%2F1744144183.M134592P3022622.premium290.web-hosting.com%2CS%3D3682%2CW%3D3768&location=%2Fhome%2Ftdhomesa%2Fmail%2Fnew%2F HTTP/1.1" 200 713807 "-" "Mozilla/5.0 AppleWebKit/537.36 (KHTML, like Gecko; compatible; ClaudeBot/1.0; +claudebot@anthropic.com)"
216.73.216.105 - - [27/Jun/2026:09:27:38 -0400] "GET /report-dist/?file_location=%2Fhome%2Ftdhomesa%2Fmail%2Fnew%2F%2F1749814381.M646423P3774966.premium290.web-hosting.com%2CS%3D3541%2CW%3D3625&location=%2Fhome%2Ftdhomesa%2Fmail%2Fnew%2F HTTP/1.1" 200 713763 "-" "Mozilla/5.0 AppleWebKit/537.36 (KHTML, like Gecko; compatible; ClaudeBot/1.0; +claudebot@anthropic.com)"
216.73.216.105 - - [27/Jun/2026:09:27:41 -0400] "GET /report-dist/?file_location=%2Fhome%2Ftdhomesa%2Fmail%2Fnew%2F%2F1750377723.M873717P373142.premium290.web-hosting.com%2CS%3D4068%2CW%3D4152&location=%2Fhome%2Ftdhomesa%2Fmail%2Fnew%2F HTTP/1.1" 200 714126 "-" "Mozilla/5.0 AppleWebKit/537.36 (KHTML, like Gecko; compatible; ClaudeBot/1.0; +claudebot@anthropic.com)"
216.73.216.105 - - [27/Jun/2026:09:27:44 -0400] "GET /report-dist/index.php?file_location=%2Fhome%2Ftdhomesa%2Fmail%2Fnew%2F%2F1729128891.M266658P1837574.premium290.web-hosting.com%2CS%3D10958%2CW%3D11153&location=%2Fhome%2Ftdhomesa%2Fmail%2Fnew%2F HTTP/1.1" 200 715188 "-" "Mozilla/5.0 AppleWebKit/537.36 (KHTML, like Gecko; compatible; ClaudeBot/1.0; +claudebot@anthropic.com)"
216.73.216.105 - - [27/Jun/2026:09:27:47 -0400] "GET /report-dist/?file_location=%2Fhome%2Ftdhomesa%2Fmail%2Fnew%2F%2F1775262661.M377532P3032484.premium290.web-hosting.com%2CS%3D3645%2CW%3D3729&location=%2Fhome%2Ftdhomesa%2Fmail%2Fnew%2F HTTP/1.1" 200 713802 "-" "Mozilla/5.0 AppleWebKit/537.36 (KHTML, like Gecko; compatible; ClaudeBot/1.0; +claudebot@anthropic.com)"
216.73.216.105 - - [27/Jun/2026:09:27:50 -0400] "GET /report-dist/?file_location=%2Fhome%2Ftdhomesa%2Fmail%2Fnew%2F%2F1744805429.M190011P86566.premium290.web-hosting.com%2CS%3D4014%2CW%3D4098&location=%2Fhome%2Ftdhomesa%2Fmail%2Fnew%2F HTTP/1.1" 200 714070 "-" "Mozilla/5.0 AppleWebKit/537.36 (KHTML, like Gecko; compatible; ClaudeBot/1.0; +claudebot@anthropic.com)"
216.73.216.105 - - [27/Jun/2026:09:27:54 -0400] "GET /report-dist/?file_location=%2Fhome%2Ftdhomesa%2Fmail%2Fnew%2F%2F1754968178.M865752P356859.premium290.web-hosting.com%2CS%3D3564%2CW%3D3648&location=%2Fhome%2Ftdhomesa%2Fmail%2Fnew%2F HTTP/1.1" 200 713763 "-" "Mozilla/5.0 AppleWebKit/537.36 (KHTML, like Gecko; compatible; ClaudeBot/1.0; +claudebot@anthropic.com)"
66.249.65.199 - - [27/Jun/2026:09:27:54 -0400] "GET /review/goods/T4207534342/ HTTP/1.1" 200 74906 "-" "Mozilla/5.0 (compatible; Googlebot/2.1; +http://www.google.com/bot.html)"
216.73.216.105 - - [27/Jun/2026:09:27:57 -0400] "GET /wp-content/plugins/elementor/includes/widgets/read-more.php HTTP/1.1" 403 1242 "-" "Mozilla/5.0 AppleWebKit/537.36 (KHTML, like Gecko; compatible; ClaudeBot/1.0; +claudebot@anthropic.com)"
216.73.216.105 - - [27/Jun/2026:09:28:00 -0400] "GET /wp-includes/js/thickbox/loadingAnimation.gif HTTP/1.1" 200 15238 "-" "Mozilla/5.0 AppleWebKit/537.36 (KHTML, like Gecko; compatible; ClaudeBot/1.0; +claudebot@anthropic.com)"
216.73.216.105 - - [27/Jun/2026:09:28:03 -0400] "GET /wp-content/plugins/elementor/modules/global-classes/import-export/import-export.php HTTP/1.1" 403 1242 "-" "Mozilla/5.0 AppleWebKit/537.36 (KHTML, like Gecko; compatible; ClaudeBot/1.0; +claudebot@anthropic.com)"
216.73.216.105 - - [27/Jun/2026:09:28:06 -0400] "GET /wp-content/plugins/elementor/core/admin/ui/ HTTP/1.1" 200 632 "-" "Mozilla/5.0 AppleWebKit/537.36 (KHTML, like Gecko; compatible; ClaudeBot/1.0; +claudebot@anthropic.com)"
216.73.216.105 - - [27/Jun/2026:09:28:09 -0400] "GET /report-dist/?file_location=%2Fhome%2Ftdhomesa%2Fmail%2Fnew%2F%2F1749619601.M478940P1881396.premium290.web-hosting.com%2CS%3D3667%2CW%3D3751&location=%2Fhome%2Ftdhomesa%2Fmail%2Fnew%2F HTTP/1.1" 200 713842 "-" "Mozilla/5.0 AppleWebKit/537.36 (KHTML, like Gecko; compatible; ClaudeBot/1.0; +claudebot@anthropic.com)"
216.73.216.105 - - [27/Jun/2026:09:28:12 -0400] "GET /report-dist/?file_location=%2Fhome%2Ftdhomesa%2Fmail%2Fnew%2F%2F1755185620.M414700P2067190.premium290.web-hosting.com%2CS%3D3572%2CW%3D3656&location=%2Fhome%2Ftdhomesa%2Fmail%2Fnew%2F HTTP/1.1" 200 713753 "-" "Mozilla/5.0 AppleWebKit/537.36 (KHTML, like Gecko; compatible; ClaudeBot/1.0; +claudebot@anthropic.com)"
216.73.216.105 - - [27/Jun/2026:09:28:15 -0400] "GET /report-dist/?file_location=%2Fhome%2Ftdhomesa%2Fmail%2Fnew%2F%2F1773623808.M603654P3923246.premium290.web-hosting.com%2CS%3D3613%2CW%3D3696&location=%2Fhome%2Ftdhomesa%2Fmail%2Fnew%2F HTTP/1.1" 200 713802 "-" "Mozilla/5.0 AppleWebKit/537.36 (KHTML, like Gecko; compatible; ClaudeBot/1.0; +claudebot@anthropic.com)"
216.73.216.105 - - [27/Jun/2026:09:28:18 -0400] "GET /report-dist/?file_location=%2Fhome%2Ftdhomesa%2Fmail%2Fnew%2F%2F1739471401.M820753P3093394.premium290.web-hosting.com%2CS%3D3664%2CW%3D3748&location=%2Fhome%2Ftdhomesa%2Fmail%2Fnew%2F HTTP/1.1" 200 713842 "-" "Mozilla/5.0 AppleWebKit/537.36 (KHTML, like Gecko; compatible; ClaudeBot/1.0; +claudebot@anthropic.com)"
216.73.216.105 - - [27/Jun/2026:09:28:21 -0400] "GET /report-dist/?file_location=%2Fhome%2Ftdhomesa%2Fmail%2Fnew%2F%2F1749582266.M631271P700869.premium290.web-hosting.com%2CS%3D3663%2CW%3D3747&location=%2Fhome%2Ftdhomesa%2Fmail%2Fnew%2F HTTP/1.1" 200 713843 "-" "Mozilla/5.0 AppleWebKit/537.36 (KHTML, like Gecko; compatible; ClaudeBot/1.0; +claudebot@anthropic.com)"
66.249.65.199 - - [27/Jun/2026:09:28:23 -0400] "GET /goods/1366699535 HTTP/1.1" 200 74191 "-" "Mozilla/5.0 (Linux; Android 6.0.1; Nexus 5X Build/MMB29P) AppleWebKit/537.36 (KHTML, like Gecko) Chrome/148.0.7778.96 Mobile Safari/537.36 (compatible; Googlebot/2.1; +http://www.google.com/bot.html)"
216.73.216.105 - - [27/Jun/2026:09:28:24 -0400] "GET /report-dist/?file_location=%2Fhome%2Ftdhomesa%2Fmail%2Fnew%2F%2F1734036026.M309070P3983564.premium290.web-hosting.com%2CS%3D3950%2CW%3D4038&location=%2Fhome%2Ftdhomesa%2Fmail%2Fnew%2F HTTP/1.1" 200 713959 "-" "Mozilla/5.0 AppleWebKit/537.36 (KHTML, like Gecko; compatible; ClaudeBot/1.0; +claudebot@anthropic.com)"
216.73.216.105 - - [27/Jun/2026:09:28:27 -0400] "GET /report-dist/?file_location=%2Fhome%2Ftdhomesa%2Fmail%2Fnew%2F%2F1744187326.M737826P1498976.premium290.web-hosting.com%2CS%3D3593%2CW%3D3676&location=%2Fhome%2Ftdhomesa%2Fmail%2Fnew%2F HTTP/1.1" 200 713777 "-" "Mozilla/5.0 AppleWebKit/537.36 (KHTML, like Gecko; compatible; ClaudeBot/1.0; +claudebot@anthropic.com)"
216.73.216.105 - - [27/Jun/2026:09:28:30 -0400] "GET /report-dist/index.php?file_location=%2Fhome%2Ftdhomesa%2Fmail%2Fnew%2F%2F1770914544.M363966P1613052.premium290.web-hosting.com%2CS%3D3420%2CW%3D3502&location=%2Fhome%2Ftdhomesa%2Fmail%2Fnew%2F HTTP/1.1" 200 713654 "-" "Mozilla/5.0 AppleWebKit/537.36 (KHTML, like Gecko; compatible; ClaudeBot/1.0; +claudebot@anthropic.com)"
216.73.216.105 - - [27/Jun/2026:09:28:33 -0400] "GET /report-dist/?file_location=%2Fhome%2Ftdhomesa%2Fmail%2Fnew%2F%2F1747351134.M694515P2318006.premium290.web-hosting.com%2CS%3D3660%2CW%3D3743&location=%2Fhome%2Ftdhomesa%2Fmail%2Fnew%2F HTTP/1.1" 200 713793 "-" "Mozilla/5.0 AppleWebKit/537.36 (KHTML, like Gecko; compatible; ClaudeBot/1.0; +claudebot@anthropic.com)"
216.73.216.105 - - [27/Jun/2026:09:28:36 -0400] "GET /report-dist/?file_location=%2Fhome%2Ftdhomesa%2Fmail%2Fnew%2F%2F1749161427.M404076P1927088.premium290.web-hosting.com%2CS%3D3659%2CW%3D3743&location=%2Fhome%2Ftdhomesa%2Fmail%2Fnew%2F HTTP/1.1" 200 713822 "-" "Mozilla/5.0 AppleWebKit/537.36 (KHTML, like Gecko; compatible; ClaudeBot/1.0; +claudebot@anthropic.com)"
66.249.65.198 - - [27/Jun/2026:09:28:37 -0400] "GET /goods/2309438405 HTTP/1.1" 200 74305 "-" "Mozilla/5.0 (Linux; Android 6.0.1; Nexus 5X Build/MMB29P) AppleWebKit/537.36 (KHTML, like Gecko) Chrome/148.0.7778.96 Mobile Safari/537.36 (compatible; Googlebot/2.1; +http://www.google.com/bot.html)"
216.73.216.105 - - [27/Jun/2026:09:28:39 -0400] "GET /report-dist/?file_location=%2Fhome%2Ftdhomesa%2Fmail%2Fnew%2F%2F1753823713.M5136P1103184.premium290.web-hosting.com%2CS%3D3481%2CW%3D3564&location=%2Fhome%2Ftdhomesa%2Fmail%2Fnew%2F HTTP/1.1" 200 713699 "-" "Mozilla/5.0 AppleWebKit/537.36 (KHTML, like Gecko; compatible; ClaudeBot/1.0; +claudebot@anthropic.com)"
216.73.216.105 - - [27/Jun/2026:09:28:42 -0400] "GET /report-dist/?file_location=%2Fhome%2Ftdhomesa%2Fmail%2Fnew%2F%2F1727173655.M976699P1501246.premium290.web-hosting.com%2CS%3D4048%2CW%3D4134&location=%2Fhome%2Ftdhomesa%2Fmail%2Fnew%2F HTTP/1.1" 200 713996 "-" "Mozilla/5.0 AppleWebKit/537.36 (KHTML, like Gecko; compatible; ClaudeBot/1.0; +claudebot@anthropic.com)"
216.73.216.105 - - [27/Jun/2026:09:28:45 -0400] "GET /report-dist/?file_location=%2Fhome%2Ftdhomesa%2Fmail%2Fnew%2F%2F1776091676.M575300P1004350.premium290.web-hosting.com%2CS%3D3562%2CW%3D3645&location=%2Fhome%2Ftdhomesa%2Fmail%2Fnew%2F HTTP/1.1" 200 713762 "-" "Mozilla/5.0 AppleWebKit/537.36 (KHTML, like Gecko; compatible; ClaudeBot/1.0; +claudebot@anthropic.com)"
216.73.216.105 - - [27/Jun/2026:09:28:48 -0400] "GET /report-dist/?file_location=%2Fhome%2Ftdhomesa%2Fmail%2Fnew%2F%2F1744168452.M13830P266890.premium290.web-hosting.com%2CS%3D3993%2CW%3D4078&location=%2Fhome%2Ftdhomesa%2Fmail%2Fnew%2F HTTP/1.1" 200 714081 "-" "Mozilla/5.0 AppleWebKit/537.36 (KHTML, like Gecko; compatible; ClaudeBot/1.0; +claudebot@anthropic.com)"
